--
-- Host: localhost    Database: cargaHoraria
-- ------------------------------------------------------


--
-- Table structure for table `building_programs`
--

CREATE TABLE `building_programs` (
  `id` int NOT NULL AUTO_INCREMENT,
  `area` varchar(255) CHARACTER SET utf8mb4 COLLATE utf8mb4_spanish_ci DEFAULT NULL,
  `planta_alta` tinyint(1) NOT NULL DEFAULT '0',
  `planta_baja` tinyint(1) NOT NULL DEFAULT '0',
  `fyh_creacion` datetime DEFAULT NULL,
  `fyh_actualizacion` datetime DEFAULT NULL,
  `building_name` varchar(255) CHARACTER SET utf8mb4 COLLATE utf8mb4_spanish_ci DEFAULT NULL,
  PRIMARY KEY (`id`),
  KEY `area` (`area`),
  CONSTRAINT `building_programs_ibfk_2` FOREIGN KEY (`area`) REFERENCES `programs` (`area`) ON DELETE CASCADE ON UPDATE CASCADE
) ENGINE=InnoDB AUTO_INCREMENT=29 DEFAULT CHARSET=utf8mb4 COLLATE=utf8mb4_spanish_ci;

--
-- Dumping data for table `building_programs`
--

INSERT INTO `building_programs` VALUES (1,'MTI',1,1,NULL,NULL,'EDIFICIO-A'),(2,'DMI',1,1,NULL,NULL,'EDIFICIO-A'),(3,'AFC',1,1,NULL,NULL,'EDIFICIO-A'),(4,'ENF',1,1,NULL,NULL,'EDIFICIO-A'),(5,'QMBT',1,1,NULL,NULL,'EDIFICIO-B'),(6,'DMI',1,1,NULL,NULL,'EDIFICIO-B'),(7,'MAI',1,1,NULL,NULL,'EDIFICIO-B'),(8,'MEC',1,1,NULL,NULL,'EDIFICIO-B'),(9,'GST',1,1,NULL,NULL,'EDIFICIO-B'),(10,'ERV',0,1,NULL,NULL,'EDIFICIO-C'),(11,'DMI',0,1,NULL,NULL,'EDIFICIO-C'),(12,'MAI',0,1,NULL,NULL,'EDIFICIO-C'),(13,'MEC',0,1,NULL,NULL,'EDIFICIO-C'),(14,'AFC',0,1,NULL,NULL,'EDIFICIO-C'),(15,'QMBT',0,1,NULL,NULL,'EDIFICIO-C'),(16,'GST',1,1,NULL,NULL,'EDIFICIO-D'),(17,'MAI',1,1,NULL,NULL,'EDIFICIO-D'),(18,'MEC',1,1,NULL,NULL,'EDIFICIO-D'),(19,'ENF',1,1,NULL,NULL,'EDIFICIO-D'),(20,'ERV',1,0,NULL,NULL,'EDIFICIO-E'),(21,'MAI',1,0,NULL,NULL,'EDIFICIO-P1'),(22,'MEC',1,0,NULL,NULL,'EDIFICIO-P1'),(23,'ERV',1,0,NULL,NULL,'EDIFICIO-P1'),(24,'DMI',1,0,NULL,NULL,'EDIFICIO-P1'),(25,'QMBT',1,0,NULL,NULL,'EDIFICIO-P1'),(26,NULL,0,1,'2025-01-06 17:26:16',NULL,'Zinapécuaro'),(27,'GST',0,1,'2025-01-06 17:26:16',NULL,'Zinapécuaro'),(28,'GST',0,1,'2025-01-06 17:26:16',NULL,'Zinapécuaro');

--
-- Table structure for table `calendario_escolar`
--

CREATE TABLE `calendario_escolar` (
  `id` int NOT NULL AUTO_INCREMENT,
  `nombre_cuatrimestre` varchar(100) CHARACTER SET utf8mb4 COLLATE utf8mb4_spanish_ci NOT NULL,
  `fecha_inicio` date NOT NULL,
  `fecha_fin` date NOT NULL,
  `estado` enum('ACTIVO','INACTIVO') CHARACTER SET utf8mb4 COLLATE utf8mb4_spanish_ci DEFAULT 'ACTIVO',
  `fyh_creacion` datetime DEFAULT CURRENT_TIMESTAMP,
  `fyh_actualizacion` datetime DEFAULT CURRENT_TIMESTAMP ON UPDATE CURRENT_TIMESTAMP,
  PRIMARY KEY (`id`)
) ENGINE=InnoDB DEFAULT CHARSET=utf8mb4 COLLATE=utf8mb4_spanish_ci;

--
-- Dumping data for table `calendario_escolar`
--


--
-- Table structure for table `classroom_states`
--

CREATE TABLE `classroom_states` (
  `state_id` int NOT NULL AUTO_INCREMENT,
  `classroom_id` int NOT NULL,
  `state` enum('good-condition','medium-condition','bad-condition') CHARACTER SET utf8mb4 COLLATE utf8mb4_spanish_ci NOT NULL DEFAULT 'good-condition',
  `description` varchar(255) CHARACTER SET utf8mb4 COLLATE utf8mb4_spanish_ci DEFAULT NULL,
  `created_at` datetime DEFAULT CURRENT_TIMESTAMP,
  `updated_at` datetime DEFAULT CURRENT_TIMESTAMP ON UPDATE CURRENT_TIMESTAMP,
  PRIMARY KEY (`state_id`)
) ENGINE=InnoDB DEFAULT CHARSET=utf8mb4 COLLATE=utf8mb4_spanish_ci;

--
-- Dumping data for table `classroom_states`
--


--
-- Table structure for table `classrooms`
--

CREATE TABLE `classrooms` (
  `classroom_id` int NOT NULL AUTO_INCREMENT,
  `classroom_name` varchar(50) CHARACTER SET utf8mb4 COLLATE utf8mb4_spanish_ci NOT NULL,
  `capacity` int NOT NULL,
  `building` varchar(100) CHARACTER SET utf8mb4 COLLATE utf8mb4_spanish_ci NOT NULL,
  `floor` enum('ALTA','BAJA') CHARACTER SET utf8mb4 COLLATE utf8mb4_spanish_ci NOT NULL,
  `fyh_creacion` datetime DEFAULT NULL,
  `fyh_actualizacion` datetime DEFAULT NULL,
  `estado` varchar(11) CHARACTER SET utf8mb4 COLLATE utf8mb4_spanish_ci DEFAULT NULL,
  PRIMARY KEY (`classroom_id`)
) ENGINE=InnoDB AUTO_INCREMENT=69 DEFAULT CHARSET=utf8mb4 COLLATE=utf8mb4_spanish_ci;

--
-- Dumping data for table `classrooms`
--

INSERT INTO `classrooms` VALUES (1,'1',38,'EDIFICIO-A','BAJA','2024-11-19 05:27:03','2024-11-19 05:27:03','ACTIVO'),(2,'2',38,'EDIFICIO-A','BAJA','2024-11-19 05:27:03','2024-11-19 05:27:03','ACTIVO'),(3,'3',38,'EDIFICIO-A','BAJA','2024-11-19 05:27:03','2024-11-19 05:27:03','ACTIVO'),(4,'4',38,'EDIFICIO-A','BAJA','2024-11-19 05:27:03','2024-11-19 05:27:03','ACTIVO'),(5,'5',38,'EDIFICIO-A','BAJA','2024-11-19 05:27:03','2024-11-19 05:27:03','ACTIVO'),(6,'6',38,'EDIFICIO-A','BAJA','2024-11-19 05:27:03','2024-11-19 05:27:03','ACTIVO'),(7,'7',38,'EDIFICIO-A','BAJA','2024-11-19 05:27:03','2024-11-19 05:27:03','ACTIVO'),(8,'8',38,'EDIFICIO-A','BAJA','2024-11-19 05:27:03','2024-11-19 05:27:03','ACTIVO'),(9,'9',38,'EDIFICIO-A','BAJA','2024-11-19 05:27:03','2024-11-19 05:27:03','ACTIVO'),(10,'10',38,'EDIFICIO-A','ALTA','2024-11-19 05:27:03','2024-11-19 05:27:03','ACTIVO'),(11,'11',38,'EDIFICIO-A','ALTA','2024-11-19 05:27:03','2024-11-19 05:27:03','ACTIVO'),(12,'12',38,'EDIFICIO-A','ALTA','2024-11-19 05:27:03','2024-11-19 05:27:03','ACTIVO'),(13,'13',38,'EDIFICIO-A','ALTA','2024-11-19 05:27:03','2024-11-19 05:27:03','ACTIVO'),(14,'14',38,'EDIFICIO-A','ALTA','2024-11-19 05:27:03','2024-11-19 05:27:03','ACTIVO'),(15,'15',30,'EDIFICIO-A','ALTA','2024-11-19 05:27:03','2024-11-19 05:27:03','ACTIVO'),(16,'16',30,'EDIFICIO-A','ALTA','2024-11-19 05:27:03','2024-11-19 05:27:03','ACTIVO'),(17,'17',30,'EDIFICIO-A','ALTA','2024-11-19 05:27:03','2024-11-19 05:27:03','ACTIVO'),(18,'M',38,'EDIFICIO-A','ALTA','2024-11-19 05:27:03','2024-11-19 05:27:03','ACTIVO'),(19,'1',30,'EDIFICIO-B','BAJA','2024-11-19 05:27:03','2024-11-19 05:27:03','ACTIVO'),(20,'2',30,'EDIFICIO-B','BAJA','2024-11-19 05:27:03','2024-11-19 05:27:03','ACTIVO'),(21,'3',30,'EDIFICIO-B','BAJA','2024-11-19 05:27:03','2024-11-19 05:27:03','ACTIVO'),(22,'4',30,'EDIFICIO-B','BAJA','2024-11-19 05:27:03','2024-11-19 05:27:03','ACTIVO'),(23,'5',30,'EDIFICIO-B','BAJA','2024-11-19 05:27:03','2024-11-19 05:27:03','ACTIVO'),(24,'6',30,'EDIFICIO-B','BAJA','2024-11-19 05:27:03','2024-11-19 05:27:03','ACTIVO'),(25,'7',30,'EDIFICIO-B','BAJA','2024-11-19 05:27:03','2024-11-19 05:27:03','ACTIVO'),(26,'8',30,'EDIFICIO-B','ALTA','2024-11-19 05:27:03','2024-11-19 05:27:03','ACTIVO'),(27,'9',30,'EDIFICIO-B','ALTA','2024-11-19 05:27:03','2024-11-19 05:27:03','ACTIVO'),(28,'10',30,'EDIFICIO-B','ALTA','2024-11-19 05:27:03','2024-11-19 05:27:03','ACTIVO'),(29,'11',30,'EDIFICIO-B','ALTA','2024-11-19 05:27:03','2024-11-19 05:27:03','ACTIVO'),(30,'12',30,'EDIFICIO-B','ALTA','2024-11-19 05:27:03','2024-11-19 05:27:03','ACTIVO'),(31,'13',30,'EDIFICIO-B','ALTA','2024-11-19 05:27:03','2024-11-19 05:27:03','ACTIVO'),(32,'14',30,'EDIFICIO-B','ALTA','2024-11-19 05:27:03','2024-11-19 05:27:03','ACTIVO'),(33,'15',30,'EDIFICIO-B','ALTA','2024-11-19 05:27:03','2024-11-19 05:27:03','ACTIVO'),(34,'16',25,'EDIFICIO-B','ALTA','2024-11-19 05:27:03','2024-11-19 05:27:03','ACTIVO'),(35,'1',25,'EDIFICIO-C','BAJA','2024-11-19 05:27:03','2024-11-19 05:27:03','ACTIVO'),(36,'2',25,'EDIFICIO-C','BAJA','2024-11-19 05:27:03','2024-11-19 05:27:03','ACTIVO'),(37,'3',25,'EDIFICIO-C','BAJA','2024-11-19 05:27:03','2024-11-19 05:27:03','ACTIVO'),(38,'4',25,'EDIFICIO-C','BAJA','2024-11-19 05:27:03','2024-11-19 05:27:03','ACTIVO'),(39,'5',30,'EDIFICIO-C','BAJA','2024-11-19 05:27:03','2024-11-19 05:27:03','ACTIVO'),(40,'6',30,'EDIFICIO-C','BAJA','2024-11-19 05:27:03','2024-11-19 05:27:03','ACTIVO'),(41,'7',20,'EDIFICIO-C','BAJA','2024-11-19 05:27:03','2024-11-19 05:27:03','ACTIVO'),(42,'8',20,'EDIFICIO-C','BAJA','2024-11-19 05:27:03','2024-11-19 05:27:03','ACTIVO'),(43,'1',30,'EDIFICIO-D','BAJA','2024-11-19 05:27:03','2024-11-19 05:27:03','ACTIVO'),(44,'2',30,'EDIFICIO-D','BAJA','2024-11-19 05:27:03','2024-11-19 05:27:03','ACTIVO'),(45,'3',40,'EDIFICIO-D','BAJA','2024-11-19 05:27:03','2024-11-19 05:27:03','ACTIVO'),(46,'4',40,'EDIFICIO-D','BAJA','2024-11-19 05:27:03','2024-11-19 05:27:03','ACTIVO'),(47,'5',40,'EDIFICIO-D','BAJA','2024-11-19 05:27:03','2024-11-19 05:27:03','ACTIVO'),(48,'6',40,'EDIFICIO-D','BAJA','2024-11-19 05:27:03','2024-11-19 05:27:03','ACTIVO'),(49,'7',40,'EDIFICIO-D','BAJA','2024-11-19 05:27:03','2024-11-19 05:27:03','ACTIVO'),(50,'8',40,'EDIFICIO-D','BAJA','2024-11-19 05:27:03','2024-11-19 05:27:03','ACTIVO'),(51,'9',40,'EDIFICIO-D','BAJA','2024-11-19 05:27:03','2024-11-19 05:27:03','ACTIVO'),(52,'10',40,'EDIFICIO-D','ALTA','2024-11-19 05:27:03','2024-11-19 05:27:03','ACTIVO'),(53,'11',40,'EDIFICIO-D','ALTA','2024-11-19 05:27:03','2024-11-19 05:27:03','ACTIVO'),(54,'12',40,'EDIFICIO-D','ALTA','2024-11-19 05:27:03','2024-11-19 05:27:03','ACTIVO'),(55,'13',40,'EDIFICIO-D','ALTA','2024-11-19 05:27:03','2024-11-19 05:27:03','ACTIVO'),(56,'14',40,'EDIFICIO-D','ALTA','2024-11-19 05:27:03','2024-11-19 05:27:03','ACTIVO'),(57,'15',40,'EDIFICIO-D','ALTA','2024-11-19 05:27:03','2024-11-19 05:27:03','ACTIVO'),(58,'16',40,'EDIFICIO-D','ALTA','2024-11-19 05:27:03','2024-11-19 05:27:03','ACTIVO'),(59,'1',30,'EDIFICIO-E','ALTA','2024-11-19 05:27:03','2024-11-19 05:27:03','ACTIVO'),(60,'2',30,'EDIFICIO-E','ALTA','2024-11-19 05:27:03','2024-11-19 05:27:03','ACTIVO'),(61,'3',30,'EDIFICIO-E','ALTA','2024-11-19 05:27:03','2024-11-19 05:27:03','ACTIVO'),(62,'16',40,'P1','ALTA','2024-11-19 05:27:03','2024-11-19 05:27:03','ACTIVO'),(63,'17',40,'P1','ALTA','2024-11-19 05:27:03','2024-11-19 05:27:03','ACTIVO'),(64,'Zinapécuaro 1',50,'Zinapécuaro','BAJA','2025-01-06 17:27:27',NULL,'ACTIVO'),(65,'Zinapécuaro 2',50,'Zinapécuaro','BAJA','2025-01-06 17:27:43',NULL,'ACTIVO'),(66,'Zinapécuaro 3',50,'Zinapécuaro','BAJA','2025-01-06 17:28:02',NULL,'ACTIVO'),(67,'Zinapécuaro 4',50,'Zinapécuaro','BAJA','2025-01-06 17:28:10',NULL,'ACTIVO'),(68,'Zinapécuaro 5',50,'Zinapécuaro','BAJA','2025-01-10 10:17:54',NULL,'ACTIVO');

--
-- Table structure for table `configuracion_instituciones`
--

CREATE TABLE `configuracion_instituciones` (
  `id_config_institucion` int NOT NULL AUTO_INCREMENT,
  `nombre_institucion` varchar(255) CHARACTER SET utf8mb4 COLLATE utf8mb4_spanish_ci NOT NULL,
  `logo` varchar(255) CHARACTER SET utf8mb4 COLLATE utf8mb4_spanish_ci DEFAULT NULL,
  `direccion` varchar(255) CHARACTER SET utf8mb4 COLLATE utf8mb4_spanish_ci NOT NULL,
  `telefono` varchar(100) CHARACTER SET utf8mb4 COLLATE utf8mb4_spanish_ci DEFAULT NULL,
  `celular` varchar(100) CHARACTER SET utf8mb4 COLLATE utf8mb4_spanish_ci DEFAULT NULL,
  `correo` varchar(100) CHARACTER SET utf8mb4 COLLATE utf8mb4_spanish_ci DEFAULT NULL,
  `fyh_creacion` datetime DEFAULT NULL,
  `fyh_actualizacion` datetime DEFAULT NULL,
  `estado` varchar(11) CHARACTER SET utf8mb4 COLLATE utf8mb4_spanish_ci DEFAULT NULL,
  PRIMARY KEY (`id_config_institucion`)
) ENGINE=InnoDB AUTO_INCREMENT=2 DEFAULT CHARSET=utf8mb4 COLLATE=utf8mb4_spanish_ci;

--
-- Dumping data for table `configuracion_instituciones`
--

INSERT INTO `configuracion_instituciones` VALUES (1,'Universidad Tecnológica de Morelia','https://ut-morelia.edu.mx/wp-content/uploads/2022/05/Logo-UTM-Claro.png','Av. Vicepresidente Pino Suarez No. 750, Col. Ciudad Industrial, C.P. 58200, Morelia, Michoacán','4431135900','524431135900','informacion@ut-morelia.edu.mx','2023-12-28 20:29:10',NULL,'1');

--
-- Table structure for table `educational_levels`
--

CREATE TABLE `educational_levels` (
  `level_id` int NOT NULL AUTO_INCREMENT,
  `level_name` varchar(255) CHARACTER SET utf8mb4 COLLATE utf8mb4_spanish_ci NOT NULL,
  `group_id` int DEFAULT NULL,
  PRIMARY KEY (`level_id`),
  KEY `group_id` (`group_id`),
  CONSTRAINT `educational_levels_ibfk_1` FOREIGN KEY (`group_id`) REFERENCES `groups` (`group_id`) ON DELETE CASCADE
) ENGINE=InnoDB AUTO_INCREMENT=1123 DEFAULT CHARSET=utf8mb4 COLLATE=utf8mb4_spanish_ci;

--
-- Dumping data for table `educational_levels`
--

INSERT INTO `educational_levels` VALUES (1,'TSU',NULL),(2,'LICENCIATURA',NULL),(3,'MAESTRÍA',NULL),(1043,'TSU',1053),(1044,'TSU',1054),(1045,'TSU',1055),(1046,'TSU',1056),(1047,'TSU',1057),(1048,'TSU',1058),(1049,'TSU',1059),(1050,'TSU',1060),(1051,'LIC/ING',1061),(1052,'LIC/ING',1062),(1053,'TSU',1063),(1054,'TSU',1064),(1055,'TSU',1065),(1058,'TSU',1068),(1059,'LIC/ING',1069),(1060,'LIC/ING',1070),(1061,'TSU',1071),(1062,'TSU',1072),(1063,'TSU',1073),(1064,'TSU',1074),(1065,'TSU',1075),(1066,'TSU',1076),(1067,'TSU',1077),(1068,'TSU',1078),(1069,'TSU',1079),(1070,'TSU',1080),(1071,'TSU',1081),(1072,'TSU',1082),(1073,'TSU',1083),(1074,'TSU',1084),(1075,'TSU',1085),(1076,'TSU',1086),(1077,'TSU',1087),(1078,'LIC/ING',1088),(1079,'LIC/ING',1089),(1080,'LIC/ING',1090),(1081,'LIC/ING',1091),(1082,'LIC/ING',1092),(1083,'LIC/ING',1093),(1084,'TSU',1094),(1085,'TSU',1095),(1086,'LIC/ING',1096),(1087,'LIC/ING',1097),(1088,'TSU',1098),(1089,'TSU',1099),(1090,'TSU',1100),(1091,'LIC/ING',1101),(1092,'LIC/ING',1102),(1093,'LIC/ING',1103),(1094,'TSU',1104),(1095,'TSU',1105),(1096,'TSU',1106),(1097,'TSU',1107),(1098,'TSU',1108),(1099,'LIC/ING',1109),(1100,'LIC/ING',1110),(1101,'LIC/ING',1111),(1102,'LIC/ING',1112),(1103,'LIC/ING',1113),(1104,'TSU',1114),(1105,'TSU',1115),(1106,'TSU',1116),(1107,'TSU',1117),(1108,'MTRIA',1118),(1109,'TSU',1119),(1110,'MTRIA',1120),(1111,'TSU',1121),(1112,'TSU',1122),(1113,'TSU',1123),(1114,'LIC/ING',1124),(1115,'LIC/ING',1125),(1116,'LIC/ING',1126),(1117,'LIC/ING',1127),(1118,'LIC/ING',1128),(1119,'LIC/ING',1129),(1121,'TSU',1134),(1122,'TSU',1137);

--
-- Table structure for table `group_schedule_teacher`
--

CREATE TABLE `group_schedule_teacher` (
  `group_schedule_teacher_id` int NOT NULL AUTO_INCREMENT,
  `schedule_id` int NOT NULL,
  `teacher_id` int NOT NULL,
  `subject_id` int NOT NULL,
  `fyh_creacion` datetime DEFAULT CURRENT_TIMESTAMP,
  `fyh_actualizacion` datetime DEFAULT NULL ON UPDATE CURRENT_TIMESTAMP,
  `estado` varchar(11) CHARACTER SET utf8mb4 COLLATE utf8mb4_spanish_ci DEFAULT '1',
  PRIMARY KEY (`group_schedule_teacher_id`),
  KEY `schedule_id` (`schedule_id`),
  KEY `teacher_id` (`teacher_id`),
  KEY `subject_id` (`subject_id`),
  CONSTRAINT `group_schedule_teacher_ibfk_1` FOREIGN KEY (`schedule_id`) REFERENCES `schedules` (`schedule_id`) ON DELETE CASCADE,
  CONSTRAINT `group_schedule_teacher_ibfk_2` FOREIGN KEY (`teacher_id`) REFERENCES `teachers` (`teacher_id`) ON DELETE CASCADE,
  CONSTRAINT `group_schedule_teacher_ibfk_3` FOREIGN KEY (`subject_id`) REFERENCES `subjects` (`subject_id`) ON DELETE CASCADE
) ENGINE=InnoDB DEFAULT CHARSET=utf8mb4 COLLATE=utf8mb4_spanish_ci;

--
-- Dumping data for table `group_schedule_teacher`
--


--
-- Table structure for table `group_subjects`
--

CREATE TABLE `group_subjects` (
  `group_subject_id` int NOT NULL AUTO_INCREMENT,
  `group_id` int NOT NULL,
  `subject_id` int NOT NULL,
  `fyh_creacion` datetime DEFAULT CURRENT_TIMESTAMP,
  `fyh_actualizacion` datetime DEFAULT NULL ON UPDATE CURRENT_TIMESTAMP,
  `estado` varchar(11) CHARACTER SET utf8mb4 COLLATE utf8mb4_spanish_ci DEFAULT '1',
  PRIMARY KEY (`group_subject_id`),
  KEY `group_id` (`group_id`),
  KEY `subject_id` (`subject_id`),
  CONSTRAINT `group_subjects_ibfk_1` FOREIGN KEY (`group_id`) REFERENCES `groups` (`group_id`) ON DELETE CASCADE ON UPDATE CASCADE,
  CONSTRAINT `group_subjects_ibfk_2` FOREIGN KEY (`subject_id`) REFERENCES `subjects` (`subject_id`) ON DELETE CASCADE ON UPDATE CASCADE
) ENGINE=InnoDB AUTO_INCREMENT=3303 DEFAULT CHARSET=utf8mb4 COLLATE=utf8mb4_spanish_ci;

--
-- Dumping data for table `group_subjects`
--

INSERT INTO `group_subjects` VALUES (2285,1077,1762,'2025-04-08 21:15:07',NULL,'1'),(2286,1077,1783,'2025-04-08 21:15:07',NULL,'1'),(2287,1077,1784,'2025-04-08 21:15:07',NULL,'1'),(2288,1077,1785,'2025-04-08 21:15:07',NULL,'1'),(2289,1077,1786,'2025-04-08 21:15:07',NULL,'1'),(2290,1077,1787,'2025-04-08 21:15:07',NULL,'1'),(2291,1077,1788,'2025-04-08 21:15:07',NULL,'1'),(2571,1118,2182,'2025-04-10 10:35:39',NULL,'1'),(2572,1118,2183,'2025-04-10 10:35:39',NULL,'1'),(2573,1118,2184,'2025-04-10 10:35:39',NULL,'1'),(2574,1118,2185,'2025-04-10 10:35:39',NULL,'1'),(2759,1093,2071,'2025-04-27 23:02:15',NULL,'1'),(2760,1093,2072,'2025-04-27 23:02:15',NULL,'1'),(2761,1093,2073,'2025-04-27 23:02:15',NULL,'1'),(2762,1093,2074,'2025-04-27 23:02:15',NULL,'1'),(2763,1093,2075,'2025-04-27 23:02:15',NULL,'1'),(2764,1093,2076,'2025-04-27 23:02:15',NULL,'1'),(2934,1080,1762,'2025-04-30 16:22:32',NULL,'1'),(2935,1080,1783,'2025-04-30 16:22:32',NULL,'1'),(2936,1080,1784,'2025-04-30 16:22:32',NULL,'1'),(2937,1080,1785,'2025-04-30 16:22:32',NULL,'1'),(2938,1080,1786,'2025-04-30 16:22:32',NULL,'1'),(2939,1080,1787,'2025-04-30 16:22:32',NULL,'1'),(2940,1080,1788,'2025-04-30 16:22:32',NULL,'1'),(2948,1115,1808,'2025-05-05 17:10:46',NULL,'1'),(2949,1115,2033,'2025-05-05 17:10:46',NULL,'1'),(2950,1115,2034,'2025-05-05 17:10:46',NULL,'1'),(2951,1115,2035,'2025-05-05 17:10:46',NULL,'1'),(2952,1115,2036,'2025-05-05 17:10:46',NULL,'1'),(2953,1115,2037,'2025-05-05 17:10:46',NULL,'1'),(2954,1115,2053,'2025-05-05 17:10:46',NULL,'1'),(2955,1116,1808,'2025-05-05 17:12:12',NULL,'1'),(2956,1116,2033,'2025-05-05 17:12:12',NULL,'1'),(2957,1116,2034,'2025-05-05 17:12:12',NULL,'1'),(2958,1116,2035,'2025-05-05 17:12:12',NULL,'1'),(2959,1116,2036,'2025-05-05 17:12:12',NULL,'1'),(2960,1116,2037,'2025-05-05 17:12:12',NULL,'1'),(2961,1116,2053,'2025-05-05 17:12:12',NULL,'1'),(2962,1119,2040,'2025-05-05 17:12:45',NULL,'1'),(2963,1119,2083,'2025-05-05 17:12:45',NULL,'1'),(2964,1119,2084,'2025-05-05 17:12:45',NULL,'1'),(2965,1119,2085,'2025-05-05 17:12:45',NULL,'1'),(2966,1119,2086,'2025-05-05 17:12:45',NULL,'1'),(2967,1119,2088,'2025-05-05 17:12:45',NULL,'1'),(2968,1119,2097,'2025-05-05 17:12:45',NULL,'1'),(2983,1124,1754,'2025-05-05 17:19:24',NULL,'1'),(2984,1124,1804,'2025-05-05 17:19:24',NULL,'1'),(2985,1124,1806,'2025-05-05 17:19:24',NULL,'1'),(2986,1124,2105,'2025-05-05 17:19:24',NULL,'1'),(2987,1124,2155,'2025-05-05 17:19:24',NULL,'1'),(2988,1124,2158,'2025-05-05 17:19:24',NULL,'1'),(2989,1127,1865,'2025-05-05 17:19:48',NULL,'1'),(2990,1127,1866,'2025-05-05 17:19:48',NULL,'1'),(2991,1127,1867,'2025-05-05 17:19:48',NULL,'1'),(2992,1127,1868,'2025-05-05 17:19:48',NULL,'1'),(2993,1127,1938,'2025-05-05 17:19:48',NULL,'1'),(2994,1127,2157,'2025-05-05 17:19:48',NULL,'1'),(2995,1125,2149,'2025-05-05 17:20:28',NULL,'1'),(2996,1125,2154,'2025-05-05 17:20:28',NULL,'1'),(2997,1125,2156,'2025-05-05 17:20:28',NULL,'1'),(2998,1125,2159,'2025-05-05 17:20:28',NULL,'1'),(2999,1125,2167,'2025-05-05 17:20:28',NULL,'1'),(3000,1125,2168,'2025-05-05 17:20:28',NULL,'1'),(3001,1126,2149,'2025-05-05 17:21:01',NULL,'1'),(3002,1126,2154,'2025-05-05 17:21:01',NULL,'1'),(3003,1126,2156,'2025-05-05 17:21:01',NULL,'1'),(3004,1126,2159,'2025-05-05 17:21:01',NULL,'1'),(3005,1126,2167,'2025-05-05 17:21:01',NULL,'1'),(3006,1126,2168,'2025-05-05 17:21:01',NULL,'1'),(3007,1063,1686,'2025-05-05 17:22:10',NULL,'1'),(3008,1063,1687,'2025-05-05 17:22:10',NULL,'1'),(3009,1063,1727,'2025-05-05 17:22:10',NULL,'1'),(3010,1063,1728,'2025-05-05 17:22:10',NULL,'1'),(3011,1063,1729,'2025-05-05 17:22:10',NULL,'1'),(3012,1063,1731,'2025-05-05 17:22:10',NULL,'1'),(3013,1063,1732,'2025-05-05 17:22:10',NULL,'1'),(3021,1104,1764,'2025-05-05 17:23:49',NULL,'1'),(3022,1104,1765,'2025-05-05 17:23:49',NULL,'1'),(3023,1104,1766,'2025-05-05 17:23:49',NULL,'1'),(3024,1104,1767,'2025-05-05 17:23:49',NULL,'1'),(3025,1104,1768,'2025-05-05 17:23:49',NULL,'1'),(3026,1104,1949,'2025-05-05 17:23:49',NULL,'1'),(3027,1104,1953,'2025-05-05 17:23:49',NULL,'1'),(3028,1111,2010,'2025-05-05 17:24:31',NULL,'1'),(3029,1111,2057,'2025-05-05 17:24:31',NULL,'1'),(3030,1111,2058,'2025-05-05 17:24:31',NULL,'1'),(3031,1111,2059,'2025-05-05 17:24:31',NULL,'1'),(3032,1111,2061,'2025-05-05 17:24:31',NULL,'1'),(3033,1111,2062,'2025-05-05 17:24:31',NULL,'1'),(3034,1111,2063,'2025-05-05 17:24:31',NULL,'1'),(3035,1110,2010,'2025-05-05 17:25:05',NULL,'1'),(3036,1110,2057,'2025-05-05 17:25:05',NULL,'1'),(3037,1110,2058,'2025-05-05 17:25:05',NULL,'1'),(3038,1110,2059,'2025-05-05 17:25:05',NULL,'1'),(3039,1110,2061,'2025-05-05 17:25:05',NULL,'1'),(3040,1110,2062,'2025-05-05 17:25:05',NULL,'1'),(3041,1110,2063,'2025-05-05 17:25:05',NULL,'1'),(3042,1109,2006,'2025-05-05 17:25:23',NULL,'1'),(3043,1109,2011,'2025-05-05 17:25:23',NULL,'1'),(3044,1109,2012,'2025-05-05 17:25:23',NULL,'1'),(3045,1109,2013,'2025-05-05 17:25:23',NULL,'1'),(3046,1109,2014,'2025-05-05 17:25:23',NULL,'1'),(3047,1109,2015,'2025-05-05 17:25:23',NULL,'1'),(3048,1109,2016,'2025-05-05 17:25:23',NULL,'1'),(3049,1094,1790,'2025-05-05 17:29:44',NULL,'1'),(3050,1094,1791,'2025-05-05 17:29:44',NULL,'1'),(3051,1094,1792,'2025-05-05 17:29:44',NULL,'1'),(3052,1094,1793,'2025-05-05 17:29:44',NULL,'1'),(3053,1094,1794,'2025-05-05 17:29:44',NULL,'1'),(3054,1094,1799,'2025-05-05 17:29:44',NULL,'1'),(3055,1094,1801,'2025-05-05 17:29:44',NULL,'1'),(3056,1096,2089,'2025-05-05 17:30:09',NULL,'1'),(3057,1096,2090,'2025-05-05 17:30:09',NULL,'1'),(3058,1096,2091,'2025-05-05 17:30:09',NULL,'1'),(3059,1096,2092,'2025-05-05 17:30:09',NULL,'1'),(3060,1096,2093,'2025-05-05 17:30:09',NULL,'1'),(3061,1101,1922,'2025-05-05 17:30:54',NULL,'1'),(3062,1101,1925,'2025-05-05 17:30:54',NULL,'1'),(3063,1101,2046,'2025-05-05 17:30:54',NULL,'1'),(3064,1101,2048,'2025-05-05 17:30:54',NULL,'1'),(3065,1101,2049,'2025-05-05 17:30:54',NULL,'1'),(3066,1101,2050,'2025-05-05 17:30:54',NULL,'1'),(3067,1102,1930,'2025-05-05 17:31:41',NULL,'1'),(3068,1102,2094,'2025-05-05 17:31:41',NULL,'1'),(3069,1102,2095,'2025-05-05 17:31:41',NULL,'1'),(3070,1102,2096,'2025-05-05 17:31:41',NULL,'1'),(3071,1102,2098,'2025-05-05 17:31:41',NULL,'1'),(3072,1102,2099,'2025-05-05 17:31:41',NULL,'1'),(3073,1105,1764,'2025-05-05 17:39:05',NULL,'1'),(3074,1105,1765,'2025-05-05 17:39:05',NULL,'1'),(3075,1105,1766,'2025-05-05 17:39:05',NULL,'1'),(3076,1105,1767,'2025-05-05 17:39:05',NULL,'1'),(3077,1105,1768,'2025-05-05 17:39:05',NULL,'1'),(3078,1105,1949,'2025-05-05 17:39:05',NULL,'1'),(3079,1105,1953,'2025-05-05 17:39:05',NULL,'1'),(3080,1137,1764,'2025-05-05 17:39:21',NULL,'1'),(3081,1137,1765,'2025-05-05 17:39:21',NULL,'1'),(3082,1137,1766,'2025-05-05 17:39:21',NULL,'1'),(3083,1137,1767,'2025-05-05 17:39:21',NULL,'1'),(3084,1137,1768,'2025-05-05 17:39:21',NULL,'1'),(3085,1137,1949,'2025-05-05 17:39:21',NULL,'1'),(3086,1137,1953,'2025-05-05 17:39:21',NULL,'1'),(3087,1055,1672,'2025-05-05 17:39:50',NULL,'1'),(3088,1055,1770,'2025-05-05 17:39:50',NULL,'1'),(3089,1055,1771,'2025-05-05 17:39:50',NULL,'1'),(3090,1055,1772,'2025-05-05 17:39:50',NULL,'1'),(3091,1055,1773,'2025-05-05 17:39:50',NULL,'1'),(3092,1055,1810,'2025-05-05 17:39:50',NULL,'1'),(3093,1055,1811,'2025-05-05 17:39:50',NULL,'1'),(3094,1117,1808,'2025-05-05 17:40:23',NULL,'1'),(3095,1117,2033,'2025-05-05 17:40:23',NULL,'1'),(3096,1117,2034,'2025-05-05 17:40:23',NULL,'1'),(3097,1117,2035,'2025-05-05 17:40:23',NULL,'1'),(3098,1117,2036,'2025-05-05 17:40:23',NULL,'1'),(3099,1117,2037,'2025-05-05 17:40:23',NULL,'1'),(3100,1117,2053,'2025-05-05 17:40:23',NULL,'1'),(3101,1114,1805,'2025-05-05 17:40:48',NULL,'1'),(3102,1114,2027,'2025-05-05 17:40:48',NULL,'1'),(3103,1114,2028,'2025-05-05 17:40:48',NULL,'1'),(3104,1114,2043,'2025-05-05 17:40:48',NULL,'1'),(3105,1114,2045,'2025-05-05 17:40:48',NULL,'1'),(3106,1114,2047,'2025-05-05 17:40:48',NULL,'1'),(3107,1114,2051,'2025-05-05 17:40:48',NULL,'1'),(3108,1098,1797,'2025-05-05 17:41:23',NULL,'1'),(3109,1098,1798,'2025-05-05 17:41:23',NULL,'1'),(3110,1098,1800,'2025-05-05 17:41:23',NULL,'1'),(3111,1098,1802,'2025-05-05 17:41:23',NULL,'1'),(3112,1098,1881,'2025-05-05 17:41:23',NULL,'1'),(3113,1098,1882,'2025-05-05 17:41:23',NULL,'1'),(3114,1098,1888,'2025-05-05 17:41:23',NULL,'1'),(3115,1099,1797,'2025-05-05 17:41:41',NULL,'1'),(3116,1099,1798,'2025-05-05 17:41:41',NULL,'1'),(3117,1099,1800,'2025-05-05 17:41:41',NULL,'1'),(3118,1099,1802,'2025-05-05 17:41:41',NULL,'1'),(3119,1099,1881,'2025-05-05 17:41:41',NULL,'1'),(3120,1099,1882,'2025-05-05 17:41:41',NULL,'1'),(3121,1099,1888,'2025-05-05 17:41:41',NULL,'1'),(3122,1134,1790,'2025-05-05 17:42:37',NULL,'1'),(3123,1134,1791,'2025-05-05 17:42:37',NULL,'1'),(3124,1134,1792,'2025-05-05 17:42:37',NULL,'1'),(3125,1134,1793,'2025-05-05 17:42:37',NULL,'1'),(3126,1134,1794,'2025-05-05 17:42:37',NULL,'1'),(3127,1134,1799,'2025-05-05 17:42:37',NULL,'1'),(3128,1134,1801,'2025-05-05 17:42:37',NULL,'1'),(3129,1065,1709,'2025-05-05 17:46:41',NULL,'1'),(3130,1065,1776,'2025-05-05 17:46:41',NULL,'1'),(3131,1065,1777,'2025-05-05 17:46:41',NULL,'1'),(3132,1065,1778,'2025-05-05 17:46:41',NULL,'1'),(3133,1065,1779,'2025-05-05 17:46:41',NULL,'1'),(3134,1065,1780,'2025-05-05 17:46:41',NULL,'1'),(3135,1065,1781,'2025-05-05 17:46:41',NULL,'1'),(3142,1071,2175,'2025-05-05 17:52:09',NULL,'1'),(3143,1071,2176,'2025-05-05 17:52:09',NULL,'1'),(3144,1071,2177,'2025-05-05 17:52:09',NULL,'1'),(3145,1071,2178,'2025-05-05 17:52:09',NULL,'1'),(3146,1071,2179,'2025-05-05 17:52:09',NULL,'1'),(3147,1071,2180,'2025-05-05 17:52:09',NULL,'1'),(3148,1071,2181,'2025-05-05 17:52:09',NULL,'1'),(3149,1070,1741,'2025-05-05 17:54:04',NULL,'1'),(3150,1070,1747,'2025-05-05 17:54:04',NULL,'1'),(3151,1070,2079,'2025-05-05 17:54:04',NULL,'1'),(3152,1070,2080,'2025-05-05 17:54:04',NULL,'1'),(3153,1070,2081,'2025-05-05 17:54:04',NULL,'1'),(3154,1070,2082,'2025-05-05 17:54:04',NULL,'1'),(3155,1056,1672,'2025-05-05 17:58:38',NULL,'1'),(3156,1056,1770,'2025-05-05 17:58:38',NULL,'1'),(3157,1056,1771,'2025-05-05 17:58:38',NULL,'1'),(3158,1056,1772,'2025-05-05 17:58:38',NULL,'1'),(3159,1056,1773,'2025-05-05 17:58:38',NULL,'1'),(3160,1056,1810,'2025-05-05 17:58:38',NULL,'1'),(3161,1056,1811,'2025-05-05 17:58:38',NULL,'1'),(3162,1061,1684,'2025-05-05 18:01:15',NULL,'1'),(3163,1061,2064,'2025-05-05 18:01:15',NULL,'1'),(3164,1061,2065,'2025-05-05 18:01:15',NULL,'1'),(3165,1061,2066,'2025-05-05 18:01:15',NULL,'1'),(3166,1061,2068,'2025-05-05 18:01:15',NULL,'1'),(3167,1061,2069,'2025-05-05 18:01:15',NULL,'1'),(3168,1061,2070,'2025-05-05 18:01:15',NULL,'1'),(3169,1062,1684,'2025-05-05 18:01:51',NULL,'1'),(3170,1062,2064,'2025-05-05 18:01:51',NULL,'1'),(3171,1062,2065,'2025-05-05 18:01:51',NULL,'1'),(3172,1062,2066,'2025-05-05 18:01:51',NULL,'1'),(3173,1062,2068,'2025-05-05 18:01:51',NULL,'1'),(3174,1062,2069,'2025-05-05 18:01:51',NULL,'1'),(3175,1062,2070,'2025-05-05 18:01:51',NULL,'1'),(3176,1057,1672,'2025-05-05 18:12:42',NULL,'1'),(3177,1057,1770,'2025-05-05 18:12:42',NULL,'1'),(3178,1057,1771,'2025-05-05 18:12:42',NULL,'1'),(3179,1057,1772,'2025-05-05 18:12:42',NULL,'1'),(3180,1057,1773,'2025-05-05 18:12:42',NULL,'1'),(3181,1057,1810,'2025-05-05 18:12:42',NULL,'1'),(3182,1057,1811,'2025-05-05 18:12:42',NULL,'1'),(3183,1058,1679,'2025-05-05 18:12:57',NULL,'1'),(3184,1058,1680,'2025-05-05 18:12:57',NULL,'1'),(3185,1058,1885,'2025-05-05 18:12:57',NULL,'1'),(3186,1058,1886,'2025-05-05 18:12:57',NULL,'1'),(3187,1058,1887,'2025-05-05 18:12:57',NULL,'1'),(3188,1058,1889,'2025-05-05 18:12:57',NULL,'1'),(3189,1058,1891,'2025-05-05 18:12:57',NULL,'1'),(3190,1072,1721,'2025-05-05 18:18:53',NULL,'1'),(3191,1072,1722,'2025-05-05 18:18:53',NULL,'1'),(3192,1072,1723,'2025-05-05 18:18:53',NULL,'1'),(3193,1072,1724,'2025-05-05 18:18:53',NULL,'1'),(3194,1072,1725,'2025-05-05 18:18:53',NULL,'1'),(3195,1072,1726,'2025-05-05 18:18:53',NULL,'1'),(3196,1072,1757,'2025-05-05 18:18:53',NULL,'1'),(3197,1073,1762,'2025-05-05 18:19:10',NULL,'1'),(3198,1073,1783,'2025-05-05 18:19:10',NULL,'1'),(3199,1073,1784,'2025-05-05 18:19:10',NULL,'1'),(3200,1073,1785,'2025-05-05 18:19:10',NULL,'1'),(3201,1073,1786,'2025-05-05 18:19:10',NULL,'1'),(3202,1073,1787,'2025-05-05 18:19:10',NULL,'1'),(3203,1073,1788,'2025-05-05 18:19:10',NULL,'1'),(3204,1074,1762,'2025-05-05 18:19:59',NULL,'1'),(3205,1074,1783,'2025-05-05 18:19:59',NULL,'1'),(3206,1074,1784,'2025-05-05 18:19:59',NULL,'1'),(3207,1074,1785,'2025-05-05 18:19:59',NULL,'1'),(3208,1074,1786,'2025-05-05 18:19:59',NULL,'1'),(3209,1074,1787,'2025-05-05 18:19:59',NULL,'1'),(3210,1074,1788,'2025-05-05 18:19:59',NULL,'1'),(3211,1075,1762,'2025-05-05 18:20:16',NULL,'1'),(3212,1075,1783,'2025-05-05 18:20:16',NULL,'1'),(3213,1075,1784,'2025-05-05 18:20:16',NULL,'1'),(3214,1075,1785,'2025-05-05 18:20:16',NULL,'1'),(3215,1075,1786,'2025-05-05 18:20:16',NULL,'1'),(3216,1075,1787,'2025-05-05 18:20:16',NULL,'1'),(3217,1075,1788,'2025-05-05 18:20:16',NULL,'1'),(3218,1076,1762,'2025-05-05 18:20:38',NULL,'1'),(3219,1076,1783,'2025-05-05 18:20:38',NULL,'1'),(3220,1076,1784,'2025-05-05 18:20:38',NULL,'1'),(3221,1076,1785,'2025-05-05 18:20:38',NULL,'1'),(3222,1076,1786,'2025-05-05 18:20:38',NULL,'1'),(3223,1076,1787,'2025-05-05 18:20:38',NULL,'1'),(3224,1076,1788,'2025-05-05 18:20:38',NULL,'1'),(3225,1081,1769,'2025-05-05 18:20:57',NULL,'1'),(3226,1081,1774,'2025-05-05 18:20:57',NULL,'1'),(3227,1081,1917,'2025-05-05 18:20:57',NULL,'1'),(3228,1081,1918,'2025-05-05 18:20:57',NULL,'1'),(3229,1081,1951,'2025-05-05 18:20:57',NULL,'1'),(3230,1081,1952,'2025-05-05 18:20:57',NULL,'1'),(3231,1081,1954,'2025-05-05 18:20:57',NULL,'1'),(3232,1081,1955,'2025-05-05 18:20:57',NULL,'1'),(3233,1088,2022,'2025-05-05 18:21:10',NULL,'1'),(3234,1088,2023,'2025-05-05 18:21:10',NULL,'1'),(3235,1088,2024,'2025-05-05 18:21:10',NULL,'1'),(3236,1088,2025,'2025-05-05 18:21:10',NULL,'1'),(3237,1088,2026,'2025-05-05 18:21:10',NULL,'1'),(3238,1089,2071,'2025-05-05 18:21:55',NULL,'1'),(3239,1089,2072,'2025-05-05 18:21:55',NULL,'1'),(3240,1089,2073,'2025-05-05 18:21:55',NULL,'1'),(3241,1089,2074,'2025-05-05 18:21:55',NULL,'1'),(3242,1089,2075,'2025-05-05 18:21:55',NULL,'1'),(3243,1089,2076,'2025-05-05 18:21:55',NULL,'1'),(3244,1090,2071,'2025-05-05 18:22:11',NULL,'1'),(3245,1090,2072,'2025-05-05 18:22:11',NULL,'1'),(3246,1090,2073,'2025-05-05 18:22:11',NULL,'1'),(3247,1090,2074,'2025-05-05 18:22:11',NULL,'1'),(3248,1090,2075,'2025-05-05 18:22:11',NULL,'1'),(3249,1090,2076,'2025-05-05 18:22:11',NULL,'1'),(3250,1091,2071,'2025-05-05 18:22:29',NULL,'1'),(3251,1091,2072,'2025-05-05 18:22:29',NULL,'1'),(3252,1091,2073,'2025-05-05 18:22:29',NULL,'1'),(3253,1091,2074,'2025-05-05 18:22:29',NULL,'1'),(3254,1091,2075,'2025-05-05 18:22:29',NULL,'1'),(3255,1091,2076,'2025-05-05 18:22:29',NULL,'1'),(3256,1092,2071,'2025-05-05 18:23:51',NULL,'1'),(3257,1092,2072,'2025-05-05 18:23:51',NULL,'1'),(3258,1092,2073,'2025-05-05 18:23:51',NULL,'1'),(3259,1092,2074,'2025-05-05 18:23:51',NULL,'1'),(3260,1092,2075,'2025-05-05 18:23:51',NULL,'1'),(3261,1092,2076,'2025-05-05 18:23:51',NULL,'1'),(3262,1078,1762,'2025-05-05 18:24:23',NULL,'1'),(3263,1078,1783,'2025-05-05 18:24:23',NULL,'1'),(3264,1078,1784,'2025-05-05 18:24:23',NULL,'1'),(3265,1078,1785,'2025-05-05 18:24:23',NULL,'1'),(3266,1078,1786,'2025-05-05 18:24:23',NULL,'1'),(3267,1078,1787,'2025-05-05 18:24:23',NULL,'1'),(3268,1078,1788,'2025-05-05 18:24:23',NULL,'1'),(3269,1079,1762,'2025-05-05 18:24:38',NULL,'1'),(3270,1079,1783,'2025-05-05 18:24:38',NULL,'1'),(3271,1079,1784,'2025-05-05 18:24:38',NULL,'1'),(3272,1079,1785,'2025-05-05 18:24:38',NULL,'1'),(3273,1079,1786,'2025-05-05 18:24:38',NULL,'1'),(3274,1079,1787,'2025-05-05 18:24:38',NULL,'1'),(3275,1079,1788,'2025-05-05 18:24:38',NULL,'1'),(3276,1053,1649,'2025-05-05 21:00:38',NULL,'1'),(3277,1053,1651,'2025-05-05 21:00:38',NULL,'1'),(3278,1053,1756,'2025-05-05 21:00:38',NULL,'1'),(3279,1053,1758,'2025-05-05 21:00:38',NULL,'1'),(3280,1053,1759,'2025-05-05 21:00:38',NULL,'1'),(3281,1053,1760,'2025-05-05 21:00:38',NULL,'1'),(3282,1053,1761,'2025-05-05 21:00:38',NULL,'1'),(3283,1064,1686,'2025-05-05 21:01:10',NULL,'1'),(3284,1064,1687,'2025-05-05 21:01:10',NULL,'1'),(3285,1064,1727,'2025-05-05 21:01:10',NULL,'1'),(3286,1064,1728,'2025-05-05 21:01:10',NULL,'1'),(3287,1064,1729,'2025-05-05 21:01:10',NULL,'1'),(3288,1064,1731,'2025-05-05 21:01:10',NULL,'1'),(3289,1064,1732,'2025-05-05 21:01:10',NULL,'1'),(3290,1112,2010,'2025-05-08 13:58:53',NULL,'1'),(3291,1112,2057,'2025-05-08 13:58:53',NULL,'1'),(3292,1112,2058,'2025-05-08 13:58:53',NULL,'1'),(3293,1112,2059,'2025-05-08 13:58:53',NULL,'1'),(3294,1112,2061,'2025-05-08 13:58:53',NULL,'1'),(3295,1112,2062,'2025-05-08 13:58:53',NULL,'1'),(3296,1112,2063,'2025-05-08 13:58:53',NULL,'1'),(3297,1069,1741,'2025-05-08 17:13:47',NULL,'1'),(3298,1069,1747,'2025-05-08 17:13:47',NULL,'1'),(3299,1069,2079,'2025-05-08 17:13:47',NULL,'1'),(3300,1069,2080,'2025-05-08 17:13:47',NULL,'1'),(3301,1069,2081,'2025-05-08 17:13:47',NULL,'1'),(3302,1069,2082,'2025-05-08 17:13:47',NULL,'1');

--
-- Table structure for table `groups`
--

CREATE TABLE `groups` (
  `group_id` int NOT NULL AUTO_INCREMENT,
  `group_name` varchar(255) CHARACTER SET utf8mb4 COLLATE utf8mb4_spanish_ci NOT NULL,
  `program_id` int DEFAULT NULL,
  `area` varchar(255) CHARACTER SET utf8mb4 COLLATE utf8mb4_spanish_ci DEFAULT NULL,
  `term_id` int DEFAULT NULL,
  `volume` int DEFAULT NULL,
  `turn_id` int DEFAULT NULL,
  `classroom_assigned` int DEFAULT NULL,
  `lab_assigned` int DEFAULT NULL,
  `fyh_creacion` datetime DEFAULT NULL,
  `fyh_actualizacion` datetime DEFAULT NULL,
  `estado` varchar(11) CHARACTER SET utf8mb4 COLLATE utf8mb4_spanish_ci DEFAULT NULL,
  PRIMARY KEY (`group_id`),
  KEY `program_id` (`program_id`),
  KEY `area` (`area`),
  KEY `term_id` (`term_id`),
  KEY `turn_id` (`turn_id`),
  KEY `classroom_assigned` (`classroom_assigned`),
  KEY `lab_assigned` (`lab_assigned`),
  CONSTRAINT `groups_ibfk_1` FOREIGN KEY (`program_id`) REFERENCES `programs` (`program_id`),
  CONSTRAINT `groups_ibfk_2` FOREIGN KEY (`area`) REFERENCES `programs` (`area`) ON UPDATE CASCADE,
  CONSTRAINT `groups_ibfk_3` FOREIGN KEY (`term_id`) REFERENCES `terms` (`term_id`),
  CONSTRAINT `groups_ibfk_4` FOREIGN KEY (`turn_id`) REFERENCES `shifts` (`shift_id`),
  CONSTRAINT `groups_ibfk_5` FOREIGN KEY (`classroom_assigned`) REFERENCES `classrooms` (`classroom_id`),
  CONSTRAINT `groups_ibfk_6` FOREIGN KEY (`lab_assigned`) REFERENCES `labs` (`lab_id`)
) ENGINE=InnoDB AUTO_INCREMENT=1138 DEFAULT CHARSET=utf8mb4 COLLATE=utf8mb4_spanish_ci;

--
-- Dumping data for table `groups`
--

INSERT INTO `groups` VALUES (1053,'AF-3A',1,'AFC',3,10,1,8,NULL,'2025-04-08 21:15:05','2025-05-05 21:00:38','1'),(1054,'AFC-6A',2,'AFC',6,11,1,NULL,NULL,'2025-04-08 21:15:05',NULL,'1'),(1055,'DMI-3A',4,'DMI',3,25,1,31,NULL,'2025-04-08 21:15:05','2025-05-05 17:39:50','1'),(1056,'DMI-3B',4,'DMI',3,25,1,32,NULL,'2025-04-08 21:15:05','2025-05-05 17:58:38','1'),(1057,'DMI-3C',4,'DMI',3,25,2,22,NULL,'2025-04-08 21:15:05','2025-05-05 18:12:42','1'),(1058,'DMI-5A',4,'DMI',5,12,2,24,NULL,'2025-04-08 21:15:05','2025-05-05 18:12:57','1'),(1059,'DMI-6A',4,'DMI',6,28,1,NULL,NULL,'2025-04-08 21:15:05',NULL,'1'),(1060,'DMI-6B',4,'DMI',6,28,2,NULL,NULL,'2025-04-08 21:15:05',NULL,'1'),(1061,'DMI-9A',4,'DMI',9,28,1,19,NULL,'2025-04-08 21:15:06','2025-05-05 18:01:15','1'),(1062,'DMI-9B',4,'DMI',9,27,1,20,NULL,'2025-04-08 21:15:06','2025-05-05 18:01:51','1'),(1063,'ENF-2A',14,'ENF',2,26,1,15,NULL,'2025-04-08 21:15:06','2025-05-05 17:22:10','1'),(1064,'ENF-2B',14,'ENF',2,26,1,14,NULL,'2025-04-08 21:15:06','2025-05-05 21:01:10','1'),(1065,'ERV-3A',8,'ERV',3,19,1,59,NULL,'2025-04-08 21:15:06','2025-05-05 17:46:41','1'),(1068,'ERVT-6A',11,'ERV',6,16,1,NULL,NULL,'2025-04-08 21:15:06','2025-04-09 21:16:45','1'),(1069,'ERV-9A',26,'ERV',9,13,1,59,NULL,'2025-04-08 21:15:06','2025-05-08 17:13:47','1'),(1070,'ERV-9B',26,'ERV',9,14,2,35,NULL,'2025-04-08 21:15:06','2025-05-05 17:54:04','1'),(1071,'EMV-3A',28,'EMV',3,5,1,42,NULL,'2025-04-08 21:15:07','2025-05-05 17:52:09','1'),(1072,'GST-2A',12,'GST',2,27,1,46,NULL,'2025-04-08 21:15:07','2025-05-05 18:18:53','1'),(1073,'GST-3A',12,'GST',3,30,1,47,NULL,'2025-04-08 21:15:07','2025-05-05 18:19:10','1'),(1074,'GST-3B',12,'GST',3,27,1,48,NULL,'2025-04-08 21:15:07','2025-05-05 18:19:59','1'),(1075,'GST-3C',12,'GST',3,27,1,49,NULL,'2025-04-08 21:15:07','2025-05-05 18:20:16','1'),(1076,'GST-3D',12,'GST',3,33,1,50,NULL,'2025-04-08 21:15:07','2025-05-05 18:20:38','1'),(1077,'GST-3E',12,'GST',3,28,2,NULL,NULL,'2025-04-08 21:15:07',NULL,'1'),(1078,'GST-3F',12,'GST',3,25,2,57,NULL,'2025-04-08 21:15:07','2025-05-05 18:24:23','1'),(1079,'GST-3G',12,'GST',3,30,2,58,NULL,'2025-04-08 21:15:08','2025-05-05 18:24:38','1'),(1080,'GST-3Z',12,'GST',3,11,1,66,NULL,'2025-04-08 21:15:08','2025-04-30 16:22:32','1'),(1081,'GST-5A',12,'GST',5,28,1,51,NULL,'2025-04-08 21:15:08','2025-05-05 18:20:57','1'),(1082,'GST-6A',12,'GST',6,30,1,NULL,NULL,'2025-04-08 21:15:08',NULL,'1'),(1083,'GST-6B',12,'GST',6,30,1,NULL,NULL,'2025-04-08 21:15:08',NULL,'1'),(1084,'GST-6C',12,'GST',6,30,1,NULL,NULL,'2025-04-08 21:15:08',NULL,'1'),(1085,'GST-6D',12,'GST',6,30,2,NULL,NULL,'2025-04-08 21:15:08',NULL,'1'),(1086,'GST-6E',12,'GST',6,30,2,NULL,NULL,'2025-04-08 21:15:08',NULL,'1'),(1087,'GST-6Z',12,'GST',6,18,2,NULL,NULL,'2025-04-08 21:15:08',NULL,'1'),(1088,'GST-8A',12,'GST',8,34,1,52,NULL,'2025-04-08 21:15:08','2025-05-05 18:21:10','1'),(1089,'GST-9A',12,'GST',9,32,1,53,NULL,'2025-04-08 21:15:08','2025-05-05 18:21:55','1'),(1090,'GST-9B',12,'GST',9,26,1,54,NULL,'2025-04-08 21:15:08','2025-05-05 18:22:11','1'),(1091,'GST-9C',12,'GST',9,28,1,55,NULL,'2025-04-08 21:15:08','2025-05-05 18:22:29','1'),(1092,'GST-9D',12,'GST',9,26,2,56,NULL,'2025-04-08 21:15:09','2025-05-05 18:23:51','1'),(1093,'GST-9Z',12,'GST',9,11,1,NULL,NULL,'2025-04-08 21:15:09','2025-04-27 23:02:15','1'),(1094,'MAI-3A',15,'MAI',3,18,1,26,NULL,'2025-04-08 21:15:09','2025-05-05 17:29:44','1'),(1095,'MAI-6A',15,'MAI',6,20,1,NULL,NULL,'2025-04-08 21:15:09','2025-04-10 11:04:24','1'),(1096,'MAI-9A',15,'MAI',9,22,1,27,NULL,'2025-04-08 21:15:09','2025-05-05 17:30:09','1'),(1097,'MAI-11A',15,'MAI',11,7,1,NULL,NULL,'2025-04-08 21:15:09','2025-04-27 23:02:54','1'),(1098,'MEC-3A',16,'MEC',3,26,1,44,NULL,'2025-04-08 21:15:09','2025-05-05 17:41:23','1'),(1099,'MEC-3B',16,'MEC',3,15,2,44,NULL,'2025-04-08 21:15:09','2025-05-05 17:41:41','1'),(1100,'MEC-6A',16,'MEC',6,34,1,NULL,NULL,'2025-04-08 21:15:10',NULL,'1'),(1101,'MEC-8A',16,'MEC',8,13,1,28,NULL,'2025-04-08 21:15:10','2025-05-05 17:30:54','1'),(1102,'MEC-9A',16,'MEC',9,30,1,29,NULL,'2025-04-08 21:15:10','2025-05-05 17:31:41','1'),(1103,'MEC-11A',16,'MEC',11,16,1,NULL,NULL,'2025-04-08 21:15:10','2025-04-27 23:05:12','1'),(1104,'BIO-3A',3,'QMBT',3,29,1,25,NULL,'2025-04-08 21:15:10','2025-05-05 17:23:49','1'),(1105,'BIO-3B',3,'QMBT',3,29,2,21,NULL,'2025-04-08 21:15:10','2025-05-05 17:39:05','1'),(1106,'BIO-6A',3,'QMBT',6,22,1,NULL,NULL,'2025-04-08 21:15:10','2025-04-27 23:06:00','1'),(1107,'BIO-6B',3,'QMBT',6,23,2,NULL,NULL,'2025-04-08 21:15:10','2025-04-27 23:06:10','1'),(1108,'BIO-6Z',3,'QMBT',6,10,1,NULL,NULL,'2025-04-08 21:15:10','2025-04-27 23:06:25','1'),(1109,'BIO-8A',3,'QMBT',8,14,1,34,NULL,'2025-04-08 21:15:10','2025-05-05 17:25:23','1'),(1110,'BIO-9A',3,'QMBT',9,17,1,33,NULL,'2025-04-08 21:15:10','2025-05-05 17:25:05','1'),(1111,'BIO-9B',3,'QMBT',9,17,1,30,NULL,'2025-04-08 21:15:11','2025-05-05 17:24:31','1'),(1112,'BIO-9Z',3,'QMBT',9,6,1,68,NULL,'2025-04-08 21:15:11','2025-05-08 13:58:53','1'),(1113,'BIO-11A',3,'QMBT',11,20,1,NULL,NULL,'2025-04-08 21:15:11','2025-04-27 23:07:35','1'),(1114,'TI-2A',18,'TI',2,17,2,7,NULL,'2025-04-08 21:15:11','2025-05-05 17:40:48','1'),(1115,'TI-3A',18,'TI',3,26,1,3,NULL,'2025-04-08 21:15:11','2025-05-05 17:10:46','1'),(1116,'TI-3B',18,'TI',3,33,1,3,NULL,'2025-04-08 21:15:11','2025-05-05 17:12:12','1'),(1117,'TI-3C',18,'TI',3,24,2,5,NULL,'2025-04-08 21:15:11','2025-05-05 17:40:23','1'),(1118,'MAIT-3A',17,'MTI',3,15,1,NULL,NULL,'2025-04-08 21:15:11','2025-04-10 10:35:39','1'),(1119,'TI(DSM)-5A',19,'TI',5,21,1,6,NULL,'2025-04-08 21:15:11','2025-05-05 17:12:45','1'),(1120,'MAIT-6A',27,'MTI',6,14,1,NULL,NULL,'2025-04-08 21:15:12',NULL,'1'),(1121,'TI(DSM)-6A',19,'TI',6,17,1,NULL,NULL,'2025-04-08 21:15:12','2025-04-27 23:08:24','1'),(1122,'TI(DSM)-6B',19,'TI',6,18,1,NULL,NULL,'2025-04-08 21:15:12','2025-04-27 23:08:37','1'),(1123,'TI(EVND)-6C',23,'TI',6,25,2,NULL,NULL,'2025-04-08 21:15:12','2025-04-27 23:08:53','1'),(1124,'TI(DSM)-8A',22,'TI',8,13,1,10,NULL,'2025-04-08 21:15:12','2025-05-05 17:19:24','1'),(1125,'TI(DSM)-9A',22,'TI',9,21,1,12,NULL,'2025-04-08 21:15:12','2025-05-05 17:20:28','1'),(1126,'TI(DSM)-9B',22,'TI',9,29,1,13,NULL,'2025-04-08 21:15:12','2025-05-05 17:21:01','1'),(1127,'TI(EVND)-9C',13,'TI',9,32,1,11,NULL,'2025-04-08 21:15:12','2025-05-05 17:19:48','1'),(1128,'TI(DSM)-11A',22,'TI',11,13,1,NULL,NULL,'2025-04-08 21:15:12','2025-04-27 23:10:31','1'),(1129,'TI(EVND)-11B',13,'TI',11,8,1,NULL,NULL,'2025-04-08 21:15:12','2025-04-27 23:10:50','1'),(1134,'MAI-3B',15,'MAI',3,20,2,45,NULL,'2025-04-10 11:07:23','2025-05-05 17:42:37','1'),(1137,'BIO-3C',3,'QMBT',3,19,2,23,NULL,'2025-04-29 10:58:32','2025-05-05 17:39:21','1');

--
-- Table structure for table `labs`
--

CREATE TABLE `labs` (
  `lab_id` int NOT NULL AUTO_INCREMENT,
  `lab_name` varchar(100) CHARACTER SET utf8mb4 COLLATE utf8mb4_spanish_ci NOT NULL,
  `description` varchar(255) CHARACTER SET utf8mb4 COLLATE utf8mb4_spanish_ci DEFAULT NULL,
  `fyh_creacion` datetime DEFAULT NULL,
  `fyh_actualizacion` datetime DEFAULT NULL,
  `area` varchar(255) CHARACTER SET utf8mb4 COLLATE utf8mb4_spanish_ci DEFAULT NULL,
  PRIMARY KEY (`lab_id`)
) ENGINE=InnoDB AUTO_INCREMENT=39 DEFAULT CHARSET=utf8mb4 COLLATE=utf8mb4_spanish_ci;

--
-- Dumping data for table `labs`
--

INSERT INTO `labs` VALUES (1,'LABORATORIO AUTOMATIZACION Y CONTROL','ESPACIO PARA SISTEMAS DE AUTOMATIZACIÓN Y CONTROL INDUSTRIAL.','2024-11-19 05:27:02','2025-04-10 00:00:48','MAI,MEC'),(2,'LABORATORIO DE ALIMENTOS','Laboratorio para el procesamiento y análisis de alimentos.','2024-11-19 05:27:02','2024-12-15 08:43:57','QMBT'),(3,'LABORATORIO DE BEBIDAS','ESPACIO PARA LA PREPARACIÓN Y ESTUDIO DE BEBIDAS.','2024-11-19 05:27:02','2024-12-15 08:26:03','GST'),(4,'LABORATORIO DE COCINA CALIENTE 3 U079','LABORATORIO ESPECIALIZADO EN BIOTECNOLOGÍAS APLICADAS A ALIMENTOS.','2024-11-19 05:27:02','2024-12-15 08:29:13','GST'),(5,'LABORATORIO DE CIENCIAS BASICAS','ESPACIO PARA PRÁCTICAS EN CIENCIAS FUNDAMENTALES.','2024-11-19 05:27:02','2024-12-15 08:36:19','MAI,MEC'),(6,'LABORATORIO DE COCINA CALIENTE 1','ÁREA PARA PRÁCTICAS DE COCINA CALIENTE Y ELABORACIÓN  DE PLATOS.','2024-11-19 05:27:02','2024-12-15 08:29:22','GST'),(7,'LABORATORIO DE COCINA CALIENTE 2','LABORATORIO ADICIONAL PARA TÉCNICAS AVANZADAS DE COCINA CALIENTE.','2024-11-19 05:27:02','2024-12-15 08:29:28','GST'),(8,'LABORATORIO DE COMPUTO A1','LABORATORIO DE COMPUTO EQUIPADO PARA ENSEÑANZA DE INFORMATICA BASICA.','2024-11-19 05:27:02','2024-12-15 08:46:06','TI'),(9,'LABORATORIO DE COMPUTO A2','ESPACIO DE COMPUTO AVANZADO PARA APLICACIONES INFORMATICAS.','2024-11-19 05:27:02','2024-12-15 08:46:11','TI'),(10,'LABORATORIO DE COMPUTO B1','LABORATORIO DE TECNOLOGÍAS DE LA INFORMACIÓN Y COMPUTO.','2024-11-19 05:27:02','2024-12-15 08:46:17','TI'),(11,'LABORATORIO DE COMPUTO B2','ESPACIO PARA DESARROLLO DE SOFTWARE Y APLICACIONES COMPUTACIONALES.','2024-11-19 05:27:02','2024-12-15 08:46:25','TI'),(12,'LABORATORIO DE COMPUTO MULTIDIMENSIONAL','ESPACIO DESTINADO A ENTORNOS COMPUTACIONALES MULTIDIMENSIONALES.','2024-11-19 05:27:02','2024-12-18 16:44:35','EMV,ERV'),(13,'LABORATORIO DE CORTE Y CONFECCIÓN','LABORATORIO PARA LA PRÁCTICA DE CORTE Y CONFECCIÓN TEXTIL.','2024-11-19 05:27:02','2024-12-15 08:33:32','DMI'),(14,'LABORATORIO DE CULTIVO DE TEJIDOS','LABORATORIO PARA CULTIVO DE CELULAS Y TEJIDOS VEGETALES.','2024-11-19 05:27:02','2024-12-19 17:15:42','ENF,QMBT'),(15,'LABORATORIO DE DISEÑO Y PATRONAJE','ESPACIO PARA DISEÑO Y DESARROLLO DE PATRONES EN MODA.','2024-11-19 05:27:02','2024-12-15 08:32:59','DMI'),(16,'LABORATORIO DE ELECTRICA Y ELECTRÓNICA','LABORATORIO DE SISTEMAS ELÉCTRICOS Y ELETRÓNICOS.','2024-11-19 05:27:02','2024-12-18 16:55:13','EMV,ERV'),(17,'LABORATORIO DE ELECTRICA','ESPACIO DE ENSEÑANZA EN FUNDAMENTAS ELÉCTRICOS.','2024-11-19 05:27:02','2025-04-10 21:57:56','MAI,MEC'),(18,'LABORATORIO DE ELECTRÓNICA ANALÓGICA Y DIGITAL','ESPACIO PARA PRÁCTICAS EN ELECTRÓNICA ANALÓGICA Y DIGITAL.','2024-11-19 05:27:02','2024-12-15 08:41:36','MAI,MEC'),(19,'LABORATORIO DE ENERGIAS RENOVABLES','LABORATORIO ENFOCADO EN ENERGÍAS ALTERNATIVAS Y SOSTENIBLES.','2024-11-19 05:27:02','2025-04-10 11:18:40','EMV,ERV'),(20,'LABORATORIO DE IDIOMAS A','LABORATORIO DE IDIOMAS CON RECURSOS MULTIMEDIA.','2024-11-19 05:27:02','2024-12-15 08:30:02','AFC,DMI,ENF,ERV,GST,MAI,MEC,QMBT,TI'),(21,'LABORATORIO DE IDIOMAS B','ESPACIO PARA APRENDIZAJE DE IDIOMAS CON HERRAMIENTAS DIGITALES.','2024-11-19 05:27:02','2024-12-15 08:30:15','AFC,DMI,ENF,ERV,GST,MAI,MEC,QMBT,TI'),(22,'LABORATORIO DE CONTROL NUMERICO COMPUTARIZADO','LABORATORIO AVANZADO PARA PRÁCTICA DE IDIOMAS.','2024-11-19 05:27:02','2025-01-09 16:09:47','MAI,MEC'),(23,'LABORATORIO DE METAL-MECÁNICA','ÁREA PARA PRÁCTICAS DE METALURGIA Y MECANIZADO.','2024-11-19 05:27:02','2025-04-10 18:12:10','MAI,MEC'),(24,'LABORATORIO DE METROLOGÍA','LABORATORIO DE MEDICIÓN Y CALIBRACIÓN DE INSTRUMENTOS.','2024-11-19 05:27:02','2024-12-15 08:41:45','MAI,MEC'),(25,'LABORATORIO DE MICROBIOLOGÍA','ESPACIO PARA ANÁLISIS DE MICROORGANISMOS Y TÉCNICAS MICROBIOLÓGICAS.','2024-11-19 05:27:02','2024-12-15 08:41:56','QMBT'),(26,'LABORATORIO DE MULTIMEDIA','ESPACIO PARA CREACIÓN Y EDICIÓN DE CONTENIDO MULTIMEDIA.','2024-11-19 05:27:02','2024-12-15 08:46:36','TI'),(27,'LABORATORIO DE ELECTRONICA','LABORATORIO PARA ESTUDIO Y EXPERIMENTACIÓN EN ÓPTICA.','2024-11-19 05:27:02','2025-04-10 18:08:47','MAI,MEC'),(28,'LABORATORIO DE PANADERIA','ESPACIO PARA TÉCNICAS DE PANADERÍA Y RESPOSTERÍA BÁSICA.','2024-11-19 05:27:02','2024-12-15 08:29:01','GST'),(29,'LABORATORIO DE REDES DE CÓMPUTO','LABORATORIO PARA REDES DE COMPUTACIÓN Y ADMINISTRACIÓN DE SISTEMAS.','2024-11-19 05:27:02','2024-12-15 08:46:43','TI'),(30,'LABORATORIO DE REPOSTERIA','ESPACIO PARA LA ELABORACIÓN DE PRODUCTOS DE REPOSTERÍA AVANZADA.','2024-11-19 05:27:02','2024-12-15 08:28:50','GST'),(31,'LABORATORIO DE ROBOTICA EDUCATIVA, DISEÑO Y MANUFACTURA ADITIVA','LABORATORIO PARA ROBÓTICA Y FABRICACIÓN ADITIVA.','2024-11-19 05:27:02','2024-12-15 08:40:55','MEC'),(33,'LABORATORIO DE TEJIDOS Y BORDADOS','LABORATORIO PARA TÉCNICAS DE TEJIDO Y BORDADO.','2024-11-19 05:27:02','2024-12-15 08:33:10','DMI'),(34,'LABORATORIO DE TEÑIDO Y ESTAMPADO','ESPACIO PARA PRÁCTICAS DE TEÑIDO Y ESTAMPADO EN TEXTILES.','2024-11-19 05:27:02','2024-12-15 08:33:22','DMI'),(35,'LABORATORIO DE TERMODINÁMICA','LABORATORIO PARA ESTUDIOS EN PRINCIPIOS TERMODINÁMICOS.','2024-11-19 05:27:02','2024-12-18 16:56:05','EMV,ERV'),(36,'LABORATORIO QUIMICA ANALITICA','ESPACIO PARA ANÁLISIS QUÍMICO Y TÉCNICAS DE LABORATORIO.','2024-11-19 05:27:02','2024-12-15 08:43:49','QMBT'),(37,'LABORATORIO DE CONTROL DE MOTORES','','2025-01-09 16:12:36','2025-01-09 16:12:47','MAI,MEC'),(38,'LABORATORIO DE SOLDADURA','','2025-01-09 16:17:21','2025-01-09 16:18:45','MAI,MEC');

--
-- Table structure for table `login_attempts`
--

CREATE TABLE `login_attempts` (
  `id` int NOT NULL AUTO_INCREMENT,
  `email` varchar(255) CHARACTER SET utf8mb4 COLLATE utf8mb4_spanish_ci NOT NULL,
  `intentos` int DEFAULT '0',
  `intentos_fallidos` int DEFAULT '0',
  `bloqueo_activado` tinyint(1) DEFAULT '0',
  `marca_tiempo` timestamp NULL DEFAULT NULL,
  PRIMARY KEY (`id`),
  UNIQUE KEY `email` (`email`)
) ENGINE=InnoDB AUTO_INCREMENT=65 DEFAULT CHARSET=utf8mb4 COLLATE=utf8mb4_spanish_ci;

--
-- Dumping data for table `login_attempts`
--

INSERT INTO `login_attempts` VALUES (1,'admin@admin.com',0,0,0,'2025-05-14 19:06:58'),(2,'jonathan.moreno@ut-morelia.edu.mx',0,0,0,'2025-05-19 18:12:36'),(3,'esolache@ut-morelia.edu.mx',0,0,0,'2025-01-08 21:12:51'),(4,'rocio.gonzalez@ut-morelia.edu.mx',0,0,0,NULL),(5,'luis.gutierrez@ut-morelia.edu.mx',0,0,0,'2025-04-30 17:51:53'),(6,'mequihua@ut-morelia.edu.mx',0,0,0,'2025-01-14 21:03:34'),(7,'admin1@admin.com',0,0,0,'2024-12-02 17:15:22'),(8,'laura.vieyra@ut-morelia.edu.mx',0,0,0,'2025-04-10 16:08:09'),(9,'srangel@ut-morelia.edu.mx',0,0,0,'2025-05-26 18:53:30'),(10,'',2,2,0,'2024-12-13 19:17:38'),(11,'rosa.garcia@ut-morelia.edu.mx',0,0,0,'2025-01-07 14:55:30'),(12,'jorgerodriguez@ut-morelia.edu.mx',0,0,0,'2025-05-20 15:19:51'),(13,'jorgerodriguez@ut-moreliaedu.mx',6,6,0,'2024-12-13 02:24:54'),(14,'alberto.lucas@ut-morelia.edu.mx',0,0,0,'2025-01-23 19:22:10'),(15,'chef.mario.utm@gmail.com',0,0,0,NULL),(16,'chef..mario.utm@gmail.com',1,1,0,'2024-12-18 14:56:12'),(17,'gricelda.rodriguez@ut-morelia.edu.mx',0,0,0,NULL),(18,'jose.rodriguez@ut-morelia.edu.mx',0,0,0,'2025-04-10 03:16:19'),(19,'carlos.lopez@ut-morelia.edu.mx',0,0,0,'2025-04-29 18:13:04'),(20,'julio.hernandez@ut-morelia.edu.mx',0,0,0,'2025-04-10 15:23:40'),(21,'mario.gutierrez@ut-morelia.edu.mx',0,0,0,'2025-04-29 19:18:47'),(22,'dante.garcia@ut-morelia.edu.mx',0,0,0,'2025-04-10 15:24:37'),(23,'justo.romero@ut-morelia.edu.mx',1,1,0,'2024-12-18 17:39:24'),(24,'albeto.lucas@ut-morelia.edu.mx',1,1,0,'2024-12-18 18:13:24'),(25,'emilio@admin.com',0,0,0,NULL),(26,'observador@admin.com',0,0,0,'2025-05-13 03:07:41'),(27,'observador@adm.com',0,0,0,NULL),(28,'arturo.calderon@ut-morelia.edu.mx',0,0,0,'2025-03-20 18:35:47'),(29,'observador@admin.com.mx',0,0,0,NULL),(30,'jonathan.moreno@ut-morelia.eu.mx',0,0,0,NULL),(31,'rossy.biotec@gmail.com',0,0,0,NULL),(32,'mequihua@ut-morelia.edu.mx1234',0,0,0,NULL),(33,'jose.rodriguez@ut-morelia-edu.mx',0,0,0,NULL),(34,'erendira.solache@ut-morelia.edu.mx',1,1,0,'2025-01-08 21:21:12'),(35,'julio.hernanez.dcsi23011@uiim.edu.mx',0,0,0,NULL),(36,'rsrodriguez@ut-morelia.edu.mx',2,2,0,'2025-01-10 16:07:25'),(37,'dante.tutor@ut-morelia.edu.mx',5,5,1,'2025-04-10 15:23:16'),(38,'dante-garcia-garcia-17@hotmail.com',0,0,0,NULL),(39,'rocio.colin@ut-moreli.edu.mx',0,0,0,NULL),(40,'jmedina@ut-morelia.edu.mx',0,0,0,NULL),(41,'jose.rodrigez@ut-morelia.edu.mx',0,0,0,NULL),(42,'acalderonc@utmorelia.edu.mx',1,1,0,'2025-01-31 05:30:41'),(43,'esolache@u6t-morelia.edu.mx',0,0,0,NULL),(44,'lbggutierrez@gmail.com',0,0,0,NULL),(45,'jose.rodriguez@ut-morelia.edu',0,0,0,NULL),(46,'doragutierrez@ut-morelia.edu.mx',0,0,0,'2025-04-09 20:55:51'),(47,'garodriguez@ut-morelia.edu.mx',0,0,0,NULL),(48,'kypl.1605@gmail.com',3,3,0,'2025-05-04 04:57:03'),(49,'kpenaloza@ut-morelia.edu.mx',0,0,0,'2025-05-08 19:37:58'),(50,'garodriguez@ut-morelia.edu',0,0,0,NULL),(51,'rodrigo.cerecero@utmorelia.edu.mx',2,2,0,'2025-04-10 15:12:00'),(52,'rodrigo.cerecero@ut-morelia.edu.mx',0,0,0,NULL),(53,'karina.ornelas@ut-morelia.edu.mx',0,0,0,'2025-04-30 19:39:39'),(54,'jose.cervantes@ut-morelia.edu.mx',0,0,0,'2025-04-29 18:20:17'),(55,'jonatan.salazar@ut-morelia.edu.mx',1,1,0,'2025-04-11 15:26:16'),(56,'comision@chido.com',0,0,0,NULL),(57,'observador@afmin.com',0,0,0,NULL),(58,'j.l.calvillo70@gmail.com',3,3,0,'2025-04-30 13:11:35'),(59,'obervador@admin.com',0,0,0,NULL),(60,'Usuarioobservador@admin.com',0,0,0,NULL),(61,'julio.hernandez@ut-morelia.edu',0,0,0,NULL),(62,'observador@observador.com',0,0,0,NULL),(63,'utm210044ti@ut-morelia.edu.mx',1,1,0,'2025-05-06 15:00:51'),(64,'julio.hernandez@ut-morlia.edu.mx',0,0,0,NULL);

--
-- Table structure for table `manual_schedule_assignments`
--

CREATE TABLE `manual_schedule_assignments` (
  `assignment_id` int NOT NULL AUTO_INCREMENT,
  `schedule_id` int DEFAULT NULL,
  `subject_id` int DEFAULT NULL,
  `teacher_id` int DEFAULT NULL,
  `group_id` int DEFAULT NULL,
  `classroom_id` int DEFAULT NULL,
  `start_time` time DEFAULT NULL,
  `end_time` time DEFAULT NULL,
  `schedule_day` enum('Lunes','Martes','Miércoles','Jueves','Viernes','Sábado','Domingo') CHARACTER SET utf8mb4 COLLATE utf8mb4_spanish_ci DEFAULT NULL,
  `estado` varchar(11) CHARACTER SET utf8mb4 COLLATE utf8mb4_spanish_ci DEFAULT NULL,
  `fyh_creacion` datetime DEFAULT NULL,
  `fyh_actualizacion` datetime DEFAULT NULL,
  `tipo_espacio` varchar(50) CHARACTER SET utf8mb4 COLLATE utf8mb4_spanish_ci DEFAULT 'Aula',
  `lab1_assigned` tinyint(1) DEFAULT '0',
  `lab2_assigned` tinyint(1) DEFAULT '0',
  PRIMARY KEY (`assignment_id`),
  UNIQUE KEY `unique_manual_group_schedule` (`group_id`,`schedule_day`,`start_time`),
  KEY `schedule_id` (`schedule_id`),
  KEY `subject_id` (`subject_id`),
  KEY `teacher_id` (`teacher_id`),
  KEY `group_id` (`group_id`),
  KEY `classroom_id` (`classroom_id`)
) ENGINE=InnoDB AUTO_INCREMENT=1465 DEFAULT CHARSET=utf8mb4 COLLATE=utf8mb4_spanish_ci;

--
-- Dumping data for table `manual_schedule_assignments`
--

INSERT INTO `manual_schedule_assignments` VALUES (1,NULL,1810,NULL,1055,NULL,'07:00:00','08:00:00','Lunes','activo','2025-04-09 22:08:06',NULL,'Laboratorio',15,0),(2,NULL,1810,NULL,1055,NULL,'08:00:00','09:00:00','Lunes','activo','2025-04-09 22:09:14',NULL,'Laboratorio',15,0),(4,NULL,1810,NULL,1055,NULL,'08:00:00','09:00:00','Miércoles','activo','2025-04-09 22:09:36',NULL,'Laboratorio',15,0),(6,NULL,1810,NULL,1055,NULL,'08:00:00','09:00:00','Viernes','activo','2025-04-09 22:09:51',NULL,'Laboratorio',15,0),(7,NULL,1811,NULL,1055,NULL,'08:00:00','09:00:00','Martes','activo','2025-04-09 22:11:18',NULL,'Laboratorio',34,0),(8,NULL,1811,NULL,1055,NULL,'09:00:00','10:00:00','Martes','activo','2025-04-09 22:11:31',NULL,'Laboratorio',34,0),(9,NULL,1811,NULL,1055,NULL,'10:00:00','11:00:00','Miércoles','activo','2025-04-09 22:11:49',NULL,'Laboratorio',34,0),(10,NULL,1811,NULL,1055,NULL,'11:00:00','12:00:00','Miércoles','activo','2025-04-09 22:11:58',NULL,'Laboratorio',34,0),(11,NULL,1773,NULL,1055,NULL,'10:00:00','11:00:00','Martes','activo','2025-04-09 22:13:18',NULL,'Laboratorio',13,0),(12,NULL,1773,NULL,1055,NULL,'11:00:00','12:00:00','Martes','activo','2025-04-09 22:13:29',NULL,'Laboratorio',13,0),(13,NULL,1773,NULL,1055,NULL,'10:00:00','11:00:00','Viernes','activo','2025-04-09 22:13:49',NULL,'Laboratorio',13,0),(14,NULL,1773,NULL,1055,NULL,'11:00:00','12:00:00','Viernes','activo','2025-04-09 22:13:57',NULL,'Laboratorio',13,0),(15,NULL,1773,NULL,1056,NULL,'07:00:00','08:00:00','Lunes','activo','2025-04-09 22:15:21',NULL,'Laboratorio',13,0),(16,NULL,1773,NULL,1056,NULL,'08:00:00','09:00:00','Lunes','activo','2025-04-09 22:15:28',NULL,'Laboratorio',13,0),(17,NULL,1773,NULL,1056,NULL,'08:00:00','09:00:00','Viernes','activo','2025-04-09 22:15:47',NULL,'Laboratorio',13,0),(18,NULL,1773,NULL,1056,NULL,'09:00:00','10:00:00','Viernes','activo','2025-04-09 22:15:53',NULL,'Laboratorio',13,0),(19,NULL,1810,NULL,1056,NULL,'12:00:00','13:00:00','Miércoles','activo','2025-04-09 22:16:50',NULL,'Laboratorio',15,0),(20,NULL,1810,NULL,1056,NULL,'13:00:00','14:00:00','Miércoles','activo','2025-04-09 22:17:00',NULL,'Laboratorio',15,0),(21,NULL,1810,NULL,1056,NULL,'10:00:00','11:00:00','Jueves','activo','2025-04-09 22:17:40',NULL,'Laboratorio',15,0),(22,NULL,1810,NULL,1056,NULL,'11:00:00','12:00:00','Jueves','activo','2025-04-09 22:17:50',NULL,'Laboratorio',15,0),(23,NULL,1810,NULL,1056,NULL,'12:00:00','13:00:00','Viernes','activo','2025-04-09 22:18:04',NULL,'Laboratorio',15,0),(24,NULL,1810,NULL,1056,NULL,'13:00:00','14:00:00','Viernes','activo','2025-04-09 22:18:14',NULL,'Laboratorio',15,0),(25,NULL,1811,NULL,1056,NULL,'12:00:00','13:00:00','Lunes','activo','2025-04-09 22:18:54',NULL,'Laboratorio',34,0),(26,NULL,1811,NULL,1056,NULL,'13:00:00','14:00:00','Lunes','activo','2025-04-09 22:19:05',NULL,'Laboratorio',34,0),(29,NULL,1811,NULL,1057,NULL,'14:00:00','15:00:00','Lunes','activo','2025-04-09 22:20:02',NULL,'Laboratorio',34,0),(30,NULL,1811,NULL,1057,NULL,'15:00:00','16:00:00','Lunes','activo','2025-04-09 22:20:08',NULL,'Laboratorio',34,0),(31,NULL,1811,NULL,1057,NULL,'14:00:00','15:00:00','Miércoles','activo','2025-04-09 22:20:25',NULL,'Laboratorio',34,0),(32,NULL,1811,NULL,1057,NULL,'15:00:00','16:00:00','Miércoles','activo','2025-04-09 22:20:30',NULL,'Laboratorio',34,0),(33,NULL,1810,NULL,1057,NULL,'12:00:00','13:00:00','Martes','activo','2025-04-09 22:21:15',NULL,'Laboratorio',15,0),(34,NULL,1810,NULL,1057,NULL,'13:00:00','14:00:00','Martes','activo','2025-04-09 22:21:27',NULL,'Laboratorio',15,0),(35,NULL,1810,NULL,1057,NULL,'12:00:00','13:00:00','Jueves','activo','2025-04-09 22:21:41',NULL,'Laboratorio',15,0),(36,NULL,1810,NULL,1057,NULL,'13:00:00','14:00:00','Jueves','activo','2025-04-09 22:21:45',NULL,'Laboratorio',15,0),(37,NULL,1810,NULL,1057,NULL,'14:00:00','15:00:00','Viernes','activo','2025-04-09 22:21:55',NULL,'Laboratorio',15,0),(38,NULL,1810,NULL,1057,NULL,'15:00:00','16:00:00','Viernes','activo','2025-04-09 22:22:02',NULL,'Laboratorio',15,0),(39,NULL,1773,NULL,1057,NULL,'12:00:00','13:00:00','Miércoles','activo','2025-04-09 22:24:11',NULL,'Laboratorio',13,0),(40,NULL,1773,NULL,1057,NULL,'13:00:00','14:00:00','Miércoles','activo','2025-04-09 22:24:36',NULL,'Laboratorio',13,0),(41,NULL,1773,NULL,1057,NULL,'12:00:00','13:00:00','Viernes','activo','2025-04-09 22:24:49',NULL,'Laboratorio',13,0),(42,NULL,1773,NULL,1057,NULL,'13:00:00','14:00:00','Viernes','activo','2025-04-09 22:24:53',NULL,'Laboratorio',13,0),(53,NULL,1679,NULL,1058,NULL,'12:00:00','13:00:00','Lunes','activo','2025-04-09 22:28:48',NULL,'Laboratorio',15,0),(54,NULL,1679,NULL,1058,NULL,'13:00:00','14:00:00','Lunes','activo','2025-04-09 22:28:54',NULL,'Laboratorio',15,0),(55,NULL,1679,NULL,1058,NULL,'14:00:00','15:00:00','Miércoles','activo','2025-04-09 22:29:10',NULL,'Laboratorio',15,0),(56,NULL,1679,NULL,1058,NULL,'15:00:00','16:00:00','Miércoles','activo','2025-04-09 22:29:15',NULL,'Laboratorio',15,0),(60,NULL,1679,NULL,1058,NULL,'15:00:00','16:00:00','Jueves','activo','2025-04-09 22:29:29',NULL,'Laboratorio',15,0),(61,NULL,1885,NULL,1058,NULL,'12:00:00','13:00:00','Miércoles','activo','2025-04-09 22:30:27',NULL,'Laboratorio',34,0),(62,NULL,1885,NULL,1058,NULL,'13:00:00','14:00:00','Miércoles','activo','2025-04-09 22:30:34',NULL,'Laboratorio',34,0),(63,NULL,1885,NULL,1058,NULL,'13:00:00','14:00:00','Jueves','activo','2025-04-09 22:30:44',NULL,'Laboratorio',34,0),(64,NULL,1885,NULL,1058,NULL,'14:00:00','15:00:00','Jueves','activo','2025-04-09 22:30:51',NULL,'Laboratorio',34,0),(65,NULL,1885,NULL,1058,NULL,'13:00:00','14:00:00','Viernes','activo','2025-04-09 22:31:00',NULL,'Laboratorio',34,0),(67,NULL,1885,NULL,1058,NULL,'14:00:00','15:00:00','Viernes','activo','2025-04-09 22:31:06',NULL,'Laboratorio',34,0),(73,NULL,2064,NULL,1061,NULL,'08:00:00','09:00:00','Lunes','activo','2025-04-09 22:32:03',NULL,'Laboratorio',34,0),(74,NULL,2064,NULL,1061,NULL,'09:00:00','10:00:00','Lunes','activo','2025-04-09 22:32:09',NULL,'Laboratorio',34,0),(75,NULL,2064,NULL,1061,NULL,'08:00:00','09:00:00','Miércoles','activo','2025-04-09 22:32:19',NULL,'Laboratorio',34,0),(77,NULL,2064,NULL,1061,NULL,'09:00:00','10:00:00','Miércoles','activo','2025-04-09 22:32:24',NULL,'Laboratorio',34,0),(80,NULL,2064,NULL,1061,NULL,'09:00:00','10:00:00','Jueves','activo','2025-04-09 22:32:34',NULL,'Laboratorio',34,0),(81,NULL,2064,NULL,1061,NULL,'10:00:00','11:00:00','Jueves','activo','2025-04-09 22:32:44',NULL,'Laboratorio',34,0),(87,NULL,2068,NULL,1061,NULL,'10:00:00','11:00:00','Lunes','activo','2025-04-09 22:33:18',NULL,'Laboratorio',13,0),(88,NULL,2068,NULL,1061,NULL,'11:00:00','12:00:00','Lunes','activo','2025-04-09 22:33:25','2025-04-29 13:46:14','Laboratorio',13,0),(91,NULL,2066,NULL,1061,NULL,'10:00:00','11:00:00','Miércoles','activo','2025-04-09 22:33:51',NULL,'Laboratorio',13,0),(93,NULL,2066,NULL,1061,NULL,'11:00:00','12:00:00','Miércoles','activo','2025-04-09 22:33:56',NULL,'Laboratorio',13,0),(95,NULL,2066,NULL,1061,NULL,'11:00:00','12:00:00','Jueves','activo','2025-04-09 22:34:04',NULL,'Laboratorio',13,0),(100,NULL,2068,NULL,1062,NULL,'07:00:00','08:00:00','Miércoles','activo','2025-04-09 22:34:59',NULL,'Laboratorio',13,0),(101,NULL,2068,NULL,1062,NULL,'08:00:00','09:00:00','Miércoles','activo','2025-04-09 22:35:05',NULL,'Laboratorio',13,0),(102,NULL,2066,NULL,1062,NULL,'07:00:00','08:00:00','Jueves','activo','2025-04-09 22:35:18',NULL,'Laboratorio',13,0),(103,NULL,2066,NULL,1062,NULL,'08:00:00','09:00:00','Jueves','activo','2025-04-09 22:35:22',NULL,'Laboratorio',13,0),(104,NULL,2066,NULL,1062,NULL,'07:00:00','08:00:00','Viernes','activo','2025-04-09 22:35:27',NULL,'Laboratorio',13,0),(105,NULL,2064,NULL,1062,NULL,'10:00:00','11:00:00','Lunes','activo','2025-04-09 22:36:07',NULL,'Laboratorio',34,0),(106,NULL,2064,NULL,1062,NULL,'11:00:00','12:00:00','Lunes','activo','2025-04-09 22:36:10',NULL,'Laboratorio',34,0),(107,NULL,2064,NULL,1062,NULL,'10:00:00','11:00:00','Martes','activo','2025-04-09 22:36:19',NULL,'Laboratorio',34,0),(108,NULL,2064,NULL,1062,NULL,'11:00:00','12:00:00','Martes','activo','2025-04-09 22:36:23',NULL,'Laboratorio',34,0),(109,NULL,2064,NULL,1062,NULL,'09:00:00','10:00:00','Viernes','activo','2025-04-09 22:36:33',NULL,'Laboratorio',34,0),(110,NULL,2064,NULL,1062,NULL,'10:00:00','11:00:00','Viernes','activo','2025-04-09 22:36:39',NULL,'Laboratorio',34,0),(119,NULL,1886,NULL,1058,NULL,'14:00:00','15:00:00','Lunes','activo','2025-04-09 22:47:08',NULL,'Laboratorio',13,0),(120,NULL,1886,NULL,1058,NULL,'15:00:00','16:00:00','Lunes','activo','2025-04-09 22:47:17',NULL,'Laboratorio',13,0),(121,NULL,1886,NULL,1058,NULL,'14:00:00','15:00:00','Martes','activo','2025-04-09 22:47:23',NULL,'Laboratorio',13,0),(122,NULL,1886,NULL,1058,NULL,'15:00:00','16:00:00','Martes','activo','2025-04-09 22:47:27',NULL,'Laboratorio',13,0),(125,NULL,1886,NULL,1058,NULL,'15:00:00','16:00:00','Viernes','activo','2025-04-09 22:48:14',NULL,'Laboratorio',13,0),(126,NULL,1886,NULL,1058,NULL,'16:00:00','17:00:00','Viernes','activo','2025-04-09 22:48:19',NULL,'Laboratorio',13,0),(270,NULL,1783,NULL,1073,NULL,'10:00:00','11:00:00','Miércoles','activo','2025-04-09 23:12:53',NULL,'Laboratorio',6,0),(271,NULL,1783,NULL,1073,NULL,'11:00:00','12:00:00','Miércoles','activo','2025-04-09 23:12:56',NULL,'Laboratorio',6,0),(272,NULL,1783,NULL,1073,NULL,'12:00:00','13:00:00','Miércoles','activo','2025-04-09 23:12:58',NULL,'Laboratorio',6,0),(273,NULL,1783,NULL,1073,NULL,'12:00:00','13:00:00','Jueves','activo','2025-04-09 23:13:07',NULL,'Laboratorio',6,0),(274,NULL,1783,NULL,1073,NULL,'13:00:00','14:00:00','Jueves','activo','2025-04-09 23:13:10',NULL,'Laboratorio',6,0),(275,NULL,1783,NULL,1073,NULL,'14:00:00','15:00:00','Jueves','activo','2025-04-09 23:13:14',NULL,'Laboratorio',6,0),(280,NULL,2072,NULL,1090,NULL,'07:00:00','08:00:00','Martes','activo','2025-04-09 23:13:32',NULL,'Laboratorio',6,0),(282,NULL,2072,NULL,1090,NULL,'08:00:00','09:00:00','Martes','activo','2025-04-09 23:13:35',NULL,'Laboratorio',6,0),(284,NULL,2072,NULL,1090,NULL,'09:00:00','10:00:00','Martes','activo','2025-04-09 23:13:38',NULL,'Laboratorio',6,0),(304,NULL,1952,NULL,1081,NULL,'10:00:00','11:00:00','Martes','activo','2025-04-09 23:15:05','2025-04-09 23:16:44','Laboratorio',6,0),(305,NULL,1952,NULL,1081,NULL,'11:00:00','12:00:00','Martes','activo','2025-04-09 23:15:08','2025-04-09 23:16:48','Laboratorio',6,0),(306,NULL,1952,NULL,1081,NULL,'12:00:00','13:00:00','Martes','activo','2025-04-09 23:15:10','2025-04-09 23:16:53','Laboratorio',6,0),(311,NULL,1783,NULL,1079,NULL,'17:00:00','18:00:00','Martes','activo','2025-04-09 23:15:27',NULL,'Laboratorio',6,0),(312,NULL,1783,NULL,1079,NULL,'18:00:00','19:00:00','Martes','activo','2025-04-09 23:15:29',NULL,'Laboratorio',6,0),(313,NULL,1783,NULL,1079,NULL,'19:00:00','20:00:00','Martes','activo','2025-04-09 23:15:33',NULL,'Laboratorio',6,0),(314,NULL,1783,NULL,1079,NULL,'17:00:00','18:00:00','Miércoles','activo','2025-04-09 23:15:37',NULL,'Laboratorio',6,0),(315,NULL,1783,NULL,1079,NULL,'18:00:00','19:00:00','Miércoles','activo','2025-04-09 23:15:40',NULL,'Laboratorio',6,0),(316,NULL,1783,NULL,1079,NULL,'19:00:00','20:00:00','Miércoles','activo','2025-04-09 23:15:43',NULL,'Laboratorio',6,0),(330,NULL,1783,NULL,1074,NULL,'07:00:00','08:00:00','Miércoles','activo','2025-04-09 23:17:26',NULL,'Laboratorio',6,0),(332,NULL,1783,NULL,1074,NULL,'08:00:00','09:00:00','Miércoles','activo','2025-04-09 23:17:28',NULL,'Laboratorio',6,0),(333,NULL,1783,NULL,1074,NULL,'09:00:00','10:00:00','Miércoles','activo','2025-04-09 23:17:31',NULL,'Laboratorio',6,0),(334,NULL,1783,NULL,1074,NULL,'09:00:00','10:00:00','Jueves','activo','2025-04-09 23:17:36',NULL,'Laboratorio',6,0),(335,NULL,1783,NULL,1074,NULL,'10:00:00','11:00:00','Jueves','activo','2025-04-09 23:17:39',NULL,'Laboratorio',6,0),(336,NULL,1783,NULL,1074,NULL,'11:00:00','12:00:00','Jueves','activo','2025-04-09 23:17:42',NULL,'Laboratorio',6,0),(340,NULL,1783,NULL,1080,NULL,'08:00:00','09:00:00','Viernes','activo','2025-04-09 23:17:59',NULL,'Laboratorio',6,0),(342,NULL,1783,NULL,1080,NULL,'09:00:00','10:00:00','Viernes','activo','2025-04-09 23:18:05',NULL,'Laboratorio',6,0),(343,NULL,1783,NULL,1080,NULL,'10:00:00','11:00:00','Viernes','activo','2025-04-09 23:18:08',NULL,'Laboratorio',6,0),(344,NULL,1783,NULL,1080,NULL,'11:00:00','12:00:00','Viernes','activo','2025-04-09 23:18:11',NULL,'Laboratorio',6,0),(346,NULL,1783,NULL,1080,NULL,'12:00:00','13:00:00','Viernes','activo','2025-04-09 23:18:13',NULL,'Laboratorio',6,0),(350,NULL,1721,NULL,1072,NULL,'07:00:00','08:00:00','Lunes','activo','2025-04-09 23:18:56',NULL,'Laboratorio',7,0),(351,NULL,1721,NULL,1072,NULL,'08:00:00','09:00:00','Lunes','activo','2025-04-09 23:18:59',NULL,'Laboratorio',7,0),(352,NULL,1721,NULL,1072,NULL,'09:00:00','10:00:00','Lunes','activo','2025-04-09 23:19:02',NULL,'Laboratorio',7,0),(353,NULL,1721,NULL,1072,NULL,'10:00:00','11:00:00','Martes','activo','2025-04-09 23:19:07',NULL,'Laboratorio',7,0),(354,NULL,1721,NULL,1072,NULL,'11:00:00','12:00:00','Martes','activo','2025-04-09 23:19:10',NULL,'Laboratorio',7,0),(355,NULL,1721,NULL,1072,NULL,'12:00:00','13:00:00','Martes','activo','2025-04-09 23:19:12',NULL,'Laboratorio',7,0),(359,NULL,1783,NULL,1076,NULL,'07:00:00','08:00:00','Martes','activo','2025-04-09 23:20:02',NULL,'Laboratorio',7,0),(360,NULL,1783,NULL,1076,NULL,'08:00:00','09:00:00','Martes','activo','2025-04-09 23:20:04',NULL,'Laboratorio',7,0),(361,NULL,1783,NULL,1076,NULL,'09:00:00','10:00:00','Martes','activo','2025-04-09 23:20:07',NULL,'Laboratorio',7,0),(362,NULL,1783,NULL,1076,NULL,'07:00:00','08:00:00','Jueves','activo','2025-04-09 23:20:10',NULL,'Laboratorio',7,0),(363,NULL,1783,NULL,1076,NULL,'08:00:00','09:00:00','Jueves','activo','2025-04-09 23:20:13',NULL,'Laboratorio',7,0),(364,NULL,1783,NULL,1076,NULL,'09:00:00','10:00:00','Jueves','activo','2025-04-09 23:20:15',NULL,'Laboratorio',7,0),(368,NULL,1783,NULL,1078,NULL,'14:00:00','15:00:00','Martes','activo','2025-04-09 23:20:42',NULL,'Laboratorio',7,0),(369,NULL,1783,NULL,1078,NULL,'15:00:00','16:00:00','Martes','activo','2025-04-09 23:20:45',NULL,'Laboratorio',7,0),(370,NULL,1783,NULL,1078,NULL,'16:00:00','17:00:00','Martes','activo','2025-04-09 23:20:48',NULL,'Laboratorio',7,0),(371,NULL,1783,NULL,1078,NULL,'13:00:00','14:00:00','Miércoles','activo','2025-04-09 23:20:53',NULL,'Laboratorio',7,0),(372,NULL,1783,NULL,1078,NULL,'14:00:00','15:00:00','Miércoles','activo','2025-04-09 23:20:56',NULL,'Laboratorio',7,0),(373,NULL,1783,NULL,1078,NULL,'15:00:00','16:00:00','Miércoles','activo','2025-04-09 23:20:59',NULL,'Laboratorio',7,0),(375,NULL,2025,NULL,1088,NULL,'07:00:00','08:00:00','Miércoles','activo','2025-04-09 23:21:20',NULL,'Laboratorio',7,0),(376,NULL,2025,NULL,1088,NULL,'08:00:00','09:00:00','Miércoles','activo','2025-04-09 23:21:23',NULL,'Laboratorio',7,0),(377,NULL,2025,NULL,1088,NULL,'09:00:00','10:00:00','Miércoles','activo','2025-04-09 23:21:25',NULL,'Laboratorio',7,0),(379,NULL,2025,NULL,1088,NULL,'10:00:00','11:00:00','Miércoles','activo','2025-04-09 23:21:28',NULL,'Laboratorio',7,0),(381,NULL,2025,NULL,1088,NULL,'11:00:00','12:00:00','Miércoles','activo','2025-04-09 23:21:31',NULL,'Laboratorio',7,0),(382,NULL,2025,NULL,1088,NULL,'12:00:00','13:00:00','Miércoles','activo','2025-04-09 23:21:33',NULL,'Laboratorio',7,0),(383,NULL,2024,NULL,1088,NULL,'07:00:00','08:00:00','Viernes','activo','2025-04-09 23:21:36',NULL,'Laboratorio',7,0),(384,NULL,2024,NULL,1088,NULL,'08:00:00','09:00:00','Viernes','activo','2025-04-09 23:21:39',NULL,'Laboratorio',7,0),(385,NULL,2024,NULL,1088,NULL,'09:00:00','10:00:00','Viernes','activo','2025-04-09 23:21:43',NULL,'Laboratorio',7,0),(386,NULL,2024,NULL,1088,NULL,'10:00:00','11:00:00','Viernes','activo','2025-04-09 23:22:15',NULL,'Laboratorio',7,0),(387,NULL,2024,NULL,1088,NULL,'11:00:00','12:00:00','Viernes','activo','2025-04-09 23:22:18',NULL,'Laboratorio',7,0),(388,NULL,2024,NULL,1088,NULL,'12:00:00','13:00:00','Viernes','activo','2025-04-09 23:22:21',NULL,'Laboratorio',7,0),(389,NULL,2072,NULL,1090,NULL,'10:00:00','11:00:00','Jueves','activo','2025-04-09 23:22:37',NULL,'Laboratorio',7,0),(390,NULL,2072,NULL,1090,NULL,'11:00:00','12:00:00','Jueves','activo','2025-04-09 23:22:40',NULL,'Laboratorio',7,0),(391,NULL,2072,NULL,1090,NULL,'12:00:00','13:00:00','Jueves','activo','2025-04-09 23:22:42',NULL,'Laboratorio',7,0),(392,NULL,2072,NULL,1092,NULL,'13:00:00','14:00:00','Jueves','activo','2025-04-09 23:22:58','2025-05-05 13:38:58','Laboratorio',7,0),(393,NULL,2072,NULL,1092,NULL,'14:00:00','15:00:00','Jueves','activo','2025-04-09 23:23:01','2025-05-05 13:39:01','Laboratorio',7,0),(394,NULL,2072,NULL,1092,NULL,'15:00:00','16:00:00','Jueves','activo','2025-04-09 23:23:05','2025-05-05 13:39:05','Laboratorio',7,0),(395,NULL,2072,NULL,1092,NULL,'17:00:00','18:00:00','Viernes','activo','2025-04-09 23:23:10',NULL,'Laboratorio',7,0),(396,NULL,2072,NULL,1092,NULL,'18:00:00','19:00:00','Viernes','activo','2025-04-09 23:23:13',NULL,'Laboratorio',7,0),(397,NULL,2072,NULL,1092,NULL,'19:00:00','20:00:00','Viernes','activo','2025-04-09 23:23:16',NULL,'Laboratorio',7,0),(398,NULL,2072,NULL,1093,NULL,'08:00:00','09:00:00','Sábado','activo','2025-04-09 23:23:46',NULL,'Laboratorio',7,0),(399,NULL,2072,NULL,1093,NULL,'09:00:00','10:00:00','Sábado','activo','2025-04-09 23:23:49',NULL,'Laboratorio',7,0),(400,NULL,2072,NULL,1093,NULL,'10:00:00','11:00:00','Sábado','activo','2025-04-09 23:23:52',NULL,'Laboratorio',7,0),(401,NULL,2072,NULL,1093,NULL,'11:00:00','12:00:00','Sábado','activo','2025-04-09 23:23:55',NULL,'Laboratorio',7,0),(402,NULL,2072,NULL,1093,NULL,'12:00:00','13:00:00','Sábado','activo','2025-04-09 23:23:57',NULL,'Laboratorio',7,0),(403,NULL,2072,NULL,1093,NULL,'13:00:00','14:00:00','Sábado','activo','2025-04-09 23:24:00',NULL,'Laboratorio',7,0),(404,NULL,2074,NULL,1093,NULL,'14:00:00','15:00:00','Sábado','activo','2025-04-09 23:24:05',NULL,'Laboratorio',7,0),(405,NULL,2074,NULL,1093,NULL,'15:00:00','16:00:00','Sábado','activo','2025-04-09 23:24:10',NULL,'Laboratorio',7,0),(406,NULL,2074,NULL,1093,NULL,'16:00:00','17:00:00','Sábado','activo','2025-04-09 23:24:14',NULL,'Laboratorio',7,0),(407,NULL,1952,NULL,1081,NULL,'07:00:00','08:00:00','Lunes','activo','2025-04-09 23:25:28',NULL,'Laboratorio',4,0),(408,NULL,1952,NULL,1081,NULL,'08:00:00','09:00:00','Lunes','activo','2025-04-09 23:25:31',NULL,'Laboratorio',4,0),(409,NULL,1952,NULL,1081,NULL,'09:00:00','10:00:00','Lunes','activo','2025-04-09 23:25:34',NULL,'Laboratorio',4,0),(419,NULL,2072,NULL,1089,NULL,'08:00:00','09:00:00','Miércoles','activo','2025-04-09 23:26:57',NULL,'Laboratorio',4,0),(420,NULL,2072,NULL,1089,NULL,'09:00:00','10:00:00','Miércoles','activo','2025-04-09 23:27:00',NULL,'Laboratorio',4,0),(421,NULL,2072,NULL,1089,NULL,'10:00:00','11:00:00','Miércoles','activo','2025-04-09 23:27:03',NULL,'Laboratorio',4,0),(422,NULL,2072,NULL,1089,NULL,'08:00:00','09:00:00','Jueves','activo','2025-04-09 23:27:06',NULL,'Laboratorio',4,0),(423,NULL,2072,NULL,1089,NULL,'09:00:00','10:00:00','Jueves','activo','2025-04-09 23:27:09',NULL,'Laboratorio',4,0),(424,NULL,2072,NULL,1089,NULL,'10:00:00','11:00:00','Jueves','activo','2025-04-09 23:27:11',NULL,'Laboratorio',4,0),(425,NULL,2072,NULL,1091,NULL,'12:00:00','13:00:00','Miércoles','activo','2025-04-09 23:29:17',NULL,'Laboratorio',4,0),(426,NULL,2072,NULL,1091,NULL,'13:00:00','14:00:00','Miércoles','activo','2025-04-09 23:29:19',NULL,'Laboratorio',4,0),(427,NULL,2072,NULL,1091,NULL,'14:00:00','15:00:00','Miércoles','activo','2025-04-09 23:29:23',NULL,'Laboratorio',4,0),(428,NULL,2072,NULL,1091,NULL,'12:00:00','13:00:00','Jueves','activo','2025-04-09 23:29:26',NULL,'Laboratorio',4,0),(429,NULL,2072,NULL,1091,NULL,'13:00:00','14:00:00','Jueves','activo','2025-04-09 23:29:29',NULL,'Laboratorio',4,0),(430,NULL,2072,NULL,1091,NULL,'14:00:00','15:00:00','Jueves','activo','2025-04-09 23:29:31',NULL,'Laboratorio',4,0),(435,NULL,1786,NULL,1073,NULL,'12:00:00','13:00:00','Martes','activo','2025-04-09 23:29:58',NULL,'Laboratorio',3,0),(436,NULL,1786,NULL,1073,NULL,'13:00:00','14:00:00','Martes','activo','2025-04-09 23:30:01',NULL,'Laboratorio',3,0),(437,NULL,1786,NULL,1073,NULL,'14:00:00','15:00:00','Martes','activo','2025-04-09 23:30:03',NULL,'Laboratorio',3,0),(438,NULL,1786,NULL,1079,NULL,'17:00:00','18:00:00','Lunes','activo','2025-04-09 23:30:23',NULL,'Laboratorio',3,0),(439,NULL,1786,NULL,1079,NULL,'18:00:00','19:00:00','Lunes','activo','2025-04-09 23:30:25',NULL,'Laboratorio',3,0),(440,NULL,1786,NULL,1079,NULL,'19:00:00','20:00:00','Lunes','activo','2025-04-09 23:30:28',NULL,'Laboratorio',3,0),(442,NULL,1786,NULL,1078,NULL,'17:00:00','18:00:00','Martes','activo','2025-04-09 23:30:58',NULL,'Laboratorio',3,0),(444,NULL,1786,NULL,1078,NULL,'18:00:00','19:00:00','Martes','activo','2025-04-09 23:31:01',NULL,'Laboratorio',3,0),(445,NULL,1786,NULL,1078,NULL,'19:00:00','20:00:00','Martes','activo','2025-04-09 23:31:04',NULL,'Laboratorio',3,0),(448,NULL,1786,NULL,1077,NULL,'17:00:00','18:00:00','Jueves','activo','2025-04-09 23:31:15',NULL,'Laboratorio',3,0),(449,NULL,1786,NULL,1077,NULL,'18:00:00','19:00:00','Jueves','activo','2025-04-09 23:31:18',NULL,'Laboratorio',3,0),(450,NULL,1786,NULL,1077,NULL,'19:00:00','20:00:00','Jueves','activo','2025-04-09 23:31:22',NULL,'Laboratorio',3,0),(451,NULL,1786,NULL,1075,NULL,'12:00:00','13:00:00','Miércoles','activo','2025-04-09 23:31:33','2025-04-09 23:32:04','Laboratorio',3,0),(452,NULL,1786,NULL,1075,NULL,'13:00:00','14:00:00','Miércoles','activo','2025-04-09 23:32:10',NULL,'Laboratorio',3,0),(453,NULL,1786,NULL,1075,NULL,'14:00:00','15:00:00','Miércoles','activo','2025-04-09 23:32:13',NULL,'Laboratorio',3,0),(454,NULL,1786,NULL,1074,NULL,'12:00:00','13:00:00','Jueves','activo','2025-04-09 23:32:28',NULL,'Laboratorio',3,0),(455,NULL,1786,NULL,1074,NULL,'13:00:00','14:00:00','Jueves','activo','2025-04-09 23:32:30',NULL,'Laboratorio',3,0),(456,NULL,1786,NULL,1074,NULL,'14:00:00','15:00:00','Jueves','activo','2025-04-09 23:32:33',NULL,'Laboratorio',3,0),(457,NULL,1786,NULL,1076,NULL,'12:00:00','13:00:00','Viernes','activo','2025-04-09 23:32:53',NULL,'Laboratorio',3,0),(458,NULL,1786,NULL,1076,NULL,'13:00:00','14:00:00','Viernes','activo','2025-04-09 23:32:59',NULL,'Laboratorio',3,0),(459,NULL,1786,NULL,1076,NULL,'14:00:00','15:00:00','Viernes','activo','2025-04-09 23:33:02',NULL,'Laboratorio',3,0),(460,NULL,1786,NULL,1080,NULL,'14:00:00','15:00:00','Sábado','activo','2025-04-09 23:33:16',NULL,'Laboratorio',3,0),(461,NULL,1786,NULL,1080,NULL,'15:00:00','16:00:00','Sábado','activo','2025-04-09 23:33:19',NULL,'Laboratorio',3,0),(462,NULL,1786,NULL,1080,NULL,'16:00:00','17:00:00','Sábado','activo','2025-04-09 23:33:22',NULL,'Laboratorio',3,0),(463,NULL,2074,NULL,1090,NULL,'09:00:00','10:00:00','Lunes','activo','2025-04-09 23:33:38',NULL,'Laboratorio',3,0),(464,NULL,2074,NULL,1090,NULL,'10:00:00','11:00:00','Lunes','activo','2025-04-09 23:33:41',NULL,'Laboratorio',3,0),(465,NULL,2074,NULL,1090,NULL,'11:00:00','12:00:00','Lunes','activo','2025-04-09 23:33:43',NULL,'Laboratorio',3,0),(466,NULL,2074,NULL,1089,NULL,'09:00:00','10:00:00','Martes','activo','2025-04-09 23:33:54',NULL,'Laboratorio',3,0),(467,NULL,2074,NULL,1089,NULL,'10:00:00','11:00:00','Martes','activo','2025-04-09 23:33:57',NULL,'Laboratorio',3,0),(468,NULL,2074,NULL,1089,NULL,'11:00:00','12:00:00','Martes','activo','2025-04-09 23:34:03',NULL,'Laboratorio',3,0),(471,NULL,2074,NULL,1091,NULL,'09:00:00','10:00:00','Viernes','activo','2025-04-09 23:35:23',NULL,'Laboratorio',3,0),(472,NULL,2074,NULL,1091,NULL,'10:00:00','11:00:00','Viernes','activo','2025-04-09 23:35:28',NULL,'Laboratorio',3,0),(473,NULL,2074,NULL,1091,NULL,'11:00:00','12:00:00','Viernes','activo','2025-04-09 23:35:33',NULL,'Laboratorio',3,0),(478,NULL,2074,NULL,1092,NULL,'17:00:00','18:00:00','Miércoles','activo','2025-04-09 23:36:19',NULL,'Laboratorio',3,0),(479,NULL,2074,NULL,1092,NULL,'18:00:00','19:00:00','Miércoles','activo','2025-04-09 23:36:29',NULL,'Laboratorio',3,0),(480,NULL,2074,NULL,1092,NULL,'19:00:00','20:00:00','Miércoles','activo','2025-04-09 23:36:40',NULL,'Laboratorio',3,0),(494,NULL,1787,NULL,1073,NULL,'09:00:00','10:00:00','Jueves','activo','2025-04-09 23:38:25',NULL,'Laboratorio',30,0),(495,NULL,1787,NULL,1073,NULL,'10:00:00','11:00:00','Jueves','activo','2025-04-09 23:38:32',NULL,'Laboratorio',30,0),(496,NULL,1787,NULL,1073,NULL,'11:00:00','12:00:00','Jueves','activo','2025-04-09 23:38:37',NULL,'Laboratorio',30,0),(497,NULL,1787,NULL,1073,NULL,'07:00:00','08:00:00','Viernes','activo','2025-04-09 23:38:46',NULL,'Laboratorio',30,0),(498,NULL,1787,NULL,1073,NULL,'08:00:00','09:00:00','Viernes','activo','2025-04-09 23:38:50',NULL,'Laboratorio',30,0),(499,NULL,1787,NULL,1073,NULL,'09:00:00','10:00:00','Viernes','activo','2025-04-09 23:38:53',NULL,'Laboratorio',30,0),(504,NULL,1787,NULL,1074,NULL,'07:00:00','08:00:00','Lunes','activo','2025-04-09 23:39:47',NULL,'Laboratorio',30,0),(505,NULL,1787,NULL,1074,NULL,'07:00:00','08:00:00','Martes','activo','2025-04-09 23:39:51',NULL,'Laboratorio',30,0),(506,NULL,1787,NULL,1074,NULL,'08:00:00','09:00:00','Lunes','activo','2025-04-09 23:39:54',NULL,'Laboratorio',30,0),(507,NULL,1787,NULL,1074,NULL,'08:00:00','09:00:00','Martes','activo','2025-04-09 23:39:58',NULL,'Laboratorio',30,0),(508,NULL,1787,NULL,1074,NULL,'09:00:00','10:00:00','Lunes','activo','2025-04-09 23:40:02',NULL,'Laboratorio',30,0),(509,NULL,1787,NULL,1074,NULL,'09:00:00','10:00:00','Martes','activo','2025-04-09 23:40:06',NULL,'Laboratorio',30,0),(510,NULL,1787,NULL,1075,NULL,'12:00:00','13:00:00','Jueves','activo','2025-04-09 23:40:44',NULL,'Laboratorio',30,0),(511,NULL,1787,NULL,1075,NULL,'12:00:00','13:00:00','Viernes','activo','2025-04-09 23:40:48',NULL,'Laboratorio',30,0),(512,NULL,1787,NULL,1075,NULL,'13:00:00','14:00:00','Jueves','activo','2025-04-09 23:40:52',NULL,'Laboratorio',30,0),(513,NULL,1787,NULL,1075,NULL,'13:00:00','14:00:00','Viernes','activo','2025-04-09 23:40:56',NULL,'Laboratorio',30,0),(514,NULL,1787,NULL,1075,NULL,'14:00:00','15:00:00','Jueves','activo','2025-04-09 23:41:00',NULL,'Laboratorio',30,0),(515,NULL,1787,NULL,1075,NULL,'14:00:00','15:00:00','Viernes','activo','2025-04-09 23:41:04',NULL,'Laboratorio',30,0),(516,NULL,1787,NULL,1076,NULL,'07:00:00','08:00:00','Miércoles','activo','2025-04-09 23:41:26',NULL,'Laboratorio',30,0),(519,NULL,1787,NULL,1076,NULL,'08:00:00','09:00:00','Miércoles','activo','2025-04-09 23:41:30',NULL,'Laboratorio',30,0),(521,NULL,1787,NULL,1076,NULL,'09:00:00','10:00:00','Miércoles','activo','2025-04-09 23:41:35',NULL,'Laboratorio',30,0),(528,NULL,1787,NULL,1076,NULL,'10:00:00','11:00:00','Martes','activo','2025-04-09 23:42:08',NULL,'Laboratorio',30,0),(529,NULL,1787,NULL,1076,NULL,'11:00:00','12:00:00','Martes','activo','2025-04-09 23:42:13',NULL,'Laboratorio',30,0),(530,NULL,1787,NULL,1076,NULL,'12:00:00','13:00:00','Martes','activo','2025-04-09 23:42:17',NULL,'Laboratorio',30,0),(531,NULL,1787,NULL,1077,NULL,'16:00:00','17:00:00','Martes','activo','2025-04-09 23:43:08',NULL,'Laboratorio',30,0),(532,NULL,1787,NULL,1077,NULL,'17:00:00','18:00:00','Martes','activo','2025-04-09 23:43:12',NULL,'Laboratorio',30,0),(533,NULL,1787,NULL,1077,NULL,'18:00:00','19:00:00','Martes','activo','2025-04-09 23:43:16',NULL,'Laboratorio',30,0),(534,NULL,1787,NULL,1077,NULL,'16:00:00','17:00:00','Miércoles','activo','2025-04-09 23:43:21',NULL,'Laboratorio',30,0),(535,NULL,1787,NULL,1077,NULL,'17:00:00','18:00:00','Miércoles','activo','2025-04-09 23:43:24',NULL,'Laboratorio',30,0),(536,NULL,1787,NULL,1077,NULL,'18:00:00','19:00:00','Miércoles','activo','2025-04-09 23:43:28',NULL,'Laboratorio',30,0),(537,NULL,1787,NULL,1078,NULL,'15:00:00','16:00:00','Jueves','activo','2025-04-09 23:43:56',NULL,'Laboratorio',30,0),(538,NULL,1787,NULL,1078,NULL,'15:00:00','16:00:00','Viernes','activo','2025-04-09 23:44:01',NULL,'Laboratorio',30,0),(539,NULL,1787,NULL,1078,NULL,'16:00:00','17:00:00','Jueves','activo','2025-04-09 23:44:04',NULL,'Laboratorio',30,0),(540,NULL,1787,NULL,1078,NULL,'16:00:00','17:00:00','Viernes','activo','2025-04-09 23:44:08',NULL,'Laboratorio',30,0),(541,NULL,1787,NULL,1078,NULL,'17:00:00','18:00:00','Jueves','activo','2025-04-09 23:44:12',NULL,'Laboratorio',30,0),(542,NULL,1787,NULL,1078,NULL,'17:00:00','18:00:00','Viernes','activo','2025-04-09 23:44:17',NULL,'Laboratorio',30,0),(543,NULL,1787,NULL,1079,NULL,'13:00:00','14:00:00','Martes','activo','2025-04-09 23:44:34',NULL,'Laboratorio',30,0),(544,NULL,1787,NULL,1079,NULL,'13:00:00','14:00:00','Miércoles','activo','2025-04-09 23:44:37',NULL,'Laboratorio',30,0),(545,NULL,1787,NULL,1079,NULL,'14:00:00','15:00:00','Martes','activo','2025-04-09 23:44:41',NULL,'Laboratorio',30,0),(546,NULL,1787,NULL,1079,NULL,'14:00:00','15:00:00','Miércoles','activo','2025-04-09 23:44:45',NULL,'Laboratorio',30,0),(548,NULL,1787,NULL,1079,NULL,'15:00:00','16:00:00','Martes','activo','2025-04-09 23:44:49',NULL,'Laboratorio',30,0),(550,NULL,1787,NULL,1079,NULL,'15:00:00','16:00:00','Miércoles','activo','2025-04-09 23:44:53',NULL,'Laboratorio',30,0),(562,NULL,1787,NULL,1080,NULL,'09:00:00','10:00:00','Sábado','activo','2025-04-09 23:46:06',NULL,'Laboratorio',30,0),(565,NULL,1787,NULL,1080,NULL,'10:00:00','11:00:00','Sábado','activo','2025-04-09 23:46:11',NULL,'Laboratorio',30,0),(567,NULL,1787,NULL,1080,NULL,'11:00:00','12:00:00','Sábado','activo','2025-04-09 23:46:15',NULL,'Laboratorio',30,0),(569,NULL,1787,NULL,1080,NULL,'12:00:00','13:00:00','Sábado','activo','2025-04-09 23:46:19',NULL,'Laboratorio',30,0),(572,NULL,1787,NULL,1080,NULL,'13:00:00','14:00:00','Sábado','activo','2025-04-09 23:46:27',NULL,'Laboratorio',30,0),(575,NULL,1725,NULL,1072,NULL,'07:00:00','08:00:00','Miércoles','activo','2025-04-09 23:47:03',NULL,'Laboratorio',28,0),(576,NULL,1725,NULL,1072,NULL,'08:00:00','09:00:00','Miércoles','activo','2025-04-09 23:47:08',NULL,'Laboratorio',28,0),(577,NULL,1725,NULL,1072,NULL,'09:00:00','10:00:00','Miércoles','activo','2025-04-09 23:47:12',NULL,'Laboratorio',28,0),(578,NULL,1725,NULL,1072,NULL,'10:00:00','11:00:00','Miércoles','activo','2025-04-09 23:47:20',NULL,'Laboratorio',28,0),(579,NULL,1725,NULL,1072,NULL,'11:00:00','12:00:00','Miércoles','activo','2025-04-09 23:47:25',NULL,'Laboratorio',28,0),(580,NULL,1725,NULL,1072,NULL,'12:00:00','13:00:00','Miércoles','activo','2025-04-09 23:47:38',NULL,'Laboratorio',28,0),(679,NULL,1792,NULL,1132,NULL,'12:00:00','13:00:00','Lunes','activo','2025-04-10 08:38:00',NULL,'Laboratorio',27,0),(680,NULL,1792,NULL,1132,NULL,'13:00:00','14:00:00','Lunes','activo','2025-04-10 08:38:02',NULL,'Laboratorio',27,0),(681,NULL,1792,NULL,1132,NULL,'12:00:00','13:00:00','Miércoles','activo','2025-04-10 08:38:08',NULL,'Laboratorio',27,0),(682,NULL,1792,NULL,1132,NULL,'13:00:00','14:00:00','Miércoles','activo','2025-04-10 08:38:14',NULL,'Laboratorio',27,0),(700,NULL,1794,NULL,1132,NULL,'14:00:00','15:00:00','Martes','activo','2025-04-10 08:44:57',NULL,'Laboratorio',5,0),(701,NULL,1794,NULL,1132,NULL,'15:00:00','16:00:00','Martes','activo','2025-04-10 08:45:00',NULL,'Laboratorio',5,0),(702,NULL,1794,NULL,1132,NULL,'14:00:00','15:00:00','Miércoles','activo','2025-04-10 08:45:04',NULL,'Laboratorio',5,0),(703,NULL,1794,NULL,1132,NULL,'15:00:00','16:00:00','Miércoles','activo','2025-04-10 08:45:07',NULL,'Laboratorio',5,0),(729,NULL,1793,NULL,1132,NULL,'12:00:00','13:00:00','Viernes','activo','2025-04-10 08:51:04',NULL,'Laboratorio',38,0),(730,NULL,1793,NULL,1132,NULL,'13:00:00','14:00:00','Viernes','activo','2025-04-10 08:51:08',NULL,'Laboratorio',38,0),(731,NULL,1793,NULL,1132,NULL,'14:00:00','15:00:00','Viernes','activo','2025-04-10 08:52:05',NULL,'Laboratorio',38,0),(732,NULL,1793,NULL,1132,NULL,'14:00:00','15:00:00','Lunes','activo','2025-04-10 08:52:16',NULL,'Laboratorio',38,0),(752,NULL,1801,NULL,1132,NULL,'12:00:00','13:00:00','Jueves','activo','2025-04-10 08:58:30',NULL,'Laboratorio',17,0),(753,NULL,1801,NULL,1132,NULL,'13:00:00','14:00:00','Jueves','activo','2025-04-10 08:58:32',NULL,'Laboratorio',17,0),(754,NULL,1801,NULL,1132,NULL,'14:00:00','15:00:00','Jueves','activo','2025-04-10 08:58:35',NULL,'Laboratorio',17,0),(755,NULL,1801,NULL,1132,NULL,'12:00:00','13:00:00','Martes','activo','2025-04-10 08:58:49',NULL,'Laboratorio',17,0),(756,NULL,1801,NULL,1132,NULL,'13:00:00','14:00:00','Martes','activo','2025-04-10 08:58:52',NULL,'Laboratorio',17,0),(798,NULL,1783,NULL,1077,NULL,'13:00:00','14:00:00','Lunes','activo','2025-04-10 11:42:11',NULL,'Laboratorio',6,0),(799,NULL,1783,NULL,1077,NULL,'14:00:00','15:00:00','Lunes','activo','2025-04-10 11:42:14',NULL,'Laboratorio',6,0),(800,NULL,1783,NULL,1077,NULL,'15:00:00','16:00:00','Lunes','activo','2025-04-10 11:42:18',NULL,'Laboratorio',6,0),(801,NULL,1783,NULL,1077,NULL,'13:00:00','14:00:00','Miércoles','activo','2025-04-10 11:42:22',NULL,'Laboratorio',6,0),(802,NULL,1783,NULL,1077,NULL,'14:00:00','15:00:00','Miércoles','activo','2025-04-10 11:42:26',NULL,'Laboratorio',6,0),(803,NULL,1783,NULL,1077,NULL,'15:00:00','16:00:00','Miércoles','activo','2025-04-10 11:42:29',NULL,'Laboratorio',6,0),(804,NULL,1783,NULL,1077,NULL,'15:00:00','16:00:00','Jueves','activo','2025-04-10 11:42:33',NULL,'Laboratorio',6,0),(805,NULL,1783,NULL,1077,NULL,'16:00:00','17:00:00','Jueves','activo','2025-04-10 11:42:37',NULL,'Laboratorio',6,0),(810,NULL,1783,NULL,1075,NULL,'07:00:00','08:00:00','Lunes','activo','2025-04-10 11:46:28',NULL,'Laboratorio',6,0),(811,NULL,1783,NULL,1075,NULL,'08:00:00','09:00:00','Lunes','activo','2025-04-10 11:46:32',NULL,'Laboratorio',6,0),(812,NULL,1783,NULL,1075,NULL,'09:00:00','10:00:00','Lunes','activo','2025-04-10 11:46:35',NULL,'Laboratorio',6,0),(813,NULL,1783,NULL,1075,NULL,'13:00:00','14:00:00','Martes','activo','2025-04-10 11:46:38',NULL,'Laboratorio',6,0),(814,NULL,1783,NULL,1075,NULL,'14:00:00','15:00:00','Martes','activo','2025-04-10 11:46:42',NULL,'Laboratorio',6,0),(815,NULL,1783,NULL,1075,NULL,'15:00:00','16:00:00','Martes','activo','2025-04-10 11:46:45',NULL,'Laboratorio',6,0),(825,NULL,1783,NULL,1075,45,'11:00:00','12:00:00','Martes','activo','2025-04-10 11:55:05',NULL,'Aula',NULL,0),(826,NULL,1783,NULL,1075,45,'12:00:00','13:00:00','Martes','activo','2025-04-10 11:55:08',NULL,'Aula',NULL,0),(844,NULL,1764,NULL,1104,NULL,'12:00:00','13:00:00','Viernes','activo','2025-04-10 13:04:19',NULL,'Laboratorio',36,0),(845,NULL,1764,NULL,1104,NULL,'13:00:00','14:00:00','Viernes','activo','2025-04-10 13:04:24',NULL,'Laboratorio',36,0),(846,NULL,1764,NULL,1105,NULL,'11:00:00','12:00:00','Jueves','activo','2025-04-10 13:05:15',NULL,'Laboratorio',36,0),(847,NULL,1764,NULL,1105,NULL,'12:00:00','13:00:00','Jueves','activo','2025-04-10 13:05:20',NULL,'Laboratorio',36,0),(848,NULL,2010,NULL,1110,NULL,'12:00:00','13:00:00','Jueves','activo','2025-04-10 13:06:27',NULL,'Laboratorio',2,0),(849,NULL,2010,NULL,1110,NULL,'13:00:00','14:00:00','Jueves','activo','2025-04-10 13:06:30',NULL,'Laboratorio',2,0),(850,NULL,1768,NULL,1105,NULL,'11:00:00','12:00:00','Miércoles','activo','2025-04-10 13:07:33',NULL,'Laboratorio',2,0),(851,NULL,1768,NULL,1105,NULL,'12:00:00','13:00:00','Miércoles','activo','2025-04-10 13:07:37',NULL,'Laboratorio',2,0),(852,NULL,1768,NULL,1105,NULL,'13:00:00','14:00:00','Miércoles','activo','2025-04-10 13:07:40',NULL,'Laboratorio',2,0),(853,NULL,1768,NULL,1104,NULL,'08:00:00','09:00:00','Jueves','activo','2025-04-10 13:08:08',NULL,'Laboratorio',2,0),(854,NULL,1768,NULL,1104,NULL,'09:00:00','10:00:00','Jueves','activo','2025-04-10 13:08:11',NULL,'Laboratorio',2,0),(855,NULL,1768,NULL,1104,NULL,'10:00:00','11:00:00','Jueves','activo','2025-04-10 13:08:15',NULL,'Laboratorio',2,0),(856,NULL,2010,NULL,1112,NULL,'08:00:00','09:00:00','Viernes','activo','2025-04-10 13:09:15',NULL,'Laboratorio',2,0),(857,NULL,2010,NULL,1112,NULL,'09:00:00','10:00:00','Viernes','activo','2025-04-10 13:09:19',NULL,'Laboratorio',2,0),(858,NULL,2010,NULL,1111,NULL,'10:00:00','11:00:00','Viernes','activo','2025-04-10 13:09:40',NULL,'Laboratorio',2,0),(859,NULL,2010,NULL,1111,NULL,'11:00:00','12:00:00','Viernes','activo','2025-04-10 13:09:44',NULL,'Laboratorio',2,0),(860,NULL,1765,NULL,1104,NULL,'09:00:00','10:00:00','Martes','activo','2025-04-10 13:10:17',NULL,'Laboratorio',25,0),(861,NULL,1765,NULL,1104,NULL,'10:00:00','11:00:00','Martes','activo','2025-04-10 13:10:21',NULL,'Laboratorio',25,0),(862,NULL,1765,NULL,1104,NULL,'11:00:00','12:00:00','Martes','activo','2025-04-10 13:10:24',NULL,'Laboratorio',25,0),(863,NULL,1765,NULL,1104,NULL,'12:00:00','13:00:00','Martes','activo','2025-04-10 13:10:27',NULL,'Laboratorio',25,0),(864,NULL,1765,NULL,1105,NULL,'13:00:00','14:00:00','Martes','activo','2025-04-10 13:10:59',NULL,'Laboratorio',25,0),(865,NULL,1765,NULL,1105,NULL,'14:00:00','15:00:00','Martes','activo','2025-04-10 13:11:04',NULL,'Laboratorio',25,0),(866,NULL,1765,NULL,1105,NULL,'15:00:00','16:00:00','Martes','activo','2025-04-10 13:11:07',NULL,'Laboratorio',25,0),(867,NULL,1765,NULL,1105,NULL,'16:00:00','17:00:00','Martes','activo','2025-04-10 13:11:11',NULL,'Laboratorio',25,0),(868,NULL,2011,NULL,1109,NULL,'09:00:00','10:00:00','Miércoles','activo','2025-04-10 13:11:56',NULL,'Laboratorio',25,0),(869,NULL,2011,NULL,1109,NULL,'10:00:00','11:00:00','Miércoles','activo','2025-04-10 13:12:01',NULL,'Laboratorio',25,0),(870,NULL,2061,NULL,1110,NULL,'09:00:00','10:00:00','Jueves','activo','2025-04-10 13:13:03',NULL,'Laboratorio',25,0),(871,NULL,2061,NULL,1110,NULL,'10:00:00','11:00:00','Jueves','activo','2025-04-10 13:13:07',NULL,'Laboratorio',25,0),(872,NULL,2061,NULL,1111,NULL,'11:00:00','12:00:00','Jueves','activo','2025-04-10 13:13:41',NULL,'Laboratorio',25,0),(873,NULL,2061,NULL,1111,NULL,'12:00:00','13:00:00','Jueves','activo','2025-04-10 13:13:44',NULL,'Laboratorio',25,0),(874,NULL,2061,NULL,1112,NULL,'10:00:00','11:00:00','Viernes','activo','2025-04-10 13:14:08',NULL,'Laboratorio',25,0),(875,NULL,2061,NULL,1112,NULL,'11:00:00','12:00:00','Viernes','activo','2025-04-10 13:14:12',NULL,'Laboratorio',25,0),(876,NULL,2059,NULL,1112,64,'09:00:00','10:00:00','Miércoles','activo','2025-04-10 13:24:15',NULL,'Aula',NULL,0),(877,NULL,2059,NULL,1112,64,'10:00:00','11:00:00','Miércoles','activo','2025-04-10 13:24:19',NULL,'Aula',NULL,0),(878,NULL,2061,NULL,1112,64,'11:00:00','12:00:00','Miércoles','activo','2025-04-10 13:24:27',NULL,'Aula',NULL,0),(879,NULL,2061,NULL,1112,64,'12:00:00','13:00:00','Miércoles','activo','2025-04-10 13:24:30',NULL,'Aula',NULL,0),(882,NULL,1802,NULL,1098,NULL,'07:00:00','08:00:00','Lunes','activo','2025-04-10 18:06:54',NULL,'Laboratorio',5,0),(883,NULL,1802,NULL,1098,NULL,'08:00:00','09:00:00','Lunes','activo','2025-04-10 18:06:57',NULL,'Laboratorio',5,0),(884,NULL,1800,NULL,1098,NULL,'09:00:00','10:00:00','Lunes','activo','2025-04-10 18:09:20',NULL,'Laboratorio',27,0),(885,NULL,1800,NULL,1098,NULL,'10:00:00','11:00:00','Lunes','activo','2025-04-10 18:09:22',NULL,'Laboratorio',27,0),(886,NULL,1800,NULL,1098,NULL,'11:00:00','12:00:00','Lunes','activo','2025-04-10 18:09:25',NULL,'Laboratorio',27,0),(891,NULL,1888,NULL,1098,NULL,'10:00:00','11:00:00','Jueves','activo','2025-04-10 18:12:38',NULL,'Laboratorio',23,0),(892,NULL,1888,NULL,1098,NULL,'11:00:00','12:00:00','Jueves','activo','2025-04-10 18:12:41',NULL,'Laboratorio',23,0),(893,NULL,1888,NULL,1098,NULL,'12:00:00','13:00:00','Jueves','activo','2025-04-10 18:12:45',NULL,'Laboratorio',23,0),(894,NULL,1802,NULL,1098,39,'07:00:00','08:00:00','Martes','activo','2025-04-10 18:15:07',NULL,'Aula',NULL,0),(895,NULL,1802,NULL,1098,39,'08:00:00','09:00:00','Martes','activo','2025-04-10 18:15:12',NULL,'Aula',NULL,0),(896,NULL,1882,NULL,1098,NULL,'08:00:00','09:00:00','Jueves','activo','2025-04-10 18:17:05',NULL,'Laboratorio',18,0),(897,NULL,1882,NULL,1098,NULL,'09:00:00','10:00:00','Jueves','activo','2025-04-10 18:17:08',NULL,'Laboratorio',18,0),(898,NULL,1882,NULL,1098,NULL,'08:00:00','09:00:00','Viernes','activo','2025-04-10 18:17:11',NULL,'Laboratorio',18,0),(899,NULL,1882,NULL,1098,NULL,'09:00:00','10:00:00','Viernes','activo','2025-04-10 18:17:14',NULL,'Laboratorio',18,0),(900,NULL,1800,NULL,1098,39,'09:00:00','10:00:00','Martes','activo','2025-04-10 18:17:26',NULL,'Aula',NULL,0),(901,NULL,1800,NULL,1098,39,'10:00:00','11:00:00','Martes','activo','2025-04-10 18:17:29',NULL,'Aula',NULL,0),(902,NULL,1800,NULL,1098,39,'11:00:00','12:00:00','Martes','activo','2025-04-10 18:17:34',NULL,'Aula',NULL,0),(903,NULL,1800,NULL,1098,NULL,'09:00:00','10:00:00','Miércoles','activo','2025-04-10 18:20:26',NULL,'Laboratorio',27,0),(904,NULL,1882,NULL,1098,39,'10:00:00','11:00:00','Miércoles','activo','2025-04-10 18:20:48',NULL,'Aula',NULL,0),(905,NULL,1882,NULL,1098,39,'11:00:00','12:00:00','Miércoles','activo','2025-04-10 18:22:08',NULL,'Aula',NULL,0),(906,NULL,1888,NULL,1098,39,'10:00:00','11:00:00','Viernes','activo','2025-04-10 18:22:32',NULL,'Aula',NULL,0),(907,NULL,1888,NULL,1098,39,'11:00:00','12:00:00','Viernes','activo','2025-04-10 18:22:36',NULL,'Aula',NULL,0),(908,NULL,1797,NULL,1098,39,'07:00:00','08:00:00','Miércoles','activo','2025-04-10 18:23:15',NULL,'Aula',NULL,0),(909,NULL,1797,NULL,1098,39,'08:00:00','09:00:00','Miércoles','activo','2025-04-10 18:23:18',NULL,'Aula',NULL,0),(910,NULL,1797,NULL,1098,39,'07:00:00','08:00:00','Jueves','activo','2025-04-10 18:23:22',NULL,'Aula',NULL,0),(911,NULL,1797,NULL,1098,39,'07:00:00','08:00:00','Viernes','activo','2025-04-10 18:23:26',NULL,'Aula',NULL,0),(912,NULL,1888,NULL,1099,NULL,'12:00:00','13:00:00','Lunes','activo','2025-04-10 18:28:43',NULL,'Laboratorio',23,0),(913,NULL,1888,NULL,1099,NULL,'12:00:00','13:00:00','Martes','activo','2025-04-10 18:29:05',NULL,'Laboratorio',23,0),(914,NULL,1888,NULL,1099,NULL,'13:00:00','14:00:00','Martes','activo','2025-04-10 18:29:11',NULL,'Laboratorio',23,0),(916,NULL,1882,NULL,1099,NULL,'14:00:00','15:00:00','Jueves','activo','2025-04-10 18:31:26',NULL,'Laboratorio',18,0),(917,NULL,1882,NULL,1099,NULL,'15:00:00','16:00:00','Jueves','activo','2025-04-10 18:31:43',NULL,'Laboratorio',18,0),(918,NULL,1882,NULL,1099,NULL,'14:00:00','15:00:00','Viernes','activo','2025-04-10 18:31:52',NULL,'Laboratorio',18,0),(919,NULL,1882,NULL,1099,NULL,'15:00:00','16:00:00','Viernes','activo','2025-04-10 18:31:56',NULL,'Laboratorio',18,0),(920,NULL,1800,NULL,1099,NULL,'14:00:00','15:00:00','Martes','activo','2025-04-10 18:32:48',NULL,'Laboratorio',27,0),(921,NULL,1800,NULL,1099,NULL,'15:00:00','16:00:00','Martes','activo','2025-04-10 18:32:54',NULL,'Laboratorio',27,0),(922,NULL,1800,NULL,1099,NULL,'16:00:00','17:00:00','Martes','activo','2025-04-10 18:33:01',NULL,'Laboratorio',27,0),(923,NULL,1800,NULL,1099,NULL,'14:00:00','15:00:00','Miércoles','activo','2025-04-10 18:33:14',NULL,'Laboratorio',27,0),(924,NULL,1802,NULL,1099,NULL,'12:00:00','13:00:00','Miércoles','activo','2025-04-10 18:34:09',NULL,'Laboratorio',5,0),(925,NULL,1802,NULL,1099,NULL,'13:00:00','14:00:00','Miércoles','activo','2025-04-10 18:34:14',NULL,'Laboratorio',5,0),(928,NULL,1882,NULL,1099,44,'13:00:00','14:00:00','Lunes','activo','2025-04-10 18:38:09',NULL,'Aula',NULL,0),(929,NULL,1882,NULL,1099,44,'14:00:00','15:00:00','Lunes','activo','2025-04-10 18:38:57',NULL,'Aula',NULL,0),(931,NULL,1800,NULL,1099,44,'15:00:00','16:00:00','Miércoles','activo','2025-04-10 18:39:46',NULL,'Aula',NULL,0),(932,NULL,1800,NULL,1099,44,'15:00:00','16:00:00','Lunes','activo','2025-04-10 18:39:56',NULL,'Aula',NULL,0),(933,NULL,1800,NULL,1099,44,'16:00:00','17:00:00','Miércoles','activo','2025-04-10 18:40:04',NULL,'Aula',NULL,0),(934,NULL,1802,NULL,1099,44,'12:00:00','13:00:00','Jueves','activo','2025-04-10 18:40:25',NULL,'Aula',NULL,0),(935,NULL,1802,NULL,1099,44,'13:00:00','14:00:00','Jueves','activo','2025-04-10 18:40:30',NULL,'Aula',NULL,0),(936,NULL,1888,NULL,1099,44,'12:00:00','13:00:00','Viernes','activo','2025-04-10 18:40:48',NULL,'Aula',NULL,0),(937,NULL,1888,NULL,1099,44,'13:00:00','14:00:00','Viernes','activo','2025-04-10 18:40:52',NULL,'Aula',NULL,0),(941,NULL,1778,NULL,1065,NULL,'12:00:00','13:00:00','Martes','activo','2025-04-10 22:03:58','2025-05-12 15:09:36','Laboratorio',16,0),(942,NULL,1778,NULL,1065,NULL,'13:00:00','14:00:00','Martes','activo','2025-04-10 22:04:01','2025-05-12 15:09:30','Laboratorio',16,0),(943,NULL,1776,NULL,1065,NULL,'08:00:00','09:00:00','Miércoles','activo','2025-04-10 22:04:31',NULL,'Laboratorio',16,0),(944,NULL,1776,NULL,1065,NULL,'09:00:00','10:00:00','Miércoles','activo','2025-04-10 22:04:33',NULL,'Laboratorio',16,0),(945,NULL,1778,NULL,1065,NULL,'10:00:00','11:00:00','Jueves','activo','2025-04-10 22:04:39',NULL,'Laboratorio',16,0),(946,NULL,1778,NULL,1065,NULL,'11:00:00','12:00:00','Jueves','activo','2025-04-10 22:04:42',NULL,'Laboratorio',16,0),(947,NULL,2179,NULL,1071,NULL,'10:00:00','11:00:00','Lunes','activo','2025-04-10 22:04:57',NULL,'Laboratorio',16,0),(948,NULL,2179,NULL,1071,NULL,'11:00:00','12:00:00','Lunes','activo','2025-04-10 22:04:59',NULL,'Laboratorio',16,0),(949,NULL,2178,NULL,1071,NULL,'12:00:00','13:00:00','Viernes','activo','2025-04-10 22:05:08','2025-04-11 11:16:22','Laboratorio',16,0),(951,NULL,2178,NULL,1071,NULL,'08:00:00','09:00:00','Jueves','activo','2025-04-10 22:05:15',NULL,'Laboratorio',16,0),(952,NULL,2178,NULL,1071,NULL,'09:00:00','10:00:00','Jueves','activo','2025-04-10 22:05:17',NULL,'Laboratorio',16,0),(953,NULL,2179,NULL,1071,NULL,'10:00:00','11:00:00','Miércoles','activo','2025-04-10 22:05:25',NULL,'Laboratorio',16,0),(954,NULL,2179,NULL,1071,NULL,'11:00:00','12:00:00','Miércoles','activo','2025-04-10 22:05:29',NULL,'Laboratorio',16,0),(955,NULL,2079,18,1069,NULL,'09:00:00','10:00:00','Martes','activo','2025-04-10 22:06:51',NULL,'Laboratorio',16,0),(956,NULL,2079,18,1069,NULL,'10:00:00','11:00:00','Martes','activo','2025-04-10 22:06:54',NULL,'Laboratorio',16,0),(957,NULL,2079,NULL,1070,NULL,'07:00:00','08:00:00','Sábado','activo','2025-04-10 22:07:15',NULL,'Laboratorio',16,0),(958,NULL,2079,NULL,1070,NULL,'08:00:00','09:00:00','Sábado','activo','2025-04-10 22:07:18',NULL,'Laboratorio',16,0),(959,NULL,1779,NULL,1065,NULL,'10:00:00','11:00:00','Lunes','activo','2025-04-10 22:08:41',NULL,'Laboratorio',35,0),(960,NULL,1779,NULL,1065,NULL,'11:00:00','12:00:00','Lunes','activo','2025-04-10 22:08:44',NULL,'Laboratorio',35,0),(961,NULL,1779,NULL,1065,NULL,'10:00:00','11:00:00','Miércoles','activo','2025-04-10 22:08:49',NULL,'Laboratorio',35,0),(962,NULL,1779,NULL,1065,NULL,'11:00:00','12:00:00','Miércoles','activo','2025-04-10 22:08:51',NULL,'Laboratorio',35,0),(963,NULL,1780,NULL,1065,NULL,'08:00:00','09:00:00','Jueves','activo','2025-04-10 22:08:57',NULL,'Laboratorio',35,0),(964,NULL,1780,NULL,1065,NULL,'09:00:00','10:00:00','Jueves','activo','2025-04-10 22:09:02',NULL,'Laboratorio',35,0),(966,NULL,1780,NULL,1065,NULL,'08:00:00','09:00:00','Viernes','activo','2025-04-10 22:09:11',NULL,'Laboratorio',35,0),(967,NULL,1747,NULL,1069,NULL,'07:00:00','08:00:00','Lunes','activo','2025-04-10 22:10:22',NULL,'Laboratorio',19,0),(968,NULL,1747,NULL,1069,NULL,'08:00:00','09:00:00','Lunes','activo','2025-04-10 22:10:25',NULL,'Laboratorio',19,0),(969,NULL,1747,NULL,1069,NULL,'09:00:00','10:00:00','Lunes','activo','2025-04-10 22:10:27',NULL,'Laboratorio',19,0),(970,NULL,2081,NULL,1069,NULL,'10:00:00','11:00:00','Miércoles','activo','2025-04-10 22:10:55',NULL,'Laboratorio',19,0),(971,NULL,2081,NULL,1069,NULL,'11:00:00','12:00:00','Miércoles','activo','2025-04-10 22:10:58',NULL,'Laboratorio',19,0),(972,NULL,2081,NULL,1069,NULL,'11:00:00','12:00:00','Jueves','activo','2025-04-10 22:11:29',NULL,'Laboratorio',19,0),(973,NULL,2180,NULL,1071,NULL,'07:00:00','08:00:00','Martes','activo','2025-04-10 22:11:50',NULL,'Laboratorio',19,0),(974,NULL,2180,NULL,1071,NULL,'08:00:00','09:00:00','Martes','activo','2025-04-10 22:11:53',NULL,'Laboratorio',19,0),(975,NULL,2180,NULL,1071,NULL,'07:00:00','08:00:00','Miércoles','activo','2025-04-10 22:11:58',NULL,'Laboratorio',19,0),(976,NULL,2180,NULL,1071,NULL,'07:00:00','08:00:00','Jueves','activo','2025-04-10 22:12:00',NULL,'Laboratorio',19,0),(978,NULL,1781,NULL,1065,NULL,'10:00:00','11:00:00','Viernes','activo','2025-04-10 22:12:29',NULL,'Laboratorio',19,0),(979,NULL,1781,NULL,1065,NULL,'11:00:00','12:00:00','Viernes','activo','2025-04-10 22:12:32',NULL,'Laboratorio',19,0),(981,NULL,2081,NULL,1070,NULL,'14:00:00','15:00:00','Jueves','activo','2025-04-10 22:13:10',NULL,'Laboratorio',19,0),(982,NULL,2081,NULL,1070,NULL,'13:00:00','14:00:00','Sábado','activo','2025-04-10 22:13:17',NULL,'Laboratorio',19,0),(983,NULL,2081,NULL,1070,NULL,'14:00:00','15:00:00','Sábado','activo','2025-04-10 22:13:20',NULL,'Laboratorio',19,0),(984,NULL,1747,NULL,1070,NULL,'14:00:00','15:00:00','Lunes','activo','2025-04-10 22:13:34',NULL,'Laboratorio',19,0),(985,NULL,1747,NULL,1070,NULL,'18:00:00','19:00:00','Viernes','activo','2025-04-10 22:13:45',NULL,'Laboratorio',19,0),(986,NULL,1747,NULL,1070,NULL,'19:00:00','20:00:00','Viernes','activo','2025-04-10 22:13:50',NULL,'Laboratorio',19,0),(987,NULL,2080,NULL,1070,NULL,'09:00:00','10:00:00','Sábado','activo','2025-04-10 22:14:27',NULL,'Laboratorio',12,0),(988,NULL,2080,NULL,1070,NULL,'10:00:00','11:00:00','Sábado','activo','2025-04-10 22:14:32',NULL,'Laboratorio',12,0),(989,NULL,1741,NULL,1070,NULL,'11:00:00','12:00:00','Sábado','activo','2025-04-10 22:14:41',NULL,'Laboratorio',12,0),(990,NULL,1741,NULL,1070,NULL,'12:00:00','13:00:00','Sábado','activo','2025-04-10 22:14:44',NULL,'Laboratorio',12,0),(991,NULL,1741,NULL,1070,NULL,'13:00:00','14:00:00','Jueves','activo','2025-04-10 22:14:51',NULL,'Laboratorio',12,0),(992,NULL,2080,NULL,1070,NULL,'14:00:00','15:00:00','Viernes','activo','2025-04-10 22:15:03','2025-05-05 13:32:54','Laboratorio',12,0),(994,NULL,2080,NULL,1069,NULL,'08:00:00','09:00:00','Viernes','activo','2025-04-10 22:15:31',NULL,'Laboratorio',12,0),(995,NULL,2080,NULL,1069,NULL,'09:00:00','10:00:00','Viernes','activo','2025-04-10 22:15:34',NULL,'Laboratorio',12,0),(996,NULL,1741,18,1069,NULL,'08:00:00','09:00:00','Miércoles','activo','2025-04-10 22:15:42',NULL,'Laboratorio',12,0),(997,NULL,1741,18,1069,NULL,'09:00:00','10:00:00','Miércoles','activo','2025-04-10 22:15:45',NULL,'Laboratorio',12,0),(998,NULL,1741,18,1069,NULL,'09:00:00','10:00:00','Jueves','activo','2025-04-10 22:15:48',NULL,'Laboratorio',12,0),(999,NULL,2048,NULL,1101,NULL,'09:00:00','10:00:00','Lunes','activo','2025-04-10 22:53:03',NULL,'Laboratorio',5,0),(1000,NULL,2048,NULL,1101,NULL,'09:00:00','10:00:00','Martes','activo','2025-04-10 22:53:06',NULL,'Laboratorio',5,0),(1001,NULL,2048,NULL,1101,NULL,'09:00:00','10:00:00','Miércoles','activo','2025-04-10 22:53:09',NULL,'Laboratorio',5,0),(1002,NULL,2046,NULL,1101,NULL,'10:00:00','11:00:00','Lunes','activo','2025-04-10 22:53:47',NULL,'Laboratorio',38,0),(1003,NULL,2046,NULL,1101,NULL,'11:00:00','12:00:00','Lunes','activo','2025-04-10 22:53:51',NULL,'Laboratorio',38,0),(1004,NULL,1925,NULL,1101,NULL,'07:00:00','08:00:00','Jueves','activo','2025-04-10 22:54:43',NULL,'Laboratorio',1,0),(1005,NULL,1925,NULL,1101,NULL,'07:00:00','08:00:00','Viernes','activo','2025-04-10 22:54:46',NULL,'Laboratorio',1,0),(1006,NULL,1925,NULL,1101,NULL,'08:00:00','09:00:00','Jueves','activo','2025-04-10 22:54:49',NULL,'Laboratorio',1,0),(1007,NULL,1925,NULL,1101,NULL,'08:00:00','09:00:00','Viernes','activo','2025-04-10 22:54:52',NULL,'Laboratorio',1,0),(1008,NULL,1930,NULL,1102,NULL,'07:00:00','08:00:00','Lunes','activo','2025-04-10 22:56:38',NULL,'Laboratorio',31,0),(1009,NULL,1930,NULL,1102,NULL,'08:00:00','09:00:00','Lunes','activo','2025-04-10 22:56:41',NULL,'Laboratorio',31,0),(1010,NULL,1930,NULL,1102,NULL,'07:00:00','08:00:00','Martes','activo','2025-04-10 22:56:43',NULL,'Laboratorio',31,0),(1011,NULL,1930,NULL,1102,NULL,'08:00:00','09:00:00','Martes','activo','2025-04-10 22:56:46',NULL,'Laboratorio',31,0),(1012,NULL,2095,NULL,1102,NULL,'10:00:00','11:00:00','Lunes','activo','2025-04-10 22:57:07',NULL,'Laboratorio',5,0),(1013,NULL,2095,NULL,1102,NULL,'11:00:00','12:00:00','Lunes','activo','2025-04-10 22:57:10',NULL,'Laboratorio',5,0),(1014,NULL,2095,NULL,1102,NULL,'10:00:00','11:00:00','Martes','activo','2025-04-10 22:57:29',NULL,'Laboratorio',5,0),(1015,NULL,2094,NULL,1102,NULL,'10:00:00','11:00:00','Miércoles','activo','2025-04-10 22:58:21',NULL,'Laboratorio',31,0),(1016,NULL,2094,NULL,1102,NULL,'11:00:00','12:00:00','Miércoles','activo','2025-04-10 22:58:24',NULL,'Laboratorio',31,0),(1017,NULL,2094,NULL,1102,NULL,'10:00:00','11:00:00','Jueves','activo','2025-04-10 22:58:31',NULL,'Laboratorio',31,0),(1018,NULL,2094,NULL,1102,NULL,'11:00:00','12:00:00','Jueves','activo','2025-04-10 22:58:34',NULL,'Laboratorio',31,0),(1019,NULL,2096,NULL,1102,NULL,'08:00:00','09:00:00','Viernes','activo','2025-04-10 22:58:54',NULL,'Laboratorio',38,0),(1020,NULL,2096,NULL,1102,NULL,'09:00:00','10:00:00','Viernes','activo','2025-04-10 22:58:57',NULL,'Laboratorio',38,0),(1021,NULL,1792,NULL,1094,NULL,'08:00:00','09:00:00','Lunes','activo','2025-04-10 23:00:08',NULL,'Laboratorio',18,0),(1022,NULL,1792,NULL,1094,NULL,'09:00:00','10:00:00','Lunes','activo','2025-04-10 23:00:10',NULL,'Laboratorio',18,0),(1023,NULL,1792,NULL,1094,NULL,'08:00:00','09:00:00','Martes','activo','2025-04-10 23:00:12',NULL,'Laboratorio',18,0),(1024,NULL,1792,NULL,1094,NULL,'09:00:00','10:00:00','Martes','activo','2025-04-10 23:00:14',NULL,'Laboratorio',18,0),(1025,NULL,1793,NULL,1094,NULL,'10:00:00','11:00:00','Lunes','activo','2025-04-10 23:00:39',NULL,'Laboratorio',23,0),(1026,NULL,1793,NULL,1094,NULL,'11:00:00','12:00:00','Lunes','activo','2025-04-10 23:00:41',NULL,'Laboratorio',23,0),(1027,NULL,1793,NULL,1094,NULL,'10:00:00','11:00:00','Martes','activo','2025-04-10 23:00:44',NULL,'Laboratorio',23,0),(1028,NULL,1793,NULL,1094,NULL,'11:00:00','12:00:00','Martes','activo','2025-04-10 23:00:47',NULL,'Laboratorio',23,0),(1029,NULL,1801,NULL,1094,NULL,'07:00:00','08:00:00','Miércoles','activo','2025-04-10 23:01:01',NULL,'Laboratorio',17,0),(1030,NULL,1801,NULL,1094,NULL,'08:00:00','09:00:00','Miércoles','activo','2025-04-10 23:01:04',NULL,'Laboratorio',17,0),(1031,NULL,1801,NULL,1094,NULL,'07:00:00','08:00:00','Jueves','activo','2025-04-10 23:01:07',NULL,'Laboratorio',17,0),(1032,NULL,1801,NULL,1094,NULL,'08:00:00','09:00:00','Jueves','activo','2025-04-10 23:01:09',NULL,'Laboratorio',17,0),(1033,NULL,1794,NULL,1094,NULL,'08:00:00','09:00:00','Viernes','activo','2025-04-10 23:01:28',NULL,'Laboratorio',5,0),(1034,NULL,1794,NULL,1094,NULL,'09:00:00','10:00:00','Viernes','activo','2025-04-10 23:01:31',NULL,'Laboratorio',5,0),(1035,NULL,2090,NULL,1096,NULL,'08:00:00','09:00:00','Lunes','activo','2025-04-10 23:56:14',NULL,'Laboratorio',38,0),(1036,NULL,2090,NULL,1096,NULL,'09:00:00','10:00:00','Lunes','activo','2025-04-10 23:56:17',NULL,'Laboratorio',38,0),(1037,NULL,2090,NULL,1096,NULL,'08:00:00','09:00:00','Martes','activo','2025-04-10 23:56:20',NULL,'Laboratorio',38,0),(1038,NULL,2090,NULL,1096,NULL,'09:00:00','10:00:00','Martes','activo','2025-04-10 23:56:22',NULL,'Laboratorio',38,0),(1039,NULL,2091,NULL,1096,NULL,'09:00:00','10:00:00','Jueves','activo','2025-04-10 23:57:06',NULL,'Laboratorio',27,0),(1040,NULL,2091,NULL,1096,NULL,'10:00:00','11:00:00','Jueves','activo','2025-04-10 23:57:09',NULL,'Laboratorio',27,0),(1041,NULL,2091,NULL,1096,NULL,'09:00:00','10:00:00','Viernes','activo','2025-04-10 23:57:12',NULL,'Laboratorio',27,0),(1042,NULL,2091,NULL,1096,NULL,'10:00:00','11:00:00','Viernes','activo','2025-04-10 23:57:15',NULL,'Laboratorio',27,0),(1043,NULL,1922,NULL,1101,29,'07:00:00','08:00:00','Lunes','activo','2025-04-10 23:58:26',NULL,'Aula',NULL,0),(1044,NULL,1922,NULL,1101,29,'08:00:00','09:00:00','Lunes','activo','2025-04-10 23:58:28',NULL,'Aula',NULL,0),(1045,NULL,1922,NULL,1101,29,'07:00:00','08:00:00','Martes','activo','2025-04-10 23:58:34',NULL,'Aula',NULL,0),(1046,NULL,1922,NULL,1101,29,'08:00:00','09:00:00','Martes','activo','2025-04-10 23:58:37',NULL,'Aula',NULL,0),(1047,NULL,1925,NULL,1101,29,'08:00:00','09:00:00','Miércoles','activo','2025-04-10 23:58:49',NULL,'Aula',NULL,0),(1049,NULL,2046,NULL,1101,29,'10:00:00','11:00:00','Martes','activo','2025-04-10 23:59:00',NULL,'Aula',NULL,0),(1050,NULL,2046,NULL,1101,29,'11:00:00','12:00:00','Martes','activo','2025-04-10 23:59:03',NULL,'Aula',NULL,0),(1051,NULL,2048,NULL,1101,29,'09:00:00','10:00:00','Jueves','activo','2025-04-10 23:59:22',NULL,'Aula',NULL,0),(1052,NULL,1922,NULL,1101,29,'09:00:00','10:00:00','Viernes','activo','2025-04-10 23:59:29','2025-05-05 13:42:27','Aula',NULL,0),(1053,NULL,1801,NULL,1134,NULL,'12:00:00','13:00:00','Lunes','activo','2025-04-11 00:06:35',NULL,'Laboratorio',17,0),(1054,NULL,1801,NULL,1134,NULL,'13:00:00','14:00:00','Lunes','activo','2025-04-11 00:06:38',NULL,'Laboratorio',17,0),(1055,NULL,1801,NULL,1134,NULL,'14:00:00','15:00:00','Lunes','activo','2025-04-11 00:06:41',NULL,'Laboratorio',17,0),(1056,NULL,1794,NULL,1134,NULL,'16:00:00','17:00:00','Viernes','activo','2025-04-11 00:06:59','2025-04-30 11:53:04','Laboratorio',5,0),(1057,NULL,1794,NULL,1134,NULL,'17:00:00','18:00:00','Viernes','activo','2025-04-11 00:07:02','2025-04-30 11:53:06','Laboratorio',5,0),(1058,NULL,1792,NULL,1134,NULL,'14:00:00','15:00:00','Martes','activo','2025-04-11 00:07:45',NULL,'Laboratorio',18,0),(1059,NULL,1792,NULL,1134,NULL,'15:00:00','16:00:00','Martes','activo','2025-04-11 00:07:48',NULL,'Laboratorio',18,0),(1060,NULL,1792,NULL,1134,NULL,'14:00:00','15:00:00','Miércoles','activo','2025-04-11 00:07:51',NULL,'Laboratorio',18,0),(1061,NULL,1792,NULL,1134,NULL,'15:00:00','16:00:00','Miércoles','activo','2025-04-11 00:07:56',NULL,'Laboratorio',18,0),(1062,NULL,1793,NULL,1134,NULL,'14:00:00','15:00:00','Jueves','activo','2025-04-11 00:08:17',NULL,'Laboratorio',23,0),(1063,NULL,1793,NULL,1134,NULL,'15:00:00','16:00:00','Jueves','activo','2025-04-11 00:08:20',NULL,'Laboratorio',23,0),(1064,NULL,1793,NULL,1134,NULL,'14:00:00','15:00:00','Viernes','activo','2025-04-11 00:08:22',NULL,'Laboratorio',23,0),(1065,NULL,1793,NULL,1134,NULL,'15:00:00','16:00:00','Viernes','activo','2025-04-11 00:08:25',NULL,'Laboratorio',23,0),(1066,NULL,1801,NULL,1134,27,'12:00:00','13:00:00','Martes','activo','2025-04-11 00:08:38',NULL,'Aula',NULL,0),(1067,NULL,1801,NULL,1134,27,'13:00:00','14:00:00','Martes','activo','2025-04-11 00:08:41',NULL,'Aula',NULL,0),(1068,NULL,1790,NULL,1134,27,'12:00:00','13:00:00','Miércoles','activo','2025-04-11 00:08:46',NULL,'Aula',NULL,0),(1069,NULL,1790,NULL,1134,27,'13:00:00','14:00:00','Miércoles','activo','2025-04-11 00:08:48',NULL,'Aula',NULL,0),(1070,NULL,1790,NULL,1134,27,'12:00:00','13:00:00','Viernes','activo','2025-04-11 00:08:57',NULL,'Aula',NULL,0),(1071,NULL,1790,NULL,1134,27,'13:00:00','14:00:00','Viernes','activo','2025-04-11 00:08:59',NULL,'Aula',NULL,0),(1072,NULL,1792,NULL,1134,27,'12:00:00','13:00:00','Jueves','activo','2025-04-11 00:09:06',NULL,'Aula',NULL,0),(1073,NULL,1792,NULL,1134,27,'13:00:00','14:00:00','Jueves','activo','2025-04-11 00:09:08',NULL,'Aula',NULL,0),(1074,NULL,1930,NULL,1102,63,'07:00:00','08:00:00','Miércoles','activo','2025-04-11 00:10:30',NULL,'Aula',NULL,0),(1075,NULL,2098,NULL,1102,63,'08:00:00','09:00:00','Miércoles','activo','2025-04-11 00:17:38',NULL,'Aula',NULL,0),(1076,NULL,2098,NULL,1102,63,'09:00:00','10:00:00','Miércoles','activo','2025-04-11 00:17:41',NULL,'Aula',NULL,0),(1077,NULL,2096,NULL,1102,63,'08:00:00','09:00:00','Jueves','activo','2025-04-11 00:17:52',NULL,'Aula',NULL,0),(1078,NULL,2096,NULL,1102,63,'09:00:00','10:00:00','Jueves','activo','2025-04-11 00:17:55',NULL,'Aula',NULL,0),(1079,NULL,2094,NULL,1102,63,'10:00:00','11:00:00','Viernes','activo','2025-04-11 00:18:02',NULL,'Aula',NULL,0),(1080,NULL,2094,NULL,1102,63,'11:00:00','12:00:00','Viernes','activo','2025-04-11 00:18:04',NULL,'Aula',NULL,0),(1081,NULL,2095,NULL,1102,63,'11:00:00','12:00:00','Martes','activo','2025-04-11 00:18:13',NULL,'Aula',NULL,0),(1082,NULL,1790,NULL,1094,26,'12:00:00','13:00:00','Lunes','activo','2025-04-11 00:19:43',NULL,'Aula',NULL,0),(1083,NULL,1790,NULL,1094,26,'13:00:00','14:00:00','Lunes','activo','2025-04-11 00:19:46',NULL,'Aula',NULL,0),(1084,NULL,1790,NULL,1094,26,'10:00:00','11:00:00','Jueves','activo','2025-04-11 00:19:50',NULL,'Aula',NULL,0),(1085,NULL,1790,NULL,1094,26,'11:00:00','12:00:00','Jueves','activo','2025-04-11 00:19:54',NULL,'Aula',NULL,0),(1086,NULL,1793,NULL,1094,26,'10:00:00','11:00:00','Miércoles','activo','2025-04-11 00:20:11',NULL,'Aula',NULL,0),(1087,NULL,1793,NULL,1094,26,'11:00:00','12:00:00','Miércoles','activo','2025-04-11 00:20:14',NULL,'Aula',NULL,0),(1088,NULL,1793,NULL,1094,26,'12:00:00','13:00:00','Miércoles','activo','2025-04-11 00:20:16',NULL,'Aula',NULL,0),(1089,NULL,1801,NULL,1094,26,'07:00:00','08:00:00','Viernes','activo','2025-04-11 00:20:41',NULL,'Aula',NULL,0),(1090,NULL,1792,NULL,1094,26,'10:00:00','11:00:00','Viernes','activo','2025-04-11 00:20:51',NULL,'Aula',NULL,0),(1091,NULL,1792,NULL,1094,26,'11:00:00','12:00:00','Viernes','activo','2025-04-11 00:20:58',NULL,'Aula',NULL,0),(1092,NULL,2089,NULL,1096,62,'10:00:00','11:00:00','Lunes','activo','2025-04-11 00:23:27',NULL,'Aula',NULL,0),(1093,NULL,2089,NULL,1096,62,'11:00:00','12:00:00','Lunes','activo','2025-04-11 00:23:30',NULL,'Aula',NULL,0),(1094,NULL,2089,NULL,1096,62,'10:00:00','11:00:00','Martes','activo','2025-04-11 00:23:33',NULL,'Aula',NULL,0),(1095,NULL,2089,NULL,1096,62,'11:00:00','12:00:00','Martes','activo','2025-04-11 00:23:35',NULL,'Aula',NULL,0),(1096,NULL,2089,NULL,1096,62,'09:00:00','10:00:00','Miércoles','activo','2025-04-11 00:23:42',NULL,'Aula',NULL,0),(1098,NULL,2089,NULL,1096,62,'10:00:00','11:00:00','Miércoles','activo','2025-04-11 00:23:45',NULL,'Aula',NULL,0),(1100,NULL,2091,NULL,1096,62,'11:00:00','12:00:00','Miércoles','activo','2025-04-11 00:23:57',NULL,'Aula',NULL,0),(1101,NULL,2091,NULL,1096,62,'11:00:00','12:00:00','Jueves','activo','2025-04-11 00:23:59',NULL,'Aula',NULL,0),(1102,NULL,2091,NULL,1096,62,'11:00:00','12:00:00','Viernes','activo','2025-04-11 00:24:04',NULL,'Aula',NULL,0),(1103,NULL,1686,NULL,1063,NULL,'12:00:00','13:00:00','Miércoles','activo','2025-04-11 00:25:41',NULL,'Laboratorio',14,0),(1104,NULL,1686,NULL,1063,NULL,'13:00:00','14:00:00','Miércoles','activo','2025-04-11 00:25:47',NULL,'Laboratorio',14,0),(1105,NULL,1731,NULL,1063,NULL,'09:00:00','10:00:00','Viernes','activo','2025-04-11 00:26:12',NULL,'Laboratorio',14,0),(1106,NULL,1731,NULL,1063,NULL,'10:00:00','11:00:00','Viernes','activo','2025-04-11 00:26:17',NULL,'Laboratorio',14,0),(1107,NULL,1686,NULL,1064,NULL,'11:00:00','12:00:00','Martes','activo','2025-04-11 00:27:03',NULL,'Laboratorio',14,0),(1108,NULL,1686,NULL,1064,NULL,'12:00:00','13:00:00','Martes','activo','2025-04-11 00:27:10',NULL,'Laboratorio',14,0),(1109,NULL,1731,NULL,1064,NULL,'09:00:00','10:00:00','Jueves','activo','2025-04-11 00:27:24',NULL,'Laboratorio',14,0),(1110,NULL,1731,NULL,1064,NULL,'10:00:00','11:00:00','Jueves','activo','2025-04-11 00:27:28',NULL,'Laboratorio',14,0),(1111,NULL,1729,NULL,1063,23,'07:00:00','08:00:00','Lunes','activo','2025-04-11 00:29:27',NULL,'Aula',NULL,0),(1112,NULL,1729,NULL,1063,23,'08:00:00','09:00:00','Lunes','activo','2025-04-11 00:29:35',NULL,'Aula',NULL,0),(1113,NULL,1727,NULL,1063,23,'09:00:00','10:00:00','Lunes','activo','2025-04-11 00:29:40',NULL,'Aula',NULL,0),(1114,NULL,1727,NULL,1063,23,'10:00:00','11:00:00','Lunes','activo','2025-04-11 00:29:44',NULL,'Aula',NULL,0),(1115,NULL,1732,NULL,1063,23,'11:00:00','12:00:00','Lunes','activo','2025-04-11 00:29:55',NULL,'Aula',NULL,0),(1116,NULL,1732,NULL,1063,23,'12:00:00','13:00:00','Lunes','activo','2025-04-11 00:29:59',NULL,'Aula',NULL,0),(1117,NULL,1687,NULL,1063,23,'13:00:00','14:00:00','Lunes','activo','2025-04-11 00:30:05',NULL,'Aula',NULL,0),(1118,NULL,1687,NULL,1063,23,'14:00:00','15:00:00','Lunes','activo','2025-04-11 00:30:09',NULL,'Aula',NULL,0),(1119,NULL,1727,NULL,1063,23,'07:00:00','08:00:00','Martes','activo','2025-04-11 00:30:13',NULL,'Aula',NULL,0),(1120,NULL,1727,NULL,1063,23,'08:00:00','09:00:00','Martes','activo','2025-04-11 00:30:17',NULL,'Aula',NULL,0),(1121,NULL,1731,NULL,1063,23,'09:00:00','10:00:00','Martes','activo','2025-04-11 00:30:24',NULL,'Aula',NULL,0),(1122,NULL,1731,NULL,1063,23,'10:00:00','11:00:00','Martes','activo','2025-04-11 00:30:28',NULL,'Aula',NULL,0),(1123,NULL,1732,NULL,1063,23,'11:00:00','12:00:00','Martes','activo','2025-04-11 00:30:40',NULL,'Aula',NULL,0),(1124,NULL,1732,NULL,1063,23,'12:00:00','13:00:00','Martes','activo','2025-04-11 00:30:44',NULL,'Aula',NULL,0),(1125,NULL,1687,NULL,1063,23,'13:00:00','14:00:00','Martes','activo','2025-04-11 00:31:19',NULL,'Aula',NULL,0),(1126,NULL,1729,NULL,1063,23,'07:00:00','08:00:00','Miércoles','activo','2025-04-11 00:31:36',NULL,'Aula',NULL,0),(1127,NULL,1729,NULL,1063,23,'08:00:00','09:00:00','Miércoles','activo','2025-04-11 00:31:43',NULL,'Aula',NULL,0),(1128,NULL,1727,NULL,1063,23,'09:00:00','10:00:00','Miércoles','activo','2025-04-11 00:31:48',NULL,'Aula',NULL,0),(1129,NULL,1727,NULL,1063,23,'10:00:00','11:00:00','Miércoles','activo','2025-04-11 00:31:52',NULL,'Aula',NULL,0),(1130,NULL,1728,NULL,1063,23,'11:00:00','12:00:00','Miércoles','activo','2025-04-11 00:32:01',NULL,'Aula',NULL,0),(1132,NULL,1686,NULL,1063,23,'14:00:00','15:00:00','Martes','activo','2025-04-11 00:32:53',NULL,'Aula',NULL,0),(1133,NULL,1687,NULL,1063,23,'14:00:00','15:00:00','Miércoles','activo','2025-04-11 00:33:06',NULL,'Aula',NULL,0),(1134,NULL,1728,NULL,1063,23,'07:00:00','08:00:00','Viernes','activo','2025-04-11 00:33:14',NULL,'Aula',NULL,0),(1135,NULL,1728,NULL,1063,23,'08:00:00','09:00:00','Viernes','activo','2025-04-11 00:33:19',NULL,'Aula',NULL,0),(1136,NULL,1727,NULL,1063,23,'07:00:00','08:00:00','Jueves','activo','2025-04-11 00:33:28',NULL,'Aula',NULL,0),(1137,NULL,1727,NULL,1063,23,'08:00:00','09:00:00','Jueves','activo','2025-04-11 00:33:32',NULL,'Aula',NULL,0),(1138,NULL,1728,NULL,1063,23,'09:00:00','10:00:00','Jueves','activo','2025-04-11 00:33:37',NULL,'Aula',NULL,0),(1139,NULL,1728,NULL,1063,23,'10:00:00','11:00:00','Jueves','activo','2025-04-11 00:33:40',NULL,'Aula',NULL,0),(1140,NULL,1731,NULL,1063,23,'11:00:00','12:00:00','Jueves','activo','2025-04-11 00:33:47',NULL,'Aula',NULL,0),(1141,NULL,1731,NULL,1063,23,'12:00:00','13:00:00','Jueves','activo','2025-04-11 00:33:51',NULL,'Aula',NULL,0),(1142,NULL,1686,NULL,1063,23,'13:00:00','14:00:00','Jueves','activo','2025-04-11 00:33:59',NULL,'Aula',NULL,0),(1143,NULL,1686,NULL,1063,23,'14:00:00','15:00:00','Jueves','activo','2025-04-11 00:34:03',NULL,'Aula',NULL,0),(1144,NULL,1727,NULL,1063,23,'11:00:00','12:00:00','Viernes','activo','2025-04-11 00:34:20',NULL,'Aula',NULL,0),(1145,NULL,1727,NULL,1063,23,'12:00:00','13:00:00','Viernes','activo','2025-04-11 00:34:23',NULL,'Aula',NULL,0),(1146,NULL,1732,NULL,1063,23,'13:00:00','14:00:00','Viernes','activo','2025-04-11 00:34:30',NULL,'Aula',NULL,0),(1147,NULL,1732,NULL,1063,23,'14:00:00','15:00:00','Viernes','activo','2025-04-11 00:34:34',NULL,'Aula',NULL,0),(1148,NULL,1727,NULL,1064,22,'07:00:00','08:00:00','Lunes','activo','2025-04-11 00:36:22',NULL,'Aula',NULL,0),(1149,NULL,1727,NULL,1064,22,'08:00:00','09:00:00','Lunes','activo','2025-04-11 00:36:26',NULL,'Aula',NULL,0),(1150,NULL,1727,NULL,1064,22,'09:00:00','10:00:00','Martes','activo','2025-04-11 00:36:41',NULL,'Aula',NULL,0),(1151,NULL,1727,NULL,1064,22,'10:00:00','11:00:00','Martes','activo','2025-04-11 00:36:45',NULL,'Aula',NULL,0),(1152,NULL,1731,NULL,1064,22,'09:00:00','10:00:00','Lunes','activo','2025-04-11 00:36:50',NULL,'Aula',NULL,0),(1153,NULL,1731,NULL,1064,22,'10:00:00','11:00:00','Lunes','activo','2025-04-11 00:36:54',NULL,'Aula',NULL,0),(1154,NULL,1687,NULL,1064,22,'11:00:00','12:00:00','Lunes','activo','2025-04-11 00:36:59',NULL,'Aula',NULL,0),(1155,NULL,1687,NULL,1064,22,'12:00:00','13:00:00','Lunes','activo','2025-04-11 00:37:03',NULL,'Aula',NULL,0),(1156,NULL,1728,NULL,1064,22,'13:00:00','14:00:00','Lunes','activo','2025-04-11 00:37:09',NULL,'Aula',NULL,0),(1157,NULL,1728,NULL,1064,22,'14:00:00','15:00:00','Lunes','activo','2025-04-11 00:37:12',NULL,'Aula',NULL,0),(1158,NULL,1729,NULL,1064,22,'07:00:00','08:00:00','Martes','activo','2025-04-11 00:37:21',NULL,'Aula',NULL,0),(1159,NULL,1729,NULL,1064,22,'08:00:00','09:00:00','Martes','activo','2025-04-11 00:37:25',NULL,'Aula',NULL,0),(1161,NULL,1732,NULL,1064,22,'13:00:00','14:00:00','Martes','activo','2025-04-11 00:37:41',NULL,'Aula',NULL,0),(1162,NULL,1732,NULL,1064,22,'14:00:00','15:00:00','Martes','activo','2025-04-11 00:37:45',NULL,'Aula',NULL,0),(1163,NULL,1727,NULL,1064,22,'07:00:00','08:00:00','Miércoles','activo','2025-04-11 00:37:53',NULL,'Aula',NULL,0),(1164,NULL,1727,NULL,1064,22,'08:00:00','09:00:00','Miércoles','activo','2025-04-11 00:37:57',NULL,'Aula',NULL,0),(1165,NULL,1731,NULL,1064,22,'09:00:00','10:00:00','Miércoles','activo','2025-04-11 00:38:03',NULL,'Aula',NULL,0),(1166,NULL,1731,NULL,1064,22,'10:00:00','11:00:00','Miércoles','activo','2025-04-11 00:38:06',NULL,'Aula',NULL,0),(1167,NULL,1686,NULL,1064,22,'11:00:00','12:00:00','Miércoles','activo','2025-04-11 00:38:11',NULL,'Aula',NULL,0),(1169,NULL,1732,NULL,1064,22,'12:00:00','13:00:00','Miércoles','activo','2025-04-11 00:38:41',NULL,'Aula',NULL,0),(1170,NULL,1732,NULL,1064,22,'13:00:00','14:00:00','Miércoles','activo','2025-04-11 00:38:46',NULL,'Aula',NULL,0),(1171,NULL,1687,NULL,1064,22,'15:00:00','16:00:00','Martes','activo','2025-04-11 00:38:52','2025-04-30 15:11:45','Aula',NULL,0),(1172,NULL,1687,NULL,1064,22,'07:00:00','08:00:00','Jueves','activo','2025-04-11 00:39:05',NULL,'Aula',NULL,0),(1173,NULL,1728,NULL,1064,22,'08:00:00','09:00:00','Jueves','activo','2025-04-11 00:39:14',NULL,'Aula',NULL,0),(1174,NULL,1727,NULL,1064,22,'11:00:00','12:00:00','Jueves','activo','2025-04-11 00:39:33',NULL,'Aula',NULL,0),(1175,NULL,1727,NULL,1064,22,'12:00:00','13:00:00','Jueves','activo','2025-04-11 00:39:37',NULL,'Aula',NULL,0),(1176,NULL,1732,NULL,1064,22,'13:00:00','14:00:00','Jueves','activo','2025-04-11 00:39:42',NULL,'Aula',NULL,0),(1177,NULL,1732,NULL,1064,22,'14:00:00','15:00:00','Jueves','activo','2025-04-11 00:39:46',NULL,'Aula',NULL,0),(1178,NULL,1729,NULL,1064,22,'07:00:00','08:00:00','Viernes','activo','2025-04-11 00:39:54',NULL,'Aula',NULL,0),(1179,NULL,1729,NULL,1064,22,'08:00:00','09:00:00','Viernes','activo','2025-04-11 00:39:58',NULL,'Aula',NULL,0),(1180,NULL,1727,NULL,1064,22,'09:00:00','10:00:00','Viernes','activo','2025-04-11 00:40:04',NULL,'Aula',NULL,0),(1181,NULL,1727,NULL,1064,22,'10:00:00','11:00:00','Viernes','activo','2025-04-11 00:40:08',NULL,'Aula',NULL,0),(1182,NULL,1728,NULL,1064,22,'11:00:00','12:00:00','Viernes','activo','2025-04-11 00:40:18',NULL,'Aula',NULL,0),(1183,NULL,1728,NULL,1064,22,'12:00:00','13:00:00','Viernes','activo','2025-04-11 00:40:22',NULL,'Aula',NULL,0),(1184,NULL,1686,NULL,1064,22,'13:00:00','14:00:00','Viernes','activo','2025-04-11 00:40:28',NULL,'Aula',NULL,0),(1185,NULL,1686,NULL,1064,22,'14:00:00','15:00:00','Viernes','activo','2025-04-11 00:40:32',NULL,'Aula',NULL,0),(1186,NULL,2053,NULL,1115,NULL,'09:00:00','10:00:00','Lunes','activo','2025-04-11 09:05:34',NULL,'Laboratorio',9,0),(1187,NULL,2053,NULL,1115,NULL,'10:00:00','11:00:00','Lunes','activo','2025-04-11 09:05:43',NULL,'Laboratorio',9,0),(1188,NULL,2053,NULL,1115,NULL,'09:00:00','10:00:00','Martes','activo','2025-04-11 09:05:52',NULL,'Laboratorio',9,0),(1189,NULL,2053,NULL,1115,NULL,'10:00:00','11:00:00','Martes','activo','2025-04-11 09:05:55',NULL,'Laboratorio',9,0),(1190,NULL,2053,NULL,1116,NULL,'13:00:00','14:00:00','Lunes','activo','2025-04-11 09:09:07',NULL,'Laboratorio',9,0),(1191,NULL,2053,NULL,1116,NULL,'14:00:00','15:00:00','Lunes','activo','2025-04-11 09:09:12',NULL,'Laboratorio',9,0),(1192,NULL,2053,NULL,1116,NULL,'13:00:00','14:00:00','Martes','activo','2025-04-11 09:09:16',NULL,'Laboratorio',9,0),(1193,NULL,2053,NULL,1116,NULL,'14:00:00','15:00:00','Martes','activo','2025-04-11 09:09:19',NULL,'Laboratorio',9,0),(1194,NULL,1865,NULL,1127,NULL,'09:00:00','10:00:00','Miércoles','activo','2025-04-11 09:10:29',NULL,'Laboratorio',9,0),(1195,NULL,1865,NULL,1127,NULL,'10:00:00','11:00:00','Miércoles','activo','2025-04-11 09:10:33',NULL,'Laboratorio',9,0),(1196,NULL,1865,NULL,1127,NULL,'09:00:00','10:00:00','Jueves','activo','2025-04-11 09:10:38',NULL,'Laboratorio',9,0),(1197,NULL,1865,NULL,1127,NULL,'10:00:00','11:00:00','Jueves','activo','2025-04-11 09:10:41',NULL,'Laboratorio',9,0),(1199,NULL,2159,NULL,1125,NULL,'09:00:00','10:00:00','Lunes','activo','2025-04-11 09:21:23',NULL,'Laboratorio',10,0),(1200,NULL,2159,NULL,1125,NULL,'10:00:00','11:00:00','Lunes','activo','2025-04-11 09:21:27',NULL,'Laboratorio',10,0),(1201,NULL,2159,NULL,1125,NULL,'09:00:00','10:00:00','Martes','activo','2025-04-11 09:21:32',NULL,'Laboratorio',10,0),(1202,NULL,2159,NULL,1125,NULL,'10:00:00','11:00:00','Martes','activo','2025-04-11 09:21:35',NULL,'Laboratorio',10,0),(1204,NULL,2159,NULL,1126,NULL,'07:00:00','08:00:00','Lunes','activo','2025-04-11 09:23:32',NULL,'Laboratorio',10,0),(1205,NULL,2159,NULL,1126,NULL,'08:00:00','09:00:00','Lunes','activo','2025-04-11 09:23:39',NULL,'Laboratorio',10,0),(1206,NULL,2159,NULL,1126,NULL,'07:00:00','08:00:00','Martes','activo','2025-04-11 09:23:43',NULL,'Laboratorio',10,0),(1207,NULL,2159,NULL,1126,NULL,'08:00:00','09:00:00','Martes','activo','2025-04-11 09:23:47',NULL,'Laboratorio',10,0),(1209,NULL,2083,NULL,1119,NULL,'11:00:00','12:00:00','Lunes','activo','2025-04-11 09:25:08',NULL,'Laboratorio',9,0),(1210,NULL,2083,NULL,1119,NULL,'12:00:00','13:00:00','Lunes','activo','2025-04-11 09:25:12',NULL,'Laboratorio',9,0),(1211,NULL,2083,NULL,1119,NULL,'11:00:00','12:00:00','Martes','activo','2025-04-11 09:25:16',NULL,'Laboratorio',9,0),(1212,NULL,2083,NULL,1119,NULL,'12:00:00','13:00:00','Martes','activo','2025-04-11 09:25:19',NULL,'Laboratorio',9,0),(1214,NULL,2159,NULL,1126,NULL,'07:00:00','08:00:00','Miércoles','activo','2025-04-11 09:39:30',NULL,'Laboratorio',10,0),(1224,NULL,1866,NULL,1127,NULL,'07:00:00','08:00:00','Lunes','activo','2025-04-11 10:12:06',NULL,'Laboratorio',8,0),(1225,NULL,1866,NULL,1127,NULL,'08:00:00','09:00:00','Lunes','activo','2025-04-11 10:12:11',NULL,'Laboratorio',8,0),(1226,NULL,1866,NULL,1127,NULL,'07:00:00','08:00:00','Miércoles','activo','2025-04-11 10:12:16',NULL,'Laboratorio',8,0),(1227,NULL,1866,NULL,1127,NULL,'08:00:00','09:00:00','Miércoles','activo','2025-04-11 10:12:20',NULL,'Laboratorio',8,0),(1228,NULL,1867,NULL,1127,NULL,'11:00:00','12:00:00','Martes','activo','2025-04-11 10:12:59',NULL,'Laboratorio',8,0),(1229,NULL,1867,NULL,1127,NULL,'12:00:00','13:00:00','Martes','activo','2025-04-11 10:13:04',NULL,'Laboratorio',8,0),(1230,NULL,1867,NULL,1127,NULL,'11:00:00','12:00:00','Jueves','activo','2025-04-11 10:13:14',NULL,'Laboratorio',8,0),(1231,NULL,1867,NULL,1127,NULL,'12:00:00','13:00:00','Jueves','activo','2025-04-11 10:13:17',NULL,'Laboratorio',8,0),(1232,NULL,2047,NULL,1114,NULL,'12:00:00','13:00:00','Lunes','activo','2025-04-11 10:14:13',NULL,'Laboratorio',8,0),(1233,NULL,2047,NULL,1114,NULL,'13:00:00','14:00:00','Lunes','activo','2025-04-11 10:14:25',NULL,'Laboratorio',8,0),(1234,NULL,2047,NULL,1114,NULL,'11:00:00','12:00:00','Miércoles','activo','2025-04-11 10:19:14','2025-04-11 10:25:11','Laboratorio',8,0),(1235,NULL,2149,NULL,1126,NULL,'07:00:00','08:00:00','Jueves','activo','2025-04-11 10:20:17',NULL,'Laboratorio',8,0),(1236,NULL,2149,NULL,1126,NULL,'08:00:00','09:00:00','Jueves','activo','2025-04-11 10:20:22',NULL,'Laboratorio',8,0),(1237,NULL,2149,NULL,1126,NULL,'13:00:00','14:00:00','Martes','activo','2025-04-11 10:20:32','2025-05-02 16:29:04','Laboratorio',8,0),(1238,NULL,1806,NULL,1124,NULL,'07:00:00','08:00:00','Martes','activo','2025-04-11 10:21:38',NULL,'Laboratorio',8,0),(1239,NULL,1806,NULL,1124,NULL,'08:00:00','09:00:00','Martes','activo','2025-04-11 10:24:33',NULL,'Laboratorio',8,0),(1240,NULL,1806,NULL,1124,NULL,'08:00:00','09:00:00','Viernes','activo','2025-04-11 10:24:44',NULL,'Laboratorio',8,0),(1241,NULL,2047,NULL,1114,NULL,'12:00:00','13:00:00','Miércoles','activo','2025-04-11 10:25:19','2025-04-11 10:25:27','Laboratorio',8,0),(1242,NULL,2047,NULL,1114,NULL,'13:00:00','14:00:00','Jueves','activo','2025-04-11 10:25:42',NULL,'Laboratorio',8,0),(1243,NULL,2035,NULL,1115,NULL,'11:00:00','12:00:00','Lunes','activo','2025-04-11 10:43:42',NULL,'Laboratorio',10,0),(1244,NULL,2035,NULL,1115,NULL,'12:00:00','13:00:00','Lunes','activo','2025-04-11 10:43:46',NULL,'Laboratorio',10,0),(1245,NULL,2035,NULL,1116,NULL,'11:00:00','12:00:00','Miércoles','activo','2025-04-11 10:44:24',NULL,'Laboratorio',10,0),(1246,NULL,2035,NULL,1116,NULL,'12:00:00','13:00:00','Miércoles','activo','2025-04-11 10:44:27',NULL,'Laboratorio',10,0),(1247,NULL,2035,NULL,1117,NULL,'11:00:00','12:00:00','Martes','activo','2025-04-11 10:44:48',NULL,'Laboratorio',10,0),(1248,NULL,2035,NULL,1117,NULL,'12:00:00','13:00:00','Martes','activo','2025-04-11 10:44:52',NULL,'Laboratorio',10,0),(1249,NULL,2085,NULL,1119,NULL,'08:00:00','09:00:00','Viernes','activo','2025-04-11 10:45:53',NULL,'Laboratorio',10,0),(1250,NULL,2085,NULL,1119,NULL,'09:00:00','10:00:00','Viernes','activo','2025-04-11 10:45:59',NULL,'Laboratorio',10,0),(1251,NULL,2028,NULL,1114,NULL,'11:00:00','12:00:00','Viernes','activo','2025-04-11 10:48:22',NULL,'Laboratorio',10,0),(1252,NULL,2028,NULL,1114,NULL,'12:00:00','13:00:00','Viernes','activo','2025-04-11 10:48:33',NULL,'Laboratorio',10,0),(1253,NULL,2037,NULL,1115,NULL,'12:00:00','13:00:00','Miércoles','activo','2025-04-11 11:21:34',NULL,'Laboratorio',9,0),(1254,NULL,2037,NULL,1115,NULL,'13:00:00','14:00:00','Miércoles','activo','2025-04-11 11:21:38',NULL,'Laboratorio',9,0),(1255,NULL,2037,NULL,1115,NULL,'12:00:00','13:00:00','Jueves','activo','2025-04-11 11:21:51',NULL,'Laboratorio',9,0),(1256,NULL,2037,NULL,1115,NULL,'13:00:00','14:00:00','Jueves','activo','2025-04-11 11:21:57',NULL,'Laboratorio',9,0),(1257,NULL,2037,NULL,1115,NULL,'12:00:00','13:00:00','Viernes','activo','2025-04-11 11:22:00',NULL,'Laboratorio',9,0),(1258,NULL,2037,NULL,1115,NULL,'13:00:00','14:00:00','Viernes','activo','2025-04-11 11:22:04',NULL,'Laboratorio',9,0),(1259,NULL,2037,NULL,1117,NULL,'16:00:00','17:00:00','Lunes','activo','2025-04-11 11:26:29',NULL,'Laboratorio',9,0),(1260,NULL,2037,NULL,1117,NULL,'15:00:00','16:00:00','Lunes','activo','2025-04-11 11:26:31','2025-04-30 13:28:52','Laboratorio',9,0),(1261,NULL,2037,NULL,1117,NULL,'16:00:00','17:00:00','Martes','activo','2025-04-11 11:26:34',NULL,'Laboratorio',9,0),(1262,NULL,2037,NULL,1117,NULL,'17:00:00','18:00:00','Martes','activo','2025-04-11 11:26:37',NULL,'Laboratorio',9,0),(1263,NULL,2037,NULL,1117,NULL,'16:00:00','17:00:00','Miércoles','activo','2025-04-11 11:26:41',NULL,'Laboratorio',9,0),(1264,NULL,2037,NULL,1117,NULL,'17:00:00','18:00:00','Miércoles','activo','2025-04-11 11:26:44',NULL,'Laboratorio',9,0),(1265,NULL,2051,NULL,1114,NULL,'15:00:00','16:00:00','Miércoles','activo','2025-04-11 11:29:44',NULL,'Laboratorio',9,0),(1266,NULL,2051,NULL,1114,NULL,'16:00:00','17:00:00','Jueves','activo','2025-04-11 11:29:48',NULL,'Laboratorio',9,0),(1267,NULL,2051,NULL,1114,NULL,'17:00:00','18:00:00','Jueves','activo','2025-04-11 11:29:51',NULL,'Laboratorio',9,0),(1268,NULL,2051,NULL,1114,NULL,'16:00:00','17:00:00','Viernes','activo','2025-04-11 11:29:54',NULL,'Laboratorio',9,0),(1269,NULL,2051,NULL,1114,NULL,'15:00:00','16:00:00','Viernes','activo','2025-04-11 11:29:58','2025-05-05 13:43:19','Laboratorio',9,0),(1270,NULL,2045,NULL,1114,NULL,'11:00:00','12:00:00','Martes','activo','2025-04-11 11:34:42',NULL,'Laboratorio',29,0),(1271,NULL,2045,NULL,1114,NULL,'12:00:00','13:00:00','Martes','activo','2025-04-11 11:34:47',NULL,'Laboratorio',29,0),(1272,NULL,2045,NULL,1114,NULL,'11:00:00','12:00:00','Lunes','activo','2025-04-11 11:34:56',NULL,'Laboratorio',29,0),(1273,NULL,2045,NULL,1114,NULL,'11:00:00','12:00:00','Jueves','activo','2025-04-11 11:42:09',NULL,'Laboratorio',29,0),(1274,NULL,2045,NULL,1114,NULL,'12:00:00','13:00:00','Jueves','activo','2025-04-11 11:42:13',NULL,'Laboratorio',29,0),(1275,NULL,2034,NULL,1115,NULL,'08:00:00','09:00:00','Jueves','activo','2025-04-11 11:45:01',NULL,'Laboratorio',29,0),(1276,NULL,2034,NULL,1115,NULL,'09:00:00','10:00:00','Jueves','activo','2025-04-11 11:45:06',NULL,'Laboratorio',29,0),(1277,NULL,2034,NULL,1116,NULL,'08:00:00','09:00:00','Viernes','activo','2025-04-11 11:45:30',NULL,'Laboratorio',29,0),(1278,NULL,2034,NULL,1116,NULL,'09:00:00','10:00:00','Viernes','activo','2025-04-11 11:45:34',NULL,'Laboratorio',29,0),(1279,NULL,2034,NULL,1117,NULL,'11:00:00','12:00:00','Miércoles','activo','2025-04-11 11:46:15',NULL,'Laboratorio',29,0),(1280,NULL,2034,NULL,1117,NULL,'12:00:00','13:00:00','Miércoles','activo','2025-04-11 11:46:19',NULL,'Laboratorio',29,0),(1282,NULL,2036,NULL,1116,NULL,'11:00:00','12:00:00','Lunes','activo','2025-04-11 11:56:30',NULL,'Laboratorio',21,0),(1283,NULL,2036,NULL,1116,NULL,'12:00:00','13:00:00','Lunes','activo','2025-04-11 11:56:44',NULL,'Laboratorio',21,0),(1284,NULL,2036,NULL,1116,NULL,'08:00:00','09:00:00','Miércoles','activo','2025-04-11 11:56:58',NULL,'Laboratorio',21,0),(1285,NULL,2036,NULL,1116,NULL,'09:00:00','10:00:00','Miércoles','activo','2025-04-11 11:57:03',NULL,'Laboratorio',21,0),(1286,NULL,2036,NULL,1116,NULL,'10:00:00','11:00:00','Viernes','activo','2025-04-11 11:57:27',NULL,'Laboratorio',21,0),(1287,NULL,2036,NULL,1116,NULL,'11:00:00','12:00:00','Viernes','activo','2025-04-11 11:57:32',NULL,'Laboratorio',21,0),(1288,NULL,2036,NULL,1116,NULL,'08:00:00','09:00:00','Jueves','activo','2025-04-11 11:57:53',NULL,'Laboratorio',21,0),(1289,NULL,2036,NULL,1117,NULL,'13:00:00','14:00:00','Martes','activo','2025-04-11 12:16:11',NULL,'Laboratorio',21,0),(1290,NULL,2036,NULL,1117,NULL,'14:00:00','15:00:00','Martes','activo','2025-04-11 12:16:16',NULL,'Laboratorio',21,0),(1291,NULL,2036,NULL,1117,NULL,'11:00:00','12:00:00','Jueves','activo','2025-04-11 12:16:37',NULL,'Laboratorio',21,0),(1292,NULL,2036,NULL,1117,NULL,'12:00:00','13:00:00','Jueves','activo','2025-04-11 12:16:43',NULL,'Laboratorio',21,0),(1293,NULL,2036,NULL,1117,NULL,'13:00:00','14:00:00','Viernes','activo','2025-04-11 12:16:57',NULL,'Laboratorio',21,0),(1294,NULL,2036,NULL,1117,NULL,'14:00:00','15:00:00','Viernes','activo','2025-04-11 12:17:21',NULL,'Laboratorio',21,0),(1295,NULL,2036,NULL,1117,NULL,'14:00:00','15:00:00','Lunes','activo','2025-04-11 12:17:40',NULL,'Laboratorio',21,0),(1296,NULL,2036,NULL,1115,NULL,'11:00:00','12:00:00','Martes','activo','2025-04-11 12:18:54',NULL,'Laboratorio',21,0),(1297,NULL,2036,NULL,1115,NULL,'12:00:00','13:00:00','Martes','activo','2025-04-11 12:18:58',NULL,'Laboratorio',21,0),(1298,NULL,2036,NULL,1115,NULL,'10:00:00','11:00:00','Miércoles','activo','2025-04-11 12:19:15',NULL,'Laboratorio',21,0),(1299,NULL,2036,NULL,1115,NULL,'11:00:00','12:00:00','Miércoles','activo','2025-04-11 12:19:18',NULL,'Laboratorio',21,0),(1300,NULL,2036,NULL,1115,NULL,'08:00:00','09:00:00','Viernes','activo','2025-04-11 12:19:46',NULL,'Laboratorio',21,0),(1301,NULL,2036,NULL,1115,NULL,'09:00:00','10:00:00','Viernes','activo','2025-04-11 12:19:51',NULL,'Laboratorio',21,0),(1302,NULL,2036,NULL,1115,NULL,'08:00:00','09:00:00','Lunes','activo','2025-04-11 12:20:04',NULL,'Laboratorio',21,0),(1303,NULL,1808,NULL,1115,NULL,'08:00:00','09:00:00','Martes','activo','2025-04-11 12:32:43',NULL,'Laboratorio',20,0),(1304,NULL,1808,NULL,1115,NULL,'10:00:00','11:00:00','Jueves','activo','2025-04-11 12:32:52',NULL,'Laboratorio',20,0),(1305,NULL,1808,NULL,1115,NULL,'10:00:00','11:00:00','Viernes','activo','2025-04-11 12:32:55',NULL,'Laboratorio',20,0),(1306,NULL,1808,NULL,1116,NULL,'10:00:00','11:00:00','Martes','activo','2025-04-11 12:34:43',NULL,'Laboratorio',20,0),(1307,NULL,1808,NULL,1116,NULL,'10:00:00','11:00:00','Miércoles','activo','2025-04-11 12:34:47',NULL,'Laboratorio',20,0),(1308,NULL,1808,NULL,1116,NULL,'12:00:00','13:00:00','Viernes','activo','2025-04-11 12:34:56',NULL,'Laboratorio',20,0),(1311,NULL,2040,NULL,1119,NULL,'10:00:00','11:00:00','Lunes','activo','2025-04-11 12:36:54',NULL,'Laboratorio',20,0),(1312,NULL,2040,NULL,1119,NULL,'11:00:00','12:00:00','Viernes','activo','2025-04-11 12:37:12',NULL,'Laboratorio',20,0),(1313,NULL,2168,NULL,1125,NULL,'11:00:00','12:00:00','Jueves','activo','2025-04-11 12:39:22',NULL,'Laboratorio',20,0),(1314,NULL,2168,NULL,1125,NULL,'11:00:00','12:00:00','Miércoles','activo','2025-04-11 12:39:31',NULL,'Laboratorio',20,0),(1315,NULL,2053,NULL,1117,NULL,'11:00:00','12:00:00','Viernes','activo','2025-04-11 12:48:17',NULL,'Laboratorio',11,0),(1316,NULL,2053,NULL,1117,NULL,'12:00:00','13:00:00','Viernes','activo','2025-04-11 12:48:27',NULL,'Laboratorio',11,0),(1317,NULL,2053,NULL,1117,NULL,'11:00:00','12:00:00','Lunes','activo','2025-04-11 12:48:41',NULL,'Laboratorio',11,0),(1318,NULL,2053,NULL,1117,NULL,'13:00:00','14:00:00','Jueves','activo','2025-04-11 12:48:51',NULL,'Laboratorio',11,0),(1319,NULL,2053,NULL,1117,NULL,'14:00:00','15:00:00','Jueves','activo','2025-04-11 12:48:54',NULL,'Laboratorio',11,0),(1320,NULL,2086,NULL,1119,NULL,'08:00:00','09:00:00','Miércoles','activo','2025-04-11 12:49:43',NULL,'Laboratorio',11,0),(1321,NULL,2086,NULL,1119,NULL,'09:00:00','10:00:00','Miércoles','activo','2025-04-11 12:49:47',NULL,'Laboratorio',11,0),(1322,NULL,2086,NULL,1119,NULL,'13:00:00','14:00:00','Lunes','activo','2025-04-11 12:50:49',NULL,'Laboratorio',11,0),(1323,NULL,2086,NULL,1119,NULL,'14:00:00','15:00:00','Lunes','activo','2025-04-11 12:50:52',NULL,'Laboratorio',11,0),(1324,NULL,2086,NULL,1119,NULL,'10:00:00','11:00:00','Viernes','activo','2025-04-11 12:51:24',NULL,'Laboratorio',11,0),(1325,NULL,2086,NULL,1119,NULL,'11:00:00','12:00:00','Jueves','activo','2025-04-11 12:51:32',NULL,'Laboratorio',11,0),(1326,NULL,2158,NULL,1124,NULL,'08:00:00','09:00:00','Lunes','activo','2025-04-11 12:52:28',NULL,'Laboratorio',11,0),(1327,NULL,2158,NULL,1124,NULL,'09:00:00','10:00:00','Lunes','activo','2025-04-11 12:52:32',NULL,'Laboratorio',11,0),(1328,NULL,2158,NULL,1124,NULL,'09:00:00','10:00:00','Martes','activo','2025-04-11 12:52:43',NULL,'Laboratorio',11,0),(1329,NULL,2158,NULL,1124,NULL,'10:00:00','11:00:00','Martes','activo','2025-04-11 12:52:47',NULL,'Laboratorio',11,0),(1330,NULL,2158,NULL,1124,NULL,'08:00:00','09:00:00','Jueves','activo','2025-04-11 12:53:14',NULL,'Laboratorio',11,0),(1331,NULL,2037,NULL,1116,NULL,'11:00:00','12:00:00','Martes','activo','2025-04-11 13:08:33',NULL,'Laboratorio',26,0),(1332,NULL,2037,NULL,1116,NULL,'12:00:00','13:00:00','Martes','activo','2025-04-11 13:08:36',NULL,'Laboratorio',26,0),(1335,NULL,2037,NULL,1116,NULL,'12:00:00','13:00:00','Jueves','activo','2025-04-11 13:10:23',NULL,'Laboratorio',26,0),(1336,NULL,2037,NULL,1116,NULL,'13:00:00','14:00:00','Jueves','activo','2025-04-11 13:10:28',NULL,'Laboratorio',26,0),(1337,NULL,2037,NULL,1116,NULL,'14:00:00','15:00:00','Jueves','activo','2025-04-11 13:10:32',NULL,'Laboratorio',26,0),(1338,NULL,2037,NULL,1116,NULL,'14:00:00','15:00:00','Miércoles','activo','2025-04-11 13:10:44',NULL,'Laboratorio',26,0),(1339,NULL,1754,NULL,1124,NULL,'10:00:00','11:00:00','Lunes','activo','2025-04-11 13:11:25',NULL,'Laboratorio',26,0),(1340,NULL,1754,NULL,1124,NULL,'11:00:00','12:00:00','Lunes','activo','2025-04-11 13:11:28',NULL,'Laboratorio',26,0),(1341,NULL,1754,NULL,1124,NULL,'10:00:00','11:00:00','Miércoles','activo','2025-04-11 13:11:36',NULL,'Laboratorio',26,0),(1342,NULL,1754,NULL,1124,NULL,'11:00:00','12:00:00','Miércoles','activo','2025-04-11 13:11:39',NULL,'Laboratorio',26,0),(1343,NULL,2154,NULL,1125,NULL,'14:00:00','15:00:00','Martes','activo','2025-04-11 13:19:49',NULL,'Laboratorio',8,0),(1344,NULL,2154,NULL,1125,NULL,'10:00:00','11:00:00','Miércoles','activo','2025-04-11 13:19:57',NULL,'Laboratorio',8,0),(1345,NULL,2154,NULL,1125,NULL,'09:00:00','10:00:00','Jueves','activo','2025-04-11 13:20:08',NULL,'Laboratorio',8,0),(1346,NULL,2154,NULL,1125,NULL,'10:00:00','11:00:00','Jueves','activo','2025-04-11 13:20:12',NULL,'Laboratorio',8,0),(1347,NULL,2154,NULL,1125,NULL,'10:00:00','11:00:00','Viernes','activo','2025-04-11 13:20:18',NULL,'Laboratorio',8,0),(1348,NULL,2154,NULL,1125,NULL,'11:00:00','12:00:00','Viernes','activo','2025-04-11 13:20:22',NULL,'Laboratorio',8,0),(1349,NULL,2154,NULL,1126,NULL,'10:00:00','11:00:00','Lunes','activo','2025-04-11 13:22:05',NULL,'Laboratorio',8,0),(1350,NULL,2154,NULL,1126,NULL,'11:00:00','12:00:00','Lunes','activo','2025-04-11 13:22:08',NULL,'Laboratorio',8,0),(1351,NULL,2154,NULL,1126,NULL,'09:00:00','10:00:00','Martes','activo','2025-04-11 13:22:13',NULL,'Laboratorio',8,0),(1357,NULL,2084,NULL,1119,NULL,'08:00:00','09:00:00','Lunes','activo','2025-04-11 13:26:59',NULL,'Laboratorio',20,0),(1358,NULL,2084,NULL,1119,NULL,'09:00:00','10:00:00','Lunes','activo','2025-04-11 13:27:03',NULL,'Laboratorio',20,0),(1359,NULL,2084,NULL,1119,NULL,'13:00:00','14:00:00','Martes','activo','2025-04-11 13:30:08',NULL,'Laboratorio',20,0),(1361,NULL,2084,NULL,1119,NULL,'13:00:00','14:00:00','Miércoles','activo','2025-04-11 13:31:24',NULL,'Laboratorio',20,0),(1363,NULL,2084,NULL,1119,NULL,'14:00:00','15:00:00','Viernes','activo','2025-04-11 13:31:51',NULL,'Laboratorio',20,0),(1365,NULL,2084,NULL,1119,NULL,'12:00:00','13:00:00','Jueves','activo','2025-04-11 13:37:36',NULL,'Laboratorio',20,0),(1366,NULL,2084,NULL,1119,NULL,'13:00:00','14:00:00','Jueves','activo','2025-04-11 13:37:40',NULL,'Laboratorio',20,0),(1367,NULL,2167,NULL,1125,NULL,'08:00:00','09:00:00','Lunes','activo','2025-04-11 13:57:59',NULL,'Laboratorio',9,0),(1368,NULL,2167,NULL,1125,NULL,'08:00:00','09:00:00','Jueves','activo','2025-04-11 13:58:30',NULL,'Laboratorio',9,0),(1369,NULL,2167,NULL,1125,NULL,'08:00:00','09:00:00','Viernes','activo','2025-04-11 13:58:33',NULL,'Laboratorio',9,0),(1370,NULL,2167,NULL,1125,NULL,'11:00:00','12:00:00','Martes','activo','2025-04-11 14:01:16',NULL,'Laboratorio',11,0),(1371,NULL,2167,NULL,1125,NULL,'13:00:00','14:00:00','Martes','activo','2025-04-11 14:01:20',NULL,'Laboratorio',11,0),(1372,NULL,2167,NULL,1126,NULL,'12:00:00','13:00:00','Miércoles','activo','2025-04-11 14:02:34',NULL,'Laboratorio',11,0),(1373,NULL,2167,NULL,1126,NULL,'13:00:00','14:00:00','Miércoles','activo','2025-04-11 14:02:37',NULL,'Laboratorio',11,0),(1374,NULL,2167,NULL,1126,NULL,'09:00:00','10:00:00','Jueves','activo','2025-04-11 14:02:42',NULL,'Laboratorio',11,0),(1375,NULL,2167,NULL,1126,NULL,'10:00:00','11:00:00','Jueves','activo','2025-04-11 14:02:47',NULL,'Laboratorio',11,0),(1376,NULL,2167,NULL,1126,NULL,'12:00:00','13:00:00','Martes','activo','2025-04-11 14:03:07',NULL,'Laboratorio',11,0),(1384,NULL,1804,NULL,1124,NULL,'12:00:00','13:00:00','Lunes','activo','2025-04-11 14:13:06',NULL,'Laboratorio',11,0),(1385,NULL,1804,NULL,1124,NULL,'09:00:00','10:00:00','Viernes','activo','2025-04-11 14:13:12',NULL,'Laboratorio',11,0),(1386,NULL,1804,NULL,1124,NULL,'11:00:00','12:00:00','Jueves','activo','2025-04-11 14:19:59',NULL,'Laboratorio',10,0),(1387,NULL,1804,NULL,1124,NULL,'12:00:00','13:00:00','Jueves','activo','2025-04-11 14:20:02',NULL,'Laboratorio',10,0),(1388,NULL,2088,NULL,1119,NULL,'12:00:00','13:00:00','Viernes','activo','2025-04-11 14:23:18',NULL,'Laboratorio',29,0),(1389,NULL,2088,NULL,1119,NULL,'13:00:00','14:00:00','Viernes','activo','2025-04-11 14:23:21',NULL,'Laboratorio',29,0),(1390,NULL,2088,NULL,1119,NULL,'10:00:00','11:00:00','Miércoles','activo','2025-04-11 14:23:50',NULL,'Laboratorio',29,0),(1391,NULL,2088,NULL,1119,NULL,'14:00:00','15:00:00','Martes','activo','2025-04-11 14:24:10',NULL,'Laboratorio',29,0),(1392,NULL,2088,NULL,1119,NULL,'14:00:00','15:00:00','Jueves','activo','2025-04-11 14:24:20',NULL,'Laboratorio',29,0),(1394,NULL,2080,NULL,1069,NULL,'12:00:00','13:00:00','Miércoles','activo','2025-04-29 12:23:10','2025-05-05 13:31:48','Laboratorio',12,0),(1395,NULL,1781,NULL,1065,NULL,'12:00:00','13:00:00','Jueves','activo','2025-04-29 12:30:24',NULL,'Laboratorio',19,0),(1396,NULL,1780,NULL,1065,60,'10:00:00','11:00:00','Martes','activo','2025-04-29 12:40:51',NULL,'Aula',NULL,0),(1397,NULL,1780,NULL,1065,60,'11:00:00','12:00:00','Martes','activo','2025-04-29 12:40:54',NULL,'Aula',NULL,0),(1398,NULL,1780,NULL,1065,NULL,'09:00:00','10:00:00','Viernes','activo','2025-04-29 12:42:38',NULL,'Laboratorio',35,0),(1399,NULL,1889,NULL,1058,NULL,'12:00:00','13:00:00','Jueves','activo','2025-04-29 12:56:29',NULL,'Laboratorio',13,0),(1401,NULL,1889,NULL,1058,NULL,'16:00:00','17:00:00','Miércoles','activo','2025-04-29 13:01:40',NULL,'Laboratorio',13,0),(1402,NULL,1765,NULL,1137,NULL,'12:00:00','13:00:00','Miércoles','activo','2025-04-29 13:13:53',NULL,'Laboratorio',25,0),(1403,NULL,1765,NULL,1137,NULL,'13:00:00','14:00:00','Miércoles','activo','2025-04-29 13:13:56',NULL,'Laboratorio',25,0),(1404,NULL,1765,NULL,1137,NULL,'14:00:00','15:00:00','Miércoles','activo','2025-04-29 13:14:01',NULL,'Laboratorio',25,0),(1405,NULL,1765,NULL,1137,NULL,'15:00:00','16:00:00','Miércoles','activo','2025-04-29 13:14:05',NULL,'Laboratorio',25,0),(1411,NULL,1768,NULL,1137,NULL,'12:00:00','13:00:00','Lunes','activo','2025-04-29 13:30:41',NULL,'Laboratorio',2,0),(1412,NULL,1768,NULL,1137,NULL,'13:00:00','14:00:00','Lunes','activo','2025-04-29 13:30:45',NULL,'Laboratorio',2,0),(1413,NULL,1768,NULL,1137,NULL,'14:00:00','15:00:00','Lunes','activo','2025-04-29 13:30:53',NULL,'Laboratorio',2,0),(1415,NULL,1764,NULL,1137,NULL,'15:00:00','16:00:00','Lunes','activo','2025-04-29 13:44:42',NULL,'Laboratorio',36,0),(1416,NULL,1764,NULL,1137,NULL,'16:00:00','17:00:00','Lunes','activo','2025-04-29 13:44:45',NULL,'Laboratorio',36,0),(1417,NULL,1810,NULL,1055,NULL,'08:00:00','09:00:00','Jueves','activo','2025-04-29 13:58:16',NULL,'Laboratorio',15,0),(1418,NULL,1810,NULL,1055,NULL,'14:00:00','15:00:00','Lunes','activo','2025-04-29 13:58:51',NULL,'Laboratorio',15,0),(1419,NULL,2149,136,1125,NULL,'12:00:00','13:00:00','Viernes','activo','2025-04-30 10:43:41',NULL,'Laboratorio',21,0),(1420,NULL,1811,NULL,1056,NULL,'07:00:00','08:00:00','Martes','activo','2025-04-30 11:03:48',NULL,'Laboratorio',34,0),(1421,NULL,1811,NULL,1056,NULL,'09:00:00','10:00:00','Jueves','activo','2025-04-30 11:03:52','2025-05-06 12:32:14','Laboratorio',34,0),(1422,NULL,2082,102,1070,59,'16:00:00','17:00:00','Viernes','activo','2025-04-30 11:41:36',NULL,'Aula',NULL,0),(1423,NULL,2082,102,1070,59,'17:00:00','18:00:00','Viernes','activo','2025-04-30 11:41:41',NULL,'Aula',NULL,0),(1424,NULL,2065,132,1062,20,'09:00:00','10:00:00','Jueves','activo','2025-04-30 13:09:47',NULL,'Aula',NULL,0),(1426,NULL,1672,NULL,1057,19,'19:00:00','20:00:00','Lunes','activo','2025-04-30 14:39:52',NULL,'Aula',NULL,0),(1427,NULL,1672,NULL,1057,19,'19:00:00','20:00:00','Martes','activo','2025-04-30 14:39:55',NULL,'Aula',NULL,0),(1428,NULL,1672,NULL,1057,19,'18:00:00','19:00:00','Martes','activo','2025-04-30 14:41:22','2025-05-05 10:18:52','Aula',NULL,0),(1429,NULL,1672,NULL,1057,19,'18:00:00','19:00:00','Jueves','activo','2025-04-30 14:41:32',NULL,'Aula',NULL,0),(1430,NULL,1672,NULL,1057,19,'18:00:00','19:00:00','Viernes','activo','2025-04-30 14:41:35',NULL,'Aula',NULL,0),(1431,NULL,2099,NULL,1102,2,'09:00:00','10:00:00','Lunes','activo','2025-04-30 15:46:56',NULL,'Aula',NULL,0),(1432,NULL,2099,NULL,1102,2,'09:00:00','10:00:00','Martes','activo','2025-04-30 15:46:59',NULL,'Aula',NULL,0),(1433,NULL,2099,NULL,1102,2,'12:00:00','13:00:00','Miércoles','activo','2025-04-30 15:47:05',NULL,'Aula',NULL,0),(1434,NULL,2099,NULL,1102,2,'13:00:00','14:00:00','Miércoles','activo','2025-04-30 15:47:07',NULL,'Aula',NULL,0),(1435,NULL,2093,NULL,1096,63,'12:00:00','13:00:00','Jueves','activo','2025-04-30 15:49:17',NULL,'Aula',NULL,0),(1436,NULL,2093,NULL,1096,63,'13:00:00','14:00:00','Jueves','activo','2025-04-30 15:49:21',NULL,'Aula',NULL,0),(1437,NULL,2093,NULL,1096,63,'12:00:00','13:00:00','Viernes','activo','2025-04-30 15:49:24',NULL,'Aula',NULL,0),(1438,NULL,2093,NULL,1096,63,'13:00:00','14:00:00','Viernes','activo','2025-04-30 15:49:28',NULL,'Aula',NULL,0),(1439,NULL,1709,NULL,1065,60,'14:00:00','15:00:00','Lunes','activo','2025-04-30 16:02:06',NULL,'Aula',NULL,0),(1440,NULL,1709,NULL,1065,60,'08:00:00','09:00:00','Lunes','activo','2025-04-30 16:02:08','2025-05-12 15:11:37','Aula',NULL,0),(1441,NULL,1709,NULL,1065,60,'14:00:00','15:00:00','Martes','activo','2025-04-30 16:02:13',NULL,'Aula',NULL,0),(1443,NULL,1709,NULL,1065,60,'07:00:00','08:00:00','Viernes','activo','2025-04-30 16:02:25',NULL,'Aula',NULL,0),(1444,NULL,1709,NULL,1065,60,'14:00:00','15:00:00','Viernes','activo','2025-04-30 16:02:33',NULL,'Aula',NULL,0),(1445,NULL,1784,NULL,1080,66,'15:00:00','16:00:00','Viernes','activo','2025-04-30 16:24:13','2025-05-19 15:40:44','Aula',NULL,0),(1446,NULL,1784,NULL,1080,66,'12:00:00','13:00:00','Martes','activo','2025-04-30 16:24:17',NULL,'Aula',NULL,0),(1447,NULL,1784,NULL,1080,66,'16:00:00','17:00:00','Viernes','activo','2025-04-30 16:24:19','2025-05-27 10:38:07','Aula',NULL,0),(1448,NULL,2154,93,1126,NULL,'08:00:00','09:00:00','Miércoles','activo','2025-05-02 16:36:28',NULL,'Laboratorio',20,0),(1449,NULL,2154,93,1126,NULL,'09:00:00','10:00:00','Miércoles','activo','2025-05-02 16:36:31',NULL,'Laboratorio',20,0),(1450,NULL,2154,93,1126,NULL,'12:00:00','13:00:00','Lunes','activo','2025-05-02 16:41:10',NULL,'Laboratorio',20,0),(1452,NULL,1865,136,1127,NULL,'14:00:00','15:00:00','Jueves','activo','2025-05-06 11:22:39',NULL,'Laboratorio',9,0),(1456,NULL,2082,102,1070,35,'15:00:00','16:00:00','Martes','activo','2025-05-08 12:26:45',NULL,'Aula',NULL,0),(1457,NULL,2082,102,1070,35,'15:00:00','16:00:00','Miércoles','activo','2025-05-08 12:26:50',NULL,'Aula',NULL,0),(1458,NULL,2058,21,1112,68,'12:00:00','13:00:00','Jueves','activo','2025-05-08 13:59:36','2025-05-29 12:22:04','Aula',NULL,0),(1459,NULL,1777,41,1065,59,'12:00:00','13:00:00','Lunes','activo','2025-05-08 14:12:36',NULL,'Aula',NULL,0),(1460,NULL,1747,89,1069,59,'13:00:00','14:00:00','Miércoles','activo','2025-05-08 17:23:14',NULL,'Aula',NULL,0),(1461,NULL,2082,31,1069,59,'10:00:00','11:00:00','Viernes','activo','2025-05-08 17:23:30',NULL,'Aula',NULL,0),(1462,NULL,2035,77,1117,NULL,'13:00:00','14:00:00','Lunes','activo','2025-05-12 13:25:24',NULL,'Laboratorio',10,0),(1463,NULL,1865,136,1127,NULL,'11:00:00','12:00:00','Miércoles','activo','2025-05-21 11:15:42',NULL,'Laboratorio',9,0),(1464,NULL,2083,76,1119,NULL,'11:00:00','12:00:00','Miércoles','activo','2025-05-21 11:16:15',NULL,'Laboratorio',11,0);

--
-- Table structure for table `permisos`
--

CREATE TABLE `permisos` (
  `id_permiso` int NOT NULL AUTO_INCREMENT,
  `nombre_permiso` varchar(100) CHARACTER SET utf8mb4 COLLATE utf8mb4_spanish_ci NOT NULL,
  `descripcion` varchar(255) CHARACTER SET utf8mb4 COLLATE utf8mb4_spanish_ci NOT NULL,
  `fyh_creacion` datetime DEFAULT CURRENT_TIMESTAMP,
  `estado` varchar(11) CHARACTER SET utf8mb4 COLLATE utf8mb4_spanish_ci DEFAULT '1',
  PRIMARY KEY (`id_permiso`),
  UNIQUE KEY `nombre_permiso` (`nombre_permiso`)
) ENGINE=InnoDB AUTO_INCREMENT=16 DEFAULT CHARSET=utf8mb4 COLLATE=utf8mb4_spanish_ci;

--
-- Dumping data for table `permisos`
--

INSERT INTO `permisos` VALUES (1,'admin_access','ACCESO COMPLETO AL PANEL DE ADMINISTRACIÓN','2024-11-19 05:27:01','1'),(2,'user_manage','PERMISO PARA GESTIONAR USUARIOS','2024-11-19 05:27:01','1'),(3,'role_manage','PERMISO PARA GESTIONAR ROLES Y PERMISOS DE USUARIOS','2024-11-19 05:27:01','1'),(4,'schedule_manage','PERMISO PARA GESTIONAR Y ASIGNAR HORARIOS DE CLASES','2024-11-19 05:27:01','1'),(5,'classroom_assign','PERMISO PARA ASIGNAR SALONES A GRUPOS','2024-11-19 05:27:01','1'),(6,'group_view','VER GRUPOS Y SU INFORMACIÓN','2024-11-19 05:27:01','1'),(7,'group_edit','EDITAR GRUPOS Y SUS ASIGNACIONES','2024-11-19 05:27:01','1'),(8,'subject_view','VER LISTA DE MATERIAS','2024-11-19 05:27:01','1'),(9,'subject_edit','EDITAR LISTA DE MATERIAS Y SUS ASIGNACIONES','2024-11-19 05:27:01','1'),(10,'teacher_assign','ASIGNAR PROFESORES A MATERIAS Y GRUPOS','2024-11-19 05:27:01','1'),(11,'lab_block_manage','BLOQUEAR Y GESTIONAR LABORATORIOS','2025-04-28 10:26:04','1'),(12,'classroom_edit','EDITAR INFORMACIÓN DE SALONES','2025-04-28 10:26:04','1'),(13,'lab_edit','EDITAR INFORMACIÓN DE LABORATORIOS','2025-04-28 10:26:04','1'),(14,'group_create','CREAR NUEVOS GRUPOS ESCOLARES','2025-04-28 10:26:04','1'),(15,'program_edit','EDITAR INFORMACIÓN DE PROGRAMAS EDUCATIVOS','2025-04-28 10:26:04','1');

--
-- Table structure for table `permisos_roles`
--

CREATE TABLE `permisos_roles` (
  `id_permiso_rol` int NOT NULL AUTO_INCREMENT,
  `id_rol` int NOT NULL,
  `id_permiso` int NOT NULL,
  `fyh_creacion` datetime DEFAULT CURRENT_TIMESTAMP,
  PRIMARY KEY (`id_permiso_rol`),
  KEY `id_rol` (`id_rol`),
  KEY `id_permiso` (`id_permiso`),
  CONSTRAINT `permisos_roles_ibfk_1` FOREIGN KEY (`id_rol`) REFERENCES `roles` (`id_rol`) ON DELETE CASCADE,
  CONSTRAINT `permisos_roles_ibfk_2` FOREIGN KEY (`id_permiso`) REFERENCES `permisos` (`id_permiso`) ON DELETE CASCADE
) ENGINE=InnoDB AUTO_INCREMENT=68 DEFAULT CHARSET=utf8mb4 COLLATE=utf8mb4_spanish_ci;

--
-- Dumping data for table `permisos_roles`
--

INSERT INTO `permisos_roles` VALUES (23,3,6,'2024-11-19 05:27:01'),(24,3,8,'2024-11-19 05:27:01'),(25,3,2,'2024-11-19 05:27:01'),(26,4,1,'2024-11-19 05:27:01'),(27,4,2,'2024-11-19 05:27:01'),(45,5,6,'2025-04-28 21:51:47'),(46,5,8,'2025-04-28 21:51:47'),(47,5,10,'2025-04-28 21:51:47'),(48,1,1,'2025-04-28 21:58:05'),(49,1,2,'2025-04-28 21:58:05'),(50,1,3,'2025-04-28 21:58:05'),(51,1,4,'2025-04-28 21:58:05'),(52,1,5,'2025-04-28 21:58:05'),(53,1,6,'2025-04-28 21:58:05'),(54,1,7,'2025-04-28 21:58:05'),(55,1,8,'2025-04-28 21:58:05'),(56,1,9,'2025-04-28 21:58:05'),(57,1,10,'2025-04-28 21:58:05'),(58,1,11,'2025-04-28 21:58:05'),(59,1,12,'2025-04-28 21:58:05'),(60,1,13,'2025-04-28 21:58:05'),(61,1,14,'2025-04-28 21:58:05'),(62,1,15,'2025-04-28 21:58:05'),(63,2,6,'2025-04-29 11:46:23'),(64,2,8,'2025-04-29 11:46:23'),(65,2,10,'2025-04-29 11:46:23'),(66,2,11,'2025-04-29 11:46:23'),(67,7,6,'2025-05-05 22:42:44');

--
-- Table structure for table `program_term_subjects`
--

CREATE TABLE `program_term_subjects` (
  `program_term_subject_id` int NOT NULL AUTO_INCREMENT,
  `program_id` int DEFAULT NULL,
  `term_id` int DEFAULT NULL,
  `subject_id` int DEFAULT NULL,
  PRIMARY KEY (`program_term_subject_id`),
  KEY `program_id` (`program_id`),
  KEY `term_id` (`term_id`),
  KEY `subject_id` (`subject_id`),
  CONSTRAINT `program_term_subjects_ibfk_1` FOREIGN KEY (`program_id`) REFERENCES `programs` (`program_id`),
  CONSTRAINT `program_term_subjects_ibfk_2` FOREIGN KEY (`term_id`) REFERENCES `terms` (`term_id`),
  CONSTRAINT `program_term_subjects_ibfk_3` FOREIGN KEY (`subject_id`) REFERENCES `subjects` (`subject_id`)
) ENGINE=InnoDB AUTO_INCREMENT=2764 DEFAULT CHARSET=utf8mb4 COLLATE=utf8mb4_spanish_ci;

--
-- Dumping data for table `program_term_subjects`
--

INSERT INTO `program_term_subjects` VALUES (1637,1,1,1637),(1638,1,1,1638),(1639,1,1,1639),(1640,1,1,1640),(1641,1,1,1641),(1642,1,1,1642),(1643,1,1,1643),(1644,1,2,1644),(1645,3,1,1645),(1646,1,2,1646),(1647,3,1,1647),(1648,3,1,1648),(1649,1,3,1649),(1650,3,1,1650),(1651,1,3,1651),(1652,4,1,1652),(1653,4,1,1653),(1654,4,1,1654),(1655,4,1,1655),(1656,4,1,1656),(1657,2,5,1657),(1658,2,5,1658),(1659,2,5,1659),(1660,8,1,1660),(1661,8,1,1661),(1662,4,1,1662),(1663,8,1,1663),(1664,8,1,1664),(1665,4,1,1665),(1666,12,1,1666),(1667,4,2,1667),(1668,12,1,1668),(1669,4,2,1669),(1670,12,1,1670),(1671,12,1,1671),(1672,4,3,1672),(1673,4,4,1673),(1674,15,1,1674),(1675,15,1,1675),(1676,15,1,1676),(1677,15,1,1677),(1678,15,1,1678),(1679,4,5,1679),(1680,4,5,1680),(1681,16,1,1681),(1682,16,1,1682),(1683,4,8,1683),(1684,4,9,1684),(1685,16,1,1685),(1686,14,2,1686),(1687,14,2,1687),(1688,18,1,1688),(1689,22,7,1689),(1690,22,7,1690),(1691,22,7,1691),(1692,22,7,1692),(1693,8,1,1693),(1694,1,2,1694),(1695,1,2,1695),(1696,1,2,1696),(1697,1,2,1697),(1698,1,2,1698),(1699,8,1,1699),(1700,8,1,1700),(1701,8,2,1701),(1702,3,2,1702),(1703,3,2,1703),(1704,3,2,1704),(1705,3,2,1705),(1706,8,2,1706),(1707,8,2,1707),(1708,4,2,1708),(1709,5,3,1709),(1710,4,2,1710),(1711,4,2,1711),(1712,4,2,1712),(1713,9,5,1713),(1714,8,2,1714),(1715,8,2,1715),(1716,10,5,1716),(1717,8,2,1717),(1718,10,5,1718),(1719,8,2,1719),(1720,10,5,1720),(1721,12,2,1721),(1722,12,2,1722),(1723,12,2,1723),(1724,12,2,1724),(1725,12,2,1725),(1726,12,2,1726),(1727,14,2,1727),(1728,14,2,1728),(1729,14,2,1729),(1730,11,5,1730),(1731,14,2,1731),(1732,14,2,1732),(1733,11,5,1733),(1734,26,8,1734),(1735,15,2,1735),(1736,15,2,1736),(1737,15,2,1737),(1738,15,2,1738),(1739,26,8,1739),(1740,15,2,1740),(1741,26,9,1741),(1742,16,2,1742),(1743,16,2,1743),(1744,16,2,1744),(1745,16,2,1745),(1746,16,2,1746),(1747,26,9,1747),(1748,26,10,1748),(1749,22,7,1749),(1750,26,10,1750),(1751,12,1,1751),(1752,12,1,1752),(1753,12,1,1753),(1754,22,8,1754),(1755,4,2,1755),(1756,1,3,1756),(1757,12,2,1757),(1758,1,3,1758),(1759,1,3,1759),(1760,1,3,1760),(1761,1,3,1761),(1762,12,3,1762),(1763,12,4,1763),(1764,3,3,1764),(1765,3,3,1765),(1766,3,3,1766),(1767,3,3,1767),(1768,3,3,1768),(1769,12,5,1769),(1770,4,3,1770),(1771,4,3,1771),(1772,4,3,1772),(1773,4,3,1773),(1774,12,5,1774),(1775,12,7,1775),(1776,5,3,1776),(1777,5,3,1777),(1778,5,3,1778),(1779,5,3,1779),(1780,5,3,1780),(1781,25,3,1781),(1782,15,1,1782),(1783,12,3,1783),(1784,12,3,1784),(1785,12,3,1785),(1786,12,3,1786),(1787,12,3,1787),(1788,12,3,1788),(1789,15,1,1789),(1790,15,3,1790),(1791,15,3,1791),(1792,15,3,1792),(1793,15,3,1793),(1794,15,3,1794),(1795,15,2,1795),(1796,15,2,1796),(1797,16,3,1797),(1798,16,3,1798),(1799,15,3,1799),(1800,16,3,1800),(1801,15,3,1801),(1802,16,3,1802),(1803,15,4,1803),(1804,22,8,1804),(1805,18,2,1805),(1806,22,8,1806),(1807,15,5,1807),(1808,18,3,1808),(1809,13,7,1809),(1810,4,3,1810),(1811,4,3,1811),(1812,3,4,1812),(1813,3,4,1813),(1814,3,4,1814),(1815,3,4,1815),(1816,3,4,1816),(1817,3,4,1817),(1818,3,4,1818),(1819,3,4,1819),(1820,3,4,1820),(1821,15,5,1821),(1822,4,4,1822),(1823,4,4,1823),(1824,4,4,1824),(1825,4,4,1825),(1826,4,4,1826),(1827,4,4,1827),(1828,12,4,1828),(1829,12,4,1829),(1830,12,4,1830),(1831,15,5,1831),(1832,12,4,1832),(1833,12,4,1833),(1834,12,4,1834),(1835,12,4,1835),(1836,15,4,1836),(1837,15,4,1837),(1838,15,4,1838),(1839,15,5,1839),(1840,15,4,1840),(1841,15,4,1841),(1842,15,4,1842),(1843,15,4,1843),(1844,15,4,1844),(1845,16,4,1845),(1846,16,4,1846),(1847,16,4,1847),(1848,16,4,1848),(1849,15,8,1849),(1850,16,4,1850),(1851,16,4,1851),(1852,15,8,1852),(1853,16,4,1853),(1854,13,7,1854),(1855,13,7,1855),(1856,13,7,1856),(1857,19,4,1857),(1858,13,8,1858),(1859,13,8,1859),(1860,13,8,1860),(1861,13,8,1861),(1862,13,8,1862),(1863,15,8,1863),(1864,15,10,1864),(1865,13,9,1865),(1866,13,9,1866),(1867,13,9,1867),(1868,13,9,1868),(1869,16,1,1869),(1870,2,5,1870),(1871,2,5,1871),(1872,2,5,1872),(1873,16,1,1873),(1874,2,5,1874),(1875,16,1,1875),(1876,2,5,1876),(1877,3,5,1877),(1878,16,1,1878),(1879,16,2,1879),(1880,16,2,1880),(1881,16,3,1881),(1882,16,3,1882),(1883,3,5,1883),(1884,3,5,1884),(1885,4,5,1885),(1886,4,5,1886),(1887,4,5,1887),(1888,16,3,1888),(1889,4,5,1889),(1890,16,4,1890),(1891,4,5,1891),(1892,9,5,1892),(1893,9,5,1893),(1894,9,5,1894),(1895,9,5,1895),(1896,9,5,1896),(1897,9,5,1897),(1898,16,4,1898),(1899,9,5,1899),(1900,10,5,1900),(1901,10,5,1901),(1902,16,5,1902),(1903,16,5,1903),(1904,10,5,1904),(1905,10,5,1905),(1906,10,5,1906),(1907,16,5,1907),(1908,10,5,1908),(1909,11,5,1909),(1910,16,5,1910),(1911,11,5,1911),(1912,11,5,1912),(1913,11,5,1913),(1914,11,5,1914),(1915,16,5,1915),(1916,11,5,1916),(1917,12,5,1917),(1918,12,5,1918),(1919,16,7,1919),(1920,15,5,1920),(1921,16,7,1921),(1922,16,8,1922),(1923,15,5,1923),(1924,15,5,1924),(1925,16,8,1925),(1926,15,5,1926),(1927,15,5,1927),(1928,16,5,1928),(1929,16,5,1929),(1930,16,9,1930),(1931,16,10,1931),(1932,3,1,1932),(1933,3,1,1933),(1934,16,5,1934),(1935,3,1,1935),(1936,23,4,1936),(1937,13,7,1937),(1938,13,9,1938),(1939,3,2,1939),(1940,13,10,1940),(1941,3,2,1941),(1942,13,10,1942),(1943,13,10,1943),(1944,3,2,1944),(1945,13,10,1945),(1946,13,10,1946),(1947,13,10,1947),(1948,27,2,1948),(1949,3,3,1949),(1950,27,2,1950),(1951,12,5,1951),(1952,12,5,1952),(1953,3,3,1953),(1954,12,5,1954),(1955,12,5,1955),(1956,3,5,1956),(1957,3,7,1957),(1958,3,5,1958),(1959,3,7,1959),(1960,3,7,1960),(1961,3,7,1961),(1962,3,7,1962),(1963,3,7,1963),(1964,3,7,1964),(1965,4,7,1965),(1966,4,7,1966),(1967,4,7,1967),(1968,4,7,1968),(1969,4,7,1969),(1970,4,7,1970),(1971,12,7,1971),(1972,3,5,1972),(1973,12,7,1973),(1974,12,7,1974),(1975,12,7,1975),(1976,12,7,1976),(1977,26,7,1977),(1978,26,7,1978),(1979,26,7,1979),(1980,26,7,1980),(1981,26,7,1981),(1982,26,7,1982),(1983,26,7,1983),(1984,27,2,1984),(1985,27,2,1985),(1986,3,5,1986),(1987,27,5,1987),(1988,27,5,1988),(1989,27,5,1989),(1990,15,7,1990),(1991,15,7,1991),(1992,15,7,1992),(1993,15,7,1993),(1994,15,7,1994),(1995,15,7,1995),(1996,15,7,1996),(1997,16,7,1997),(1998,16,7,1998),(1999,3,5,1999),(2000,3,7,2000),(2001,16,7,2001),(2002,16,7,2002),(2003,27,5,2003),(2004,18,1,2004),(2005,18,1,2005),(2006,3,8,2006),(2007,18,1,2007),(2008,18,1,2008),(2009,18,1,2009),(2010,3,9,2010),(2011,3,8,2011),(2012,3,8,2012),(2013,3,8,2013),(2014,3,8,2014),(2015,3,8,2015),(2016,3,8,2016),(2017,4,8,2017),(2018,4,8,2018),(2019,4,8,2019),(2020,4,8,2020),(2021,4,8,2021),(2022,12,8,2022),(2023,12,8,2023),(2024,12,8,2024),(2025,12,8,2025),(2026,12,8,2026),(2027,18,2,2027),(2028,18,2,2028),(2029,26,8,2029),(2030,26,8,2030),(2031,26,8,2031),(2032,26,8,2032),(2033,18,3,2033),(2034,18,3,2034),(2035,18,3,2035),(2036,18,3,2036),(2037,18,3,2037),(2038,22,10,2038),(2039,18,1,2039),(2040,19,5,2040),(2041,15,8,2041),(2042,15,8,2042),(2043,18,2,2043),(2044,15,8,2044),(2045,18,2,2045),(2046,16,8,2046),(2047,18,2,2047),(2048,16,8,2048),(2049,16,8,2049),(2050,16,8,2050),(2051,18,2,2051),(2052,23,5,2052),(2053,18,3,2053),(2054,19,4,2054),(2055,19,4,2055),(2056,19,4,2056),(2057,3,9,2057),(2058,3,9,2058),(2059,3,9,2059),(2060,19,4,2060),(2061,3,9,2061),(2062,3,9,2062),(2063,3,9,2063),(2064,4,9,2064),(2065,4,9,2065),(2066,4,9,2066),(2067,19,4,2067),(2068,4,9,2068),(2069,4,9,2069),(2070,4,9,2070),(2071,12,9,2071),(2072,12,9,2072),(2073,12,9,2073),(2074,12,9,2074),(2075,12,9,2075),(2076,12,9,2076),(2077,19,4,2077),(2078,19,4,2078),(2079,26,9,2079),(2080,26,9,2080),(2081,26,9,2081),(2082,26,9,2082),(2083,19,5,2083),(2084,19,5,2084),(2085,19,5,2085),(2086,19,5,2086),(2087,22,7,2087),(2088,19,5,2088),(2089,15,9,2089),(2090,15,9,2090),(2091,15,9,2091),(2092,15,9,2092),(2093,15,9,2093),(2094,16,9,2094),(2095,16,9,2095),(2096,16,9,2096),(2097,19,5,2097),(2098,16,9,2098),(2099,16,9,2099),(2100,13,7,2100),(2101,23,4,2101),(2102,23,4,2102),(2103,23,4,2103),(2104,23,4,2104),(2105,22,8,2105),(2106,3,10,2106),(2107,3,10,2107),(2108,3,10,2108),(2109,3,10,2109),(2110,3,10,2110),(2111,3,10,2111),(2112,3,10,2112),(2113,3,10,2113),(2114,4,10,2114),(2115,4,10,2115),(2116,4,10,2116),(2117,4,10,2117),(2118,4,10,2118),(2119,4,10,2119),(2120,4,10,2120),(2121,12,10,2121),(2122,12,10,2122),(2123,12,10,2123),(2124,12,10,2124),(2125,12,10,2125),(2126,12,10,2126),(2127,12,10,2127),(2128,23,5,2128),(2129,23,5,2129),(2130,26,10,2130),(2131,26,10,2131),(2132,26,10,2132),(2133,26,10,2133),(2134,26,10,2134),(2135,23,5,2135),(2136,23,5,2136),(2137,23,4,2137),(2138,23,4,2138),(2139,23,5,2139),(2140,23,5,2140),(2141,15,10,2141),(2142,15,10,2142),(2143,15,10,2143),(2144,15,10,2144),(2145,13,8,2145),(2146,15,10,2146),(2147,16,10,2147),(2148,16,10,2148),(2149,22,9,2149),(2150,16,10,2150),(2151,16,10,2151),(2152,16,10,2152),(2153,22,7,2153),(2154,22,9,2154),(2155,22,8,2155),(2156,22,9,2156),(2157,13,9,2157),(2158,22,8,2158),(2159,22,9,2159),(2160,28,2,2160),(2161,28,2,2161),(2162,28,2,2162),(2163,28,2,2163),(2164,28,2,2164),(2165,28,2,2165),(2166,28,2,2166),(2167,22,9,2167),(2168,22,9,2168),(2169,22,10,2169),(2170,22,10,2170),(2171,22,10,2171),(2172,22,10,2172),(2173,22,10,2173),(2174,22,10,2174),(2175,4,2,1711),(2176,15,2,1738),(2177,18,2,2028),(2178,28,2,2164),(2179,4,5,1886),(2180,11,5,1912),(2181,8,3,1709),(2182,8,3,1709),(2183,8,3,1777),(2184,8,3,1777),(2185,8,3,1780),(2186,8,3,1776),(2187,8,3,1779),(2188,8,3,1778),(2189,24,3,1781),(2190,8,3,1781),(2191,14,3,1686),(2192,14,2,1686),(2193,14,2,1687),(2194,14,2,1727),(2195,14,2,1727),(2196,14,2,1728),(2197,14,2,1729),(2198,14,2,1731),(2199,14,2,1731),(2200,14,2,1732),(2201,28,3,2175),(2202,28,3,2176),(2203,28,3,2175),(2204,28,3,2177),(2205,28,3,2178),(2206,28,3,2179),(2207,28,3,2180),(2208,28,3,2181),(2209,15,1,1674),(2210,17,3,2182),(2211,18,3,2053),(2212,3,3,1949),(2213,26,9,2081),(2214,16,3,1882),(2215,16,3,1882),(2220,1,1,1637),(2221,1,1,1638),(2222,1,1,1639),(2223,1,1,1640),(2224,1,1,1641),(2225,1,1,1642),(2226,1,1,1643),(2227,1,2,1644),(2228,3,1,1645),(2229,1,2,1646),(2230,3,1,1647),(2231,3,1,1648),(2232,1,3,1649),(2233,3,1,1650),(2234,1,3,1651),(2235,4,1,1652),(2236,4,1,1653),(2237,4,1,1654),(2238,4,1,1655),(2239,4,1,1656),(2240,2,5,1657),(2241,2,5,1658),(2242,8,1,1660),(2243,8,1,1661),(2244,4,1,1662),(2245,8,1,1663),(2246,8,1,1664),(2247,4,1,1665),(2248,12,1,1666),(2249,4,2,1667),(2250,12,1,1668),(2251,4,2,1669),(2252,12,1,1670),(2253,12,1,1671),(2254,4,3,1672),(2255,4,4,1673),(2256,15,1,1674),(2257,15,1,1675),(2258,15,1,1676),(2259,15,1,1677),(2260,15,1,1678),(2261,16,1,1681),(2262,16,1,1682),(2263,4,8,1683),(2264,16,1,1685),(2265,18,1,1688),(2266,22,7,1692),(2267,8,1,1693),(2268,1,2,1694),(2269,1,2,1695),(2270,1,2,1696),(2271,1,2,1697),(2272,1,2,1698),(2273,8,1,1699),(2274,8,1,1700),(2275,8,2,1701),(2276,3,2,1702),(2277,3,2,1703),(2278,3,2,1704),(2279,3,2,1705),(2280,8,2,1706),(2281,8,2,1707),(2282,4,2,1708),(2283,8,3,1709),(2284,4,2,1710),(2285,4,2,1711),(2286,4,2,1712),(2287,8,2,1714),(2288,8,2,1715),(2289,8,2,1717),(2290,8,2,1719),(2291,12,2,1721),(2292,12,2,1722),(2293,12,2,1723),(2294,12,2,1724),(2295,12,2,1725),(2296,12,2,1726),(2297,15,2,1735),(2298,14,2,1727),(2299,15,2,1736),(2300,15,2,1737),(2301,15,2,1738),(2302,15,2,1738),(2303,15,2,1740),(2304,16,2,1742),(2305,16,2,1743),(2306,16,2,1744),(2307,16,2,1745),(2308,16,2,1746),(2309,12,1,1751),(2310,12,1,1752),(2311,12,1,1753),(2312,4,2,1755),(2313,1,3,1756),(2314,12,2,1757),(2315,1,3,1758),(2316,1,3,1759),(2317,1,3,1760),(2318,1,3,1761),(2319,12,3,1762),(2320,12,4,1763),(2321,3,3,1764),(2322,3,3,1765),(2323,3,3,1766),(2324,3,3,1767),(2325,3,3,1768),(2326,12,5,1769),(2327,4,3,1770),(2328,4,3,1771),(2329,4,3,1772),(2330,4,3,1773),(2331,12,7,1775),(2332,8,3,1776),(2333,8,3,1777),(2334,8,3,1778),(2335,8,3,1779),(2336,8,3,1780),(2337,8,3,1781),(2338,15,1,1782),(2339,12,3,1783),(2340,12,3,1784),(2341,12,3,1785),(2342,12,3,1786),(2343,12,3,1787),(2344,12,3,1788),(2345,15,1,1789),(2346,15,3,1790),(2347,15,3,1791),(2348,15,3,1792),(2349,15,3,1793),(2350,15,3,1794),(2351,15,2,1795),(2352,15,2,1796),(2353,16,3,1797),(2354,16,3,1798),(2355,15,3,1799),(2356,16,3,1800),(2357,15,3,1801),(2358,16,3,1802),(2359,15,4,1803),(2360,18,2,1805),(2361,15,5,1807),(2362,18,3,1808),(2363,4,3,1810),(2364,4,3,1811),(2365,3,4,1812),(2366,3,4,1814),(2367,3,4,1815),(2368,3,4,1816),(2369,3,4,1817),(2370,3,4,1818),(2371,3,4,1820),(2372,15,5,1821),(2373,4,4,1822),(2374,4,4,1823),(2375,4,4,1824),(2376,4,4,1825),(2377,4,4,1827),(2378,12,4,1828),(2379,12,4,1829),(2380,12,4,1830),(2381,15,5,1831),(2382,12,4,1832),(2383,12,4,1833),(2384,12,4,1834),(2385,15,4,1836),(2386,15,4,1837),(2387,15,4,1841),(2388,15,4,1843),(2389,16,4,1845),(2390,16,4,1846),(2391,16,4,1847),(2392,16,4,1848),(2393,15,8,1852),(2394,13,7,1854),(2395,13,7,1855),(2396,19,4,1857),(2397,13,8,1860),(2398,15,8,1863),(2399,16,1,1869),(2400,2,5,1871),(2401,2,5,1872),(2402,16,1,1873),(2403,2,5,1874),(2404,16,1,1875),(2405,2,5,1876),(2406,3,5,1877),(2407,16,1,1878),(2408,16,2,1879),(2409,16,2,1880),(2410,16,3,1881),(2411,16,3,1882),(2412,3,5,1884),(2413,4,5,1885),(2414,16,3,1888),(2415,4,5,1889),(2416,4,5,1891),(2417,10,5,1905),(2418,10,5,1906),(2419,10,5,1908),(2420,11,5,1909),(2421,11,5,1912),(2422,11,5,1912),(2423,11,5,1914),(2424,11,5,1916),(2425,12,5,1917),(2426,12,5,1918),(2427,16,7,1919),(2428,15,5,1924),(2429,16,8,1925),(2430,15,5,1927),(2431,16,5,1928),(2432,16,5,1929),(2433,3,1,1932),(2434,3,1,1933),(2435,3,1,1935),(2436,23,4,1936),(2437,3,2,1939),(2438,3,2,1941),(2439,3,2,1944),(2440,3,3,1949),(2441,12,5,1952),(2442,3,3,1953),(2443,12,5,1954),(2444,12,5,1955),(2445,3,5,1958),(2446,3,7,1964),(2447,4,7,1967),(2448,4,7,1968),(2449,4,7,1970),(2450,12,7,1971),(2451,12,7,1973),(2452,12,7,1974),(2453,12,7,1976),(2454,15,7,1992),(2455,15,7,1993),(2456,15,7,1996),(2457,3,7,2000),(2458,16,7,2002),(2459,18,1,2004),(2460,18,1,2005),(2461,18,1,2007),(2462,18,1,2008),(2463,18,1,2009),(2464,3,8,2012),(2465,3,8,2014),(2466,22,9,2168),(2467,13,9,2157),(2468,13,8,2145),(2469,23,4,2137),(2470,23,5,2136),(2471,22,8,2105),(2472,16,9,2099),(2473,15,9,2093),(2474,15,9,2091),(2475,15,9,2090),(2476,15,9,2089),(2477,22,7,2087),(2478,19,5,2085),(2479,26,9,2082),(2480,12,9,2076),(2481,12,9,2074),(2482,12,9,2072),(2483,12,9,2071),(2484,4,9,2070),(2485,19,4,2067),(2486,4,9,2064),(2487,3,9,2063),(2488,3,9,2059),(2489,3,9,2058),(2490,19,4,2054),(2491,18,3,2053),(2492,23,5,2052),(2493,18,2,2051),(2494,16,8,2050),(2495,16,8,2048),(2496,18,2,2047),(2497,18,2,2045),(2498,15,8,2044),(2499,18,2,2043),(2500,15,8,2042),(2501,15,8,2041),(2502,3,8,2016),(2503,19,5,2040),(2504,18,1,2039),(2505,18,3,2037),(2506,18,3,2036),(2507,18,3,2035),(2508,18,3,2034),(2509,18,3,2033),(2510,26,8,2032),(2511,18,2,2028),(2512,18,2,2027),(2513,12,8,2026),(2514,12,8,2025),(2515,12,8,2024),(2516,12,8,2023),(2517,12,8,2022),(2518,4,8,2021),(2519,4,8,2020),(2520,4,8,2019),(2521,4,8,2018),(2522,4,8,2017),(2523,28,2,2160),(2524,28,2,2161),(2525,28,2,2162),(2526,28,2,2163),(2527,28,2,2164),(2528,28,2,2165),(2529,28,2,2166),(2530,28,3,2175),(2531,28,3,2176),(2532,28,3,2177),(2533,28,3,2178),(2534,28,3,2179),(2535,28,3,2180),(2536,28,3,2181),(2537,2,5,1659),(2538,4,5,1679),(2539,4,5,1680),(2540,4,9,1684),(2541,22,7,1689),(2542,22,7,1690),(2543,22,7,1691),(2544,9,5,1713),(2545,10,5,1716),(2546,10,5,1720),(2547,10,5,1718),(2548,26,8,1734),(2549,11,5,1733),(2550,11,5,1730),(2551,26,9,1741),(2552,26,8,1739),(2553,22,8,1754),(2554,26,9,1747),(2555,26,10,1748),(2556,22,7,1749),(2557,26,10,1750),(2558,12,5,1774),(2559,22,8,1806),(2560,22,8,1804),(2561,3,4,1813),(2562,13,7,1809),(2563,4,4,1826),(2564,3,4,1819),(2565,12,4,1835),(2566,15,4,1844),(2567,15,4,1842),(2568,15,4,1840),(2569,15,5,1839),(2570,15,4,1838),(2571,16,4,1853),(2572,16,4,1851),(2573,13,7,1856),(2574,16,4,1850),(2575,15,8,1849),(2576,13,9,1866),(2577,13,9,1865),(2578,13,8,1858),(2579,15,10,1864),(2580,13,8,1859),(2581,13,8,1862),(2582,13,8,1861),(2583,2,5,1870),(2584,13,9,1868),(2585,13,9,1867),(2586,4,5,1886),(2587,3,5,1883),(2588,4,5,1887),(2589,16,4,1890),(2590,9,5,1892),(2591,9,5,1893),(2592,9,5,1894),(2593,9,5,1895),(2594,9,5,1896),(2595,10,5,1904),(2596,16,5,1903),(2597,16,5,1902),(2598,10,5,1901),(2599,10,5,1900),(2600,9,5,1899),(2601,16,4,1898),(2602,9,5,1897),(2603,11,5,1913),(2604,16,5,1907),(2605,16,5,1910),(2606,11,5,1911),(2607,11,5,1911),(2608,16,5,1915),(2609,15,5,1923),(2610,15,5,1926),(2611,15,5,1920),(2612,16,8,1922),(2613,16,7,1921),(2614,16,5,1934),(2615,16,10,1931),(2616,16,9,1930),(2617,13,10,1946),(2618,13,10,1945),(2619,13,10,1943),(2620,13,10,1942),(2621,13,10,1940),(2622,13,9,1938),(2623,13,7,1937),(2624,3,5,1956),(2625,13,10,1947),(2626,27,2,1948),(2627,27,2,1950),(2628,12,5,1951),(2629,3,7,1963),(2630,3,7,1957),(2631,3,7,1959),(2632,3,7,1960),(2633,3,7,1961),(2634,3,7,1962),(2635,4,7,1965),(2636,4,7,1966),(2637,3,5,1972),(2638,12,7,1975),(2639,4,7,1969),(2640,3,5,1986),(2641,27,2,1985),(2642,27,2,1984),(2643,26,7,1983),(2644,26,7,1982),(2645,26,7,1981),(2646,26,7,1980),(2647,26,7,1979),(2648,26,7,1978),(2649,26,7,1977),(2650,15,7,1991),(2651,15,7,1990),(2652,27,5,1989),(2653,27,5,1988),(2654,27,5,1987),(2655,27,5,2003),(2656,16,7,2001),(2657,3,5,1999),(2658,16,7,1998),(2659,16,7,1997),(2660,3,8,2006),(2661,3,8,2013),(2662,3,8,2015),(2663,3,8,2011),(2664,3,9,2010),(2665,26,8,2031),(2666,26,8,2030),(2667,26,8,2029),(2668,22,10,2038),(2669,16,8,2046),(2670,19,4,2056),(2671,16,8,2049),(2672,19,4,2055),(2673,4,9,2066),(2674,4,9,2065),(2675,3,9,2057),(2676,19,4,2060),(2677,3,9,2061),(2678,3,9,2062),(2679,12,9,2075),(2680,4,9,2069),(2681,4,9,2068),(2682,12,9,2073),(2683,19,5,2086),(2684,19,5,2084),(2685,19,5,2083),(2686,26,9,2081),(2687,26,9,2080),(2688,26,9,2079),(2689,19,4,2078),(2690,19,4,2077),(2691,15,9,2092),(2692,16,9,2096),(2693,16,9,2095),(2694,19,5,2088),(2695,16,9,2094),(2696,3,10,2106),(2697,23,4,2104),(2698,23,4,2103),(2699,23,4,2102),(2700,23,4,2101),(2701,13,7,2100),(2702,16,9,2098),(2703,19,5,2097),(2704,4,10,2116),(2705,4,10,2115),(2706,4,10,2114),(2707,3,10,2113),(2708,3,10,2112),(2709,3,10,2111),(2710,3,10,2110),(2711,3,10,2109),(2712,3,10,2108),(2713,3,10,2107),(2714,12,10,2126),(2715,12,10,2125),(2716,12,10,2124),(2717,12,10,2123),(2718,12,10,2122),(2719,12,10,2121),(2720,4,10,2120),(2721,4,10,2119),(2722,4,10,2118),(2723,4,10,2117),(2724,23,5,2135),(2725,26,10,2134),(2726,26,10,2133),(2727,26,10,2132),(2728,26,10,2131),(2729,26,10,2130),(2730,23,5,2129),(2731,23,5,2128),(2732,12,10,2127),(2733,15,10,2144),(2734,15,10,2143),(2735,15,10,2142),(2736,15,10,2141),(2737,23,5,2140),(2738,23,5,2139),(2739,23,4,2138),(2740,15,10,2146),(2741,22,9,2156),(2742,22,8,2155),(2743,22,9,2154),(2744,22,7,2153),(2745,16,10,2152),(2746,16,10,2151),(2747,16,10,2150),(2748,22,9,2149),(2749,16,10,2148),(2750,16,10,2147),(2751,22,9,2159),(2752,22,8,2158),(2753,22,10,2169),(2754,22,9,2167),(2755,22,10,2170),(2756,22,10,2171),(2757,22,10,2172),(2758,22,10,2173),(2759,22,10,2174),(2760,17,3,2185),(2761,17,3,2184),(2762,17,3,2183),(2763,17,3,2182);

--
-- Table structure for table `programs`
--

CREATE TABLE `programs` (
  `program_id` int NOT NULL AUTO_INCREMENT,
  `program_name` varchar(255) CHARACTER SET utf8mb4 COLLATE utf8mb4_spanish_ci NOT NULL,
  `area` varchar(255) CHARACTER SET utf8mb4 COLLATE utf8mb4_spanish_ci DEFAULT NULL,
  `fyh_creacion` datetime DEFAULT NULL,
  `fyh_actualizacion` datetime DEFAULT NULL,
  `estado` varchar(11) CHARACTER SET utf8mb4 COLLATE utf8mb4_spanish_ci DEFAULT NULL,
  PRIMARY KEY (`program_id`),
  KEY `idx_area` (`area`)
) ENGINE=InnoDB AUTO_INCREMENT=31 DEFAULT CHARSET=utf8mb4 COLLATE=utf8mb4_spanish_ci;

--
-- Dumping data for table `programs`
--

INSERT INTO `programs` VALUES (1,'ASESOR FINANCIERO','AFC','2024-11-19 05:27:02',NULL,'1'),(2,'ASESOR FINANCIERO COOPERATIVO','AFC','2024-11-19 05:27:02',NULL,'1'),(3,'BIOTECNOLOGIA','QMBT','2024-11-19 05:27:02','2024-11-20 00:49:06','1'),(4,'DISEÑO Y MODA','DMI','2024-11-19 05:27:02',NULL,'1'),(5,'ENERGIA Y DESARROLLO SOSTENIBLE AREA ENERGIA SOLAR','ERV','2024-11-19 05:27:02','2024-11-20 00:49:16','1'),(6,'ENERGIA Y DESARROLLO SOSTENIBLE AREA TURBOENERGIA','ERV','2024-11-19 05:27:02','2024-11-20 00:50:18','1'),(7,'ENERGIA Y DESARROLLO SOSTENIBLE AREA TURBOSOLAR','ERV','2024-11-19 05:27:02','2024-11-20 00:50:24','1'),(8,'ENERGIAS RENOVABLES','ERV','2024-11-19 05:27:02','2024-11-20 00:50:31','1'),(9,'ENERGIAS RENOVABLES AREA CALIDAD Y AHORRO DE ENERGIA','ERV','2024-11-19 05:27:02','2024-11-20 00:50:37','1'),(10,'ENERGIAS RENOVABLES AREA ENERGIA SOLAR','ERV','2024-11-19 05:27:02','2024-11-20 00:50:42','1'),(11,'ENERGIAS RENOVABLES AREA TURBOENERGIA','ERV','2024-11-19 05:27:02','2024-11-20 00:50:53','1'),(12,'GASTRONOMIA','GST','2024-11-19 05:27:02','2024-11-20 00:51:04','1'),(13,'INGENIERIA EN ENTORNOS VIRTUALES Y NEGOCIOS DIGITALES','TI','2024-11-19 05:27:02','2024-11-20 00:51:11','1'),(14,'LICENCIATURA EN ENFERMERIA','ENF','2024-11-19 05:27:02','2024-11-20 00:51:17','1'),(15,'MANTENIMIENTO INDUSTRIAL','MAI','2024-11-19 05:27:02','2025-04-10 09:29:48','1'),(16,'MECATRONICA','MEC','2024-11-19 05:27:02','2024-11-20 00:51:37','1'),(17,'MTRIA. EN INGENIERIA APLICADA EN LA INNOVACION TECNOLOGICA','MTI','2024-11-19 05:27:02','2024-11-20 00:51:52','1'),(18,'TECNOLOGIAS DE LA INFORMACION','TI','2024-11-19 05:27:02','2024-11-20 00:52:00','1'),(19,'TECNOLOGIAS DE LA INFORMACION AREA DESARROLLO DE SOFTWARE MULTIPLATAFORMA','TI','2024-11-19 05:27:02','2024-11-20 00:52:13','1'),(20,'TECNOLOGIAS DE LA INFORMACION E INNOVACION DIGITAL','TI','2024-11-19 05:27:02','2024-11-20 00:52:23','1'),(21,'TECNOLOGIAS DE LA INFORMACION E INNOVACION DIGITAL AREA ENTORNO VIRTUALES Y NEGOCIOS DIGITALES','TI','2024-11-19 05:27:02','2024-11-20 00:52:33','1'),(22,'INGENIERIA EN DESARROLLO Y GESTION DE SOFTWARE','TI','2024-11-19 05:27:02','2024-12-06 10:59:04','1'),(23,'TECNOLOGÍAS DE LA INFORMACIÓN ÁREA ENTORNOS VIRTUALES Y NEGOCIOS DIGITALES','TI','2024-12-06 07:43:38',NULL,'ACTIVO'),(24,'ENERGÍAS RENOVABLES','ERV','2024-12-06 07:43:48',NULL,'ACTIVO'),(25,'ENERGÍA Y DESARROLLO SOSTENIBLE AREA TURBO SOLAR','ERV','2024-12-06 07:44:01',NULL,'ACTIVO'),(26,'INGENIERIA EN ENERGÍAS RENOVABLES','ERV','2024-12-06 07:44:11',NULL,'ACTIVO'),(27,'MAESTRÍA EN INGENIERÍA APLICADA EN LA INNOVACIÓN TECNOLÓGICA','MTI','2024-12-18 00:42:05',NULL,'ACTIVO'),(28,'ELECTROMOVILIDAD','EMV','2024-12-18 00:42:12',NULL,'ACTIVO');

--
-- Table structure for table `registro_actividad`
--

CREATE TABLE `registro_actividad` (
  `id` int NOT NULL AUTO_INCREMENT,
  `email` varchar(255) CHARACTER SET utf8mb4 COLLATE utf8mb4_spanish_ci NOT NULL,
  `status` enum('exitoso','fallido') CHARACTER SET utf8mb4 COLLATE utf8mb4_spanish_ci NOT NULL,
  `ip` varchar(45) CHARACTER SET utf8mb4 COLLATE utf8mb4_spanish_ci NOT NULL,
  `fecha` timestamp NULL DEFAULT CURRENT_TIMESTAMP,
  PRIMARY KEY (`id`)
) ENGINE=InnoDB AUTO_INCREMENT=2174 DEFAULT CHARSET=utf8mb4 COLLATE=utf8mb4_spanish_ci;

--
-- Dumping data for table `registro_actividad`
--

INSERT INTO `registro_actividad` VALUES (1,'admin@admin.com','exitoso','177.240.146.245','2024-11-19 05:27:36'),(2,'admin@admin.com','exitoso','177.240.146.245','2024-11-19 18:09:57'),(3,'admin@admin.com','exitoso','177.240.146.245','2024-11-19 18:19:49'),(4,'admin@admin.com','exitoso','177.240.146.245','2024-11-19 20:34:13'),(5,'admin@admin.com','exitoso','177.240.146.245','2024-11-19 20:53:00'),(6,'admin@admin.com','exitoso','207.248.109.2','2024-11-20 01:23:22'),(7,'admin@admin.com','exitoso','177.240.146.245','2024-11-20 01:49:07'),(8,'admin@admin.com','exitoso','177.240.146.245','2024-11-20 03:47:21'),(9,'admin@admin.com','exitoso','177.240.146.245','2024-11-20 04:52:09'),(10,'admin@admin.com','exitoso','177.240.146.245','2024-11-20 05:44:14'),(11,'admin@admin.com','exitoso','177.240.146.245','2024-11-20 05:52:53'),(12,'admin@admin.com','exitoso','177.240.146.245','2024-11-20 05:59:31'),(13,'admin@admin.com','exitoso','189.199.95.118','2024-11-20 17:34:00'),(14,'admin@admin.com','exitoso','187.189.191.141','2024-11-20 20:06:51'),(15,'jonathan.moreno@ut-morelia.edu.mx','exitoso','189.199.95.118','2024-11-20 20:24:16'),(16,'esolache@ut-morelia.edu.mx','exitoso','187.189.191.141','2024-11-20 20:30:05'),(17,'rocio.gonzalez@ut-morelia.edu.mx','exitoso','187.189.191.141','2024-11-20 20:30:26'),(18,'luis.gutierrez@ut-morelia.edu.mx','exitoso','189.199.95.118','2024-11-20 20:31:29'),(19,'luis.gutierrez@ut-morelia.edu.mx','exitoso','189.199.95.118','2024-11-20 20:33:50'),(20,'jonathan.moreno@ut-morelia.edu.mx','exitoso','189.199.95.118','2024-11-20 20:33:56'),(21,'esolache@ut-morelia.edu.mx','exitoso','187.189.191.141','2024-11-20 20:33:58'),(22,'admin@admin.com','exitoso','177.240.146.245','2024-11-20 20:41:08'),(23,'admin@admin.com','exitoso','187.189.191.141','2024-11-20 21:10:00'),(24,'admin@admin.com','exitoso','177.240.146.245','2024-11-20 21:25:06'),(25,'admin@admin.com','exitoso','187.189.191.141','2024-11-20 21:28:31'),(26,'admin@admin.com','exitoso','187.189.191.141','2024-11-20 21:40:29'),(27,'admin@admin.com','exitoso','177.240.146.245','2024-11-20 21:40:56'),(28,'admin1@admin.com','exitoso','177.240.146.245','2024-11-20 21:42:56'),(29,'admin1@admin.com','exitoso','200.68.166.76','2024-11-20 21:45:08'),(30,'admin@admin.com','exitoso','177.240.146.245','2024-11-20 21:46:27'),(31,'admin1@admin.com','exitoso','177.240.146.245','2024-11-20 21:48:30'),(32,'admin@admin.com','fallido','189.243.236.74','2024-11-21 01:13:51'),(33,'admin@admin.com','fallido','189.243.236.74','2024-11-21 01:14:07'),(34,'admin@admin.com','exitoso','189.243.236.74','2024-11-21 01:14:20'),(35,'admin@admin.com','exitoso','189.243.236.74','2024-11-21 02:06:49'),(36,'admin@admin.com','fallido','177.240.146.245','2024-11-21 10:21:30'),(37,'admin@admin.com','exitoso','177.240.146.245','2024-11-21 10:21:35'),(38,'admin@admin.com','exitoso','177.240.146.245','2024-11-21 10:29:10'),(39,'laura.vieyra@ut-morelia.edu.mx','exitoso','189.199.95.118','2024-11-21 15:07:27'),(40,'admin@admin.com','exitoso','177.240.146.245','2024-11-21 22:28:54'),(41,'admin@admin.com','exitoso','177.240.146.245','2024-11-22 04:05:13'),(42,'admin@admin.com','exitoso','177.240.146.245','2024-11-22 05:33:44'),(43,'admin@admin.com','exitoso','177.240.146.245','2024-11-22 05:34:19'),(44,'admin@admin.com','exitoso','177.240.146.245','2024-11-22 09:13:43'),(45,'laura.vieyra@ut-morelia.edu.mx','exitoso','189.199.95.118','2024-11-22 16:36:40'),(46,'admin@admin.com','exitoso','177.240.146.245','2024-11-23 05:57:19'),(47,'admin@admin.com','exitoso','189.243.236.74','2024-11-24 02:35:19'),(48,'srangel@ut-morelia.edu.mx','exitoso','189.243.236.74','2024-11-24 03:22:08'),(49,'srangel@ut-morelia.edu.mx','exitoso','189.243.236.74','2024-11-24 03:25:27'),(50,'admin@admin.com','exitoso','189.243.236.74','2024-11-24 03:25:45'),(51,'jonathan.moreno@ut-morelia.edu.mx','exitoso','187.189.191.141','2024-11-25 14:46:53'),(52,'jonathan.moreno@ut-morelia.edu.mx','exitoso','187.189.191.141','2024-11-25 14:49:44'),(53,'jonathan.moreno@ut-morelia.edu.mx','exitoso','187.189.191.141','2024-11-25 14:51:55'),(54,'admin@admin.com','exitoso','177.240.146.245','2024-11-27 05:52:27'),(55,'admin@admin.com','exitoso','177.240.146.245','2024-11-27 20:07:25'),(56,'admin@admin.com','exitoso','177.240.146.245','2024-11-29 07:19:23'),(57,'admin@admin.com','exitoso','177.240.146.245','2024-11-29 07:21:19'),(58,'admin@admin.com','exitoso','177.240.146.245','2024-11-29 18:14:29'),(59,'admin@admin.com','exitoso','189.199.95.118','2024-11-29 19:20:10'),(60,'admin@admin.com','exitoso','177.240.146.245','2024-11-29 20:23:03'),(61,'admin@admin.com','exitoso','189.199.95.118','2024-11-29 21:41:56'),(62,'admin@admin.com','exitoso','177.240.146.245','2024-11-30 02:16:09'),(63,'admin@admin.com','exitoso','177.240.146.245','2024-11-30 07:06:59'),(64,'admin@admin.com','exitoso','189.243.236.74','2024-12-01 05:25:50'),(65,'admin@admin.com','exitoso','177.240.146.245','2024-12-02 02:49:02'),(66,'admin@admin.com','exitoso','177.240.146.245','2024-12-02 07:50:05'),(67,'admin@admin.com','exitoso','177.240.146.245','2024-12-02 13:05:59'),(68,'admin@admin.com','exitoso','187.189.191.141','2024-12-02 15:06:13'),(69,'rocio.gonzalez@ut-morelia.edu.mx','exitoso','187.189.191.141','2024-12-02 16:40:04'),(70,'admin@admin.com','exitoso','177.240.146.245','2024-12-02 17:02:38'),(71,'admin@admin.com','exitoso','187.189.191.141','2024-12-02 17:13:13'),(72,'admin1@admin.com','fallido','177.240.146.245','2024-12-02 17:15:22'),(73,'admin1@admin.com','exitoso','177.240.146.245','2024-12-02 17:15:27'),(74,'admin@admin.com','exitoso','177.240.136.41','2024-12-03 16:35:40'),(75,'admin@admin.com','exitoso','177.240.136.41','2024-12-03 18:56:53'),(76,'admin@admin.com','exitoso','177.240.136.41','2024-12-03 21:07:19'),(77,'admin@admin.com','exitoso','177.240.146.245','2024-12-05 08:54:38'),(78,'admin@admin.com','exitoso','177.240.136.41','2024-12-06 02:17:33'),(79,'admin@admin.com','exitoso','177.240.136.41','2024-12-06 02:18:47'),(80,'admin@admin.com','exitoso','189.243.236.74','2024-12-06 03:21:18'),(81,'esolache@ut-morelia.edu.mx','fallido','189.243.236.74','2024-12-06 04:12:08'),(82,'esolache@ut-morelia.edu.mx','fallido','189.243.236.74','2024-12-06 04:12:15'),(83,'esolache@ut-morelia.edu.mx','exitoso','189.243.236.74','2024-12-06 04:12:23'),(84,'admin@admin.com','exitoso','177.240.136.41','2024-12-06 05:34:39'),(85,'admin@admin.com','exitoso','177.240.136.41','2024-12-06 06:42:14'),(86,'admin@admin.com','exitoso','177.240.136.41','2024-12-06 07:19:26'),(87,'admin@admin.com','exitoso','177.240.136.41','2024-12-06 07:29:46'),(88,'admin@admin.com','exitoso','177.240.136.41','2024-12-06 07:31:50'),(89,'admin@admin.com','fallido','177.240.146.245','2024-12-06 13:41:09'),(90,'admin@admin.com','exitoso','177.240.146.245','2024-12-06 13:41:13'),(91,'admin@admin.com','exitoso','187.189.191.141','2024-12-06 14:14:58'),(92,'rocio.gonzalez@ut-morelia.edu.mx','exitoso','189.199.95.118','2024-12-06 14:50:50'),(93,'srangel@ut-morelia.edu.mx','exitoso','189.199.95.118','2024-12-06 14:51:59'),(94,'esolache@ut-morelia.edu.mx','fallido','189.199.95.118','2024-12-06 14:52:54'),(95,'esolache@ut-morelia.edu.mx','exitoso','189.199.95.118','2024-12-06 14:53:54'),(96,'admin@admin.com','exitoso','187.189.191.141','2024-12-06 14:54:57'),(97,'srangel@ut-morelia.edu.mx','exitoso','187.189.191.141','2024-12-06 14:57:12'),(98,'admin@admin.com','exitoso','187.189.191.141','2024-12-06 14:58:56'),(99,'srangel@ut-morelia.edu.mx','exitoso','187.189.191.141','2024-12-06 15:01:04'),(100,'esolache@ut-morelia.edu.mx','exitoso','187.189.191.141','2024-12-06 15:07:55'),(101,'jonathan.moreno@ut-morelia.edu.mx','exitoso','189.199.95.118','2024-12-06 15:12:21'),(102,'luis.gutierrez@ut-morelia.edu.mx','exitoso','187.189.191.141','2024-12-06 15:13:33'),(103,'jonathan.moreno@ut-morelia.edu.mx','exitoso','189.199.95.118','2024-12-06 15:13:47'),(104,'luis.gutierrez@ut-morelia.edu.mx','exitoso','189.199.95.118','2024-12-06 15:15:00'),(105,'rosa.garcia@ut-morelia.edu.mx','fallido','187.189.191.141','2024-12-06 15:22:53'),(106,'rosa.garcia@ut-morelia.edu.mx','fallido','187.189.191.141','2024-12-06 15:25:07'),(107,'rosa.garcia@ut-morelia.edu.mx','exitoso','187.189.191.141','2024-12-06 15:35:24'),(108,'admin@admin.com','exitoso','187.189.191.141','2024-12-06 15:49:24'),(109,'rocio.gonzalez@ut-morelia.edu.mx','exitoso','189.199.95.118','2024-12-06 15:49:32'),(110,'esolache@ut-morelia.edu.mx','exitoso','189.199.95.118','2024-12-06 15:49:51'),(111,'esolache@ut-morelia.edu.mx','exitoso','187.189.191.141','2024-12-06 15:51:46'),(112,'mequihua@ut-morelia.edu.mx','exitoso','187.189.191.141','2024-12-06 15:52:07'),(113,'mequihua@ut-morelia.edu.mx','exitoso','187.189.191.141','2024-12-06 15:52:11'),(114,'laura.vieyra@ut-morelia.edu.mx','exitoso','200.68.167.46','2024-12-06 15:58:13'),(115,'mequihua@ut-morelia.edu.mx','exitoso','187.189.191.141','2024-12-06 16:23:12'),(116,'admin@admin.com','exitoso','187.189.191.141','2024-12-06 17:49:44'),(117,'luis.gutierrez@ut-morelia.edu.mx','exitoso','189.199.95.118','2024-12-06 17:55:20'),(118,'esolache@ut-morelia.edu.mx','fallido','187.189.191.141','2024-12-06 17:56:06'),(119,'esolache@ut-morelia.edu.mx','exitoso','187.189.191.141','2024-12-06 17:59:35'),(120,'admin@admin.com','exitoso','187.189.191.141','2024-12-06 18:19:11'),(121,'luis.gutierrez@ut-morelia.edu.mx','exitoso','189.199.95.118','2024-12-06 18:43:09'),(122,'luis.gutierrez@ut-morelia.edu.mx','exitoso','187.189.191.141','2024-12-06 18:49:57'),(123,'rocio.gonzalez@ut-morelia.edu.mx','exitoso','189.199.95.118','2024-12-06 18:51:43'),(124,'esolache@ut-morelia.edu.mx','exitoso','187.189.191.141','2024-12-06 19:31:46'),(125,'jonathan.moreno@ut-morelia.edu.mx','exitoso','189.199.95.118','2024-12-06 19:47:23'),(126,'rosa.garcia@ut-morelia.edu.mx','exitoso','187.189.191.141','2024-12-06 19:55:03'),(127,'admin@admin.com','exitoso','177.240.146.245','2024-12-06 21:15:02'),(128,'admin@admin.com','exitoso','177.240.146.245','2024-12-07 12:04:01'),(129,'admin@admin.com','exitoso','177.240.146.245','2024-12-07 12:04:05'),(130,'admin@admin.com','exitoso','177.240.146.245','2024-12-07 12:04:13'),(131,'admin@admin.com','exitoso','177.240.146.245','2024-12-07 12:04:28'),(132,'admin@admin.com','exitoso','189.243.236.74','2024-12-07 22:13:39'),(133,'jorgerodriguez@ut-morelia.edu.mx','exitoso','189.243.236.74','2024-12-07 22:34:13'),(134,'admin@admin.com','exitoso','177.240.136.41','2024-12-07 22:42:32'),(135,'admin@admin.com','exitoso','177.240.136.41','2024-12-08 02:04:17'),(136,'admin@admin.com','exitoso','177.240.136.41','2024-12-08 03:15:02'),(137,'jorgerodriguez@ut-morelia.edu.mx','exitoso','189.199.95.118','2024-12-09 15:10:56'),(138,'jorgerodriguez@ut-morelia.edu.mx','exitoso','189.199.95.118','2024-12-09 15:24:00'),(139,'jonathan.moreno@ut-morelia.edu.mx','exitoso','187.189.191.141','2024-12-09 15:24:29'),(140,'laura.vieyra@ut-morelia.edu.mx','exitoso','187.189.191.141','2024-12-09 15:24:36'),(141,'admin@admin.com','exitoso','177.240.136.41','2024-12-09 15:35:51'),(142,'jorgerodriguez@ut-morelia.edu.mx','exitoso','189.199.95.118','2024-12-09 15:37:31'),(143,'jorgerodriguez@ut-morelia.edu.mx','exitoso','187.189.191.141','2024-12-09 15:51:21'),(144,'admin@admin.com','fallido','177.240.136.41','2024-12-09 16:49:30'),(145,'admin@admin.com','exitoso','177.240.136.41','2024-12-09 16:49:38'),(146,'admin@admin.com','exitoso','177.240.136.41','2024-12-09 17:29:15'),(147,'mequihua@ut-morelia.edu.mx','exitoso','187.189.191.141','2024-12-09 17:30:02'),(148,'jonathan.moreno@ut-morelia.edu.mx','exitoso','189.199.95.118','2024-12-09 17:30:08'),(149,'esolache@ut-morelia.edu.mx','exitoso','189.199.95.118','2024-12-09 17:30:32'),(150,'laura.vieyra@ut-morelia.edu.mx','exitoso','187.189.191.141','2024-12-09 17:37:52'),(151,'jorgerodriguez@ut-morelia.edu.mx','exitoso','189.199.95.118','2024-12-09 17:53:12'),(152,'admin@admin.com','exitoso','177.240.136.41','2024-12-09 18:29:49'),(153,'admin@admin.com','fallido','177.240.136.41','2024-12-10 01:46:25'),(154,'admin@admin.com','exitoso','177.240.136.41','2024-12-10 01:46:32'),(155,'admin@admin.com','exitoso','189.243.236.74','2024-12-10 02:51:48'),(156,'admin@admin.com','exitoso','177.240.146.245','2024-12-11 08:58:34'),(157,'srangel@ut-morelia.edu.mx','exitoso','187.189.191.141','2024-12-12 16:58:10'),(158,'admin@admin.com','fallido','177.240.146.245','2024-12-12 18:00:42'),(159,'admin@admin.com','exitoso','177.240.146.245','2024-12-12 18:00:51'),(160,'mequihua@ut-morelia.edu.mx','exitoso','189.199.95.118','2024-12-12 18:42:40'),(161,'jorgerodriguez@ut-morelia.edu.mx','exitoso','189.199.95.118','2024-12-12 18:43:06'),(162,'rocio.gonzalez@ut-morelia.edu.mx','exitoso','189.199.95.118','2024-12-12 18:43:34'),(163,'esolache@ut-morelia.edu.mx','exitoso','189.199.95.118','2024-12-12 18:44:03'),(164,'rosa.garcia@ut-morelia.edu.mx','exitoso','187.189.191.141','2024-12-12 18:45:13'),(165,'laura.vieyra@ut-morelia.edu.mx','exitoso','200.68.138.11','2024-12-12 18:48:16'),(166,'admin@admin.com','exitoso','177.240.146.245','2024-12-12 23:53:52'),(167,'admin@admin.com','exitoso','177.240.146.245','2024-12-13 00:27:09'),(168,'jorgerodriguez@ut-morelia.edu.mx','exitoso','189.243.236.74','2024-12-13 02:25:03'),(169,'admin@admin.com','exitoso','177.240.146.245','2024-12-13 02:43:13'),(170,'srangel@ut-morelia.edu.mx','exitoso','177.224.178.72','2024-12-13 03:59:33'),(171,'jonathan.moreno@ut-morelia.edu.mx','exitoso','189.199.95.118','2024-12-13 14:47:11'),(172,'jonathan.moreno@ut-morelia.edu.mx','exitoso','189.199.95.118','2024-12-13 15:01:08'),(173,'jorgerodriguez@ut-morelia.edu.mx','exitoso','189.199.95.118','2024-12-13 15:16:50'),(174,'jorgerodriguez@ut-morelia.edu.mx','exitoso','189.199.95.118','2024-12-13 17:28:32'),(175,'jorgerodriguez@ut-morelia.edu.mx','exitoso','189.199.95.118','2024-12-13 17:54:23'),(176,'srangel@ut-morelia.edu.mx','exitoso','187.189.191.141','2024-12-13 17:58:39'),(177,'admin@admin.com','fallido','187.189.191.141','2024-12-13 18:16:33'),(178,'admin@admin.com','fallido','187.189.191.141','2024-12-13 18:16:41'),(179,'srangel@ut-morelia.edu.mx','exitoso','187.189.191.141','2024-12-13 18:17:11'),(180,'admin@admin.com','exitoso','177.240.136.41','2024-12-13 18:31:15'),(181,'jorgerodriguez@ut-morelia.edu.mx','exitoso','189.199.95.118','2024-12-13 18:51:23'),(182,'jonathan.moreno@ut-morelia.edu.mx','exitoso','187.189.191.141','2024-12-13 19:10:39'),(183,'srangel@ut-morelia.edu.mx','exitoso','187.189.191.141','2024-12-13 19:14:30'),(184,'srangel@ut-morelia.edu.mx','exitoso','187.189.191.141','2024-12-13 19:17:34'),(185,'jonathan.moreno@ut-morelia.edu.mx','exitoso','187.189.191.141','2024-12-13 20:14:02'),(186,'esolache@ut-morelia.edu.mx','exitoso','189.199.95.118','2024-12-13 21:23:59'),(187,'admin@admin.com','exitoso','177.240.136.41','2024-12-13 22:58:56'),(188,'admin@admin.com','exitoso','177.240.136.41','2024-12-13 23:03:07'),(189,'admin@admin.com','exitoso','177.240.136.41','2024-12-14 00:24:30'),(190,'admin@admin.com','exitoso','177.240.136.41','2024-12-14 04:39:35'),(191,'admin@admin.com','exitoso','189.243.236.146','2024-12-14 14:36:39'),(192,'jorgerodriguez@ut-morelia.edu.mx','exitoso','189.243.236.146','2024-12-14 14:57:03'),(193,'admin@admin.com','exitoso','177.240.146.245','2024-12-15 06:37:20'),(194,'admin@admin.com','exitoso','177.240.146.245','2024-12-15 08:23:03'),(195,'admin@admin.com','exitoso','177.240.146.245','2024-12-15 09:20:14'),(196,'admin@admin.com','exitoso','177.240.136.41','2024-12-15 15:11:26'),(197,'admin@admin.com','exitoso','177.240.136.41','2024-12-15 15:52:05'),(198,'luis.gutierrez@ut-morelia.edu.mx','exitoso','177.224.176.24','2024-12-16 01:03:54'),(199,'rocio.gonzalez@ut-morelia.edu.mx','exitoso','187.191.8.252','2024-12-16 14:14:43'),(200,'jonathan.moreno@ut-morelia.edu.mx','exitoso','189.199.95.118','2024-12-16 16:25:25'),(201,'laura.vieyra@ut-morelia.edu.mx','exitoso','187.189.191.141','2024-12-16 17:07:49'),(202,'rosa.garcia@ut-morelia.edu.mx','exitoso','187.189.191.141','2024-12-16 21:15:08'),(203,'jorgerodriguez@ut-morelia.edu.mx','exitoso','189.199.95.118','2024-12-17 19:27:28'),(204,'jorgerodriguez@ut-morelia.edu.mx','exitoso','189.199.95.118','2024-12-17 20:53:31'),(205,'admin@admin.com','exitoso','177.240.136.41','2024-12-17 21:28:06'),(206,'admin@admin.com','exitoso','189.243.236.146','2024-12-18 02:46:17'),(207,'jorgerodriguez@ut-morelia.edu.mx','exitoso','189.243.236.146','2024-12-18 02:46:27'),(208,'srangel@ut-morelia.edu.mx','exitoso','189.243.236.146','2024-12-18 02:47:42'),(209,'jorgerodriguez@ut-morelia.edu.mx','exitoso','189.243.236.146','2024-12-18 02:49:00'),(210,'jonathan.moreno@ut-morelia.edu.mx','fallido','189.243.236.146','2024-12-18 02:49:25'),(211,'jonathan.moreno@ut-morelia.edu.mx','exitoso','189.243.236.146','2024-12-18 02:49:31'),(212,'jorgerodriguez@ut-morelia.edu.mx','exitoso','189.243.236.146','2024-12-18 02:50:08'),(213,'luis.gutierrez@ut-morelia.edu.mx','exitoso','177.224.181.34','2024-12-18 03:55:05'),(214,'admin@admin.com','exitoso','189.243.236.146','2024-12-18 03:55:40'),(215,'admin@admin.com','exitoso','189.243.236.146','2024-12-18 06:33:38'),(216,'jorgerodriguez@ut-morelia.edu.mx','exitoso','189.243.236.146','2024-12-18 06:43:48'),(217,'srangel@ut-morelia.edu.mx','exitoso','189.243.236.146','2024-12-18 06:44:13'),(218,'alberto.lucas@ut-morelia.edu.mx','exitoso','189.243.236.146','2024-12-18 06:45:34'),(219,'srangel@ut-morelia.edu.mx','exitoso','189.243.236.146','2024-12-18 07:00:16'),(220,'srangel@ut-morelia.edu.mx','exitoso','189.243.236.146','2024-12-18 07:08:00'),(221,'jorgerodriguez@ut-morelia.edu.mx','exitoso','189.243.236.146','2024-12-18 07:08:03'),(222,'admin@admin.com','exitoso','177.240.146.245','2024-12-18 07:33:11'),(223,'jorgerodriguez@ut-morelia.edu.mx','exitoso','187.189.191.141','2024-12-18 14:48:43'),(224,'laura.vieyra@ut-morelia.edu.mx','exitoso','189.199.95.118','2024-12-18 14:53:28'),(225,'jonathan.moreno@ut-morelia.edu.mx','fallido','187.189.191.141','2024-12-18 14:54:50'),(226,'chef.mario.utm@gmail.com','exitoso','187.189.191.141','2024-12-18 14:55:24'),(227,'srangel@ut-morelia.edu.mx','fallido','187.189.191.141','2024-12-18 14:56:36'),(228,'chef.mario.utm@gmail.com','exitoso','189.199.95.118','2024-12-18 14:57:16'),(229,'srangel@ut-morelia.edu.mx','exitoso','187.189.191.141','2024-12-18 14:57:29'),(230,'alberto.lucas@ut-morelia.edu.mx','exitoso','187.189.191.141','2024-12-18 14:57:52'),(231,'rosa.garcia@ut-morelia.edu.mx','exitoso','187.189.191.141','2024-12-18 14:59:31'),(232,'rocio.gonzalez@ut-morelia.edu.mx','exitoso','187.189.191.141','2024-12-18 14:59:43'),(233,'alberto.lucas@ut-morelia.edu.mx','fallido','187.189.191.141','2024-12-18 15:00:17'),(234,'alberto.lucas@ut-morelia.edu.mx','exitoso','187.189.191.141','2024-12-18 15:00:30'),(235,'luis.gutierrez@ut-morelia.edu.mx','exitoso','189.199.95.118','2024-12-18 15:02:05'),(236,'gricelda.rodriguez@ut-morelia.edu.mx','exitoso','189.199.95.118','2024-12-18 15:03:17'),(237,'srangel@ut-morelia.edu.mx','exitoso','200.68.139.5','2024-12-18 15:06:31'),(238,'jonathan.moreno@ut-morelia.edu.mx','exitoso','187.189.191.141','2024-12-18 15:10:55'),(239,'luis.gutierrez@ut-morelia.edu.mx','exitoso','187.189.191.141','2024-12-18 15:12:01'),(240,'chef.mario.utm@gmail.com','exitoso','189.199.95.118','2024-12-18 15:12:29'),(241,'gricelda.rodriguez@ut-morelia.edu.mx','exitoso','189.199.95.118','2024-12-18 15:12:38'),(242,'alberto.lucas@ut-morelia.edu.mx','exitoso','187.189.191.141','2024-12-18 15:15:25'),(243,'mequihua@ut-morelia.edu.mx','exitoso','187.189.191.141','2024-12-18 15:16:40'),(244,'luis.gutierrez@ut-morelia.edu.mx','exitoso','187.189.191.141','2024-12-18 15:17:23'),(245,'carlos.lopez@ut-morelia.edu.mx','exitoso','189.199.95.118','2024-12-18 15:22:59'),(246,'julio.hernandez@ut-morelia.edu.mx','exitoso','187.189.191.141','2024-12-18 15:26:16'),(247,'mario.gutierrez@ut-morelia.edu.mx','exitoso','189.199.95.118','2024-12-18 15:28:35'),(248,'julio.hernandez@ut-morelia.edu.mx','exitoso','187.189.191.141','2024-12-18 15:31:32'),(249,'rocio.gonzalez@ut-morelia.edu.mx','exitoso','187.189.191.141','2024-12-18 15:32:32'),(250,'luis.gutierrez@ut-morelia.edu.mx','exitoso','187.189.191.141','2024-12-18 15:33:13'),(251,'admin@admin.com','exitoso','177.240.146.245','2024-12-18 15:37:40'),(252,'chef.mario.utm@gmail.com','exitoso','189.199.95.118','2024-12-18 15:38:35'),(253,'jonathan.moreno@ut-morelia.edu.mx','exitoso','187.189.191.141','2024-12-18 15:48:00'),(254,'jorgerodriguez@ut-morelia.edu.mx','exitoso','200.68.139.5','2024-12-18 15:51:04'),(255,'dante.garcia@ut-morelia.edu.mx','exitoso','189.199.95.118','2024-12-18 15:51:26'),(256,'chef.mario.utm@gmail.com','exitoso','189.199.95.118','2024-12-18 15:53:29'),(257,'luis.gutierrez@ut-morelia.edu.mx','exitoso','187.189.191.141','2024-12-18 15:53:55'),(258,'admin@admin.com','fallido','177.240.146.245','2024-12-18 15:53:59'),(259,'admin@admin.com','exitoso','177.240.146.245','2024-12-18 15:54:07'),(260,'luis.gutierrez@ut-morelia.edu.mx','exitoso','187.189.191.141','2024-12-18 15:55:41'),(261,'luis.gutierrez@ut-morelia.edu.mx','exitoso','187.189.191.141','2024-12-18 15:56:39'),(262,'jose.rodriguez@ut-morelia.edu.mx','exitoso','189.199.95.118','2024-12-18 15:56:40'),(263,'rosa.garcia@ut-morelia.edu.mx','exitoso','187.189.191.141','2024-12-18 16:05:01'),(264,'alberto.lucas@ut-morelia.edu.mx','exitoso','187.189.191.141','2024-12-18 16:09:39'),(265,'srangel@ut-morelia.edu.mx','exitoso','187.189.191.141','2024-12-18 16:26:24'),(266,'admin@admin.com','exitoso','177.240.146.245','2024-12-18 16:43:45'),(267,'jonathan.moreno@ut-morelia.edu.mx','exitoso','187.189.191.141','2024-12-18 16:52:29'),(268,'srangel@ut-morelia.edu.mx','exitoso','187.189.191.141','2024-12-18 16:55:11'),(269,'laura.vieyra@ut-morelia.edu.mx','exitoso','200.68.167.15','2024-12-18 16:57:15'),(270,'luis.gutierrez@ut-morelia.edu.mx','exitoso','187.189.191.141','2024-12-18 17:05:08'),(271,'mario.gutierrez@ut-morelia.edu.mx','exitoso','189.199.95.118','2024-12-18 17:05:59'),(272,'jonathan.moreno@ut-morelia.edu.mx','exitoso','187.189.191.141','2024-12-18 17:07:25'),(273,'rocio.gonzalez@ut-morelia.edu.mx','exitoso','187.189.191.141','2024-12-18 17:41:28'),(274,'julio.hernandez@ut-morelia.edu.mx','exitoso','187.189.191.141','2024-12-18 17:47:39'),(275,'alberto.lucas@ut-morelia.edu.mx','exitoso','187.189.191.141','2024-12-18 18:13:52'),(276,'alberto.lucas@ut-morelia.edu.mx','exitoso','187.189.191.141','2024-12-18 18:26:28'),(277,'jose.rodriguez@ut-morelia.edu.mx','fallido','200.68.139.5','2024-12-18 18:33:46'),(278,'jorgerodriguez@ut-morelia.edu.mx','exitoso','200.68.139.5','2024-12-18 18:34:06'),(279,'carlos.lopez@ut-morelia.edu.mx','exitoso','189.199.95.118','2024-12-18 18:34:41'),(280,'alberto.lucas@ut-morelia.edu.mx','exitoso','187.189.191.141','2024-12-18 18:40:41'),(281,'julio.hernandez@ut-morelia.edu.mx','exitoso','187.189.191.141','2024-12-18 18:41:11'),(282,'jonathan.moreno@ut-morelia.edu.mx','exitoso','187.189.191.141','2024-12-18 18:43:15'),(283,'jose.rodriguez@ut-morelia.edu.mx','exitoso','189.199.95.118','2024-12-18 18:47:46'),(284,'alberto.lucas@ut-morelia.edu.mx','exitoso','187.189.191.141','2024-12-18 18:54:45'),(285,'srangel@ut-morelia.edu.mx','fallido','187.189.191.141','2024-12-18 18:55:11'),(286,'srangel@ut-morelia.edu.mx','fallido','187.189.191.141','2024-12-18 18:55:22'),(287,'rocio.gonzalez@ut-morelia.edu.mx','exitoso','187.189.191.141','2024-12-18 18:55:46'),(288,'srangel@ut-morelia.edu.mx','exitoso','187.189.191.141','2024-12-18 18:56:01'),(289,'jorgerodriguez@ut-morelia.edu.mx','exitoso','189.199.95.118','2024-12-18 19:10:28'),(290,'alberto.lucas@ut-morelia.edu.mx','exitoso','187.189.191.141','2024-12-18 19:27:17'),(291,'luis.gutierrez@ut-morelia.edu.mx','exitoso','187.189.191.141','2024-12-18 19:36:03'),(292,'rocio.gonzalez@ut-morelia.edu.mx','exitoso','187.189.191.141','2024-12-18 19:47:56'),(293,'admin@admin.com','exitoso','177.240.146.245','2024-12-19 02:30:44'),(294,'admin@admin.com','exitoso','177.240.146.245','2024-12-19 03:36:37'),(295,'emilio@admin.com','exitoso','177.240.146.245','2024-12-19 05:04:44'),(296,'admin@admin.com','exitoso','177.240.146.245','2024-12-19 05:05:09'),(297,'emilio@admin.com','exitoso','177.240.146.245','2024-12-19 05:05:22'),(298,'admin@admin.com','exitoso','177.240.146.245','2024-12-19 05:06:41'),(299,'emilio@admin.com','exitoso','177.240.146.245','2024-12-19 05:07:15'),(300,'admin@admin.com','exitoso','177.240.146.245','2024-12-19 05:36:37'),(301,'admin@admin.com','exitoso','177.240.146.245','2024-12-19 05:48:14'),(302,'observador@admin.com','exitoso','200.68.166.8','2024-12-19 05:49:57'),(303,'luis.gutierrez@ut-morelia.edu.mx','exitoso','177.224.176.24','2024-12-19 07:36:43'),(304,'observador@admin.com','exitoso','187.190.205.20','2024-12-19 09:31:07'),(305,'observador@admin.com','exitoso','187.190.205.20','2024-12-19 09:33:17'),(306,'observador@admin.com','exitoso','177.240.146.245','2024-12-19 11:14:25'),(307,'admin@admin.com','exitoso','177.240.146.245','2024-12-19 11:15:07'),(308,'observador@admin.com','exitoso','189.141.239.76','2024-12-19 13:03:44'),(309,'observador@admin.com','exitoso','189.199.95.118','2024-12-19 13:20:23'),(310,'observador@admin.com','exitoso','177.240.147.97','2024-12-19 13:50:03'),(311,'luis.gutierrez@ut-morelia.edu.mx','exitoso','189.199.95.118','2024-12-19 13:58:48'),(312,'admin@admin.com','exitoso','177.240.136.41','2024-12-19 14:04:33'),(313,'observador@admin.com','exitoso','177.240.143.165','2024-12-19 14:07:23'),(314,'observador@admin.com','exitoso','189.141.240.34','2024-12-19 14:31:12'),(315,'observador@adm.com','fallido','189.199.95.118','2024-12-19 14:38:10'),(316,'observador@admin.com','exitoso','189.199.95.118','2024-12-19 14:38:45'),(317,'observador@admin.com','exitoso','189.199.95.118','2024-12-19 14:38:45'),(318,'alberto.lucas@ut-morelia.edu.mx','exitoso','187.189.191.141','2024-12-19 15:00:37'),(319,'srangel@ut-morelia.edu.mx','exitoso','187.189.191.141','2024-12-19 15:03:40'),(320,'chef.mario.utm@gmail.com','exitoso','189.199.95.118','2024-12-19 15:03:40'),(321,'srangel@ut-morelia.edu.mx','exitoso','187.189.191.141','2024-12-19 15:04:45'),(322,'julio.hernandez@ut-morelia.edu.mx','exitoso','189.199.95.118','2024-12-19 15:05:26'),(323,'alberto.lucas@ut-morelia.edu.mx','fallido','187.189.191.141','2024-12-19 15:08:36'),(324,'alberto.lucas@ut-morelia.edu.mx','fallido','187.189.191.141','2024-12-19 15:08:49'),(325,'jose.rodriguez@ut-morelia.edu.mx','exitoso','189.199.95.118','2024-12-19 15:08:50'),(326,'jonathan.moreno@ut-morelia.edu.mx','exitoso','187.189.191.141','2024-12-19 15:09:13'),(327,'alberto.lucas@ut-morelia.edu.mx','fallido','187.189.191.141','2024-12-19 15:09:24'),(328,'laura.vieyra@ut-morelia.edu.mx','exitoso','189.199.95.118','2024-12-19 15:09:53'),(329,'carlos.lopez@ut-morelia.edu.mx','exitoso','189.199.95.118','2024-12-19 15:09:57'),(330,'alberto.lucas@ut-morelia.edu.mx','exitoso','187.189.191.141','2024-12-19 15:10:22'),(331,'julio.hernandez@ut-morelia.edu.mx','exitoso','187.189.191.141','2024-12-19 15:11:56'),(332,'rocio.gonzalez@ut-morelia.edu.mx','exitoso','187.189.191.141','2024-12-19 15:12:23'),(333,'observador@admin.com','exitoso','189.199.95.118','2024-12-19 15:14:14'),(334,'dante.garcia@ut-morelia.edu.mx','exitoso','189.199.95.118','2024-12-19 15:18:37'),(335,'observador@admin.com','exitoso','187.189.191.141','2024-12-19 15:21:01'),(336,'observador@admin.com','exitoso','187.189.191.141','2024-12-19 15:22:24'),(337,'luis.gutierrez@ut-morelia.edu.mx','exitoso','187.189.191.141','2024-12-19 15:24:23'),(338,'admin@admin.com','fallido','177.240.136.41','2024-12-19 15:26:13'),(339,'observador@admin.com','exitoso','187.189.191.141','2024-12-19 15:26:16'),(340,'admin@admin.com','exitoso','177.240.136.41','2024-12-19 15:26:19'),(341,'observador@admin.com','exitoso','189.199.95.118','2024-12-19 15:27:21'),(342,'observador@admin.com','exitoso','177.240.131.83','2024-12-19 15:27:42'),(343,'observador@admin.com','exitoso','187.189.191.141','2024-12-19 15:28:07'),(344,'jonathan.moreno@ut-morelia.edu.mx','exitoso','187.189.191.141','2024-12-19 15:28:35'),(345,'mario.gutierrez@ut-morelia.edu.mx','exitoso','189.199.95.118','2024-12-19 15:29:00'),(346,'jorgerodriguez@ut-morelia.edu.mx','exitoso','189.199.95.118','2024-12-19 15:29:08'),(347,'observador@admin.com','exitoso','177.240.133.125','2024-12-19 15:29:40'),(348,'chef.mario.utm@gmail.com','exitoso','189.199.95.118','2024-12-19 15:32:18'),(349,'observador@admin.com','exitoso','177.240.136.41','2024-12-19 15:34:20'),(350,'observador@admin.com','exitoso','24.15.107.114','2024-12-19 15:36:10'),(351,'observador@admin.com','exitoso','187.189.191.141','2024-12-19 15:36:20'),(352,'observador@admin.com','fallido','189.199.95.118','2024-12-19 15:36:41'),(353,'observador@admin.com','exitoso','189.199.95.118','2024-12-19 15:36:56'),(354,'observador@admin.com','exitoso','189.199.95.118','2024-12-19 15:36:57'),(355,'observador@admin.com','exitoso','189.199.95.118','2024-12-19 15:39:20'),(356,'observador@admin.com','exitoso','201.175.234.90','2024-12-19 15:39:48'),(357,'observador@admin.com','exitoso','189.199.95.118','2024-12-19 15:41:05'),(358,'luis.gutierrez@ut-morelia.edu.mx','exitoso','189.199.95.118','2024-12-19 15:44:58'),(359,'observador@admin.com','exitoso','187.189.191.141','2024-12-19 15:47:38'),(360,'luis.gutierrez@ut-morelia.edu.mx','exitoso','189.199.95.118','2024-12-19 15:54:21'),(361,'mequihua@ut-morelia.edu.mx','exitoso','189.199.95.118','2024-12-19 16:02:30'),(362,'observador@admin.com','exitoso','200.63.44.213','2024-12-19 16:03:48'),(363,'observador@admin.com','exitoso','187.189.191.141','2024-12-19 16:06:31'),(364,'observador@admin.com','exitoso','189.199.95.118','2024-12-19 16:11:51'),(365,'chef.mario.utm@gmail.com','exitoso','189.199.95.118','2024-12-19 16:14:46'),(366,'jorgerodriguez@ut-morelia.edu.mx','exitoso','189.199.95.118','2024-12-19 16:15:33'),(367,'chef.mario.utm@gmail.com','exitoso','189.199.95.118','2024-12-19 16:16:35'),(368,'luis.gutierrez@ut-morelia.edu.mx','exitoso','187.189.191.141','2024-12-19 16:16:41'),(369,'rocio.gonzalez@ut-morelia.edu.mx','exitoso','187.189.191.141','2024-12-19 16:18:43'),(370,'julio.hernandez@ut-morelia.edu.mx','exitoso','187.189.191.141','2024-12-19 16:30:15'),(371,'observador@admin.com','exitoso','189.199.95.118','2024-12-19 16:31:51'),(372,'observador@admin.com','exitoso','200.68.166.49','2024-12-19 16:34:24'),(373,'srangel@ut-morelia.edu.mx','exitoso','187.189.191.141','2024-12-19 16:37:53'),(374,'dante.garcia@ut-morelia.edu.mx','exitoso','189.199.95.118','2024-12-19 16:41:02'),(375,'rosa.garcia@ut-morelia.edu.mx','exitoso','189.199.95.118','2024-12-19 16:42:13'),(376,'arturo.calderon@ut-morelia.edu.mx','exitoso','189.199.95.118','2024-12-19 16:45:39'),(377,'arturo.calderon@ut-morelia.edu.mx','exitoso','189.199.95.118','2024-12-19 16:46:50'),(378,'carlos.lopez@ut-morelia.edu.mx','exitoso','189.199.95.118','2024-12-19 16:49:55'),(379,'mequihua@ut-morelia.edu.mx','exitoso','189.199.95.118','2024-12-19 16:52:07'),(380,'alberto.lucas@ut-morelia.edu.mx','exitoso','187.189.191.141','2024-12-19 16:55:11'),(381,'srangel@ut-morelia.edu.mx','exitoso','187.189.191.141','2024-12-19 16:55:16'),(382,'luis.gutierrez@ut-morelia.edu.mx','exitoso','189.199.95.118','2024-12-19 16:56:45'),(383,'luis.gutierrez@ut-morelia.edu.mx','exitoso','189.199.95.118','2024-12-19 16:59:42'),(384,'luis.gutierrez@ut-morelia.edu.mx','exitoso','187.189.191.141','2024-12-19 17:04:14'),(385,'jorgerodriguez@ut-morelia.edu.mx','exitoso','189.199.95.118','2024-12-19 17:08:49'),(386,'julio.hernandez@ut-morelia.edu.mx','exitoso','187.189.191.141','2024-12-19 17:09:37'),(387,'luis.gutierrez@ut-morelia.edu.mx','exitoso','189.199.95.118','2024-12-19 17:10:27'),(388,'observador@admin.com','exitoso','187.189.191.141','2024-12-19 17:10:29'),(389,'observador@admin.com','exitoso','187.189.191.141','2024-12-19 17:13:56'),(390,'chef.mario.utm@gmail.com','exitoso','189.199.95.118','2024-12-19 17:17:13'),(391,'jose.rodriguez@ut-morelia.edu.mx','exitoso','189.199.95.118','2024-12-19 17:19:20'),(392,'admin@admin.com','fallido','177.240.136.41','2024-12-19 17:19:42'),(393,'admin@admin.com','exitoso','177.240.136.41','2024-12-19 17:19:49'),(394,'carlos.lopez@ut-morelia.edu.mx','exitoso','189.199.95.118','2024-12-19 17:22:50'),(395,'observador@admin.com','exitoso','189.199.95.118','2024-12-19 17:27:29'),(396,'jose.rodriguez@ut-morelia.edu.mx','exitoso','189.199.95.118','2024-12-19 17:29:37'),(397,'rocio.gonzalez@ut-morelia.edu.mx','exitoso','187.189.191.141','2024-12-19 17:37:37'),(398,'observador@admin.com','exitoso','187.189.191.141','2024-12-19 17:38:50'),(399,'observador@admin.com','exitoso','189.199.95.118','2024-12-19 17:39:01'),(400,'observador@admin.com','exitoso','187.189.191.141','2024-12-19 17:41:08'),(401,'observador@admin.com','exitoso','24.15.107.114','2024-12-19 17:43:09'),(402,'observador@admin.com','exitoso','187.189.191.141','2024-12-19 17:52:21'),(403,'jose.rodriguez@ut-morelia.edu.mx','exitoso','189.199.95.118','2024-12-19 17:55:10'),(404,'arturo.calderon@ut-morelia.edu.mx','exitoso','189.199.95.118','2024-12-19 18:01:52'),(405,'observador@admin.com','exitoso','187.189.191.141','2024-12-19 18:10:29'),(406,'luis.gutierrez@ut-morelia.edu.mx','exitoso','189.199.95.118','2024-12-19 18:12:19'),(407,'julio.hernandez@ut-morelia.edu.mx','exitoso','187.189.191.141','2024-12-19 18:18:16'),(408,'mario.gutierrez@ut-morelia.edu.mx','exitoso','189.199.95.118','2024-12-19 18:19:47'),(409,'laura.vieyra@ut-morelia.edu.mx','exitoso','189.199.95.118','2024-12-19 18:21:28'),(410,'observador@admin.com','exitoso','189.243.207.29','2024-12-19 18:30:23'),(411,'alberto.lucas@ut-morelia.edu.mx','exitoso','187.189.191.141','2024-12-19 18:31:52'),(412,'observador@admin.com','exitoso','189.199.95.118','2024-12-19 18:32:13'),(413,'gricelda.rodriguez@ut-morelia.edu.mx','exitoso','187.189.191.141','2024-12-19 18:34:44'),(414,'jorgerodriguez@ut-morelia.edu.mx','exitoso','189.199.95.118','2024-12-19 18:36:13'),(415,'jose.rodriguez@ut-morelia.edu.mx','exitoso','189.199.95.118','2024-12-19 18:38:18'),(416,'luis.gutierrez@ut-morelia.edu.mx','exitoso','187.189.191.141','2024-12-19 18:47:59'),(417,'observador@admin.com','exitoso','189.243.21.108','2024-12-19 18:51:34'),(418,'observador@admin.com','exitoso','200.68.166.49','2024-12-19 18:58:40'),(419,'mequihua@ut-morelia.edu.mx','exitoso','189.199.95.118','2024-12-19 18:59:59'),(420,'rocio.gonzalez@ut-morelia.edu.mx','exitoso','187.189.191.141','2024-12-19 19:00:51'),(421,'observador@admin.com','exitoso','189.199.95.118','2024-12-19 19:06:18'),(422,'observador@admin.com','exitoso','189.199.95.118','2024-12-19 19:14:03'),(423,'observador@admin.com','exitoso','189.199.95.118','2024-12-19 19:16:59'),(424,'observador@admin.com','exitoso','187.189.191.141','2024-12-19 19:17:43'),(425,'jose.rodriguez@ut-morelia.edu.mx','exitoso','189.199.95.118','2024-12-19 19:23:30'),(426,'observador@admin.com','exitoso','148.230.244.185','2024-12-19 19:25:10'),(427,'observador@admin.com','exitoso','177.224.179.185','2024-12-19 19:29:12'),(428,'dante.garcia@ut-morelia.edu.mx','fallido','189.199.95.118','2024-12-19 19:30:09'),(429,'dante.garcia@ut-morelia.edu.mx','fallido','189.199.95.118','2024-12-19 19:30:20'),(430,'dante.garcia@ut-morelia.edu.mx','exitoso','189.199.95.118','2024-12-19 19:30:36'),(431,'observador@admin.com','exitoso','189.199.95.118','2024-12-19 19:31:14'),(432,'observador@admin.com','exitoso','189.243.207.29','2024-12-19 19:35:14'),(433,'alberto.lucas@ut-morelia.edu.mx','exitoso','187.189.191.141','2024-12-19 19:47:53'),(434,'luis.gutierrez@ut-morelia.edu.mx','exitoso','187.189.191.141','2024-12-19 19:50:59'),(435,'rosa.garcia@ut-morelia.edu.mx','exitoso','189.199.95.118','2024-12-19 19:59:11'),(436,'jonathan.moreno@ut-morelia.edu.mx','exitoso','187.189.191.141','2024-12-19 20:02:34'),(437,'rocio.gonzalez@ut-morelia.edu.mx','exitoso','187.189.191.141','2024-12-19 20:08:04'),(438,'laura.vieyra@ut-morelia.edu.mx','exitoso','189.199.95.118','2024-12-19 20:12:27'),(439,'jose.rodriguez@ut-morelia.edu.mx','exitoso','189.199.95.118','2024-12-19 20:12:32'),(440,'observador@admin.com','exitoso','189.201.55.64','2024-12-19 20:12:45'),(441,'observador@admin.com','exitoso','189.199.95.118','2024-12-19 20:19:10'),(442,'luis.gutierrez@ut-morelia.edu.mx','exitoso','187.189.191.141','2024-12-19 20:21:57'),(443,'luis.gutierrez@ut-morelia.edu.mx','exitoso','187.189.191.141','2024-12-19 20:25:41'),(444,'observador@admin.com.mx','fallido','189.199.95.118','2024-12-19 20:25:57'),(445,'observador@admin.com','exitoso','189.199.95.118','2024-12-19 20:26:15'),(446,'observador@admin.com','exitoso','187.189.191.141','2024-12-19 20:28:38'),(447,'observador@admin.com','exitoso','187.189.191.141','2024-12-19 20:33:47'),(448,'observador@admin.com','exitoso','187.189.191.141','2024-12-19 20:37:53'),(449,'jose.rodriguez@ut-morelia.edu.mx','exitoso','189.199.95.118','2024-12-19 20:39:26'),(450,'jorgerodriguez@ut-morelia.edu.mx','exitoso','189.199.95.118','2024-12-19 20:41:50'),(451,'mario.gutierrez@ut-morelia.edu.mx','exitoso','189.199.95.118','2024-12-19 20:45:39'),(452,'observador@admin.com','exitoso','187.195.82.67','2024-12-19 20:46:03'),(453,'observador@admin.com','exitoso','200.68.167.59','2024-12-19 20:48:48'),(454,'observador@admin.com','exitoso','189.199.95.118','2024-12-19 20:49:47'),(455,'rosa.garcia@ut-morelia.edu.mx','exitoso','189.199.95.118','2024-12-19 20:52:19'),(456,'observador@admin.com','exitoso','187.189.191.141','2024-12-19 21:02:27'),(457,'julio.hernandez@ut-morelia.edu.mx','exitoso','189.199.95.118','2024-12-19 21:14:12'),(458,'rocio.gonzalez@ut-morelia.edu.mx','exitoso','187.189.191.141','2024-12-19 21:15:57'),(459,'arturo.calderon@ut-morelia.edu.mx','exitoso','189.199.95.118','2024-12-19 21:20:24'),(460,'observador@admin.com','exitoso','189.199.95.118','2024-12-19 21:42:42'),(461,'chef.mario.utm@gmail.com','exitoso','189.199.95.118','2024-12-19 21:43:37'),(462,'observador@admin.com','exitoso','187.195.82.67','2024-12-19 21:48:38'),(463,'srangel@ut-morelia.edu.mx','exitoso','187.189.191.141','2024-12-19 21:50:58'),(464,'jose.rodriguez@ut-morelia.edu.mx','exitoso','189.199.95.118','2024-12-19 21:50:59'),(465,'luis.gutierrez@ut-morelia.edu.mx','exitoso','187.189.191.141','2024-12-19 21:53:23'),(466,'mario.gutierrez@ut-morelia.edu.mx','exitoso','189.199.95.118','2024-12-19 21:54:05'),(467,'observador@admin.com','exitoso','187.173.242.157','2024-12-19 22:05:12'),(468,'observador@admin.com','exitoso','187.173.242.157','2024-12-19 22:06:34'),(469,'luis.gutierrez@ut-morelia.edu.mx','exitoso','187.189.191.141','2024-12-19 22:10:26'),(470,'srangel@ut-morelia.edu.mx','exitoso','187.189.191.141','2024-12-19 22:23:25'),(471,'observador@admin.com','exitoso','187.195.82.67','2024-12-19 23:02:26'),(472,'observador@admin.com','exitoso','189.141.240.34','2024-12-19 23:40:27'),(473,'observador@admin.com','exitoso','189.141.240.34','2024-12-19 23:51:24'),(474,'luis.gutierrez@ut-morelia.edu.mx','exitoso','177.224.181.34','2024-12-20 00:02:03'),(475,'observador@admin.com','exitoso','200.68.166.1','2024-12-20 00:09:15'),(476,'observador@admin.com','exitoso','187.191.8.21','2024-12-20 00:47:41'),(477,'observador@admin.com','exitoso','189.203.106.20','2024-12-20 01:33:44'),(478,'admin@admin.com','exitoso','177.240.146.245','2024-12-20 02:19:39'),(479,'observador@admin.com','fallido','187.195.82.67','2024-12-20 04:01:00'),(480,'observador@admin.com','fallido','187.195.82.67','2024-12-20 04:01:09'),(481,'observador@admin.com','fallido','201.175.241.8','2024-12-20 14:07:21'),(482,'observador@admin.com','fallido','201.175.241.8','2024-12-20 14:07:44'),(483,'observador@admin.com','fallido','187.189.191.141','2024-12-20 18:28:08'),(484,'srangel@ut-morelia.edu.mx','exitoso','200.68.167.14','2024-12-21 00:12:24'),(485,'observador@admin.com','fallido','187.173.130.150','2024-12-21 05:57:56'),(486,'admin@admin.com','exitoso','177.240.136.41','2024-12-21 15:27:44'),(487,'observador@admin.com','fallido','189.197.6.150','2024-12-21 23:54:00'),(488,'observador@admin.com','fallido','189.141.240.34','2024-12-22 06:15:03'),(489,'admin@admin.com','exitoso','177.240.136.41','2024-12-23 16:55:20'),(490,'admin@admin.com','exitoso','177.240.136.41','2024-12-23 17:00:46'),(491,'observador@admin.com','fallido','177.240.139.146','2024-12-23 18:06:05'),(492,'admin@admin.com','exitoso','200.68.166.135','2024-12-24 02:34:23'),(493,'admin@admin.com','exitoso','187.190.205.212','2024-12-25 20:54:26'),(494,'observador@admin.com','fallido','189.141.240.34','2024-12-27 20:38:42'),(495,'observador@admin.com','fallido','200.63.44.89','2024-12-28 15:52:36'),(496,'observador@admin.com','fallido','189.141.240.34','2024-12-28 23:28:28'),(497,'jorgerodriguez@ut-morelia.edu.mx','exitoso','189.243.236.146','2024-12-29 00:50:52'),(498,'srangel@ut-morelia.edu.mx','exitoso','189.243.236.146','2024-12-29 03:27:38'),(499,'admin@admin.com','exitoso','177.240.136.41','2024-12-29 22:07:31'),(500,'admin@admin.com','exitoso','177.240.136.41','2024-12-30 01:16:24'),(501,'observador@admin.com','fallido','189.141.240.34','2024-12-30 02:24:26'),(502,'jorgerodriguez@ut-morelia.edu.mx','exitoso','187.189.191.141','2024-12-30 18:57:48'),(503,'alberto.lucas@ut-morelia.edu.mx','exitoso','187.189.191.141','2024-12-30 19:05:17'),(504,'jorgerodriguez@ut-morelia.edu.mx','exitoso','187.189.191.141','2024-12-30 19:13:44'),(505,'admin@admin.com','exitoso','189.199.95.118','2024-12-30 19:25:33'),(506,'jorgerodriguez@ut-morelia.edu.mx','exitoso','187.189.191.141','2024-12-30 20:06:34'),(507,'jorgerodriguez@ut-morelia.edu.mx','exitoso','187.189.191.141','2024-12-30 21:39:51'),(508,'admin@admin.com','exitoso','177.240.136.41','2024-12-31 15:09:13'),(509,'observador@admin.com','fallido','189.141.240.34','2025-01-02 01:57:33'),(510,'mequihua@ut-morelia.edu.mx','fallido','177.240.132.46','2025-01-02 04:40:45'),(511,'mequihua@ut-morelia.edu.mx','fallido','177.240.132.46','2025-01-02 04:41:03'),(512,'mequihua@ut-morelia.edu.mx','fallido','177.240.132.46','2025-01-02 04:42:53'),(513,'mequihua@ut-morelia.edu.mx','fallido','177.240.132.46','2025-01-02 04:43:32'),(514,'observador@admin.com','fallido','177.240.133.125','2025-01-02 15:22:35'),(515,'admin@admin.com','exitoso','189.243.236.146','2025-01-03 02:28:54'),(516,'admin@admin.com','exitoso','177.240.146.245','2025-01-03 06:47:38'),(517,'jorgerodriguez@ut-morelia.edu.mx','exitoso','189.243.236.146','2025-01-04 00:12:36'),(518,'jorgerodriguez@ut-morelia.edu.mx','exitoso','189.243.236.146','2025-01-04 00:16:38'),(519,'admin@admin.com','exitoso','189.243.236.146','2025-01-04 01:48:28'),(520,'srangel@ut-morelia.edu.mx','exitoso','189.243.236.146','2025-01-06 02:15:09'),(521,'admin@admin.com','exitoso','189.243.236.146','2025-01-06 02:19:58'),(522,'jorgerodriguez@ut-morelia.edu.mx','exitoso','189.243.236.146','2025-01-06 03:09:32'),(523,'srangel@ut-morelia.edu.mx','exitoso','189.243.236.146','2025-01-06 04:09:25'),(524,'srangel@ut-morelia.edu.mx','exitoso','189.243.236.146','2025-01-06 04:28:47'),(525,'admin@admin.com','exitoso','189.243.236.146','2025-01-06 04:32:46'),(526,'admin@admin.com','exitoso','177.240.146.245','2025-01-06 05:39:27'),(527,'admin@admin.com','exitoso','177.240.136.41','2025-01-06 15:34:52'),(528,'jorgerodriguez@ut-morelia.edu.mx','exitoso','189.243.236.146','2025-01-06 17:48:00'),(529,'observador@admin.com','fallido','189.141.240.34','2025-01-06 20:34:49'),(530,'jorgerodriguez@ut-morelia.edu.mx','exitoso','189.243.236.146','2025-01-06 21:09:27'),(531,'jorgerodriguez@ut-morelia.edu.mx','exitoso','189.243.236.146','2025-01-06 23:24:17'),(532,'jorgerodriguez@ut-morelia.edu.mx','exitoso','189.243.236.146','2025-01-07 00:13:34'),(533,'jorgerodriguez@ut-morelia.edu.mx','exitoso','189.243.236.146','2025-01-07 01:16:16'),(534,'srangel@ut-morelia.edu.mx','exitoso','189.243.236.146','2025-01-07 01:24:13'),(535,'admin@admin.com','exitoso','189.243.236.146','2025-01-07 01:30:48'),(536,'admin@admin.com','exitoso','189.243.236.146','2025-01-07 01:31:39'),(537,'mequihua@ut-morelia.edu.mx','exitoso','177.240.132.46','2025-01-07 02:05:13'),(538,'jose.rodriguez@ut-morelia.edu.mx','exitoso','187.173.130.103','2025-01-07 03:24:15'),(539,'jonathan.moreno@ut-morelia.eu.mx','fallido','138.84.45.129','2025-01-07 03:25:33'),(540,'jonathan.moreno@ut-morelia.edu.mx','exitoso','138.84.45.129','2025-01-07 03:25:56'),(541,'jose.rodriguez@ut-morelia.edu.mx','exitoso','187.173.130.103','2025-01-07 03:46:32'),(542,'mequihua@ut-morelia.edu.mx','exitoso','177.240.132.46','2025-01-07 03:52:24'),(543,'jorgerodriguez@ut-morelia.edu.mx','exitoso','189.243.236.146','2025-01-07 14:36:53'),(544,'rosa.garcia@ut-morelia.edu.mx','fallido','177.240.129.17','2025-01-07 14:55:30'),(545,'rosa.garcia@ut-morelia.edu.mx','exitoso','177.240.129.17','2025-01-07 14:55:49'),(546,'jonathan.moreno@ut-morelia.edu.mx','exitoso','138.84.45.129','2025-01-07 15:47:03'),(547,'srangel@ut-morelia.edu.mx','exitoso','177.224.178.72','2025-01-07 16:46:24'),(548,'rosa.garcia@ut-morelia.edu.mx','exitoso','177.240.129.17','2025-01-07 18:50:12'),(549,'observador@admin.com','exitoso','189.141.241.6','2025-01-07 19:09:02'),(550,'observador@admin.com','exitoso','189.141.243.197','2025-01-07 19:54:59'),(551,'observador@admin.com','exitoso','189.141.243.197','2025-01-07 20:21:05'),(552,'observador@admin.com','exitoso','177.240.133.125','2025-01-07 20:25:58'),(553,'admin@admin.com','exitoso','177.240.146.245','2025-01-07 21:07:58'),(554,'srangel@ut-morelia.edu.mx','exitoso','177.240.139.179','2025-01-07 21:30:40'),(555,'jorgerodriguez@ut-morelia.edu.mx','exitoso','189.243.236.146','2025-01-07 21:45:44'),(556,'observador@admin.com','exitoso','189.201.56.184','2025-01-08 00:31:27'),(557,'observador@admin.com','exitoso','189.201.56.184','2025-01-08 00:36:52'),(558,'admin@admin.com','exitoso','177.240.146.245','2025-01-08 01:13:51'),(559,'observador@admin.com','exitoso','189.141.243.197','2025-01-08 02:08:39'),(560,'observador@admin.com','exitoso','189.141.243.197','2025-01-08 02:12:28'),(561,'observador@admin.com','exitoso','189.141.243.197','2025-01-08 02:14:16'),(562,'jorgerodriguez@ut-morelia.edu.mx','exitoso','189.243.236.146','2025-01-08 02:35:20'),(563,'srangel@ut-morelia.edu.mx','exitoso','189.243.236.146','2025-01-08 02:35:54'),(564,'admin@admin.com','exitoso','189.243.236.146','2025-01-08 02:45:57'),(565,'rossy.biotec@gmail.com','exitoso','189.243.236.146','2025-01-08 03:32:56'),(566,'srangel@ut-morelia.edu.mx','exitoso','189.243.236.146','2025-01-08 03:43:55'),(567,'jorgerodriguez@ut-morelia.edu.mx','exitoso','189.243.236.146','2025-01-08 03:45:50'),(568,'admin@admin.com','exitoso','189.243.236.146','2025-01-08 03:53:08'),(569,'admin@admin.com','exitoso','189.243.236.146','2025-01-08 04:52:54'),(570,'jorgerodriguez@ut-morelia.edu.mx','exitoso','189.243.236.146','2025-01-08 05:11:57'),(571,'jonathan.moreno@ut-morelia.edu.mx','exitoso','177.240.150.144','2025-01-08 05:12:18'),(572,'mequihua@ut-morelia.edu.mx1234','fallido','177.240.132.46','2025-01-08 06:55:55'),(573,'mequihua@ut-morelia.edu.mx','exitoso','177.240.132.46','2025-01-08 06:56:25'),(574,'admin@admin.com','exitoso','189.243.236.146','2025-01-08 07:14:06'),(575,'jonathan.moreno@ut-morelia.edu.mx','exitoso','187.189.191.141','2025-01-08 14:27:35'),(576,'luis.gutierrez@ut-morelia.edu.mx','exitoso','189.199.95.118','2025-01-08 14:39:24'),(577,'jose.rodriguez@ut-morelia-edu.mx','fallido','189.199.95.118','2025-01-08 14:52:23'),(578,'jose.rodriguez@ut-morelia.edu.mx','exitoso','189.199.95.118','2025-01-08 14:53:16'),(579,'admin@admin.com','exitoso','177.240.136.41','2025-01-08 14:59:14'),(580,'observador@admin.com','exitoso','189.199.95.118','2025-01-08 15:07:00'),(581,'srangel@ut-morelia.edu.mx','exitoso','189.199.95.118','2025-01-08 15:57:20'),(582,'srangel@ut-morelia.edu.mx','exitoso','187.189.191.141','2025-01-08 16:09:11'),(583,'srangel@ut-morelia.edu.mx','exitoso','187.189.191.141','2025-01-08 16:18:43'),(584,'jose.rodriguez@ut-morelia.edu.mx','exitoso','189.199.95.118','2025-01-08 16:39:14'),(585,'jorgerodriguez@ut-morelia.edu.mx','exitoso','187.189.191.141','2025-01-08 16:59:35'),(586,'srangel@ut-morelia.edu.mx','exitoso','187.189.191.141','2025-01-08 17:16:21'),(587,'srangel@ut-morelia.edu.mx','exitoso','187.189.191.141','2025-01-08 18:00:18'),(588,'admin@admin.com','exitoso','177.240.136.41','2025-01-08 18:19:53'),(589,'srangel@ut-morelia.edu.mx','exitoso','187.189.191.141','2025-01-08 18:20:13'),(590,'rocio.gonzalez@ut-morelia.edu.mx','exitoso','189.199.95.118','2025-01-08 18:22:07'),(591,'jonathan.moreno@ut-morelia.edu.mx','exitoso','187.189.191.141','2025-01-08 18:56:45'),(592,'observador@admin.com','exitoso','189.199.95.118','2025-01-08 18:58:59'),(593,'laura.vieyra@ut-morelia.edu.mx','exitoso','187.189.191.141','2025-01-08 19:14:55'),(594,'julio.hernandez@ut-morelia.edu.mx','exitoso','189.199.95.118','2025-01-08 19:23:47'),(595,'srangel@ut-morelia.edu.mx','exitoso','189.199.95.118','2025-01-08 19:32:24'),(596,'admin@admin.com','exitoso','177.240.136.41','2025-01-08 19:36:03'),(597,'laura.vieyra@ut-morelia.edu.mx','exitoso','187.189.191.141','2025-01-08 19:43:01'),(598,'observador@admin.com','exitoso','189.201.60.219','2025-01-08 19:43:23'),(599,'rosa.garcia@ut-morelia.edu.mx','exitoso','187.189.191.141','2025-01-08 19:47:13'),(600,'mequihua@ut-morelia.edu.mx','exitoso','187.189.191.141','2025-01-08 19:48:07'),(601,'jorgerodriguez@ut-morelia.edu.mx','exitoso','187.189.191.141','2025-01-08 19:56:28'),(602,'laura.vieyra@ut-morelia.edu.mx','exitoso','187.189.191.141','2025-01-08 20:00:56'),(603,'laura.vieyra@ut-morelia.edu.mx','exitoso','187.189.191.141','2025-01-08 20:09:57'),(604,'mequihua@ut-morelia.edu.mx','exitoso','187.189.191.141','2025-01-08 20:57:41'),(605,'admin@admin.com','exitoso','177.240.136.41','2025-01-08 21:09:46'),(606,'esolache@ut-morelia.edu.mx','fallido','189.199.95.118','2025-01-08 21:12:15'),(607,'esolache@ut-morelia.edu.mx','fallido','189.199.95.118','2025-01-08 21:12:51'),(608,'jonathan.moreno@ut-morelia.edu.mx','exitoso','187.189.191.141','2025-01-08 21:15:43'),(609,'erendira.solache@ut-morelia.edu.mx','fallido','189.199.95.118','2025-01-08 21:18:25'),(610,'srangel@ut-morelia.edu.mx','exitoso','200.68.167.21','2025-01-08 21:18:37'),(611,'admin@admin.com','fallido','177.240.136.41','2025-01-08 21:19:46'),(612,'admin@admin.com','exitoso','177.240.136.41','2025-01-08 21:19:53'),(613,'erendira.solache@ut-morelia.edu.mx','fallido','189.199.95.118','2025-01-08 21:21:12'),(614,'esolache@ut-morelia.edu.mx','exitoso','189.199.95.118','2025-01-08 21:22:11'),(615,'rosa.garcia@ut-morelia.edu.mx','exitoso','187.189.191.141','2025-01-08 21:24:08'),(616,'rocio.gonzalez@ut-morelia.edu.mx','exitoso','189.203.106.252','2025-01-08 22:49:01'),(617,'luis.gutierrez@ut-morelia.edu.mx','exitoso','189.199.95.118','2025-01-08 23:09:25'),(618,'observador@admin.com','exitoso','189.141.243.197','2025-01-08 23:31:02'),(619,'observador@admin.com','exitoso','189.141.243.197','2025-01-08 23:55:29'),(620,'observador@admin.com','exitoso','189.141.243.197','2025-01-09 02:17:34'),(621,'rosa.garcia@ut-morelia.edu.mx','exitoso','177.240.129.17','2025-01-09 02:53:31'),(622,'observador@admin.com','exitoso','177.240.141.168','2025-01-09 03:32:17'),(623,'luis.gutierrez@ut-morelia.edu.mx','exitoso','177.224.181.34','2025-01-09 03:48:21'),(624,'mequihua@ut-morelia.edu.mx','exitoso','177.240.132.46','2025-01-09 06:27:08'),(625,'mequihua@ut-morelia.edu.mx','exitoso','177.240.132.46','2025-01-09 07:23:51'),(626,'jorgerodriguez@ut-morelia.edu.mx','exitoso','189.243.236.146','2025-01-09 14:00:57'),(627,'jorgerodriguez@ut-morelia.edu.mx','exitoso','187.189.191.141','2025-01-09 14:56:06'),(628,'jorgerodriguez@ut-morelia.edu.mx','exitoso','187.189.191.141','2025-01-09 14:58:33'),(629,'jorgerodriguez@ut-morelia.edu.mx','exitoso','187.189.191.141','2025-01-09 15:03:01'),(630,'laura.vieyra@ut-morelia.edu.mx','exitoso','187.189.191.141','2025-01-09 15:23:47'),(631,'chef.mario.utm@gmail.com','exitoso','187.189.191.141','2025-01-09 15:24:25'),(632,'luis.gutierrez@ut-morelia.edu.mx','exitoso','189.199.95.118','2025-01-09 15:25:34'),(633,'jonathan.moreno@ut-morelia.edu.mx','exitoso','187.189.191.141','2025-01-09 15:30:12'),(634,'luis.gutierrez@ut-morelia.edu.mx','exitoso','189.199.95.118','2025-01-09 15:36:38'),(635,'mequihua@ut-morelia.edu.mx','exitoso','187.189.191.141','2025-01-09 15:37:57'),(636,'srangel@ut-morelia.edu.mx','exitoso','200.68.167.21','2025-01-09 15:38:18'),(637,'jose.rodriguez@ut-morelia.edu.mx','exitoso','189.199.95.118','2025-01-09 15:39:53'),(638,'alberto.lucas@ut-morelia.edu.mx','exitoso','189.199.95.118','2025-01-09 15:44:48'),(639,'luis.gutierrez@ut-morelia.edu.mx','exitoso','189.199.95.118','2025-01-09 15:48:26'),(640,'julio.hernandez@ut-morelia.edu.mx','exitoso','187.189.191.141','2025-01-09 16:02:13'),(641,'julio.hernandez@ut-morelia.edu.mx','fallido','189.199.95.118','2025-01-09 16:02:24'),(642,'julio.hernandez@ut-morelia.edu.mx','exitoso','187.189.191.141','2025-01-09 16:07:22'),(643,'observador@admin.com','exitoso','177.240.141.168','2025-01-09 16:10:06'),(644,'srangel@ut-morelia.edu.mx','exitoso','189.199.95.118','2025-01-09 16:13:43'),(645,'esolache@ut-morelia.edu.mx','exitoso','189.199.95.118','2025-01-09 16:23:25'),(646,'jorgerodriguez@ut-morelia.edu.mx','exitoso','187.189.191.141','2025-01-09 16:27:01'),(647,'admin@admin.com','exitoso','177.240.146.245','2025-01-09 16:29:23'),(648,'rocio.gonzalez@ut-morelia.edu.mx','exitoso','187.189.191.141','2025-01-09 16:34:07'),(649,'julio.hernanez.dcsi23011@uiim.edu.mx','fallido','187.189.191.141','2025-01-09 16:50:02'),(650,'julio.hernandez@ut-morelia.edu.mx','exitoso','187.189.191.141','2025-01-09 16:50:18'),(651,'srangel@ut-morelia.edu.mx','exitoso','189.199.95.118','2025-01-09 17:02:55'),(652,'luis.gutierrez@ut-morelia.edu.mx','exitoso','189.199.95.118','2025-01-09 17:07:55'),(653,'alberto.lucas@ut-morelia.edu.mx','exitoso','189.199.95.118','2025-01-09 17:23:58'),(654,'julio.hernandez@ut-morelia.edu.mx','exitoso','189.199.95.118','2025-01-09 17:27:09'),(655,'esolache@ut-morelia.edu.mx','exitoso','189.199.95.118','2025-01-09 17:28:58'),(656,'laura.vieyra@ut-morelia.edu.mx','exitoso','187.189.191.141','2025-01-09 17:35:05'),(657,'admin@admin.com','exitoso','177.240.146.245','2025-01-09 17:48:46'),(658,'observador@admin.com','exitoso','189.141.243.197','2025-01-09 18:03:15'),(659,'srangel@ut-morelia.edu.mx','exitoso','189.199.95.118','2025-01-09 18:04:21'),(660,'laura.vieyra@ut-morelia.edu.mx','exitoso','187.189.191.141','2025-01-09 18:40:34'),(661,'jonathan.moreno@ut-morelia.edu.mx','exitoso','189.199.95.118','2025-01-09 18:44:25'),(662,'chef.mario.utm@gmail.com','exitoso','187.189.191.141','2025-01-09 18:59:43'),(663,'luis.gutierrez@ut-morelia.edu.mx','exitoso','189.199.95.118','2025-01-09 19:02:52'),(664,'srangel@ut-morelia.edu.mx','exitoso','187.189.191.141','2025-01-09 19:11:59'),(665,'luis.gutierrez@ut-morelia.edu.mx','exitoso','189.199.95.118','2025-01-09 19:13:18'),(666,'alberto.lucas@ut-morelia.edu.mx','exitoso','189.199.95.118','2025-01-09 19:13:41'),(667,'esolache@ut-morelia.edu.mx','exitoso','189.199.95.118','2025-01-09 19:15:45'),(668,'mario.gutierrez@ut-morelia.edu.mx','exitoso','187.189.191.141','2025-01-09 19:28:17'),(669,'srangel@ut-morelia.edu.mx','exitoso','187.189.191.141','2025-01-09 19:53:31'),(670,'rocio.gonzalez@ut-morelia.edu.mx','exitoso','187.189.191.141','2025-01-09 19:53:35'),(671,'chef.mario.utm@gmail.com','exitoso','187.189.191.141','2025-01-09 19:54:19'),(672,'luis.gutierrez@ut-morelia.edu.mx','exitoso','189.199.95.118','2025-01-09 20:10:27'),(673,'jonathan.moreno@ut-morelia.edu.mx','exitoso','189.199.95.118','2025-01-09 20:10:42'),(674,'jonathan.moreno@ut-morelia.edu.mx','exitoso','189.199.95.118','2025-01-09 20:10:42'),(675,'esolache@ut-morelia.edu.mx','exitoso','187.189.191.141','2025-01-09 20:16:15'),(676,'julio.hernandez@ut-morelia.edu.mx','exitoso','189.199.95.118','2025-01-09 20:20:22'),(677,'observador@admin.com','exitoso','189.141.243.197','2025-01-09 20:24:52'),(678,'admin@admin.com','exitoso','177.240.146.245','2025-01-09 20:40:31'),(679,'jose.rodriguez@ut-morelia.edu.mx','exitoso','189.199.95.118','2025-01-09 20:41:26'),(680,'admin@admin.com','exitoso','177.240.146.245','2025-01-09 20:48:53'),(681,'jorgerodriguez@ut-morelia.edu.mx','exitoso','187.189.191.141','2025-01-09 20:52:44'),(682,'jonathan.moreno@ut-morelia.edu.mx','exitoso','189.199.95.118','2025-01-09 20:54:45'),(683,'luis.gutierrez@ut-morelia.edu.mx','exitoso','189.199.95.118','2025-01-09 21:08:51'),(684,'julio.hernandez@ut-morelia.edu.mx','exitoso','187.189.191.141','2025-01-09 21:20:15'),(685,'mequihua@ut-morelia.edu.mx','exitoso','187.189.191.141','2025-01-09 21:21:26'),(686,'chef.mario.utm@gmail.com','exitoso','187.189.191.141','2025-01-09 21:24:40'),(687,'mario.gutierrez@ut-morelia.edu.mx','exitoso','187.189.191.141','2025-01-09 21:31:37'),(688,'admin@admin.com','exitoso','177.240.146.245','2025-01-09 21:47:04'),(689,'laura.vieyra@ut-morelia.edu.mx','exitoso','187.189.191.141','2025-01-09 21:49:15'),(690,'admin@admin.com','exitoso','177.240.146.245','2025-01-09 22:44:40'),(691,'observador@admin.com','exitoso','189.141.243.197','2025-01-09 22:47:50'),(692,'luis.gutierrez@ut-morelia.edu.mx','exitoso','177.224.181.34','2025-01-09 23:36:50'),(693,'observador@admin.com','exitoso','189.141.243.197','2025-01-09 23:45:21'),(694,'luis.gutierrez@ut-morelia.edu.mx','exitoso','177.224.181.34','2025-01-10 00:42:52'),(695,'observador@admin.com','exitoso','189.203.103.20','2025-01-10 00:56:47'),(696,'observador@admin.com','exitoso','189.203.103.20','2025-01-10 01:54:47'),(697,'luis.gutierrez@ut-morelia.edu.mx','exitoso','177.224.181.34','2025-01-10 02:21:27'),(698,'observador@admin.com','exitoso','187.191.8.141','2025-01-10 02:59:11'),(699,'luis.gutierrez@ut-morelia.edu.mx','exitoso','177.224.181.34','2025-01-10 03:43:24'),(700,'observador@admin.com','exitoso','187.191.8.141','2025-01-10 04:28:18'),(701,'luis.gutierrez@ut-morelia.edu.mx','exitoso','177.224.181.34','2025-01-10 05:28:48'),(702,'observador@admin.com','exitoso','187.190.205.20','2025-01-10 10:09:05'),(703,'observador@admin.com','exitoso','177.240.133.125','2025-01-10 12:46:10'),(704,'jonathan.moreno@ut-morelia.edu.mx','exitoso','187.189.191.141','2025-01-10 13:50:02'),(705,'luis.gutierrez@ut-morelia.edu.mx','exitoso','187.189.191.141','2025-01-10 13:53:10'),(706,'laura.vieyra@ut-morelia.edu.mx','exitoso','187.189.191.141','2025-01-10 14:08:10'),(707,'observador@admin.com','exitoso','189.201.44.11','2025-01-10 14:11:25'),(708,'luis.gutierrez@ut-morelia.edu.mx','exitoso','189.199.95.118','2025-01-10 14:13:16'),(709,'julio.hernandez@ut-morelia.edu.mx','exitoso','187.189.191.141','2025-01-10 14:20:02'),(710,'jorgerodriguez@ut-morelia.edu.mx','exitoso','189.199.95.118','2025-01-10 14:20:15'),(711,'julio.hernandez@ut-morelia.edu.mx','exitoso','187.189.191.141','2025-01-10 14:21:39'),(712,'julio.hernandez@ut-morelia.edu.mx','exitoso','200.68.166.49','2025-01-10 14:22:19'),(713,'dante.garcia@ut-morelia.edu.mx','exitoso','187.189.191.141','2025-01-10 14:29:17'),(714,'jonathan.moreno@ut-morelia.edu.mx','exitoso','187.189.191.141','2025-01-10 14:30:04'),(715,'mequihua@ut-morelia.edu.mx','exitoso','187.189.191.141','2025-01-10 14:31:55'),(716,'mequihua@ut-morelia.edu.mx','fallido','187.189.191.141','2025-01-10 14:35:14'),(717,'mequihua@ut-morelia.edu.mx','exitoso','187.189.191.141','2025-01-10 14:35:20'),(718,'mario.gutierrez@ut-morelia.edu.mx','exitoso','189.199.95.118','2025-01-10 14:42:10'),(719,'jorgerodriguez@ut-morelia.edu.mx','exitoso','187.189.191.141','2025-01-10 14:44:39'),(720,'alberto.lucas@ut-morelia.edu.mx','exitoso','189.199.95.118','2025-01-10 14:52:12'),(721,'observador@admin.com','exitoso','189.199.95.118','2025-01-10 14:54:56'),(722,'arturo.calderon@ut-morelia.edu.mx','exitoso','189.199.95.118','2025-01-10 14:57:05'),(723,'luis.gutierrez@ut-morelia.edu.mx','exitoso','189.199.95.118','2025-01-10 15:08:43'),(724,'srangel@ut-morelia.edu.mx','exitoso','187.189.191.141','2025-01-10 15:12:02'),(725,'srangel@ut-morelia.edu.mx','exitoso','187.189.191.141','2025-01-10 15:18:27'),(726,'rosa.garcia@ut-morelia.edu.mx','exitoso','189.199.95.118','2025-01-10 15:18:34'),(727,'observador@admin.com','exitoso','177.240.141.168','2025-01-10 15:38:58'),(728,'arturo.calderon@ut-morelia.edu.mx','exitoso','189.199.95.118','2025-01-10 15:40:57'),(729,'jonathan.moreno@ut-morelia.edu.mx','exitoso','187.189.191.141','2025-01-10 15:47:29'),(730,'admin@admin.com','exitoso','177.240.136.41','2025-01-10 15:53:11'),(731,'rsrodriguez@ut-morelia.edu.mx','fallido','187.173.130.48','2025-01-10 16:03:34'),(732,'rsrodriguez@ut-morelia.edu.mx','fallido','187.173.130.48','2025-01-10 16:06:47'),(733,'rsrodriguez@ut-morelia.edu.mx','fallido','187.173.130.48','2025-01-10 16:07:25'),(734,'observador@admin.com','exitoso','187.173.130.48','2025-01-10 16:08:26'),(735,'rocio.gonzalez@ut-morelia.edu.mx','exitoso','187.189.191.141','2025-01-10 16:14:03'),(736,'julio.hernandez@ut-morelia.edu.mx','exitoso','200.68.166.49','2025-01-10 16:25:13'),(737,'srangel@ut-morelia.edu.mx','exitoso','187.189.191.141','2025-01-10 16:29:39'),(738,'julio.hernandez@ut-morelia.edu.mx','exitoso','189.199.95.118','2025-01-10 16:53:30'),(739,'jonathan.moreno@ut-morelia.edu.mx','exitoso','187.189.191.141','2025-01-10 16:54:17'),(740,'observador@admin.com','exitoso','202.5.105.228','2025-01-10 16:58:56'),(741,'observador@admin.com','exitoso','189.199.95.118','2025-01-10 17:02:22'),(742,'jose.rodriguez@ut-morelia.edu.mx','exitoso','187.189.191.141','2025-01-10 17:22:25'),(743,'srangel@ut-morelia.edu.mx','exitoso','187.189.191.141','2025-01-10 17:24:48'),(744,'julio.hernandez@ut-morelia.edu.mx','exitoso','189.199.95.118','2025-01-10 17:26:03'),(745,'julio.hernandez@ut-morelia.edu.mx','exitoso','189.199.95.118','2025-01-10 17:32:42'),(746,'julio.hernandez@ut-morelia.edu.mx','exitoso','189.199.95.118','2025-01-10 17:32:51'),(747,'julio.hernandez@ut-morelia.edu.mx','exitoso','189.199.95.118','2025-01-10 17:33:06'),(748,'srangel@ut-morelia.edu.mx','exitoso','187.189.191.141','2025-01-10 17:41:05'),(749,'jonathan.moreno@ut-morelia.edu.mx','exitoso','189.199.95.118','2025-01-10 17:45:11'),(750,'chef.mario.utm@gmail.com','exitoso','189.199.95.118','2025-01-10 17:45:12'),(751,'admin@admin.com','exitoso','177.240.136.41','2025-01-10 17:48:12'),(752,'arturo.calderon@ut-morelia.edu.mx','fallido','189.199.95.118','2025-01-10 17:52:35'),(753,'arturo.calderon@ut-morelia.edu.mx','exitoso','189.199.95.118','2025-01-10 17:52:47'),(754,'luis.gutierrez@ut-morelia.edu.mx','exitoso','187.189.191.141','2025-01-10 17:53:41'),(755,'dante.garcia@ut-morelia.edu.mx','fallido','187.189.191.141','2025-01-10 18:00:31'),(756,'dante.garcia@ut-morelia.edu.mx','exitoso','187.189.191.141','2025-01-10 18:01:07'),(757,'luis.gutierrez@ut-morelia.edu.mx','exitoso','187.189.191.141','2025-01-10 18:01:37'),(758,'rocio.gonzalez@ut-morelia.edu.mx','exitoso','187.189.191.141','2025-01-10 18:04:03'),(759,'dante.tutor@ut-morelia.edu.mx','fallido','189.199.95.118','2025-01-10 18:08:28'),(760,'dante-garcia-garcia-17@hotmail.com','fallido','189.199.95.118','2025-01-10 18:08:46'),(761,'dante.tutor@ut-morelia.edu.mx','fallido','189.199.95.118','2025-01-10 18:09:05'),(762,'observador@admin.com','exitoso','200.68.166.1','2025-01-10 18:09:39'),(763,'dante.garcia@ut-morelia.edu.mx','exitoso','189.199.95.118','2025-01-10 18:09:52'),(764,'observador@admin.com','exitoso','200.68.166.40','2025-01-10 18:16:48'),(765,'chef.mario.utm@gmail.com','exitoso','189.199.95.118','2025-01-10 18:30:36'),(766,'observador@admin.com','exitoso','189.199.95.118','2025-01-10 18:43:14'),(767,'luis.gutierrez@ut-morelia.edu.mx','exitoso','187.189.191.141','2025-01-10 18:46:28'),(768,'srangel@ut-morelia.edu.mx','exitoso','187.189.191.141','2025-01-10 19:09:05'),(769,'luis.gutierrez@ut-morelia.edu.mx','exitoso','187.189.191.141','2025-01-10 19:14:15'),(770,'observador@admin.com','exitoso','189.199.95.118','2025-01-10 19:18:25'),(771,'observador@admin.com','exitoso','200.68.166.54','2025-01-10 19:22:21'),(772,'esolache@ut-morelia.edu.mx','exitoso','187.189.191.141','2025-01-10 19:25:23'),(773,'observador@admin.com','exitoso','202.5.105.133','2025-01-10 19:31:57'),(774,'observador@admin.com','exitoso','189.199.95.118','2025-01-10 19:32:05'),(775,'observador@admin.com','exitoso','187.189.191.141','2025-01-10 19:38:49'),(776,'jonathan.moreno@ut-morelia.edu.mx','exitoso','189.199.95.118','2025-01-10 19:41:26'),(777,'admin@admin.com','exitoso','177.240.136.41','2025-01-10 19:48:51'),(778,'observador@admin.com','exitoso','189.199.95.118','2025-01-10 19:56:59'),(779,'luis.gutierrez@ut-morelia.edu.mx','exitoso','187.189.191.141','2025-01-10 20:06:14'),(780,'arturo.calderon@ut-morelia.edu.mx','exitoso','189.199.95.118','2025-01-10 20:08:38'),(781,'admin@admin.com','exitoso','177.240.136.41','2025-01-10 20:09:32'),(782,'observador@admin.com','exitoso','202.5.105.238','2025-01-10 20:10:57'),(783,'esolache@ut-morelia.edu.mx','exitoso','187.189.191.141','2025-01-10 20:16:40'),(784,'dante.garcia@ut-morelia.edu.mx','exitoso','189.199.95.118','2025-01-10 20:25:29'),(785,'laura.vieyra@ut-morelia.edu.mx','exitoso','187.189.191.141','2025-01-10 20:28:09'),(786,'mario.gutierrez@ut-morelia.edu.mx','exitoso','187.189.191.141','2025-01-10 20:38:48'),(787,'rocio.colin@ut-moreli.edu.mx','fallido','200.68.167.78','2025-01-10 20:54:49'),(788,'jmedina@ut-morelia.edu.mx','fallido','200.68.167.78','2025-01-10 20:56:03'),(789,'julio.hernandez@ut-morelia.edu.mx','exitoso','189.199.95.118','2025-01-10 20:59:49'),(790,'observador@admin.com','exitoso','200.68.167.78','2025-01-10 21:11:31'),(791,'laura.vieyra@ut-morelia.edu.mx','exitoso','187.189.191.141','2025-01-10 21:11:47'),(792,'rocio.gonzalez@ut-morelia.edu.mx','exitoso','187.189.191.141','2025-01-10 21:15:11'),(793,'observador@admin.com','exitoso','189.199.95.118','2025-01-10 21:19:42'),(794,'luis.gutierrez@ut-morelia.edu.mx','exitoso','187.189.191.141','2025-01-10 21:25:51'),(795,'admin@admin.com','exitoso','177.240.136.41','2025-01-10 21:37:37'),(796,'laura.vieyra@ut-morelia.edu.mx','exitoso','187.189.191.141','2025-01-10 22:00:47'),(797,'luis.gutierrez@ut-morelia.edu.mx','exitoso','187.189.191.141','2025-01-10 22:18:36'),(798,'julio.hernandez@ut-morelia.edu.mx','exitoso','189.199.95.118','2025-01-10 22:23:40'),(799,'luis.gutierrez@ut-morelia.edu.mx','exitoso','187.189.191.141','2025-01-10 22:34:06'),(800,'dante.garcia@ut-morelia.edu.mx','exitoso','189.199.95.118','2025-01-10 22:46:35'),(801,'jorgerodriguez@ut-morelia.edu.mx','exitoso','189.199.95.118','2025-01-10 22:51:58'),(802,'luis.gutierrez@ut-morelia.edu.mx','exitoso','187.189.191.141','2025-01-10 22:59:26'),(803,'observador@admin.com','exitoso','189.199.95.118','2025-01-10 23:03:43'),(804,'julio.hernandez@ut-morelia.edu.mx','exitoso','189.203.100.69','2025-01-10 23:04:03'),(805,'julio.hernandez@ut-morelia.edu.mx','exitoso','189.203.100.69','2025-01-10 23:05:12'),(806,'laura.vieyra@ut-morelia.edu.mx','exitoso','187.189.191.141','2025-01-10 23:27:58'),(807,'esolache@ut-morelia.edu.mx','exitoso','187.189.191.141','2025-01-10 23:33:23'),(808,'mequihua@ut-morelia.edu.mx','exitoso','189.199.95.118','2025-01-10 23:42:55'),(809,'admin@admin.com','exitoso','177.240.136.41','2025-01-10 23:46:37'),(810,'julio.hernandez@ut-morelia.edu.mx','exitoso','189.203.100.69','2025-01-10 23:50:37'),(811,'admin@admin.com','exitoso','177.240.136.41','2025-01-11 00:18:09'),(812,'mario.gutierrez@ut-morelia.edu.mx','exitoso','187.189.191.141','2025-01-11 00:20:59'),(813,'julio.hernandez@ut-morelia.edu.mx','exitoso','189.199.95.118','2025-01-11 00:38:20'),(814,'jonathan.moreno@ut-morelia.edu.mx','exitoso','187.189.191.141','2025-01-11 00:38:57'),(815,'srangel@ut-morelia.edu.mx','exitoso','187.189.191.141','2025-01-11 00:48:07'),(816,'luis.gutierrez@ut-morelia.edu.mx','fallido','187.189.191.141','2025-01-11 00:48:43'),(817,'luis.gutierrez@ut-morelia.edu.mx','fallido','187.189.191.141','2025-01-11 00:49:26'),(818,'luis.gutierrez@ut-morelia.edu.mx','exitoso','187.189.191.141','2025-01-11 00:49:40'),(819,'observador@admin.com','exitoso','177.240.131.204','2025-01-11 01:38:38'),(820,'admin@admin.com','exitoso','177.240.146.245','2025-01-11 02:59:16'),(821,'observador@admin.com','exitoso','189.141.243.197','2025-01-11 03:25:09'),(822,'observador@admin.com','exitoso','187.195.64.203','2025-01-11 03:52:54'),(823,'observador@admin.com','exitoso','187.195.64.203','2025-01-11 05:09:57'),(824,'observador@admin.com','exitoso','187.195.64.203','2025-01-11 07:02:17'),(825,'observador@admin.com','exitoso','187.191.8.20','2025-01-11 11:38:39'),(826,'esolache@ut-morelia.edu.mx','exitoso','177.224.177.171','2025-01-11 14:54:25'),(827,'observador@admin.com','exitoso','189.201.50.242','2025-01-11 17:09:15'),(828,'dante.garcia@ut-morelia.edu.mx','exitoso','187.191.8.28','2025-01-11 17:49:51'),(829,'dante.garcia@ut-morelia.edu.mx','exitoso','187.191.8.28','2025-01-11 18:50:49'),(830,'jorgerodriguez@ut-morelia.edu.mx','exitoso','189.243.236.146','2025-01-11 20:10:35'),(831,'observador@admin.com','exitoso','189.141.243.197','2025-01-11 21:08:23'),(832,'admin@admin.com','exitoso','177.240.146.245','2025-01-11 22:12:39'),(833,'dante.garcia@ut-morelia.edu.mx','exitoso','187.191.8.28','2025-01-11 23:12:31'),(834,'observador@admin.com','exitoso','189.141.243.197','2025-01-12 00:51:13'),(835,'jose.rodriguez@ut-morelia.edu.mx','exitoso','187.173.130.103','2025-01-12 02:36:51'),(836,'jonathan.moreno@ut-morelia.edu.mx','exitoso','177.240.148.48','2025-01-12 04:13:26'),(837,'dante.garcia@ut-morelia.edu.mx','exitoso','187.191.8.28','2025-01-12 05:16:55'),(838,'admin@admin.com','exitoso','177.240.146.245','2025-01-12 05:22:05'),(839,'mequihua@ut-morelia.edu.mx','exitoso','177.240.132.46','2025-01-12 06:24:15'),(840,'jonathan.moreno@ut-morelia.edu.mx','fallido','177.240.148.48','2025-01-12 11:58:14'),(841,'jonathan.moreno@ut-morelia.edu.mx','exitoso','177.240.148.48','2025-01-12 11:58:21'),(842,'observador@admin.com','exitoso','189.141.243.197','2025-01-12 16:03:24'),(843,'rosa.garcia@ut-morelia.edu.mx','exitoso','177.240.129.17','2025-01-12 17:16:21'),(844,'esolache@ut-morelia.edu.mx','exitoso','177.224.177.171','2025-01-12 17:27:41'),(845,'observador@admin.com','exitoso','177.224.178.137','2025-01-12 18:43:38'),(846,'luis.gutierrez@ut-morelia.edu.mx','exitoso','177.224.181.34','2025-01-12 21:10:27'),(847,'luis.gutierrez@ut-morelia.edu.mx','exitoso','177.224.181.34','2025-01-12 21:43:08'),(848,'jose.rodriguez@ut-morelia.edu.mx','exitoso','189.203.100.126','2025-01-12 22:11:17'),(849,'carlos.lopez@ut-morelia.edu.mx','exitoso','189.141.246.198','2025-01-12 22:39:12'),(850,'mequihua@ut-morelia.edu.mx','exitoso','177.240.132.46','2025-01-12 22:45:16'),(851,'jose.rodrigez@ut-morelia.edu.mx','fallido','189.203.100.126','2025-01-12 23:40:36'),(852,'jose.rodriguez@ut-morelia.edu.mx','exitoso','189.203.100.126','2025-01-12 23:41:07'),(853,'jorgerodriguez@ut-morelia.edu.mx','exitoso','189.243.236.146','2025-01-13 00:16:08'),(854,'acalderonc@utmorelia.edu.mx','fallido','177.240.143.161','2025-01-13 00:27:49'),(855,'arturo.calderon@ut-morelia.edu.mx','exitoso','177.240.143.161','2025-01-13 00:28:05'),(856,'jorgerodriguez@ut-morelia.edu.mx','exitoso','189.243.236.146','2025-01-13 01:17:48'),(857,'arturo.calderon@ut-morelia.edu.mx','exitoso','177.240.143.161','2025-01-13 01:32:03'),(858,'julio.hernandez@ut-morelia.edu.mx','exitoso','189.203.100.69','2025-01-13 03:16:14'),(859,'srangel@ut-morelia.edu.mx','exitoso','177.224.178.72','2025-01-13 13:14:00'),(860,'arturo.calderon@ut-morelia.edu.mx','exitoso','187.189.191.141','2025-01-13 13:39:37'),(861,'dante.garcia@ut-morelia.edu.mx','exitoso','187.189.191.141','2025-01-13 13:44:04'),(862,'observador@admin.com','exitoso','189.199.95.118','2025-01-13 14:44:42'),(863,'jonathan.moreno@ut-morelia.edu.mx','exitoso','189.199.95.118','2025-01-13 14:47:09'),(864,'srangel@ut-morelia.edu.mx','exitoso','189.199.95.118','2025-01-13 15:16:35'),(865,'jose.rodriguez@ut-morelia.edu.mx','fallido','187.189.191.141','2025-01-13 15:25:19'),(866,'jose.rodriguez@ut-morelia.edu.mx','exitoso','187.189.191.141','2025-01-13 15:25:51'),(867,'esolache@ut-morelia.edu.mx','exitoso','189.199.95.118','2025-01-13 15:32:23'),(868,'srangel@ut-morelia.edu.mx','exitoso','189.199.95.118','2025-01-13 16:00:22'),(869,'jorgerodriguez@ut-morelia.edu.mx','exitoso','200.68.166.51','2025-01-13 16:04:47'),(870,'jonathan.moreno@ut-morelia.edu.mx','exitoso','187.189.191.141','2025-01-13 16:15:45'),(871,'srangel@ut-morelia.edu.mx','exitoso','189.199.95.118','2025-01-13 16:55:54'),(872,'luis.gutierrez@ut-morelia.edu.mx','exitoso','189.199.95.118','2025-01-13 17:00:50'),(873,'jorgerodriguez@ut-morelia.edu.mx','exitoso','189.199.95.118','2025-01-13 17:12:09'),(874,'esolache@u6t-morelia.edu.mx','fallido','189.199.95.118','2025-01-13 17:36:34'),(875,'esolache@ut-morelia.edu.mx','exitoso','189.199.95.118','2025-01-13 17:36:53'),(876,'srangel@ut-morelia.edu.mx','exitoso','187.189.191.141','2025-01-13 17:50:06'),(877,'luis.gutierrez@ut-morelia.edu.mx','exitoso','189.199.95.118','2025-01-13 17:50:34'),(878,'laura.vieyra@ut-morelia.edu.mx','exitoso','189.199.95.118','2025-01-13 18:19:19'),(879,'luis.gutierrez@ut-morelia.edu.mx','exitoso','189.199.95.118','2025-01-13 18:29:38'),(880,'srangel@ut-morelia.edu.mx','exitoso','187.189.191.141','2025-01-13 18:41:08'),(881,'esolache@ut-morelia.edu.mx','exitoso','189.199.95.118','2025-01-13 18:47:29'),(882,'esolache@ut-morelia.edu.mx','exitoso','187.189.191.141','2025-01-13 19:03:01'),(883,'srangel@ut-morelia.edu.mx','exitoso','189.199.95.118','2025-01-13 19:12:48'),(884,'lbggutierrez@gmail.com','fallido','189.199.95.118','2025-01-13 19:15:31'),(885,'luis.gutierrez@ut-morelia.edu.mx','exitoso','189.199.95.118','2025-01-13 19:15:38'),(886,'arturo.calderon@ut-morelia.edu.mx','exitoso','189.199.95.118','2025-01-13 19:21:14'),(887,'jose.rodriguez@ut-morelia.edu.mx','exitoso','189.199.95.118','2025-01-13 19:26:48'),(888,'luis.gutierrez@ut-morelia.edu.mx','exitoso','189.199.95.118','2025-01-13 19:59:58'),(889,'jorgerodriguez@ut-morelia.edu.mx','exitoso','189.199.95.118','2025-01-13 20:07:15'),(890,'laura.vieyra@ut-morelia.edu.mx','exitoso','189.199.95.118','2025-01-13 20:23:12'),(891,'admin@admin.com','exitoso','177.240.146.245','2025-01-13 20:26:35'),(892,'rosa.garcia@ut-morelia.edu.mx','exitoso','187.189.191.141','2025-01-13 20:55:52'),(893,'jorgerodriguez@ut-morelia.edu.mx','exitoso','189.199.95.118','2025-01-13 21:10:21'),(894,'luis.gutierrez@ut-morelia.edu.mx','exitoso','189.199.95.118','2025-01-13 22:25:46'),(895,'srangel@ut-morelia.edu.mx','exitoso','189.199.95.118','2025-01-13 23:47:24'),(896,'luis.gutierrez@ut-morelia.edu.mx','exitoso','189.199.95.118','2025-01-14 00:37:05'),(897,'jose.rodriguez@ut-morelia.edu.mx','exitoso','187.173.130.103','2025-01-14 00:57:18'),(898,'luis.gutierrez@ut-morelia.edu.mx','exitoso','177.224.181.34','2025-01-14 01:50:19'),(899,'arturo.calderon@ut-morelia.edu.mx','exitoso','177.240.143.161','2025-01-14 04:09:49'),(900,'srangel@ut-morelia.edu.mx','exitoso','189.199.95.118','2025-01-14 14:17:58'),(901,'srangel@ut-morelia.edu.mx','exitoso','189.199.95.118','2025-01-14 15:25:41'),(902,'julio.hernandez@ut-morelia.edu.mx','exitoso','189.199.95.118','2025-01-14 15:35:25'),(903,'jorgerodriguez@ut-morelia.edu.mx','exitoso','187.189.191.141','2025-01-14 17:05:38'),(904,'jose.rodriguez@ut-morelia.edu.mx','exitoso','187.189.191.141','2025-01-14 17:06:25'),(905,'luis.gutierrez@ut-morelia.edu.mx','exitoso','189.199.95.118','2025-01-14 17:12:54'),(906,'rosa.garcia@ut-morelia.edu.mx','exitoso','187.189.191.141','2025-01-14 17:19:14'),(907,'luis.gutierrez@ut-morelia.edu.mx','exitoso','189.199.95.118','2025-01-14 17:20:17'),(908,'admin@admin.com','exitoso','177.240.136.41','2025-01-14 17:35:29'),(909,'laura.vieyra@ut-morelia.edu.mx','exitoso','189.199.95.118','2025-01-14 17:37:55'),(910,'jorgerodriguez@ut-morelia.edu.mx','exitoso','187.189.191.141','2025-01-14 17:54:48'),(911,'srangel@ut-morelia.edu.mx','exitoso','189.199.95.118','2025-01-14 17:56:05'),(912,'observador@admin.com','exitoso','187.189.191.141','2025-01-14 17:58:01'),(913,'srangel@ut-morelia.edu.mx','exitoso','189.199.95.118','2025-01-14 17:59:33'),(914,'carlos.lopez@ut-morelia.edu.mx','exitoso','200.68.166.19','2025-01-14 18:05:18'),(915,'luis.gutierrez@ut-morelia.edu.mx','exitoso','189.199.95.118','2025-01-14 18:24:12'),(916,'julio.hernandez@ut-morelia.edu.mx','exitoso','189.199.95.118','2025-01-14 18:33:56'),(917,'julio.hernandez@ut-morelia.edu.mx','exitoso','189.199.95.118','2025-01-14 18:45:26'),(918,'srangel@ut-morelia.edu.mx','exitoso','200.68.166.66','2025-01-14 18:48:56'),(919,'laura.vieyra@ut-morelia.edu.mx','exitoso','189.199.95.118','2025-01-14 18:49:23'),(920,'julio.hernandez@ut-morelia.edu.mx','exitoso','189.199.95.118','2025-01-14 19:13:37'),(921,'luis.gutierrez@ut-morelia.edu.mx','exitoso','189.199.95.118','2025-01-14 19:15:10'),(922,'luis.gutierrez@ut-morelia.edu.mx','exitoso','189.199.95.118','2025-01-14 19:15:11'),(923,'jose.rodriguez@ut-morelia.edu','fallido','187.189.191.141','2025-01-14 19:26:08'),(924,'jose.rodriguez@ut-morelia.edu.mx','exitoso','187.189.191.141','2025-01-14 19:26:38'),(925,'dante.garcia@ut-morelia.edu.mx','exitoso','187.189.191.141','2025-01-14 19:28:13'),(926,'luis.gutierrez@ut-morelia.edu.mx','fallido','189.199.95.118','2025-01-14 19:36:19'),(927,'luis.gutierrez@ut-morelia.edu.mx','exitoso','189.199.95.118','2025-01-14 19:36:28'),(928,'jorgerodriguez@ut-morelia.edu.mx','exitoso','187.189.191.141','2025-01-14 19:47:58'),(929,'srangel@ut-morelia.edu.mx','exitoso','189.199.95.118','2025-01-14 20:00:29'),(930,'julio.hernandez@ut-morelia.edu.mx','exitoso','189.199.95.118','2025-01-14 20:10:33'),(931,'luis.gutierrez@ut-morelia.edu.mx','exitoso','189.199.95.118','2025-01-14 20:25:19'),(932,'carlos.lopez@ut-morelia.edu.mx','exitoso','189.199.95.118','2025-01-14 20:40:38'),(933,'mequihua@ut-morelia.edu.mx','fallido','200.68.166.172','2025-01-14 21:03:34'),(934,'mequihua@ut-morelia.edu.mx','exitoso','200.68.166.172','2025-01-14 21:03:49'),(935,'srangel@ut-morelia.edu.mx','exitoso','189.199.95.118','2025-01-14 21:19:28'),(936,'jorgerodriguez@ut-morelia.edu.mx','exitoso','187.189.191.141','2025-01-14 21:58:06'),(937,'srangel@ut-morelia.edu.mx','exitoso','200.68.166.66','2025-01-14 22:22:22'),(938,'srangel@ut-morelia.edu.mx','exitoso','189.199.95.118','2025-01-14 22:27:12'),(939,'srangel@ut-morelia.edu.mx','exitoso','189.199.95.118','2025-01-14 22:41:06'),(940,'rosa.garcia@ut-morelia.edu.mx','exitoso','177.240.129.17','2025-01-14 23:09:44'),(941,'jorgerodriguez@ut-morelia.edu.mx','exitoso','187.189.191.141','2025-01-14 23:12:15'),(942,'observador@admin.com','exitoso','189.141.243.197','2025-01-15 03:20:07'),(943,'luis.gutierrez@ut-morelia.edu.mx','exitoso','177.224.181.34','2025-01-15 03:42:08'),(944,'jose.rodriguez@ut-morelia.edu.mx','exitoso','187.173.130.103','2025-01-15 03:49:14'),(945,'srangel@ut-morelia.edu.mx','exitoso','189.199.95.118','2025-01-15 14:16:56'),(946,'julio.hernandez@ut-morelia.edu.mx','exitoso','189.199.95.118','2025-01-15 14:20:03'),(947,'observador@admin.com','exitoso','189.243.59.4','2025-01-15 14:22:08'),(948,'srangel@ut-morelia.edu.mx','exitoso','189.141.241.231','2025-01-15 14:27:55'),(949,'jorgerodriguez@ut-morelia.edu.mx','exitoso','189.199.95.118','2025-01-15 15:19:05'),(950,'jorgerodriguez@ut-morelia.edu.mx','exitoso','189.199.95.118','2025-01-15 15:19:18'),(951,'rosa.garcia@ut-morelia.edu.mx','exitoso','189.199.95.118','2025-01-15 15:35:42'),(952,'laura.vieyra@ut-morelia.edu.mx','exitoso','189.199.95.118','2025-01-15 16:03:59'),(953,'julio.hernandez@ut-morelia.edu.mx','exitoso','189.199.95.118','2025-01-15 16:17:14'),(954,'jorgerodriguez@ut-morelia.edu.mx','exitoso','189.199.95.118','2025-01-15 17:08:05'),(955,'luis.gutierrez@ut-morelia.edu.mx','exitoso','189.199.95.118','2025-01-15 17:12:24'),(956,'observador@admin.com','exitoso','189.243.59.4','2025-01-15 17:21:16'),(957,'julio.hernandez@ut-morelia.edu.mx','exitoso','189.199.95.118','2025-01-15 17:25:40'),(958,'jorgerodriguez@ut-morelia.edu.mx','exitoso','189.199.95.118','2025-01-15 18:02:56'),(959,'jonathan.moreno@ut-morelia.edu.mx','exitoso','189.199.95.118','2025-01-15 18:10:35'),(960,'luis.gutierrez@ut-morelia.edu.mx','exitoso','189.199.95.118','2025-01-15 18:30:10'),(961,'mequihua@ut-morelia.edu.mx','exitoso','177.240.132.94','2025-01-15 18:32:46'),(962,'luis.gutierrez@ut-morelia.edu.mx','exitoso','189.199.95.118','2025-01-15 19:42:35'),(963,'admin@admin.com','exitoso','177.240.146.245','2025-01-15 19:47:45'),(964,'jonathan.moreno@ut-morelia.edu.mx','exitoso','189.199.95.118','2025-01-15 19:49:05'),(965,'mequihua@ut-morelia.edu.mx','exitoso','177.240.132.94','2025-01-15 19:50:15'),(966,'admin@admin.com','fallido','177.240.146.245','2025-01-15 20:11:11'),(967,'admin@admin.com','exitoso','177.240.146.245','2025-01-15 20:11:17'),(968,'jorgerodriguez@ut-morelia.edu.mx','exitoso','189.199.95.118','2025-01-15 20:12:46'),(969,'srangel@ut-morelia.edu.mx','exitoso','189.199.95.118','2025-01-15 20:14:46'),(970,'julio.hernandez@ut-morelia.edu.mx','exitoso','189.199.95.118','2025-01-15 20:15:08'),(971,'arturo.calderon@ut-morelia.edu.mx','fallido','189.199.95.118','2025-01-15 20:24:46'),(972,'arturo.calderon@ut-morelia.edu.mx','exitoso','189.199.95.118','2025-01-15 20:24:53'),(973,'esolache@ut-morelia.edu.mx','exitoso','189.199.95.118','2025-01-15 20:43:14'),(974,'luis.gutierrez@ut-morelia.edu.mx','exitoso','189.199.95.118','2025-01-15 21:14:20'),(975,'srangel@ut-morelia.edu.mx','fallido','189.199.95.118','2025-01-15 21:17:46'),(976,'srangel@ut-morelia.edu.mx','exitoso','189.199.95.118','2025-01-15 21:18:20'),(977,'jorgerodriguez@ut-morelia.edu.mx','exitoso','189.199.95.118','2025-01-15 21:21:28'),(978,'luis.gutierrez@ut-morelia.edu.mx','exitoso','189.199.95.118','2025-01-15 21:41:43'),(979,'luis.gutierrez@ut-morelia.edu.mx','exitoso','189.199.95.118','2025-01-15 22:45:30'),(980,'observador@admin.com','exitoso','189.141.243.197','2025-01-15 23:13:29'),(981,'observador@admin.com','exitoso','187.173.130.48','2025-01-16 00:11:27'),(982,'luis.gutierrez@ut-morelia.edu.mx','exitoso','177.224.181.34','2025-01-16 00:18:06'),(983,'jorgerodriguez@ut-morelia.edu.mx','exitoso','187.195.93.244','2025-01-16 02:39:17'),(984,'luis.gutierrez@ut-morelia.edu.mx','exitoso','189.199.95.118','2025-01-16 14:00:10'),(985,'observador@admin.com','exitoso','189.141.243.197','2025-01-16 14:21:20'),(986,'admin@admin.com','exitoso','177.240.136.41','2025-01-16 14:33:15'),(987,'jose.rodriguez@ut-morelia.edu.mx','exitoso','189.199.95.118','2025-01-16 14:46:36'),(988,'srangel@ut-morelia.edu.mx','exitoso','189.199.95.118','2025-01-16 15:03:36'),(989,'carlos.lopez@ut-morelia.edu.mx','exitoso','189.199.95.118','2025-01-16 15:24:25'),(990,'srangel@ut-morelia.edu.mx','exitoso','200.68.166.66','2025-01-16 16:13:01'),(991,'admin@admin.com','exitoso','177.240.136.41','2025-01-16 17:05:31'),(992,'jose.rodriguez@ut-morelia.edu.mx','exitoso','189.199.95.118','2025-01-16 17:24:52'),(993,'jorgerodriguez@ut-morelia.edu.mx','exitoso','189.199.95.118','2025-01-16 17:47:15'),(994,'srangel@ut-morelia.edu.mx','exitoso','189.199.95.118','2025-01-16 17:51:45'),(995,'srangel@ut-morelia.edu.mx','exitoso','189.199.95.118','2025-01-16 17:54:35'),(996,'admin@admin.com','exitoso','177.240.136.41','2025-01-16 17:57:19'),(997,'srangel@ut-morelia.edu.mx','fallido','189.199.95.118','2025-01-16 18:19:03'),(998,'srangel@ut-morelia.edu.mx','fallido','189.199.95.118','2025-01-16 18:19:14'),(999,'observador@admin.com','exitoso','189.243.59.4','2025-01-16 18:19:14'),(1000,'srangel@ut-morelia.edu.mx','exitoso','189.199.95.118','2025-01-16 18:20:11'),(1001,'srangel@ut-morelia.edu.mx','exitoso','189.199.95.118','2025-01-16 18:37:38'),(1002,'srangel@ut-morelia.edu.mx','exitoso','200.68.166.66','2025-01-16 18:40:54'),(1003,'srangel@ut-morelia.edu.mx','exitoso','200.68.166.66','2025-01-16 18:42:49'),(1004,'srangel@ut-morelia.edu.mx','exitoso','189.199.95.118','2025-01-16 19:36:12'),(1005,'mequihua@ut-morelia.edu.mx','exitoso','177.240.132.94','2025-01-16 19:51:52'),(1006,'jonathan.moreno@ut-morelia.edu.mx','exitoso','189.199.95.118','2025-01-16 20:09:14'),(1007,'srangel@ut-morelia.edu.mx','exitoso','189.199.95.118','2025-01-16 20:13:12'),(1008,'srangel@ut-morelia.edu.mx','exitoso','189.199.95.118','2025-01-16 21:02:59'),(1009,'jorgerodriguez@ut-morelia.edu.mx','exitoso','189.199.95.118','2025-01-16 21:14:50'),(1010,'srangel@ut-morelia.edu.mx','exitoso','189.199.95.118','2025-01-16 21:41:19'),(1011,'jorgerodriguez@ut-morelia.edu.mx','exitoso','189.199.95.118','2025-01-16 21:58:29'),(1012,'observador@admin.com','exitoso','189.141.243.197','2025-01-17 00:26:25'),(1013,'observador@admin.com','exitoso','189.141.243.197','2025-01-17 14:41:44'),(1014,'jorgerodriguez@ut-morelia.edu.mx','exitoso','189.199.95.118','2025-01-17 15:05:28'),(1015,'jonathan.moreno@ut-morelia.edu.mx','exitoso','189.199.95.118','2025-01-17 15:50:34'),(1016,'jorgerodriguez@ut-morelia.edu.mx','exitoso','189.199.95.118','2025-01-17 16:43:59'),(1017,'chef.mario.utm@gmail.com','exitoso','189.199.95.118','2025-01-17 16:49:34'),(1018,'luis.gutierrez@ut-morelia.edu.mx','exitoso','189.199.95.118','2025-01-17 17:52:42'),(1019,'jorgerodriguez@ut-morelia.edu.mx','exitoso','189.199.95.118','2025-01-17 17:53:14'),(1020,'jonathan.moreno@ut-morelia.edu.mx','exitoso','189.199.95.118','2025-01-17 17:57:18'),(1021,'srangel@ut-morelia.edu.mx','exitoso','189.206.96.194','2025-01-17 19:13:08'),(1022,'jonathan.moreno@ut-morelia.edu.mx','exitoso','189.206.96.194','2025-01-17 19:21:54'),(1023,'jonathan.moreno@ut-morelia.edu.mx','exitoso','189.206.96.194','2025-01-17 20:15:39'),(1024,'srangel@ut-morelia.edu.mx','exitoso','189.206.96.194','2025-01-17 21:29:56'),(1025,'observador@admin.com','exitoso','189.141.243.197','2025-01-18 03:54:55'),(1026,'observador@admin.com','exitoso','189.141.243.197','2025-01-18 19:43:02'),(1027,'observador@admin.com','exitoso','189.141.243.197','2025-01-18 22:27:18'),(1028,'jorgerodriguez@ut-morelia.edu.mx','exitoso','187.195.93.244','2025-01-20 04:23:50'),(1029,'observador@admin.com','exitoso','189.243.59.4','2025-01-20 14:15:08'),(1030,'jorgerodriguez@ut-morelia.edu.mx','exitoso','189.206.96.194','2025-01-20 15:58:39'),(1031,'srangel@ut-morelia.edu.mx','exitoso','189.206.96.194','2025-01-20 16:03:43'),(1032,'observador@admin.com','exitoso','189.243.59.4','2025-01-20 16:41:07'),(1033,'admin@admin.com','exitoso','177.240.136.41','2025-01-20 18:00:40'),(1034,'admin@admin.com','exitoso','177.240.136.41','2025-01-20 21:49:53'),(1035,'jorgerodriguez@ut-morelia.edu.mx','exitoso','189.206.96.194','2025-01-20 22:16:27'),(1036,'jorgerodriguez@ut-morelia.edu.mx','exitoso','187.195.93.244','2025-01-21 02:22:08'),(1037,'srangel@ut-morelia.edu.mx','exitoso','189.206.96.194','2025-01-21 16:13:37'),(1038,'jorgerodriguez@ut-morelia.edu.mx','exitoso','189.206.96.194','2025-01-21 16:29:06'),(1039,'alberto.lucas@ut-morelia.edu.mx','exitoso','189.206.96.194','2025-01-21 17:31:33'),(1040,'jonathan.moreno@ut-morelia.edu.mx','exitoso','189.206.96.194','2025-01-21 17:35:48'),(1041,'julio.hernandez@ut-morelia.edu.mx','exitoso','189.206.96.194','2025-01-21 17:57:02'),(1042,'julio.hernandez@ut-morelia.edu.mx','exitoso','189.206.96.194','2025-01-21 19:03:31'),(1043,'jonathan.moreno@ut-morelia.edu.mx','exitoso','189.206.96.194','2025-01-21 19:47:18'),(1044,'srangel@ut-morelia.edu.mx','exitoso','189.206.96.194','2025-01-21 20:56:16'),(1045,'srangel@ut-morelia.edu.mx','exitoso','200.68.166.66','2025-01-21 21:48:40'),(1046,'jorgerodriguez@ut-morelia.edu.mx','exitoso','189.206.96.194','2025-01-21 22:16:07'),(1047,'admin@admin.com','exitoso','177.240.146.245','2025-01-22 01:14:17'),(1048,'srangel@ut-morelia.edu.mx','exitoso','189.206.96.194','2025-01-22 16:41:53'),(1049,'srangel@ut-morelia.edu.mx','exitoso','189.206.96.194','2025-01-22 17:58:00'),(1050,'mequihua@ut-morelia.edu.mx','exitoso','189.206.96.194','2025-01-22 18:55:22'),(1051,'srangel@ut-morelia.edu.mx','exitoso','189.206.96.194','2025-01-22 18:59:51'),(1052,'srangel@ut-morelia.edu.mx','exitoso','189.206.96.194','2025-01-22 20:24:07'),(1053,'jorgerodriguez@ut-morelia.edu.mx','exitoso','189.206.96.194','2025-01-22 20:40:06'),(1054,'mequihua@ut-morelia.edu.mx','exitoso','189.206.96.194','2025-01-22 21:23:28'),(1055,'srangel@ut-morelia.edu.mx','exitoso','189.206.96.194','2025-01-22 21:29:34'),(1056,'srangel@ut-morelia.edu.mx','exitoso','189.206.96.194','2025-01-22 21:31:09'),(1057,'jorgerodriguez@ut-morelia.edu.mx','exitoso','189.206.96.194','2025-01-22 21:37:54'),(1058,'srangel@ut-morelia.edu.mx','exitoso','189.206.96.194','2025-01-22 22:11:30'),(1059,'jorgerodriguez@ut-morelia.edu.mx','exitoso','189.206.96.194','2025-01-22 22:58:44'),(1060,'srangel@ut-morelia.edu.mx','exitoso','177.224.178.72','2025-01-23 04:49:42'),(1061,'julio.hernandez@ut-morelia.edu.mx','exitoso','189.206.96.194','2025-01-23 14:31:57'),(1062,'srangel@ut-morelia.edu.mx','exitoso','189.206.96.194','2025-01-23 15:33:47'),(1063,'jorgerodriguez@ut-morelia.edu.mx','exitoso','189.206.96.194','2025-01-23 16:25:13'),(1064,'srangel@ut-morelia.edu.mx','exitoso','189.206.96.194','2025-01-23 16:54:20'),(1065,'arturo.calderon@ut-morelia.edu.mx','exitoso','189.206.96.194','2025-01-23 17:47:13'),(1066,'jorgerodriguez@ut-morelia.edu.mx','exitoso','189.206.96.194','2025-01-23 18:01:20'),(1067,'srangel@ut-morelia.edu.mx','exitoso','189.206.96.194','2025-01-23 18:45:12'),(1068,'julio.hernandez@ut-morelia.edu.mx','exitoso','189.206.96.194','2025-01-23 18:49:10'),(1069,'alberto.lucas@ut-morelia.edu.mx','exitoso','189.206.96.194','2025-01-23 19:20:11'),(1070,'alberto.lucas@ut-morelia.edu.mx','fallido','189.206.96.194','2025-01-23 19:22:10'),(1071,'alberto.lucas@ut-morelia.edu.mx','exitoso','189.206.96.194','2025-01-23 19:22:19'),(1072,'srangel@ut-morelia.edu.mx','exitoso','189.206.96.194','2025-01-23 20:34:01'),(1073,'srangel@ut-morelia.edu.mx','exitoso','189.206.96.194','2025-01-23 20:36:33'),(1074,'julio.hernandez@ut-morelia.edu.mx','exitoso','189.206.96.194','2025-01-23 21:00:51'),(1075,'srangel@ut-morelia.edu.mx','exitoso','189.206.96.194','2025-01-23 21:12:20'),(1076,'srangel@ut-morelia.edu.mx','exitoso','189.206.96.194','2025-01-23 21:23:03'),(1077,'srangel@ut-morelia.edu.mx','exitoso','189.206.96.194','2025-01-23 22:13:36'),(1078,'jorgerodriguez@ut-morelia.edu.mx','exitoso','189.206.96.194','2025-01-23 23:13:16'),(1079,'luis.gutierrez@ut-morelia.edu.mx','exitoso','177.224.181.34','2025-01-24 01:27:54'),(1080,'luis.gutierrez@ut-morelia.edu.mx','exitoso','177.224.181.34','2025-01-24 01:28:13'),(1081,'luis.gutierrez@ut-morelia.edu.mx','exitoso','177.224.181.34','2025-01-24 02:10:12'),(1082,'jorgerodriguez@ut-morelia.edu.mx','exitoso','189.206.96.194','2025-01-24 18:37:03'),(1083,'jorgerodriguez@ut-morelia.edu.mx','exitoso','189.206.96.194','2025-01-24 19:11:36'),(1084,'jorgerodriguez@ut-morelia.edu.mx','exitoso','189.206.96.194','2025-01-27 16:05:41'),(1085,'jorgerodriguez@ut-morelia.edu.mx','exitoso','189.206.96.194','2025-01-27 22:52:41'),(1086,'jorgerodriguez@ut-morelia.edu.mx','exitoso','189.206.96.194','2025-01-28 15:21:13'),(1087,'admin@admin.com','fallido','177.240.136.41','2025-01-28 16:29:33'),(1088,'admin@admin.com','exitoso','177.240.136.41','2025-01-28 16:29:39'),(1089,'jorgerodriguez@ut-morelia.edu.mx','exitoso','189.206.96.194','2025-01-28 18:28:56'),(1090,'laura.vieyra@ut-morelia.edu.mx','exitoso','189.206.96.194','2025-01-28 20:19:00'),(1091,'jorgerodriguez@ut-morelia.edu.mx','exitoso','189.206.96.194','2025-01-28 20:20:33'),(1092,'srangel@ut-morelia.edu.mx','exitoso','189.206.96.194','2025-01-28 22:40:17'),(1093,'julio.hernandez@ut-morelia.edu.mx','exitoso','189.206.96.194','2025-01-29 14:28:21'),(1094,'srangel@ut-morelia.edu.mx','exitoso','189.206.96.194','2025-01-29 16:06:32'),(1095,'jorgerodriguez@ut-morelia.edu.mx','exitoso','189.206.96.194','2025-01-29 16:38:09'),(1096,'julio.hernandez@ut-morelia.edu.mx','exitoso','189.206.96.194','2025-01-30 16:24:31'),(1097,'jorgerodriguez@ut-morelia.edu.mx','exitoso','189.206.96.194','2025-01-30 16:48:08'),(1098,'jorgerodriguez@ut-morelia.edu.mx','exitoso','189.206.96.194','2025-01-30 21:24:16'),(1099,'acalderonc@utmorelia.edu.mx','fallido','177.240.143.161','2025-01-31 05:30:41'),(1100,'arturo.calderon@ut-morelia.edu.mx','exitoso','177.240.143.161','2025-01-31 05:31:07'),(1101,'julio.hernandez@ut-morelia.edu.mx','exitoso','189.206.96.194','2025-01-31 13:02:38'),(1102,'admin@admin.com','exitoso','187.195.93.244','2025-02-01 02:08:55'),(1103,'carlos.lopez@ut-morelia.edu.mx','exitoso','189.206.96.194','2025-02-01 20:23:17'),(1104,'srangel@ut-morelia.edu.mx','exitoso','200.68.166.7','2025-02-03 19:32:21'),(1105,'admin@admin.com','fallido','177.240.146.245','2025-02-04 02:04:41'),(1106,'admin@admin.com','exitoso','177.240.146.245','2025-02-04 02:04:48'),(1107,'julio.hernandez@ut-morelia.edu.mx','exitoso','189.206.96.194','2025-02-05 14:00:35'),(1108,'mequihua@ut-morelia.edu.mx','exitoso','189.206.96.194','2025-02-05 18:07:04'),(1109,'luis.gutierrez@ut-morelia.edu.mx','exitoso','189.206.96.194','2025-02-05 20:04:09'),(1110,'srangel@ut-morelia.edu.mx','exitoso','189.206.96.194','2025-02-05 22:36:57'),(1111,'srangel@ut-morelia.edu.mx','exitoso','189.206.96.194','2025-02-06 17:25:18'),(1112,'mequihua@ut-morelia.edu.mx','exitoso','189.206.96.194','2025-02-06 18:48:24'),(1113,'jorgerodriguez@ut-morelia.edu.mx','exitoso','189.206.96.194','2025-02-06 19:59:25'),(1114,'jorgerodriguez@ut-morelia.edu.mx','exitoso','189.206.96.194','2025-02-07 16:55:19'),(1115,'laura.vieyra@ut-morelia.edu.mx','exitoso','200.68.167.52','2025-02-07 17:04:49'),(1116,'jorgerodriguez@ut-morelia.edu.mx','exitoso','189.206.96.194','2025-02-07 23:38:51'),(1117,'luis.gutierrez@ut-morelia.edu.mx','exitoso','177.224.181.34','2025-02-10 18:00:38'),(1118,'srangel@ut-morelia.edu.mx','exitoso','187.173.128.253','2025-02-10 21:54:19'),(1119,'admin@admin.com','exitoso','200.68.166.23','2025-02-11 03:12:42'),(1120,'laura.vieyra@ut-morelia.edu.mx','exitoso','189.206.96.194','2025-02-11 15:14:54'),(1121,'jorgerodriguez@ut-morelia.edu.mx','exitoso','189.206.96.194','2025-02-11 16:37:24'),(1122,'mequihua@ut-morelia.edu.mx','exitoso','189.206.96.194','2025-02-11 19:42:52'),(1123,'srangel@ut-morelia.edu.mx','exitoso','189.206.96.194','2025-02-13 20:09:33'),(1124,'srangel@ut-morelia.edu.mx','exitoso','189.206.96.194','2025-02-14 19:54:37'),(1125,'admin@admin.com','fallido','177.240.144.53','2025-02-14 19:59:44'),(1126,'admin@admin.com','exitoso','177.240.144.53','2025-02-14 19:59:51'),(1127,'srangel@ut-morelia.edu.mx','fallido','189.206.96.194','2025-02-14 20:26:06'),(1128,'srangel@ut-morelia.edu.mx','exitoso','189.206.96.194','2025-02-14 20:26:27'),(1129,'admin@admin.com','exitoso','177.240.144.53','2025-02-15 01:48:49'),(1130,'srangel@ut-morelia.edu.mx','fallido','189.206.96.194','2025-02-17 15:04:08'),(1131,'srangel@ut-morelia.edu.mx','fallido','189.206.96.194','2025-02-17 15:04:23'),(1132,'srangel@ut-morelia.edu.mx','exitoso','189.206.96.194','2025-02-17 15:04:45'),(1133,'srangel@ut-morelia.edu.mx','exitoso','189.206.96.194','2025-02-17 18:04:38'),(1134,'admin@admin.com','fallido','177.240.137.65','2025-02-17 19:30:53'),(1135,'srangel@ut-morelia.edu.mx','exitoso','189.206.96.194','2025-02-17 22:41:37'),(1136,'arturo.calderon@ut-morelia.edu.mx','exitoso','189.206.96.194','2025-02-18 15:53:12'),(1137,'admin@admin.com','exitoso','177.240.137.65','2025-02-19 23:54:25'),(1138,'admin@admin.com','exitoso','177.240.137.65','2025-02-19 23:56:29'),(1139,'srangel@ut-morelia.edu.mx','exitoso','189.206.96.194','2025-02-20 18:32:50'),(1140,'srangel@ut-morelia.edu.mx','exitoso','189.206.96.194','2025-02-20 18:33:01'),(1141,'jorgerodriguez@ut-morelia.edu.mx','exitoso','189.206.96.194','2025-02-20 20:29:18'),(1142,'jorgerodriguez@ut-morelia.edu.mx','exitoso','189.206.96.194','2025-02-20 20:29:26'),(1143,'admin@admin.com','exitoso','177.240.144.53','2025-02-21 00:17:44'),(1144,'admin@admin.com','exitoso','177.240.144.53','2025-02-21 00:17:52'),(1145,'jose.rodriguez@ut-morelia.edu.mx','exitoso','189.199.95.118','2025-02-21 19:24:04'),(1146,'mequihua@ut-morelia.edu.mx','exitoso','189.206.96.194','2025-02-25 20:07:44'),(1147,'admin@admin.com','exitoso','177.240.137.65','2025-02-25 20:57:25'),(1148,'admin@admin.com','exitoso','177.240.144.53','2025-02-26 17:04:31'),(1149,'admin@admin.com','exitoso','177.240.137.65','2025-02-27 22:21:44'),(1150,'admin@admin.com','exitoso','177.240.144.53','2025-03-05 03:47:36'),(1151,'chef.mario.utm@gmail.com','exitoso','189.206.96.194','2025-03-05 21:25:22'),(1152,'carlos.lopez@ut-morelia.edu.mx','exitoso','189.206.96.194','2025-03-06 16:56:24'),(1153,'carlos.lopez@ut-morelia.edu.mx','exitoso','189.206.96.194','2025-03-06 17:15:11'),(1154,'admin@admin.com','exitoso','177.240.144.53','2025-03-07 04:21:59'),(1155,'admin@admin.com','exitoso','177.240.144.53','2025-03-07 04:47:18'),(1156,'admin@admin.com','exitoso','177.240.144.53','2025-03-07 04:47:25'),(1157,'jonathan.moreno@ut-morelia.edu.mx','exitoso','189.206.96.194','2025-03-07 17:35:59'),(1158,'jonathan.moreno@ut-morelia.edu.mx','exitoso','189.206.96.194','2025-03-07 17:36:08'),(1159,'admin@admin.com','exitoso','189.243.206.110','2025-03-08 02:49:23'),(1160,'observador@admin.com','exitoso','189.141.246.68','2025-03-08 23:13:59'),(1161,'jorgerodriguez@ut-morelia.edu.mx','exitoso','189.206.96.194','2025-03-11 17:30:08'),(1162,'jorgerodriguez@ut-morelia.edu.mx','exitoso','189.206.96.194','2025-03-11 18:40:00'),(1163,'jorgerodriguez@ut-morelia.edu.mx','exitoso','189.206.96.194','2025-03-11 22:39:52'),(1164,'jorgerodriguez@ut-morelia.edu.mx','exitoso','189.206.96.194','2025-03-11 22:53:30'),(1165,'jorgerodriguez@ut-morelia.edu.mx','exitoso','189.206.96.194','2025-03-12 15:33:27'),(1166,'jorgerodriguez@ut-morelia.edu.mx','exitoso','189.206.96.194','2025-03-12 15:42:19'),(1167,'jorgerodriguez@ut-morelia.edu.mx','exitoso','189.206.96.194','2025-03-12 15:49:34'),(1168,'jorgerodriguez@ut-morelia.edu.mx','exitoso','189.206.96.194','2025-03-12 15:52:09'),(1169,'jorgerodriguez@ut-morelia.edu.mx','exitoso','189.206.96.194','2025-03-12 17:52:26'),(1170,'jorgerodriguez@ut-morelia.edu.mx','exitoso','189.206.96.194','2025-03-12 21:40:32'),(1171,'jorgerodriguez@ut-morelia.edu.mx','exitoso','189.206.96.194','2025-03-12 21:47:21'),(1172,'jorgerodriguez@ut-morelia.edu.mx','exitoso','189.206.96.194','2025-03-12 21:53:00'),(1173,'observador@admin.com','exitoso','189.141.240.8','2025-03-12 21:59:09'),(1174,'jorgerodriguez@ut-morelia.edu.mx','exitoso','189.206.96.194','2025-03-13 17:44:19'),(1175,'jorgerodriguez@ut-morelia.edu.mx','exitoso','189.206.96.194','2025-03-13 18:34:57'),(1176,'jorgerodriguez@ut-morelia.edu.mx','exitoso','189.206.96.194','2025-03-13 19:13:56'),(1177,'jorgerodriguez@ut-morelia.edu.mx','exitoso','189.206.96.194','2025-03-14 15:06:01'),(1178,'jorgerodriguez@ut-morelia.edu.mx','exitoso','189.206.96.194','2025-03-14 15:09:34'),(1179,'jorgerodriguez@ut-morelia.edu.mx','exitoso','189.206.96.194','2025-03-14 16:26:01'),(1180,'jorgerodriguez@ut-morelia.edu.mx','exitoso','189.206.96.194','2025-03-14 16:34:10'),(1181,'jorgerodriguez@ut-morelia.edu.mx','exitoso','189.199.95.118','2025-03-14 21:29:31'),(1182,'arturo.calderon@ut-morelia.edu.mx','fallido','189.206.96.194','2025-03-20 18:35:47'),(1183,'arturo.calderon@ut-morelia.edu.mx','exitoso','189.206.96.194','2025-03-20 18:35:58'),(1184,'srangel@ut-morelia.edu.mx','exitoso','189.206.96.194','2025-03-20 20:21:29'),(1185,'srangel@ut-morelia.edu.mx','exitoso','189.206.96.194','2025-03-20 20:21:33'),(1186,'observador@admin.com','exitoso','189.141.247.85','2025-03-20 22:24:07'),(1187,'srangel@ut-morelia.edu.mx','exitoso','189.206.96.194','2025-03-25 17:40:31'),(1188,'srangel@ut-morelia.edu.mx','exitoso','189.206.96.194','2025-03-25 17:40:35'),(1189,'srangel@ut-morelia.edu.mx','exitoso','177.224.178.192','2025-03-26 03:53:28'),(1190,'srangel@ut-morelia.edu.mx','exitoso','177.224.178.192','2025-03-26 03:53:39'),(1191,'srangel@ut-morelia.edu.mx','exitoso','189.206.96.194','2025-03-26 17:55:46'),(1192,'srangel@ut-morelia.edu.mx','exitoso','189.206.96.194','2025-03-26 17:55:52'),(1193,'srangel@ut-morelia.edu.mx','exitoso','189.206.96.194','2025-03-26 19:09:42'),(1194,'srangel@ut-morelia.edu.mx','exitoso','189.206.96.194','2025-03-31 18:30:07'),(1195,'srangel@ut-morelia.edu.mx','exitoso','189.206.96.194','2025-03-31 18:30:11'),(1196,'jorgerodriguez@ut-morelia.edu.mx','exitoso','189.243.239.94','2025-04-01 13:50:38'),(1197,'admin@admin.com','exitoso','177.240.137.65','2025-04-02 14:20:24'),(1198,'luis.gutierrez@ut-morelia.edu.mx','exitoso','189.199.95.118','2025-04-02 18:02:12'),(1199,'jorgerodriguez@ut-morelia.edu.mx','fallido','189.199.95.118','2025-04-03 15:07:15'),(1200,'jorgerodriguez@ut-morelia.edu.mx','exitoso','189.199.95.118','2025-04-03 15:07:21'),(1201,'observador@admin.com','exitoso','189.141.247.86','2025-04-06 15:02:29'),(1202,'observador@admin.com','exitoso','189.141.247.86','2025-04-06 16:02:57'),(1203,'srangel@ut-morelia.edu.mx','fallido','189.199.95.118','2025-04-08 01:16:08'),(1204,'srangel@ut-morelia.edu.mx','exitoso','189.199.95.118','2025-04-08 01:16:16'),(1205,'srangel@ut-morelia.edu.mx','fallido','189.206.96.194','2025-04-08 19:53:27'),(1206,'srangel@ut-morelia.edu.mx','exitoso','189.206.96.194','2025-04-08 19:53:29'),(1207,'srangel@ut-morelia.edu.mx','exitoso','189.206.96.194','2025-04-08 20:04:40'),(1208,'srangel@ut-morelia.edu.mx','exitoso','189.206.96.194','2025-04-08 20:05:03'),(1209,'admin@admin.com','exitoso','189.243.239.94','2025-04-09 02:55:04'),(1210,'jonathan.moreno@ut-morelia.edu.mx','exitoso','189.206.96.194','2025-04-09 17:20:05'),(1211,'jonathan.moreno@ut-morelia.edu.mx','fallido','189.206.96.194','2025-04-09 17:20:14'),(1212,'jonathan.moreno@ut-morelia.edu.mx','exitoso','189.206.96.194','2025-04-09 17:20:32'),(1213,'mequihua@ut-morelia.edu.mx','exitoso','189.206.96.194','2025-04-09 19:35:58'),(1214,'mequihua@ut-morelia.edu.mx','exitoso','189.206.96.194','2025-04-09 19:36:09'),(1215,'admin@admin.com','exitoso','177.240.145.77','2025-04-09 20:22:51'),(1216,'srangel@ut-morelia.edu.mx','exitoso','189.206.96.194','2025-04-09 20:26:05'),(1217,'srangel@ut-morelia.edu.mx','exitoso','189.206.96.194','2025-04-09 20:26:13'),(1218,'doragutierrez@ut-morelia.edu.mx','fallido','189.206.96.194','2025-04-09 20:55:39'),(1219,'doragutierrez@ut-morelia.edu.mx','fallido','189.206.96.194','2025-04-09 20:55:51'),(1220,'garodriguez@ut-morelia.edu.mx','fallido','189.206.96.194','2025-04-09 21:10:31'),(1221,'srangel@ut-morelia.edu.mx','exitoso','189.206.96.194','2025-04-09 22:56:53'),(1222,'srangel@ut-morelia.edu.mx','exitoso','189.206.96.194','2025-04-09 22:56:56'),(1223,'admin@admin.com','exitoso','177.240.145.77','2025-04-10 00:09:56'),(1224,'jorgerodriguez@ut-morelia.edu.mx','exitoso','189.243.239.94','2025-04-10 02:00:49'),(1225,'jorgerodriguez@ut-morelia.edu.mx','fallido','189.243.239.94','2025-04-10 02:00:55'),(1226,'jorgerodriguez@ut-morelia.edu.mx','exitoso','189.243.239.94','2025-04-10 02:01:06'),(1227,'admin@admin.com','exitoso','177.240.145.77','2025-04-10 02:07:33'),(1228,'srangel@ut-morelia.edu.mx','exitoso','189.243.239.94','2025-04-10 02:27:33'),(1229,'jorgerodriguez@ut-morelia.edu.mx','exitoso','189.243.239.94','2025-04-10 03:14:13'),(1230,'jose.rodriguez@ut-morelia.edu.mx','fallido','187.173.129.109','2025-04-10 03:16:04'),(1231,'jose.rodriguez@ut-morelia.edu.mx','fallido','187.173.129.109','2025-04-10 03:16:19'),(1232,'srangel@ut-morelia.edu.mx','exitoso','189.243.239.94','2025-04-10 03:18:38'),(1233,'admin@admin.com','exitoso','189.243.239.94','2025-04-10 03:22:06'),(1234,'laura.vieyra@ut-morelia.edu.mx','fallido','177.240.128.29','2025-04-10 03:54:03'),(1235,'laura.vieyra@ut-morelia.edu.mx','fallido','177.240.128.29','2025-04-10 03:54:27'),(1236,'laura.vieyra@ut-morelia.edu.mx','fallido','177.240.128.29','2025-04-10 03:55:40'),(1237,'laura.vieyra@ut-morelia.edu.mx','exitoso','177.240.128.29','2025-04-10 04:01:05'),(1238,'kypl.1605@gmail.com','fallido','189.243.239.94','2025-04-10 04:21:46'),(1239,'kpenaloza@ut-morelia.edu.mx','exitoso','189.243.239.94','2025-04-10 04:22:22'),(1240,'admin@admin.com','exitoso','189.243.239.94','2025-04-10 04:43:06'),(1241,'jonathan.moreno@ut-morelia.edu.mx','exitoso','177.240.151.72','2025-04-10 05:27:25'),(1242,'jonathan.moreno@ut-morelia.edu.mx','exitoso','177.240.151.72','2025-04-10 05:27:36'),(1243,'admin@admin.com','exitoso','177.240.145.77','2025-04-10 07:13:00'),(1244,'mequihua@ut-morelia.edu.mx','exitoso','177.240.135.190','2025-04-10 07:25:57'),(1245,'jorgerodriguez@ut-morelia.edu.mx','exitoso','189.206.96.194','2025-04-10 14:17:02'),(1246,'rocio.gonzalez@ut-morelia.edu.mx','exitoso','189.206.96.194','2025-04-10 14:45:42'),(1247,'admin@admin.com','exitoso','177.240.137.65','2025-04-10 14:50:25'),(1248,'kpenaloza@ut-morelia.edu.mx','exitoso','189.206.96.194','2025-04-10 14:51:39'),(1249,'luis.gutierrez@ut-morelia.edu.mx','exitoso','189.206.96.194','2025-04-10 14:55:18'),(1250,'luis.gutierrez@ut-morelia.edu.mx','exitoso','189.206.96.194','2025-04-10 14:55:47'),(1251,'doragutierrez@ut-morelia.edu.mx','exitoso','189.206.96.194','2025-04-10 14:56:56'),(1252,'garodriguez@ut-morelia.edu','fallido','189.206.96.194','2025-04-10 14:58:26'),(1253,'garodriguez@ut-morelia.edu.mx','exitoso','189.206.96.194','2025-04-10 14:58:56'),(1254,'laura.vieyra@ut-morelia.edu.mx','exitoso','189.206.96.194','2025-04-10 14:59:31'),(1255,'kpenaloza@ut-morelia.edu.mx','exitoso','189.206.96.194','2025-04-10 15:06:36'),(1256,'kpenaloza@ut-morelia.edu.mx','exitoso','189.206.96.194','2025-04-10 15:11:07'),(1257,'rodrigo.cerecero@utmorelia.edu.mx','fallido','189.206.96.194','2025-04-10 15:11:11'),(1258,'rodrigo.cerecero@utmorelia.edu.mx','fallido','189.206.96.194','2025-04-10 15:11:22'),(1259,'rodrigo.cerecero@utmorelia.edu.mx','fallido','189.206.96.194','2025-04-10 15:12:00'),(1260,'rodrigo.cerecero@ut-morelia.edu.mx','exitoso','189.206.96.194','2025-04-10 15:12:33'),(1261,'luis.gutierrez@ut-morelia.edu.mx','exitoso','189.206.96.194','2025-04-10 15:12:54'),(1262,'luis.gutierrez@ut-morelia.edu.mx','exitoso','189.206.96.194','2025-04-10 15:13:06'),(1263,'karina.ornelas@ut-morelia.edu.mx','exitoso','189.206.96.194','2025-04-10 15:13:09'),(1264,'mario.gutierrez@ut-morelia.edu.mx','fallido','189.206.96.194','2025-04-10 15:14:44'),(1265,'mario.gutierrez@ut-morelia.edu.mx','fallido','189.206.96.194','2025-04-10 15:15:59'),(1266,'mario.gutierrez@ut-morelia.edu.mx','exitoso','189.206.96.194','2025-04-10 15:16:12'),(1267,'jose.rodriguez@ut-morelia.edu.mx','exitoso','189.206.96.194','2025-04-10 15:17:28'),(1268,'jose.rodriguez@ut-morelia.edu.mx','exitoso','189.206.96.194','2025-04-10 15:18:24'),(1269,'garodriguez@ut-morelia.edu.mx','exitoso','189.206.96.194','2025-04-10 15:18:39'),(1270,'dante.tutor@ut-morelia.edu.mx','fallido','189.206.96.194','2025-04-10 15:20:06'),(1271,'jorgerodriguez@ut-morelia.edu.mx','exitoso','189.206.96.194','2025-04-10 15:20:20'),(1272,'dante.tutor@ut-morelia.edu.mx','fallido','189.206.96.194','2025-04-10 15:20:37'),(1273,'dante.garcia@ut-morelia.edu.mx','fallido','189.206.96.194','2025-04-10 15:21:30'),(1274,'dante.garcia@ut-morelia.edu.mx','fallido','189.206.96.194','2025-04-10 15:21:48'),(1275,'dante.garcia@ut-morelia.edu.mx','fallido','189.206.96.194','2025-04-10 15:22:16'),(1276,'dante.tutor@ut-morelia.edu.mx','fallido','189.206.96.194','2025-04-10 15:22:56'),(1277,'karina.ornelas@ut-morelia.edu.mx','exitoso','189.206.96.194','2025-04-10 15:23:00'),(1278,'karina.ornelas@ut-morelia.edu.mx','exitoso','189.206.96.194','2025-04-10 15:23:08'),(1279,'dante.tutor@ut-morelia.edu.mx','fallido','189.206.96.194','2025-04-10 15:23:16'),(1280,'karina.ornelas@ut-morelia.edu.mx','exitoso','189.206.96.194','2025-04-10 15:23:39'),(1281,'julio.hernandez@ut-morelia.edu.mx','fallido','189.206.96.194','2025-04-10 15:23:40'),(1282,'dante.garcia@ut-morelia.edu.mx','fallido','189.206.96.194','2025-04-10 15:24:37'),(1283,'julio.hernandez@ut-morelia.edu.mx','exitoso','189.206.96.194','2025-04-10 15:24:55'),(1284,'dante.garcia@ut-morelia.edu.mx','exitoso','189.206.96.194','2025-04-10 15:24:56'),(1285,'jorgerodriguez@ut-morelia.edu.mx','exitoso','189.206.96.194','2025-04-10 15:27:52'),(1286,'jose.cervantes@ut-morelia.edu.mx','exitoso','189.206.96.194','2025-04-10 15:32:11'),(1287,'mequihua@ut-morelia.edu.mx','exitoso','189.206.96.194','2025-04-10 15:32:55'),(1288,'jonathan.moreno@ut-morelia.edu.mx','fallido','189.206.96.194','2025-04-10 15:35:42'),(1289,'jonathan.moreno@ut-morelia.edu.mx','exitoso','189.206.96.194','2025-04-10 15:35:49'),(1290,'rodrigo.cerecero@ut-morelia.edu.mx','exitoso','189.206.96.194','2025-04-10 15:36:55'),(1291,'karina.ornelas@ut-morelia.edu.mx','exitoso','189.206.96.194','2025-04-10 15:42:33'),(1292,'luis.gutierrez@ut-morelia.edu.mx','exitoso','189.206.96.194','2025-04-10 15:50:01'),(1293,'luis.gutierrez@ut-morelia.edu.mx','exitoso','189.206.96.194','2025-04-10 15:50:09'),(1294,'srangel@ut-morelia.edu.mx','exitoso','189.206.96.194','2025-04-10 15:57:48'),(1295,'laura.vieyra@ut-morelia.edu.mx','fallido','189.206.96.194','2025-04-10 16:08:09'),(1296,'arturo.calderon@ut-morelia.edu.mx','exitoso','189.206.96.194','2025-04-10 16:08:34'),(1297,'chef.mario.utm@gmail.com','exitoso','189.206.96.194','2025-04-10 16:13:14'),(1298,'chef.mario.utm@gmail.com','exitoso','189.206.96.194','2025-04-10 16:13:14'),(1299,'luis.gutierrez@ut-morelia.edu.mx','exitoso','189.206.96.194','2025-04-10 16:13:33'),(1300,'chef.mario.utm@gmail.com','exitoso','189.206.96.194','2025-04-10 16:13:37'),(1301,'carlos.lopez@ut-morelia.edu.mx','exitoso','189.206.96.194','2025-04-10 16:18:27'),(1302,'jose.rodriguez@ut-morelia.edu.mx','exitoso','189.206.96.194','2025-04-10 16:19:49'),(1303,'jonathan.moreno@ut-morelia.edu.mx','exitoso','189.206.96.194','2025-04-10 16:27:58'),(1304,'mequihua@ut-morelia.edu.mx','exitoso','189.206.96.194','2025-04-10 16:29:13'),(1305,'jorgerodriguez@ut-morelia.edu.mx','exitoso','189.206.96.194','2025-04-10 16:30:06'),(1306,'julio.hernandez@ut-morelia.edu.mx','exitoso','189.206.96.194','2025-04-10 16:38:46'),(1307,'dante.garcia@ut-morelia.edu.mx','exitoso','189.206.96.194','2025-04-10 16:56:52'),(1308,'admin@admin.com','exitoso','177.240.137.65','2025-04-10 17:01:38'),(1309,'luis.gutierrez@ut-morelia.edu.mx','exitoso','189.206.96.194','2025-04-10 17:02:26'),(1310,'luis.gutierrez@ut-morelia.edu.mx','exitoso','189.206.96.194','2025-04-10 17:02:33'),(1311,'jose.rodriguez@ut-morelia.edu.mx','exitoso','189.206.96.194','2025-04-10 17:11:35'),(1312,'dante.garcia@ut-morelia.edu.mx','exitoso','189.206.96.194','2025-04-10 17:11:54'),(1313,'dante.garcia@ut-morelia.edu.mx','exitoso','189.206.96.194','2025-04-10 17:13:06'),(1314,'jorgerodriguez@ut-morelia.edu.mx','exitoso','189.206.96.194','2025-04-10 17:18:26'),(1315,'dante.garcia@ut-morelia.edu.mx','exitoso','189.206.96.194','2025-04-10 17:19:34'),(1316,'rocio.gonzalez@ut-morelia.edu.mx','exitoso','189.206.96.194','2025-04-10 17:36:44'),(1317,'laura.vieyra@ut-morelia.edu.mx','exitoso','189.206.96.194','2025-04-10 17:39:26'),(1318,'karina.ornelas@ut-morelia.edu.mx','exitoso','189.206.96.194','2025-04-10 18:02:12'),(1319,'luis.gutierrez@ut-morelia.edu.mx','exitoso','189.206.96.194','2025-04-10 18:05:17'),(1320,'chef.mario.utm@gmail.com','exitoso','189.206.96.194','2025-04-10 18:23:32'),(1321,'mario.gutierrez@ut-morelia.edu.mx','exitoso','189.206.96.194','2025-04-10 18:27:56'),(1322,'jose.rodriguez@ut-morelia.edu.mx','exitoso','189.206.96.194','2025-04-10 18:41:07'),(1323,'luis.gutierrez@ut-morelia.edu.mx','exitoso','189.206.96.194','2025-04-10 18:51:54'),(1324,'kpenaloza@ut-morelia.edu.mx','exitoso','189.206.96.194','2025-04-10 18:52:49'),(1325,'luis.gutierrez@ut-morelia.edu.mx','exitoso','189.206.96.194','2025-04-10 18:54:39'),(1326,'kpenaloza@ut-morelia.edu.mx','exitoso','189.206.96.194','2025-04-10 18:55:54'),(1327,'kpenaloza@ut-morelia.edu.mx','exitoso','189.206.96.194','2025-04-10 18:59:12'),(1328,'srangel@ut-morelia.edu.mx','exitoso','189.206.96.194','2025-04-10 19:00:24'),(1329,'kpenaloza@ut-morelia.edu.mx','exitoso','189.206.96.194','2025-04-10 19:17:22'),(1330,'admin@admin.com','exitoso','177.240.137.65','2025-04-10 19:41:03'),(1331,'arturo.calderon@ut-morelia.edu.mx','exitoso','189.206.96.194','2025-04-10 19:43:29'),(1332,'srangel@ut-morelia.edu.mx','exitoso','189.206.96.194','2025-04-10 19:47:52'),(1333,'srangel@ut-morelia.edu.mx','exitoso','189.206.96.194','2025-04-10 19:48:03'),(1334,'jorgerodriguez@ut-morelia.edu.mx','exitoso','189.206.96.194','2025-04-10 20:48:02'),(1335,'srangel@ut-morelia.edu.mx','exitoso','189.206.96.194','2025-04-10 20:48:08'),(1336,'jonathan.moreno@ut-morelia.edu.mx','exitoso','189.206.96.194','2025-04-10 20:59:47'),(1337,'kpenaloza@ut-morelia.edu.mx','exitoso','189.206.96.194','2025-04-10 21:43:18'),(1338,'observador@admin.com','exitoso','189.141.242.28','2025-04-10 23:06:11'),(1339,'observador@admin.com','exitoso','189.141.242.28','2025-04-10 23:16:29'),(1340,'kpenaloza@ut-morelia.edu.mx','exitoso','189.206.96.194','2025-04-10 23:19:47'),(1341,'srangel@ut-morelia.edu.mx','exitoso','189.206.96.194','2025-04-10 23:45:11'),(1342,'kpenaloza@ut-morelia.edu.mx','exitoso','189.206.96.194','2025-04-11 00:05:41'),(1343,'admin@admin.com','exitoso','177.240.137.65','2025-04-11 00:06:52'),(1344,'jorgerodriguez@ut-morelia.edu.mx','exitoso','189.206.96.194','2025-04-11 00:12:25'),(1345,'observador@admin.com','exitoso','189.141.242.28','2025-04-11 01:19:47'),(1346,'jorgerodriguez@ut-morelia.edu.mx','exitoso','189.243.239.94','2025-04-11 03:52:09'),(1347,'srangel@ut-morelia.edu.mx','exitoso','189.243.239.94','2025-04-11 03:53:04'),(1348,'jorgerodriguez@ut-morelia.edu.mx','exitoso','189.243.239.94','2025-04-11 05:41:14'),(1349,'jorgerodriguez@ut-morelia.edu.mx','exitoso','177.240.146.72','2025-04-11 06:07:26'),(1350,'jorgerodriguez@ut-morelia.edu.mx','exitoso','177.240.146.72','2025-04-11 06:11:15'),(1351,'chef.mario.utm@gmail.com','exitoso','189.206.96.194','2025-04-11 14:25:54'),(1352,'jonathan.moreno@ut-morelia.edu.mx','exitoso','189.206.96.194','2025-04-11 14:26:13'),(1353,'mequihua@ut-morelia.edu.mx','exitoso','177.240.135.190','2025-04-11 14:34:47'),(1354,'karina.ornelas@ut-morelia.edu.mx','exitoso','189.206.96.194','2025-04-11 14:41:38'),(1355,'dante.garcia@ut-morelia.edu.mx','exitoso','189.206.96.194','2025-04-11 14:57:12'),(1356,'luis.gutierrez@ut-morelia.edu.mx','exitoso','189.206.96.194','2025-04-11 15:00:23'),(1357,'luis.gutierrez@ut-morelia.edu.mx','exitoso','189.206.96.194','2025-04-11 15:00:31'),(1358,'jose.rodriguez@ut-morelia.edu.mx','exitoso','189.206.96.194','2025-04-11 15:01:33'),(1359,'jose.rodriguez@ut-morelia.edu.mx','exitoso','189.206.96.194','2025-04-11 15:01:41'),(1360,'karina.ornelas@ut-morelia.edu.mx','exitoso','189.206.96.194','2025-04-11 15:02:18'),(1361,'luis.gutierrez@ut-morelia.edu.mx','exitoso','189.206.96.194','2025-04-11 15:03:16'),(1362,'luis.gutierrez@ut-morelia.edu.mx','exitoso','189.206.96.194','2025-04-11 15:03:29'),(1363,'observador@admin.com','exitoso','189.141.242.28','2025-04-11 15:08:01'),(1364,'jorgerodriguez@ut-morelia.edu.mx','exitoso','189.206.96.194','2025-04-11 15:15:45'),(1365,'mario.gutierrez@ut-morelia.edu.mx','exitoso','189.206.96.194','2025-04-11 15:16:36'),(1366,'kpenaloza@ut-morelia.edu.mx','exitoso','189.206.96.194','2025-04-11 15:17:21'),(1367,'karina.ornelas@ut-morelia.edu.mx','exitoso','189.206.96.194','2025-04-11 15:17:29'),(1368,'jose.cervantes@ut-morelia.edu.mx','exitoso','189.206.96.194','2025-04-11 15:23:38'),(1369,'jonatan.salazar@ut-morelia.edu.mx','fallido','189.206.96.194','2025-04-11 15:24:36'),(1370,'jonatan.salazar@ut-morelia.edu.mx','fallido','189.206.96.194','2025-04-11 15:26:16'),(1371,'julio.hernandez@ut-morelia.edu.mx','exitoso','189.206.96.194','2025-04-11 15:26:51'),(1372,'mequihua@ut-morelia.edu.mx','exitoso','189.206.96.194','2025-04-11 15:33:54'),(1373,'admin@admin.com','exitoso','177.240.145.77','2025-04-11 15:54:17'),(1374,'karina.ornelas@ut-morelia.edu.mx','exitoso','189.206.96.194','2025-04-11 16:05:29'),(1375,'mario.gutierrez@ut-morelia.edu.mx','exitoso','189.206.96.194','2025-04-11 16:32:09'),(1376,'observador@admin.com','exitoso','189.201.51.61','2025-04-11 16:59:13'),(1377,'observador@admin.com','exitoso','189.201.51.61','2025-04-11 17:04:55'),(1378,'laura.vieyra@ut-morelia.edu.mx','exitoso','189.206.96.194','2025-04-11 17:17:37'),(1379,'jose.rodriguez@ut-morelia.edu.mx','exitoso','189.206.96.194','2025-04-11 17:18:45'),(1380,'mario.gutierrez@ut-morelia.edu.mx','exitoso','189.206.96.194','2025-04-11 17:27:03'),(1381,'observador@admin.com','exitoso','189.201.51.61','2025-04-11 17:29:49'),(1382,'jose.cervantes@ut-morelia.edu.mx','exitoso','189.206.96.194','2025-04-11 17:54:58'),(1383,'julio.hernandez@ut-morelia.edu.mx','exitoso','189.206.96.194','2025-04-11 17:56:01'),(1384,'admin@admin.com','exitoso','177.240.145.77','2025-04-11 17:58:24'),(1385,'karina.ornelas@ut-morelia.edu.mx','exitoso','189.206.96.194','2025-04-11 18:04:54'),(1386,'jorgerodriguez@ut-morelia.edu.mx','exitoso','189.206.96.194','2025-04-11 18:12:21'),(1387,'observador@admin.com','exitoso','189.201.51.61','2025-04-11 18:16:35'),(1388,'karina.ornelas@ut-morelia.edu.mx','exitoso','189.206.96.194','2025-04-11 18:42:36'),(1389,'jorgerodriguez@ut-morelia.edu.mx','fallido','189.206.96.194','2025-04-11 18:46:14'),(1390,'jorgerodriguez@ut-morelia.edu.mx','exitoso','189.206.96.194','2025-04-11 18:46:27'),(1391,'observador@admin.com','exitoso','189.201.51.61','2025-04-11 18:51:08'),(1392,'observador@admin.com','exitoso','189.201.51.61','2025-04-11 19:25:41'),(1393,'observador@admin.com','exitoso','189.201.51.61','2025-04-11 19:31:21'),(1394,'admin@admin.com','exitoso','200.68.167.65','2025-04-11 19:33:33'),(1395,'karina.ornelas@ut-morelia.edu.mx','exitoso','189.206.96.194','2025-04-11 19:42:00'),(1396,'admin@admin.com','exitoso','200.68.167.65','2025-04-11 19:59:36'),(1397,'jose.rodriguez@ut-morelia.edu.mx','exitoso','189.206.96.194','2025-04-11 20:01:02'),(1398,'jose.rodriguez@ut-morelia.edu.mx','exitoso','189.206.96.194','2025-04-11 20:01:09'),(1399,'karina.ornelas@ut-morelia.edu.mx','exitoso','189.206.96.194','2025-04-11 20:23:17'),(1400,'observador@admin.com','exitoso','189.201.51.61','2025-04-11 20:32:43'),(1401,'admin@admin.com','exitoso','177.240.145.77','2025-04-11 21:05:13'),(1402,'admin@admin.com','exitoso','177.240.145.77','2025-04-11 21:27:21'),(1403,'observador@admin.com','exitoso','189.141.242.28','2025-04-11 22:12:54'),(1404,'admin@admin.com','exitoso','177.240.145.77','2025-04-11 22:23:55'),(1405,'observador@admin.com','exitoso','189.141.242.28','2025-04-11 22:56:01'),(1406,'observador@admin.com','exitoso','189.141.242.28','2025-04-11 23:15:57'),(1407,'observador@admin.com','exitoso','189.141.242.28','2025-04-11 23:53:51'),(1408,'observador@admin.com','exitoso','189.141.242.28','2025-04-12 00:13:29'),(1409,'jose.rodriguez@ut-morelia.edu.mx','exitoso','187.173.129.109','2025-04-12 00:27:29'),(1410,'jose.rodriguez@ut-morelia.edu.mx','exitoso','187.173.129.109','2025-04-12 00:27:33'),(1411,'observador@admin.com','exitoso','189.141.242.28','2025-04-12 02:08:55'),(1412,'observador@admin.com','exitoso','189.201.52.239','2025-04-12 17:38:03'),(1413,'admin@admin.com','exitoso','177.240.137.65','2025-04-12 22:21:36'),(1414,'observador@admin.com','exitoso','189.141.243.177','2025-04-13 02:52:13'),(1415,'observador@admin.com','exitoso','189.141.243.177','2025-04-14 03:13:36'),(1416,'observador@admin.com','exitoso','189.141.245.71','2025-04-22 16:56:42'),(1417,'observador@admin.com','exitoso','189.141.245.71','2025-04-22 16:59:58'),(1418,'jose.rodriguez@ut-morelia.edu.mx','exitoso','189.203.106.126','2025-04-23 18:29:42'),(1419,'jose.rodriguez@ut-morelia.edu.mx','exitoso','189.203.106.126','2025-04-23 18:29:49'),(1420,'rocio.gonzalez@ut-morelia.edu.mx','exitoso','187.190.202.252','2025-04-25 00:46:43'),(1421,'observador@admin.com','exitoso','189.141.245.71','2025-04-26 20:18:49'),(1422,'jorgerodriguez@ut-morelia.edu.mx','fallido','187.195.97.150','2025-04-28 02:23:11'),(1423,'jorgerodriguez@ut-morelia.edu.mx','exitoso','187.195.97.150','2025-04-28 02:23:16'),(1424,'admin@admin.com','exitoso','187.195.97.150','2025-04-28 02:23:28'),(1425,'srangel@ut-morelia.edu.mx','exitoso','187.195.97.150','2025-04-28 02:26:30'),(1426,'srangel@ut-morelia.edu.mx','exitoso','187.195.97.150','2025-04-28 02:26:33'),(1427,'admin@admin.com','exitoso','187.195.97.150','2025-04-28 04:46:23'),(1428,'srangel@ut-morelia.edu.mx','exitoso','187.195.97.150','2025-04-28 04:46:27'),(1429,'srangel@ut-morelia.edu.mx','exitoso','187.195.97.150','2025-04-28 04:46:30'),(1430,'jorgerodriguez@ut-morelia.edu.mx','exitoso','187.195.97.150','2025-04-28 04:50:06'),(1431,'observador@admin.com','exitoso','187.195.97.150','2025-04-28 05:13:33'),(1432,'comision@chido.com','exitoso','187.195.97.150','2025-04-28 05:15:32'),(1433,'jorgerodriguez@ut-morelia.edu.mx','exitoso','189.206.96.194','2025-04-28 15:43:22'),(1434,'admin@admin.com','exitoso','177.240.137.65','2025-04-28 16:10:40'),(1435,'luis.gutierrez@ut-morelia.edu.mx','exitoso','189.206.96.194','2025-04-28 16:18:21'),(1436,'luis.gutierrez@ut-morelia.edu.mx','exitoso','189.206.96.194','2025-04-28 16:18:38'),(1437,'jorgerodriguez@ut-morelia.edu.mx','exitoso','189.206.96.194','2025-04-28 16:22:49'),(1438,'admin@admin.com','exitoso','177.240.137.65','2025-04-28 16:26:57'),(1439,'jose.rodriguez@ut-morelia.edu.mx','exitoso','189.206.96.194','2025-04-28 17:17:43'),(1440,'srangel@ut-morelia.edu.mx','exitoso','187.189.191.141','2025-04-28 18:06:08'),(1441,'srangel@ut-morelia.edu.mx','exitoso','187.189.191.141','2025-04-28 18:06:10'),(1442,'srangel@ut-morelia.edu.mx','exitoso','187.189.191.141','2025-04-28 19:18:37'),(1443,'jorgerodriguez@ut-morelia.edu.mx','exitoso','189.206.96.194','2025-04-28 19:18:54'),(1444,'luis.gutierrez@ut-morelia.edu.mx','exitoso','187.189.191.141','2025-04-28 20:15:29'),(1445,'luis.gutierrez@ut-morelia.edu.mx','exitoso','187.189.191.141','2025-04-28 20:15:38'),(1446,'jose.rodriguez@ut-morelia.edu.mx','exitoso','189.206.96.194','2025-04-28 20:22:12'),(1447,'jorgerodriguez@ut-morelia.edu.mx','exitoso','189.206.96.194','2025-04-28 21:53:18'),(1448,'admin@admin.com','exitoso','177.240.137.65','2025-04-28 21:55:07'),(1449,'srangel@ut-morelia.edu.mx','exitoso','187.189.191.141','2025-04-28 22:45:05'),(1450,'srangel@ut-morelia.edu.mx','exitoso','187.189.191.141','2025-04-28 22:45:07'),(1451,'kypl.1605@gmail.com','fallido','189.206.96.194','2025-04-28 22:49:52'),(1452,'kypl.1605@gmail.com','fallido','189.206.96.194','2025-04-28 22:50:19'),(1453,'kpenaloza@ut-morelia.edu.mx','fallido','189.206.96.194','2025-04-28 22:50:53'),(1454,'kpenaloza@ut-morelia.edu.mx','fallido','189.206.96.194','2025-04-28 22:51:15'),(1455,'kpenaloza@ut-morelia.edu.mx','exitoso','189.206.96.194','2025-04-28 22:51:26'),(1456,'admin@admin.com','exitoso','177.240.137.65','2025-04-28 22:55:34'),(1457,'jorgerodriguez@ut-morelia.edu.mx','exitoso','189.206.96.194','2025-04-28 23:00:26'),(1458,'observador@admin.com','exitoso','189.141.245.71','2025-04-28 23:35:55'),(1459,'observador@admin.com','exitoso','189.141.245.71','2025-04-28 23:53:56'),(1460,'admin@admin.com','exitoso','187.195.97.150','2025-04-29 03:35:58'),(1461,'jorgerodriguez@ut-morelia.edu.mx','exitoso','187.195.97.150','2025-04-29 03:37:28'),(1462,'COMISION@CHIDO.COM','exitoso','187.195.97.150','2025-04-29 03:51:43'),(1463,'admin@admin.com','exitoso','187.195.97.150','2025-04-29 03:56:03'),(1464,'jorgerodriguez@ut-morelia.edu.mx','exitoso','187.195.97.150','2025-04-29 03:57:05'),(1465,'comision@chido.com','exitoso','187.195.97.150','2025-04-29 03:59:18'),(1466,'kpenaloza@ut-morelia.edu.mx','exitoso','177.240.146.72','2025-04-29 12:48:10'),(1467,'jose.rodriguez@ut-morelia.edu.mx','exitoso','189.206.96.194','2025-04-29 14:23:45'),(1468,'observador@admin.com','exitoso','189.141.245.71','2025-04-29 14:35:23'),(1469,'kpenaloza@ut-morelia.edu.mx','exitoso','189.206.96.194','2025-04-29 15:00:06'),(1470,'dante.garcia@ut-morelia.edu.mx','exitoso','187.189.191.141','2025-04-29 15:02:21'),(1471,'luis.gutierrez@ut-morelia.edu.mx','exitoso','187.189.191.141','2025-04-29 15:04:06'),(1472,'luis.gutierrez@ut-morelia.edu.mx','exitoso','187.189.191.141','2025-04-29 15:04:14'),(1473,'luis.gutierrez@ut-morelia.edu.mx','exitoso','187.189.191.141','2025-04-29 15:04:34'),(1474,'luis.gutierrez@ut-morelia.edu.mx','exitoso','187.189.191.141','2025-04-29 15:04:43'),(1475,'mario.gutierrez@ut-morelia.edu.mx','exitoso','189.206.96.194','2025-04-29 15:08:50'),(1476,'jonathan.moreno@ut-morelia.edu.mx','fallido','189.206.96.194','2025-04-29 15:12:56'),(1477,'jonathan.moreno@ut-morelia.edu.mx','exitoso','189.206.96.194','2025-04-29 15:13:03'),(1478,'chef.mario.utm@gmail.com','exitoso','187.189.191.141','2025-04-29 15:15:47'),(1479,'jorgerodriguez@ut-morelia.edu.mx','exitoso','187.189.191.141','2025-04-29 15:21:47'),(1480,'observador@admin.com','exitoso','189.141.245.71','2025-04-29 15:23:08'),(1481,'karina.ornelas@ut-morelia.edu.mx','exitoso','187.189.191.141','2025-04-29 15:40:17'),(1482,'karina.ornelas@ut-morelia.edu.mx','exitoso','189.206.96.194','2025-04-29 15:40:33'),(1483,'observador@admin.com','exitoso','189.141.245.71','2025-04-29 15:58:54'),(1484,'julio.hernandez@ut-morelia.edu.mx','exitoso','189.206.96.194','2025-04-29 16:03:09'),(1485,'rocio.gonzalez@ut-morelia.edu.mx','exitoso','189.206.96.194','2025-04-29 16:09:02'),(1486,'luis.gutierrez@ut-morelia.edu.mx','exitoso','187.189.191.141','2025-04-29 16:11:18'),(1487,'karina.ornelas@ut-morelia.edu.mx','exitoso','187.189.191.141','2025-04-29 16:12:11'),(1488,'julio.hernandez@ut-morelia.edu.mx','exitoso','189.206.96.194','2025-04-29 16:12:52'),(1489,'karina.ornelas@ut-morelia.edu.mx','exitoso','189.206.96.194','2025-04-29 16:17:16'),(1490,'jose.rodriguez@ut-morelia.edu.mx','exitoso','187.189.191.141','2025-04-29 16:17:33'),(1491,'dante.garcia@ut-morelia.edu.mx','exitoso','187.189.191.141','2025-04-29 16:24:11'),(1492,'luis.gutierrez@ut-morelia.edu.mx','exitoso','187.189.191.141','2025-04-29 16:27:10'),(1493,'luis.gutierrez@ut-morelia.edu.mx','exitoso','187.189.191.141','2025-04-29 16:27:22'),(1494,'luis.gutierrez@ut-morelia.edu.mx','exitoso','187.189.191.141','2025-04-29 16:51:19'),(1495,'luis.gutierrez@ut-morelia.edu.mx','exitoso','187.189.191.141','2025-04-29 16:51:28'),(1496,'jorgerodriguez@ut-morelia.edu.mx','exitoso','187.189.191.141','2025-04-29 16:55:57'),(1497,'mario.gutierrez@ut-morelia.edu.mx','exitoso','189.206.96.194','2025-04-29 16:57:50'),(1498,'karina.ornelas@ut-morelia.edu.mx','exitoso','187.189.191.141','2025-04-29 17:00:48'),(1499,'carlos.lopez@ut-morelia.edu.mx','exitoso','187.189.191.141','2025-04-29 17:00:50'),(1500,'jonathan.moreno@ut-morelia.edu.mx','exitoso','189.206.96.194','2025-04-29 17:06:37'),(1501,'dante.garcia@ut-morelia.edu.mx','exitoso','187.189.191.141','2025-04-29 17:16:42'),(1502,'observador@admin.com','exitoso','189.141.245.71','2025-04-29 17:16:48'),(1503,'mario.gutierrez@ut-morelia.edu.mx','exitoso','189.206.96.194','2025-04-29 17:28:08'),(1504,'laura.vieyra@ut-morelia.edu.mx','exitoso','189.206.96.194','2025-04-29 17:28:44'),(1505,'jose.rodriguez@ut-morelia.edu.mx','exitoso','187.189.191.141','2025-04-29 17:48:00'),(1506,'luis.gutierrez@ut-morelia.edu.mx','exitoso','187.189.191.141','2025-04-29 17:55:00'),(1507,'luis.gutierrez@ut-morelia.edu.mx','exitoso','187.189.191.141','2025-04-29 17:55:12'),(1508,'luis.gutierrez@ut-morelia.edu.mx','exitoso','187.189.191.141','2025-04-29 18:02:36'),(1509,'chef.mario.utm@gmail.com','exitoso','187.189.191.141','2025-04-29 18:07:08'),(1510,'julio.hernandez@ut-morelia.edu.mx','exitoso','189.206.96.194','2025-04-29 18:07:20'),(1511,'karina.ornelas@ut-morelia.edu.mx','exitoso','187.189.191.141','2025-04-29 18:10:18'),(1512,'carlos.lopez@ut-morelia.edu.mx','fallido','187.189.191.141','2025-04-29 18:13:04'),(1513,'carlos.lopez@ut-morelia.edu.mx','exitoso','187.189.191.141','2025-04-29 18:13:14'),(1514,'jose.cervantes@ut-morelia.edu.mx','fallido','189.206.96.194','2025-04-29 18:20:06'),(1515,'jose.cervantes@ut-morelia.edu.mx','fallido','189.206.96.194','2025-04-29 18:20:17'),(1516,'mequihua@ut-morelia.edu.mx','exitoso','187.189.191.141','2025-04-29 18:20:32'),(1517,'srangel@ut-morelia.edu.mx','exitoso','187.189.191.141','2025-04-29 18:20:39'),(1518,'srangel@ut-morelia.edu.mx','exitoso','187.189.191.141','2025-04-29 18:20:42'),(1519,'jose.cervantes@ut-morelia.edu.mx','exitoso','189.206.96.194','2025-04-29 18:20:44'),(1520,'observador@admin.com','exitoso','189.141.245.71','2025-04-29 18:21:56'),(1521,'admin@admin.com','exitoso','200.68.167.56','2025-04-29 18:22:22'),(1522,'jonathan.moreno@ut-morelia.edu.mx','exitoso','189.206.96.194','2025-04-29 18:25:33'),(1523,'kpenaloza@ut-morelia.edu.mx','exitoso','189.206.96.194','2025-04-29 18:26:21'),(1524,'admin@admin.com','exitoso','177.240.145.77','2025-04-29 18:29:54'),(1525,'carlos.lopez@ut-morelia.edu.mx','exitoso','189.206.96.194','2025-04-29 18:32:42'),(1526,'rocio.gonzalez@ut-morelia.edu.mx','exitoso','189.206.96.194','2025-04-29 18:45:48'),(1527,'julio.hernandez@ut-morelia.edu.mx','exitoso','189.206.96.194','2025-04-29 18:54:17'),(1528,'observador@admin.com','exitoso','189.141.245.71','2025-04-29 19:05:45'),(1529,'dante.garcia@ut-morelia.edu.mx','exitoso','189.206.96.194','2025-04-29 19:14:48'),(1530,'mario.gutierrez@ut-morelia.edu.mx','fallido','189.206.96.194','2025-04-29 19:18:47'),(1531,'mario.gutierrez@ut-morelia.edu.mx','exitoso','189.206.96.194','2025-04-29 19:18:52'),(1532,'kpenaloza@ut-morelia.edu.mx','exitoso','189.206.96.194','2025-04-29 19:21:32'),(1533,'arturo.calderon@ut-morelia.edu.mx','exitoso','189.206.96.194','2025-04-29 19:35:47'),(1534,'jose.cervantes@ut-morelia.edu.mx','exitoso','187.189.191.141','2025-04-29 19:37:17'),(1535,'julio.hernandez@ut-morelia.edu.mx','exitoso','187.189.191.141','2025-04-29 19:45:31'),(1536,'julio.hernandez@ut-morelia.edu.mx','exitoso','189.206.96.194','2025-04-29 19:48:00'),(1537,'karina.ornelas@ut-morelia.edu.mx','exitoso','187.189.191.141','2025-04-29 20:02:54'),(1538,'karina.ornelas@ut-morelia.edu.mx','exitoso','189.206.96.194','2025-04-29 20:03:11'),(1539,'observador@admin.com','exitoso','189.141.245.71','2025-04-29 20:12:55'),(1540,'julio.hernandez@ut-morelia.edu.mx','exitoso','189.206.96.194','2025-04-29 20:13:40'),(1541,'luis.gutierrez@ut-morelia.edu.mx','exitoso','189.206.96.194','2025-04-29 20:15:19'),(1542,'julio.hernandez@ut-morelia.edu.mx','exitoso','189.206.96.194','2025-04-29 20:18:09'),(1543,'jose.cervantes@ut-morelia.edu.mx','exitoso','187.189.191.141','2025-04-29 20:18:10'),(1544,'dante.garcia@ut-morelia.edu.mx','exitoso','189.206.96.194','2025-04-29 20:19:50'),(1545,'dante.garcia@ut-morelia.edu.mx','exitoso','189.206.96.194','2025-04-29 20:19:55'),(1546,'julio.hernandez@ut-morelia.edu.mx','exitoso','189.206.96.194','2025-04-29 20:22:00'),(1547,'carlos.lopez@ut-morelia.edu.mx','exitoso','189.206.96.194','2025-04-29 20:32:24'),(1548,'jose.cervantes@ut-morelia.edu.mx','exitoso','187.189.191.141','2025-04-29 20:45:09'),(1549,'observador@admin.com','exitoso','189.141.245.71','2025-04-29 20:59:53'),(1550,'jose.rodriguez@ut-morelia.edu.mx','exitoso','189.206.96.194','2025-04-29 21:08:13'),(1551,'observador@admin.com','exitoso','189.141.245.71','2025-04-29 21:35:08'),(1552,'jorgerodriguez@ut-morelia.edu.mx','exitoso','189.206.96.194','2025-04-29 22:14:39'),(1553,'admin@admin.com','exitoso','177.240.145.77','2025-04-29 22:18:17'),(1554,'observador@admin.com','exitoso','189.141.245.71','2025-04-29 22:31:53'),(1555,'observador@admin.com','exitoso','189.141.245.71','2025-04-29 23:16:04'),(1556,'admin@admin.com','exitoso','177.240.145.77','2025-04-29 23:24:39'),(1557,'jose.cervantes@ut-morelia.edu.mx','exitoso','187.191.8.28','2025-04-30 01:42:11'),(1558,'observador@admin.com','exitoso','189.141.245.71','2025-04-30 02:06:14'),(1559,'luis.gutierrez@ut-morelia.edu.mx','exitoso','177.224.183.10','2025-04-30 03:24:43'),(1560,'luis.gutierrez@ut-morelia.edu.mx','exitoso','177.224.183.10','2025-04-30 03:24:58'),(1561,'jorgerodriguez@ut-morelia.edu.mx','exitoso','187.195.97.150','2025-04-30 04:01:23'),(1562,'jorgerodriguez@ut-morelia.edu.mx','exitoso','187.195.97.150','2025-04-30 04:01:31'),(1563,'observador@admin.com','exitoso','187.195.97.150','2025-04-30 04:03:13'),(1564,'observador@admin.com','exitoso','177.224.183.13','2025-04-30 04:05:27'),(1565,'observador@afmin.com','fallido','207.248.109.114','2025-04-30 04:06:49'),(1566,'observador@admin.com','exitoso','189.141.244.51','2025-04-30 04:07:10'),(1567,'observador@admin.com','exitoso','38.35.231.250','2025-04-30 04:08:35'),(1568,'observador@admin.com','exitoso','177.240.130.84','2025-04-30 04:11:24'),(1569,'observador@admin.com','exitoso','189.203.106.150','2025-04-30 04:14:52'),(1570,'observador@admin.com','exitoso','177.240.138.173','2025-04-30 04:14:55'),(1571,'observador@admin.com','exitoso','189.203.106.150','2025-04-30 04:16:08'),(1572,'luis.gutierrez@ut-morelia.edu.mx','exitoso','177.224.183.10','2025-04-30 04:19:10'),(1573,'observador@admin.com','exitoso','177.240.149.170','2025-04-30 04:32:10'),(1574,'observador@admin.com','exitoso','177.240.149.170','2025-04-30 04:32:13'),(1575,'observador@admin.com','exitoso','177.240.149.170','2025-04-30 04:32:13'),(1576,'observador@admin.com','exitoso','177.240.149.170','2025-04-30 04:32:38'),(1577,'observador@admin.com','exitoso','187.173.131.22','2025-04-30 04:37:18'),(1578,'observador@admin.com','exitoso','177.240.138.173','2025-04-30 04:40:36'),(1579,'observador@admin.com','exitoso','177.240.138.173','2025-04-30 04:40:38'),(1580,'observador@admin.com','exitoso','187.173.131.22','2025-04-30 04:43:25'),(1581,'j.l.calvillo70@gmail.com','fallido','189.203.97.114','2025-04-30 05:03:47'),(1582,'j.l.calvillo70@gmail.com','fallido','189.203.97.114','2025-04-30 05:04:02'),(1583,'observador@admin.com','exitoso','189.141.240.96','2025-04-30 05:13:53'),(1584,'observador@admin.com','exitoso','177.240.144.218','2025-04-30 06:16:17'),(1585,'observador@admin.com','exitoso','177.240.144.218','2025-04-30 06:16:32'),(1586,'observador@admin.com','exitoso','177.240.144.218','2025-04-30 06:22:15'),(1587,'observador@admin.com','exitoso','177.240.144.218','2025-04-30 06:34:00'),(1588,'observador@admin.com','exitoso','189.141.236.12','2025-04-30 06:34:07'),(1589,'observador@admin.com','exitoso','177.240.144.218','2025-04-30 07:14:39'),(1590,'observador@admin.com','exitoso','177.240.144.218','2025-04-30 07:17:27'),(1591,'observador@admin.com','exitoso','46.193.108.146','2025-04-30 08:46:53'),(1592,'observador@admin.com','fallido','177.240.143.156','2025-04-30 08:50:26'),(1593,'observador@admin.com','exitoso','177.240.143.156','2025-04-30 08:51:02'),(1594,'observador@admin.com','exitoso','46.193.108.146','2025-04-30 10:07:38'),(1595,'j.l.calvillo70@gmail.com','fallido','189.203.97.114','2025-04-30 12:51:10'),(1596,'observador@admin.com','exitoso','200.68.167.11','2025-04-30 13:03:02'),(1597,'j.l.calvillo70@gmail.com','fallido','189.203.97.114','2025-04-30 13:11:35'),(1598,'observador@admin.com','exitoso','189.203.97.114','2025-04-30 13:18:45'),(1599,'observador@admin.com','exitoso','189.141.245.71','2025-04-30 13:59:45'),(1600,'luis.gutierrez@ut-morelia.edu.mx','exitoso','187.189.191.141','2025-04-30 14:14:00'),(1601,'observador@admin.com','exitoso','187.189.191.141','2025-04-30 14:16:26'),(1602,'jose.rodriguez@ut-morelia.edu.mx','exitoso','189.206.96.194','2025-04-30 14:18:02'),(1603,'observador@admin.com','exitoso','200.68.167.49','2025-04-30 14:27:17'),(1604,'julio.hernandez@ut-morelia.edu.mx','exitoso','187.189.191.141','2025-04-30 14:33:12'),(1605,'observador@admin.com','exitoso','189.206.96.194','2025-04-30 14:38:53'),(1606,'rocio.gonzalez@ut-morelia.edu.mx','exitoso','187.189.191.141','2025-04-30 14:46:09'),(1607,'karina.ornelas@ut-morelia.edu.mx','exitoso','189.206.96.194','2025-04-30 14:47:50'),(1608,'observador@admin.com','exitoso','187.189.191.141','2025-04-30 14:50:15'),(1609,'observador@admin.com','exitoso','46.193.108.146','2025-04-30 14:50:35'),(1610,'observador@admin.com','exitoso','201.175.241.40','2025-04-30 15:03:15'),(1611,'observador@admin.com','exitoso','46.193.108.146','2025-04-30 15:08:06'),(1612,'observador@admin.com','exitoso','46.193.108.146','2025-04-30 15:08:07'),(1613,'arturo.calderon@ut-morelia.edu.mx','exitoso','187.189.191.141','2025-04-30 15:09:01'),(1614,'arturo.calderon@ut-morelia.edu.mx','exitoso','187.189.191.141','2025-04-30 15:09:13'),(1615,'julio.hernandez@ut-morelia.edu.mx','exitoso','200.68.166.5','2025-04-30 15:20:49'),(1616,'observador@admin.com','exitoso','189.206.96.194','2025-04-30 15:48:17'),(1617,'julio.hernandez@ut-morelia.edu.mx','exitoso','189.206.96.194','2025-04-30 16:10:10'),(1618,'observador@admin.com','exitoso','46.193.108.146','2025-04-30 16:11:17'),(1619,'mario.gutierrez@ut-morelia.edu.mx','exitoso','189.206.96.194','2025-04-30 16:11:26'),(1620,'luis.gutierrez@ut-morelia.edu.mx','exitoso','189.206.96.194','2025-04-30 16:12:11'),(1621,'chef.mario.utm@gmail.com','exitoso','187.189.191.141','2025-04-30 16:18:20'),(1622,'observador@admin.com','exitoso','187.189.191.141','2025-04-30 16:20:07'),(1623,'observador@admin.com','exitoso','200.68.167.49','2025-04-30 16:26:30'),(1624,'kpenaloza@ut-morelia.edu.mx','exitoso','189.206.96.194','2025-04-30 16:28:25'),(1625,'jose.rodriguez@ut-morelia.edu.mx','exitoso','187.189.191.141','2025-04-30 16:28:34'),(1626,'karina.ornelas@ut-morelia.edu.mx','exitoso','189.206.96.194','2025-04-30 16:28:59'),(1627,'karina.ornelas@ut-morelia.edu.mx','exitoso','187.189.191.141','2025-04-30 16:31:58'),(1628,'srangel@ut-morelia.edu.mx','exitoso','187.189.191.141','2025-04-30 16:32:18'),(1629,'srangel@ut-morelia.edu.mx','exitoso','187.189.191.141','2025-04-30 16:32:22'),(1630,'observador@admin.com','exitoso','187.189.191.141','2025-04-30 16:32:41'),(1631,'jorgerodriguez@ut-morelia.edu.mx','exitoso','189.206.96.194','2025-04-30 16:34:48'),(1632,'jonathan.moreno@ut-morelia.edu.mx','exitoso','187.189.191.141','2025-04-30 16:35:33'),(1633,'luis.gutierrez@ut-morelia.edu.mx','exitoso','189.206.96.194','2025-04-30 16:38:44'),(1634,'julio.hernandez@ut-morelia.edu.mx','exitoso','189.206.96.194','2025-04-30 16:42:29'),(1635,'dante.garcia@ut-morelia.edu.mx','exitoso','189.206.96.194','2025-04-30 16:42:43'),(1636,'arturo.calderon@ut-morelia.edu.mx','exitoso','187.189.191.141','2025-04-30 16:44:23'),(1637,'mario.gutierrez@ut-morelia.edu.mx','exitoso','189.206.96.194','2025-04-30 16:45:40'),(1638,'julio.hernandez@ut-morelia.edu.mx','exitoso','189.206.96.194','2025-04-30 16:48:42'),(1639,'jose.cervantes@ut-morelia.edu.mx','exitoso','187.189.191.141','2025-04-30 16:49:42'),(1640,'jose.rodriguez@ut-morelia.edu.mx','exitoso','187.189.191.141','2025-04-30 16:54:19'),(1641,'obervador@admin.com','fallido','187.189.191.141','2025-04-30 16:55:17'),(1642,'observador@admin.com','exitoso','187.189.191.141','2025-04-30 16:56:37'),(1643,'rocio.gonzalez@ut-morelia.edu.mx','exitoso','187.189.191.141','2025-04-30 17:00:11'),(1644,'observador@admin.com','exitoso','189.206.96.194','2025-04-30 17:01:20'),(1645,'observador@admin.com','exitoso','189.206.96.194','2025-04-30 17:01:43'),(1646,'observador@admin.com','exitoso','189.243.201.65','2025-04-30 17:04:42'),(1647,'observador@admin.com','exitoso','189.206.96.194','2025-04-30 17:08:46'),(1648,'observador@admin.com','exitoso','189.206.96.194','2025-04-30 17:08:59'),(1649,'luis.gutierrez@ut-morelia.edu.mx','exitoso','189.206.96.194','2025-04-30 17:17:08'),(1650,'observador@admin.com','exitoso','189.206.96.194','2025-04-30 17:20:42'),(1651,'mequihua@ut-morelia.edu.mx','exitoso','189.206.96.194','2025-04-30 17:21:50'),(1652,'observador@admin.com','exitoso','189.206.96.194','2025-04-30 17:25:19'),(1653,'observador@admin.com','exitoso','187.189.191.141','2025-04-30 17:25:42'),(1654,'admin@admin.com','exitoso','177.240.137.65','2025-04-30 17:29:57'),(1655,'jonathan.moreno@ut-morelia.edu.mx','exitoso','187.189.191.141','2025-04-30 17:31:02'),(1656,'observador@admin.com','exitoso','187.189.191.141','2025-04-30 17:31:46'),(1657,'observador@admin.com','exitoso','189.206.96.194','2025-04-30 17:32:02'),(1658,'srangel@ut-morelia.edu.mx','exitoso','187.189.191.141','2025-04-30 17:33:54'),(1659,'admin@admin.com','fallido','200.68.167.43','2025-04-30 17:35:14'),(1660,'admin@admin.com','exitoso','200.68.167.43','2025-04-30 17:35:26'),(1661,'chef.mario.utm@gmail.com','exitoso','187.189.191.141','2025-04-30 17:35:40'),(1662,'observador@admin.com','exitoso','189.206.96.194','2025-04-30 17:37:47'),(1663,'karina.ornelas@ut-morelia.edu.mx','exitoso','189.206.96.194','2025-04-30 17:43:02'),(1664,'observador@admin.com','exitoso','187.189.191.141','2025-04-30 17:44:22'),(1665,'observador@admin.com','exitoso','189.206.96.194','2025-04-30 17:45:06'),(1666,'observador@admin.com','exitoso','104.28.50.21','2025-04-30 17:46:03'),(1667,'julio.hernandez@ut-morelia.edu.mx','exitoso','189.206.96.194','2025-04-30 17:48:46'),(1668,'observador@admin.com','exitoso','189.243.201.65','2025-04-30 17:49:48'),(1669,'arturo.calderon@ut-morelia.edu.mx','exitoso','187.189.191.141','2025-04-30 17:50:42'),(1670,'luis.gutierrez@ut-morelia.edu.mx','fallido','189.206.96.194','2025-04-30 17:51:53'),(1671,'luis.gutierrez@ut-morelia.edu.mx','exitoso','189.206.96.194','2025-04-30 17:52:18'),(1672,'kpenaloza@ut-morelia.edu.mx','exitoso','189.206.96.194','2025-04-30 17:52:40'),(1673,'srangel@ut-morelia.edu.mx','exitoso','187.189.191.141','2025-04-30 17:55:53'),(1674,'dante.garcia@ut-morelia.edu.mx','exitoso','187.189.191.141','2025-04-30 17:56:05'),(1675,'observador@admin.com','exitoso','201.162.241.134','2025-04-30 17:56:08'),(1676,'dante.garcia@ut-morelia.edu.mx','exitoso','187.189.191.141','2025-04-30 17:56:41'),(1677,'observador@admin.com','exitoso','189.206.96.194','2025-04-30 17:59:20'),(1678,'observador@admin.com','exitoso','189.206.96.194','2025-04-30 18:03:38'),(1679,'julio.hernandez@ut-morelia.edu.mx','exitoso','189.206.96.194','2025-04-30 18:08:57'),(1680,'observador@admin.com','exitoso','200.68.167.49','2025-04-30 18:09:10'),(1681,'observador@admin.com','exitoso','200.68.167.49','2025-04-30 18:09:24'),(1682,'karina.ornelas@ut-morelia.edu.mx','exitoso','187.189.191.141','2025-04-30 18:10:40'),(1683,'observador@admin.com','exitoso','200.68.138.23','2025-04-30 18:15:00'),(1684,'observador@admin.com','exitoso','200.68.167.49','2025-04-30 18:15:15'),(1685,'observador@admin.com','exitoso','189.206.96.194','2025-04-30 18:15:17'),(1686,'observador@admin.com','exitoso','189.206.96.194','2025-04-30 18:16:55'),(1687,'observador@admin.com','exitoso','200.68.167.49','2025-04-30 18:19:23'),(1688,'observador@admin.com','fallido','189.206.96.194','2025-04-30 18:23:21'),(1689,'observador@admin.com','exitoso','189.206.96.194','2025-04-30 18:25:04'),(1690,'observador@admin.com','exitoso','200.68.167.49','2025-04-30 18:29:22'),(1691,'observador@admin.com','exitoso','189.206.96.194','2025-04-30 18:30:11'),(1692,'observador@admin.com','exitoso','189.206.96.194','2025-04-30 18:30:45'),(1693,'observador@admin.com','exitoso','200.68.167.49','2025-04-30 18:33:42'),(1694,'observador@admin.com','exitoso','200.68.167.49','2025-04-30 18:33:42'),(1695,'observador@admin.com','exitoso','187.189.191.141','2025-04-30 18:39:50'),(1696,'observador@admin.com','exitoso','187.189.191.141','2025-04-30 18:41:42'),(1697,'jonathan.moreno@ut-morelia.edu.mx','exitoso','187.189.191.141','2025-04-30 18:43:48'),(1698,'observador@admin.com','exitoso','187.189.191.141','2025-04-30 18:44:50'),(1699,'observador@admin.com','exitoso','187.189.191.141','2025-04-30 18:46:31'),(1700,'observador@admin.com','exitoso','189.206.96.194','2025-04-30 18:47:00'),(1701,'admin@admin.com','exitoso','177.240.137.65','2025-04-30 18:51:26'),(1702,'observador@admin.com','exitoso','189.203.97.114','2025-04-30 18:52:17'),(1703,'observador@admin.com','exitoso','189.206.96.194','2025-04-30 18:52:51'),(1704,'observador@admin.com','exitoso','200.68.167.49','2025-04-30 18:54:40'),(1705,'observador@admin.com','exitoso','187.189.191.141','2025-04-30 19:00:42'),(1706,'observador@admin.com','exitoso','189.206.96.194','2025-04-30 19:02:05'),(1707,'observador@admin.com','exitoso','187.189.191.141','2025-04-30 19:05:08'),(1708,'observador@admin.com','exitoso','200.68.167.49','2025-04-30 19:05:15'),(1709,'observador@admin.com','exitoso','189.206.96.194','2025-04-30 19:05:22'),(1710,'observador@admin.com','exitoso','200.68.167.17','2025-04-30 19:05:51'),(1711,'observador@admin.com','exitoso','187.189.191.141','2025-04-30 19:09:51'),(1712,'rocio.gonzalez@ut-morelia.edu.mx','exitoso','187.189.191.141','2025-04-30 19:12:17'),(1713,'karina.ornelas@ut-morelia.edu.mx','exitoso','189.206.96.194','2025-04-30 19:12:51'),(1714,'observador@admin.com','exitoso','189.206.96.194','2025-04-30 19:14:13'),(1715,'observador@admin.com','exitoso','187.189.191.141','2025-04-30 19:17:36'),(1716,'observador@admin.com','exitoso','200.68.167.49','2025-04-30 19:18:53'),(1717,'rocio.gonzalez@ut-morelia.edu.mx','exitoso','189.206.96.194','2025-04-30 19:20:04'),(1718,'observador@admin.com','exitoso','189.206.96.194','2025-04-30 19:21:36'),(1719,'luis.gutierrez@ut-morelia.edu.mx','exitoso','189.206.96.194','2025-04-30 19:24:19'),(1720,'luis.gutierrez@ut-morelia.edu.mx','exitoso','189.206.96.194','2025-04-30 19:24:26'),(1721,'observador@admin.com','exitoso','189.206.96.194','2025-04-30 19:27:08'),(1722,'observador@admin.com','exitoso','189.243.201.65','2025-04-30 19:27:20'),(1723,'observador@admin.com','exitoso','200.68.167.17','2025-04-30 19:30:48'),(1724,'observador@admin.com','exitoso','187.189.191.141','2025-04-30 19:32:12'),(1725,'observador@admin.com','exitoso','187.189.191.141','2025-04-30 19:33:02'),(1726,'observador@admin.com','exitoso','189.206.96.194','2025-04-30 19:33:59'),(1727,'observador@admin.com','exitoso','200.68.167.49','2025-04-30 19:36:35'),(1728,'karina.ornelas@ut-morelia.edu.mx','fallido','187.189.191.141','2025-04-30 19:39:39'),(1729,'observador@admin.com','exitoso','187.189.191.141','2025-04-30 19:39:47'),(1730,'karina.ornelas@ut-morelia.edu.mx','exitoso','187.189.191.141','2025-04-30 19:40:05'),(1731,'jose.cervantes@ut-morelia.edu.mx','exitoso','187.189.191.141','2025-04-30 19:40:51'),(1732,'mario.gutierrez@ut-morelia.edu.mx','exitoso','189.206.96.194','2025-04-30 19:41:44'),(1733,'observador@admin.com','exitoso','187.189.191.141','2025-04-30 19:44:27'),(1734,'observador@admin.com','exitoso','187.189.191.141','2025-04-30 19:45:04'),(1735,'observador@admin.com','exitoso','200.68.167.17','2025-04-30 19:46:10'),(1736,'observador@admin.com','exitoso','200.68.167.17','2025-04-30 19:48:26'),(1737,'observador@admin.com','exitoso','189.206.96.194','2025-04-30 19:48:49'),(1738,'observador@admin.com','exitoso','200.68.167.49','2025-04-30 19:50:36'),(1739,'srangel@ut-morelia.edu.mx','exitoso','187.189.191.141','2025-04-30 19:51:24'),(1740,'rocio.gonzalez@ut-morelia.edu.mx','exitoso','187.189.191.141','2025-04-30 19:52:31'),(1741,'observador@admin.com','exitoso','200.68.167.17','2025-04-30 19:57:50'),(1742,'observador@admin.com','exitoso','189.206.96.194','2025-04-30 20:00:57'),(1743,'observador@admin.com','exitoso','187.189.191.141','2025-04-30 20:01:22'),(1744,'observador@admin.com','exitoso','200.68.167.49','2025-04-30 20:02:54'),(1745,'observador@admin.com','exitoso','200.68.167.17','2025-04-30 20:07:20'),(1746,'observador@admin.com','exitoso','187.189.191.141','2025-04-30 20:07:51'),(1747,'observador@admin.com','exitoso','187.189.191.141','2025-04-30 20:08:18'),(1748,'rocio.gonzalez@ut-morelia.edu.mx','exitoso','189.206.96.194','2025-04-30 20:09:32'),(1749,'luis.gutierrez@ut-morelia.edu.mx','exitoso','189.206.96.194','2025-04-30 20:09:55'),(1750,'observador@admin.com','exitoso','189.206.96.194','2025-04-30 20:10:39'),(1751,'observador@admin.com','exitoso','189.206.96.194','2025-04-30 20:13:02'),(1752,'luis.gutierrez@ut-morelia.edu.mx','exitoso','189.206.96.194','2025-04-30 20:13:51'),(1753,'observador@admin.com','exitoso','189.206.96.194','2025-04-30 20:15:13'),(1754,'observador@admin.com','exitoso','200.68.167.17','2025-04-30 20:15:21'),(1755,'observador@admin.com','exitoso','200.68.167.49','2025-04-30 20:16:55'),(1756,'observador@admin.com','exitoso','187.189.191.141','2025-04-30 20:20:14'),(1757,'observador@admin.com','exitoso','187.189.191.141','2025-04-30 20:23:09'),(1758,'observador@admin.com','exitoso','200.68.167.49','2025-04-30 20:25:35'),(1759,'admin@admin.com','exitoso','177.240.137.65','2025-04-30 20:27:32'),(1760,'arturo.calderon@ut-morelia.edu.mx','exitoso','187.189.191.141','2025-04-30 20:29:04'),(1761,'observador@admin.com','exitoso','187.189.191.141','2025-04-30 20:30:16'),(1762,'observador@admin.com','exitoso','200.68.167.17','2025-04-30 20:30:21'),(1763,'observador@admin.com','exitoso','200.68.167.17','2025-04-30 20:36:40'),(1764,'admin@admin.com','exitoso','177.240.137.65','2025-04-30 20:39:10'),(1765,'observador@admin.com','exitoso','187.189.191.141','2025-04-30 20:39:29'),(1766,'observador@admin.com','exitoso','187.189.191.141','2025-04-30 20:42:23'),(1767,'observador@admin.com','exitoso','189.206.96.194','2025-04-30 20:50:53'),(1768,'observador@admin.com','exitoso','187.190.202.182','2025-04-30 20:55:42'),(1769,'kpenaloza@ut-morelia.edu.mx','exitoso','189.206.96.194','2025-04-30 20:56:32'),(1770,'chef.mario.utm@gmail.com','exitoso','187.189.191.141','2025-04-30 21:03:54'),(1771,'dante.garcia@ut-morelia.edu.mx','exitoso','187.189.191.141','2025-04-30 21:07:52'),(1772,'julio.hernandez@ut-morelia.edu.mx','exitoso','189.206.96.194','2025-04-30 21:08:37'),(1773,'mario.gutierrez@ut-morelia.edu.mx','exitoso','189.206.96.194','2025-04-30 21:16:04'),(1774,'observador@admin.com','exitoso','189.206.96.194','2025-04-30 21:21:09'),(1775,'observador@admin.com','exitoso','187.189.191.141','2025-04-30 21:21:43'),(1776,'jose.cervantes@ut-morelia.edu.mx','exitoso','187.189.191.141','2025-04-30 21:28:19'),(1777,'julio.hernandez@ut-morelia.edu.mx','exitoso','189.206.96.194','2025-04-30 21:28:26'),(1778,'admin@admin.com','exitoso','177.240.137.65','2025-04-30 21:35:04'),(1779,'srangel@ut-morelia.edu.mx','exitoso','187.189.191.141','2025-04-30 21:38:28'),(1780,'observador@admin.com','exitoso','200.68.167.104','2025-04-30 21:40:20'),(1781,'jonathan.moreno@ut-morelia.edu.mx','exitoso','187.189.191.141','2025-04-30 21:42:01'),(1782,'observador@admin.com','exitoso','200.68.167.49','2025-04-30 21:51:37'),(1783,'admin@admin.com','exitoso','200.68.167.10','2025-04-30 21:54:26'),(1784,'observador@admin.com','exitoso','200.68.167.49','2025-04-30 21:58:22'),(1785,'observador@admin.com','exitoso','46.193.108.146','2025-04-30 21:59:55'),(1786,'observador@admin.com','exitoso','46.193.108.146','2025-04-30 22:03:51'),(1787,'luis.gutierrez@ut-morelia.edu.mx','exitoso','187.189.191.141','2025-04-30 22:08:58'),(1788,'observador@admin.com','exitoso','177.240.149.170','2025-04-30 22:19:47'),(1789,'observador@admin.com','exitoso','200.68.139.39','2025-04-30 22:26:29'),(1790,'observador@admin.com','exitoso','200.68.139.39','2025-04-30 23:32:03'),(1791,'Usuarioobservador@admin.com','fallido','187.190.205.27','2025-04-30 23:59:43'),(1792,'observador@admin.com','exitoso','187.190.205.27','2025-04-30 23:59:59'),(1793,'arturo.calderon@ut-morelia.edu.mx','exitoso','200.68.167.52','2025-05-01 00:20:07'),(1794,'admin@admin.com','exitoso','177.240.137.65','2025-05-01 00:33:08'),(1795,'observador@admin.com','exitoso','189.201.51.224','2025-05-01 00:38:57'),(1796,'observador@admin.com','exitoso','189.201.40.220','2025-05-01 02:06:20'),(1797,'dante.garcia@ut-morelia.edu.mx','exitoso','177.240.136.219','2025-05-01 02:59:27'),(1798,'julio.hernandez@ut-morelia.edu','fallido','200.68.166.5','2025-05-01 14:28:38'),(1799,'julio.hernandez@ut-morelia.edu.mx','exitoso','200.68.166.5','2025-05-01 14:29:12'),(1800,'observador@admin.com','exitoso','200.68.166.1','2025-05-01 15:04:57'),(1801,'julio.hernandez@ut-morelia.edu.mx','exitoso','200.68.166.5','2025-05-01 15:09:59'),(1802,'julio.hernandez@ut-morelia.edu.mx','exitoso','200.68.166.5','2025-05-01 15:15:07'),(1803,'julio.hernandez@ut-morelia.edu.mx','exitoso','200.68.166.5','2025-05-01 15:15:07'),(1804,'observador@admin.com','exitoso','201.175.234.37','2025-05-01 16:11:32'),(1805,'observador@admin.com','exitoso','200.68.138.12','2025-05-01 20:28:40'),(1806,'observador@admin.com','exitoso','200.68.138.12','2025-05-01 21:37:20'),(1807,'observador@admin.com','exitoso','200.68.138.12','2025-05-01 21:43:18'),(1808,'observador@admin.com','exitoso','189.141.236.12','2025-05-02 00:21:29'),(1809,'observador@admin.com','exitoso','189.141.245.71','2025-05-02 02:40:19'),(1810,'jorgerodriguez@ut-morelia.edu.mx','exitoso','187.189.191.141','2025-05-02 17:04:27'),(1811,'luis.gutierrez@ut-morelia.edu.mx','exitoso','189.206.96.194','2025-05-02 18:13:41'),(1812,'luis.gutierrez@ut-morelia.edu.mx','exitoso','189.206.96.194','2025-05-02 18:13:50'),(1813,'jorgerodriguez@ut-morelia.edu.mx','exitoso','189.206.96.194','2025-05-02 18:38:48'),(1814,'jorgerodriguez@ut-morelia.edu.mx','exitoso','187.189.191.141','2025-05-02 20:13:12'),(1815,'luis.gutierrez@ut-morelia.edu.mx','exitoso','177.224.177.144','2025-05-02 22:22:52'),(1816,'jorgerodriguez@ut-morelia.edu.mx','exitoso','177.224.177.144','2025-05-02 22:28:45'),(1817,'observador@admin.com','exitoso','189.203.97.114','2025-05-02 23:59:38'),(1818,'observador@admin.com','exitoso','189.203.97.114','2025-05-03 00:01:45'),(1819,'observador@admin.com','exitoso','189.203.97.114','2025-05-03 00:09:09'),(1820,'luis.gutierrez@ut-morelia.edu.mx','exitoso','177.224.177.144','2025-05-03 00:40:07'),(1821,'luis.gutierrez@ut-morelia.edu.mx','exitoso','177.224.177.144','2025-05-03 00:40:12'),(1822,'kpenaloza@ut-morelia.edu.mx','exitoso','177.240.146.72','2025-05-03 03:09:10'),(1823,'observador@admin.com','exitoso','189.203.97.114','2025-05-03 14:07:57'),(1824,'observador@admin.com','exitoso','201.175.241.19','2025-05-03 15:16:16'),(1825,'arturo.calderon@ut-morelia.edu.mx','exitoso','187.189.191.141','2025-05-03 16:49:00'),(1826,'observador@admin.com','exitoso','201.175.241.19','2025-05-03 17:05:13'),(1827,'observador@admin.com','exitoso','189.141.245.71','2025-05-03 20:28:53'),(1828,'jose.cervantes@ut-morelia.edu.mx','exitoso','187.191.8.28','2025-05-03 21:04:46'),(1829,'observador@admin.com','exitoso','189.141.245.71','2025-05-04 00:00:33'),(1830,'observador@admin.com','exitoso','200.68.166.9','2025-05-04 01:50:11'),(1831,'observador@admin.com','exitoso','200.68.166.9','2025-05-04 02:39:20'),(1832,'kypl.1605@gmail.com','fallido','177.240.146.72','2025-05-04 04:57:03'),(1833,'kpenaloza@ut-morelia.edu.mx','exitoso','177.240.146.72','2025-05-04 04:57:17'),(1834,'kpenaloza@ut-morelia.edu.mx','exitoso','177.240.146.72','2025-05-04 05:29:45'),(1835,'jonathan.moreno@ut-morelia.edu.mx','exitoso','177.240.149.45','2025-05-04 17:50:33'),(1836,'rocio.gonzalez@ut-morelia.edu.mx','exitoso','189.203.106.252','2025-05-04 18:12:14'),(1837,'observador@admin.com','exitoso','189.141.245.71','2025-05-04 18:21:08'),(1838,'observador@admin.com','exitoso','189.141.245.71','2025-05-04 22:02:10'),(1839,'admin@admin.com','exitoso','177.240.137.65','2025-05-05 01:36:33'),(1840,'observador@observador.com','fallido','177.240.137.65','2025-05-05 01:41:33'),(1841,'observador@admin.com','exitoso','177.240.137.65','2025-05-05 01:41:37'),(1842,'admin@admin.com','exitoso','177.240.137.65','2025-05-05 01:55:22'),(1843,'observador@admin.com','exitoso','189.141.245.71','2025-05-05 02:02:04'),(1844,'admin@admin.com','exitoso','177.240.137.65','2025-05-05 02:17:39'),(1845,'admin@admin.com','exitoso','177.240.137.65','2025-05-05 02:35:50'),(1846,'jonathan.moreno@ut-morelia.edu.mx','exitoso','177.240.148.213','2025-05-05 03:36:10'),(1847,'luis.gutierrez@ut-morelia.edu.mx','exitoso','177.224.179.0','2025-05-05 03:58:34'),(1848,'luis.gutierrez@ut-morelia.edu.mx','exitoso','177.224.179.0','2025-05-05 03:58:47'),(1849,'kpenaloza@ut-morelia.edu.mx','exitoso','177.240.146.72','2025-05-05 04:05:20'),(1850,'jorgerodriguez@ut-morelia.edu.mx','fallido','177.240.146.72','2025-05-05 04:06:56'),(1851,'kpenaloza@ut-morelia.edu.mx','fallido','177.240.146.72','2025-05-05 04:07:04'),(1852,'jorgerodriguez@ut-morelia.edu.mx','exitoso','177.240.146.72','2025-05-05 04:07:17'),(1853,'jonathan.moreno@ut-morelia.edu.mx','exitoso','177.240.148.213','2025-05-05 04:20:12'),(1854,'admin@admin.com','exitoso','177.240.145.77','2025-05-05 04:39:28'),(1855,'jonathan.moreno@ut-morelia.edu.mx','exitoso','177.240.148.213','2025-05-05 09:08:46'),(1856,'jorgerodriguez@ut-morelia.edu.mx','exitoso','177.240.146.72','2025-05-05 15:45:09'),(1857,'jorgerodriguez@ut-morelia.edu.mx','exitoso','187.195.97.150','2025-05-05 15:55:04'),(1858,'jorgerodriguez@ut-morelia.edu.mx','exitoso','177.240.146.72','2025-05-05 16:11:43'),(1859,'kpenaloza@ut-morelia.edu.mx','exitoso','200.68.166.17','2025-05-05 17:47:49'),(1860,'jose.rodriguez@ut-morelia.edu.mx','exitoso','187.173.130.11','2025-05-05 17:57:55'),(1861,'rocio.gonzalez@ut-morelia.edu.mx','exitoso','189.203.106.252','2025-05-05 18:14:09'),(1862,'jonathan.moreno@ut-morelia.edu.mx','exitoso','187.173.128.95','2025-05-05 18:16:16'),(1863,'jonathan.moreno@ut-morelia.edu.mx','exitoso','187.173.128.95','2025-05-05 18:16:42'),(1864,'jorgerodriguez@ut-morelia.edu.mx','exitoso','189.141.245.158','2025-05-05 19:24:13'),(1865,'rocio.gonzalez@ut-morelia.edu.mx','exitoso','189.203.106.252','2025-05-05 19:50:41'),(1866,'jorgerodriguez@ut-morelia.edu.mx','exitoso','187.195.97.150','2025-05-05 20:19:32'),(1867,'jose.cervantes@ut-morelia.edu.mx','exitoso','187.191.8.28','2025-05-05 20:34:03'),(1868,'jose.cervantes@ut-morelia.edu.mx','exitoso','187.191.8.28','2025-05-05 20:48:57'),(1869,'rocio.gonzalez@ut-morelia.edu.mx','exitoso','189.203.106.252','2025-05-05 20:58:07'),(1870,'jonathan.moreno@ut-morelia.edu.mx','exitoso','187.173.128.95','2025-05-05 22:06:48'),(1871,'jonathan.moreno@ut-morelia.edu.mx','exitoso','187.173.128.95','2025-05-05 22:42:16'),(1872,'rocio.gonzalez@ut-morelia.edu.mx','exitoso','189.203.106.252','2025-05-05 22:50:47'),(1873,'jorgerodriguez@ut-morelia.edu.mx','exitoso','187.195.97.150','2025-05-05 23:08:34'),(1874,'admin@admin.com','exitoso','177.240.145.77','2025-05-05 23:42:07'),(1875,'observador@admin.com','exitoso','189.141.245.71','2025-05-05 23:43:10'),(1876,'rocio.gonzalez@ut-morelia.edu.mx','exitoso','189.203.106.252','2025-05-06 00:22:05'),(1877,'admin@admin.com','exitoso','177.240.145.77','2025-05-06 00:40:11'),(1878,'jose.cervantes@ut-morelia.edu.mx','exitoso','187.191.8.28','2025-05-06 00:42:45'),(1879,'observador@admin.com','exitoso','189.243.230.73','2025-05-06 01:00:40'),(1880,'mequihua@ut-morelia.edu.mx','exitoso','177.240.135.94','2025-05-06 01:05:29'),(1881,'jorgerodriguez@ut-morelia.edu.mx','exitoso','187.195.97.150','2025-05-06 01:42:12'),(1882,'jorgerodriguez@ut-morelia.edu.mx','exitoso','187.195.97.150','2025-05-06 02:11:27'),(1883,'jonathan.moreno@ut-morelia.edu.mx','exitoso','200.68.166.41','2025-05-06 03:15:23'),(1884,'observador@admin.com','exitoso','200.68.167.45','2025-05-06 03:23:37'),(1885,'jorgerodriguez@ut-morelia.edu.mx','exitoso','187.195.97.150','2025-05-06 04:21:47'),(1886,'jose.rodriguez@ut-morelia.edu.mx','exitoso','187.189.191.141','2025-05-06 13:21:18'),(1887,'julio.hernandez@ut-morelia.edu.mx','exitoso','187.189.191.141','2025-05-06 13:21:33'),(1888,'luis.gutierrez@ut-morelia.edu.mx','exitoso','189.206.96.194','2025-05-06 13:59:23'),(1889,'luis.gutierrez@ut-morelia.edu.mx','exitoso','189.206.96.194','2025-05-06 13:59:35'),(1890,'arturo.calderon@ut-morelia.edu.mx','exitoso','187.189.191.141','2025-05-06 14:23:21'),(1891,'jose.rodriguez@ut-morelia.edu.mx','exitoso','189.206.96.194','2025-05-06 14:27:39'),(1892,'jonathan.moreno@ut-morelia.edu.mx','exitoso','187.189.191.141','2025-05-06 14:36:12'),(1893,'carlos.lopez@ut-morelia.edu.mx','exitoso','189.206.96.194','2025-05-06 14:56:12'),(1894,'utm210044ti@ut-morelia.edu.mx','fallido','200.68.167.65','2025-05-06 15:00:14'),(1895,'utm210044ti@ut-morelia.edu.mx','fallido','200.68.167.65','2025-05-06 15:00:51'),(1896,'laura.vieyra@ut-morelia.edu.mx','exitoso','187.189.191.141','2025-05-06 15:08:37'),(1897,'jorgerodriguez@ut-morelia.edu.mx','exitoso','187.189.191.141','2025-05-06 15:12:29'),(1898,'julio.hernandez@ut-morelia.edu.mx','exitoso','189.206.96.194','2025-05-06 15:12:35'),(1899,'jose.rodriguez@ut-morelia.edu.mx','exitoso','189.206.96.194','2025-05-06 15:23:14'),(1900,'luis.gutierrez@ut-morelia.edu.mx','exitoso','189.206.96.194','2025-05-06 15:27:44'),(1901,'luis.gutierrez@ut-morelia.edu.mx','exitoso','189.206.96.194','2025-05-06 15:27:50'),(1902,'julio.hernandez@ut-morelia.edu.mx','exitoso','189.206.96.194','2025-05-06 15:49:04'),(1903,'jorgerodriguez@ut-morelia.edu.mx','exitoso','187.189.191.141','2025-05-06 16:11:48'),(1904,'kpenaloza@ut-morelia.edu.mx','exitoso','187.189.191.141','2025-05-06 16:12:09'),(1905,'srangel@ut-morelia.edu.mx','exitoso','189.206.96.194','2025-05-06 16:19:47'),(1906,'srangel@ut-morelia.edu.mx','exitoso','189.206.96.194','2025-05-06 16:19:49'),(1907,'kpenaloza@ut-morelia.edu.mx','exitoso','187.189.191.141','2025-05-06 16:52:58'),(1908,'julio.hernandez@ut-morelia.edu.mx','exitoso','189.206.96.194','2025-05-06 17:10:21'),(1909,'observador@admin.com','exitoso','200.68.167.45','2025-05-06 17:11:16'),(1910,'jorgerodriguez@ut-morelia.edu.mx','exitoso','187.189.191.141','2025-05-06 17:12:08'),(1911,'jorgerodriguez@ut-morelia.edu.mx','exitoso','189.206.96.194','2025-05-06 17:21:47'),(1912,'jonathan.moreno@ut-morelia.edu.mx','exitoso','189.206.96.194','2025-05-06 17:26:18'),(1913,'luis.gutierrez@ut-morelia.edu.mx','exitoso','189.206.96.194','2025-05-06 17:30:54'),(1914,'rocio.gonzalez@ut-morelia.edu.mx','exitoso','189.206.96.194','2025-05-06 17:42:20'),(1915,'jorgerodriguez@ut-morelia.edu.mx','exitoso','187.189.191.141','2025-05-06 17:56:35'),(1916,'luis.gutierrez@ut-morelia.edu.mx','exitoso','187.189.191.141','2025-05-06 18:05:11'),(1917,'luis.gutierrez@ut-morelia.edu.mx','exitoso','187.189.191.141','2025-05-06 18:05:22'),(1918,'jonathan.moreno@ut-morelia.edu.mx','exitoso','189.206.96.194','2025-05-06 18:12:55'),(1919,'rocio.gonzalez@ut-morelia.edu.mx','exitoso','187.189.191.141','2025-05-06 18:16:38'),(1920,'jose.cervantes@ut-morelia.edu.mx','exitoso','187.189.191.141','2025-05-06 18:56:35'),(1921,'kpenaloza@ut-morelia.edu.mx','exitoso','187.189.191.141','2025-05-06 19:09:41'),(1922,'laura.vieyra@ut-morelia.edu.mx','exitoso','187.189.191.141','2025-05-06 19:18:29'),(1923,'julio.hernandez@ut-morelia.edu.mx','exitoso','189.206.96.194','2025-05-06 19:34:04'),(1924,'jose.rodriguez@ut-morelia.edu.mx','exitoso','187.189.191.141','2025-05-06 19:50:21'),(1925,'julio.hernandez@ut-morelia.edu.mx','exitoso','189.206.96.194','2025-05-06 20:02:04'),(1926,'julio.hernandez@ut-morelia.edu.mx','exitoso','189.206.96.194','2025-05-06 20:49:20'),(1927,'luis.gutierrez@ut-morelia.edu.mx','exitoso','189.206.96.194','2025-05-06 22:25:31'),(1928,'observador@admin.com','exitoso','177.224.179.224','2025-05-06 22:41:06'),(1929,'observador@admin.com','exitoso','200.68.166.1','2025-05-06 23:18:19'),(1930,'jose.rodriguez@ut-morelia.edu.mx','exitoso','189.206.96.194','2025-05-07 13:33:52'),(1931,'observador@admin.com','exitoso','187.189.191.141','2025-05-07 14:02:37'),(1932,'observador@admin.com','exitoso','200.68.167.45','2025-05-07 14:15:07'),(1933,'julio.hernandez@ut-morelia.edu.mx','exitoso','187.189.191.141','2025-05-07 14:30:59'),(1934,'julio.hernandez@ut-morelia.edu.mx','exitoso','187.189.191.141','2025-05-07 15:35:01'),(1935,'kpenaloza@ut-morelia.edu.mx','exitoso','187.189.191.141','2025-05-07 15:45:39'),(1936,'rocio.gonzalez@ut-morelia.edu.mx','exitoso','187.189.191.141','2025-05-07 15:56:57'),(1937,'luis.gutierrez@ut-morelia.edu.mx','exitoso','189.206.96.194','2025-05-07 16:10:39'),(1938,'luis.gutierrez@ut-morelia.edu.mx','exitoso','189.206.96.194','2025-05-07 16:10:45'),(1939,'luis.gutierrez@ut-morelia.edu.mx','exitoso','189.206.96.194','2025-05-07 16:13:42'),(1940,'luis.gutierrez@ut-morelia.edu.mx','exitoso','189.206.96.194','2025-05-07 16:13:55'),(1941,'laura.vieyra@ut-morelia.edu.mx','exitoso','187.189.191.141','2025-05-07 16:19:57'),(1942,'jose.cervantes@ut-morelia.edu.mx','exitoso','187.189.191.141','2025-05-07 16:53:17'),(1943,'srangel@ut-morelia.edu.mx','exitoso','189.206.96.194','2025-05-07 17:03:05'),(1944,'srangel@ut-morelia.edu.mx','exitoso','189.206.96.194','2025-05-07 17:03:08'),(1945,'karina.ornelas@ut-morelia.edu.mx','exitoso','189.206.96.194','2025-05-07 17:13:57'),(1946,'kpenaloza@ut-morelia.edu.mx','exitoso','187.189.191.141','2025-05-07 17:18:39'),(1947,'jose.rodriguez@ut-morelia.edu.mx','exitoso','187.189.191.141','2025-05-07 17:35:22'),(1948,'julio.hernandez@ut-morelia.edu.mx','exitoso','187.189.191.141','2025-05-07 18:25:12'),(1949,'kpenaloza@ut-morelia.edu.mx','exitoso','187.189.191.141','2025-05-07 19:36:51'),(1950,'karina.ornelas@ut-morelia.edu.mx','exitoso','189.206.96.194','2025-05-07 20:08:48'),(1951,'jose.cervantes@ut-morelia.edu.mx','exitoso','189.206.96.194','2025-05-07 21:14:53'),(1952,'julio.hernandez@ut-morelia.edu.mx','exitoso','187.189.191.141','2025-05-07 21:23:51'),(1953,'karina.ornelas@ut-morelia.edu.mx','exitoso','189.206.96.194','2025-05-07 21:24:58'),(1954,'observador@admin.com','exitoso','189.141.245.71','2025-05-08 02:08:37'),(1955,'julio.hernandez@ut-morelia.edu.mx','exitoso','189.206.96.194','2025-05-08 13:18:05'),(1956,'observador@admin.com','exitoso','189.141.245.71','2025-05-08 13:59:50'),(1957,'karina.ornelas@ut-morelia.edu.mx','exitoso','189.206.96.194','2025-05-08 14:31:10'),(1958,'julio.hernandez@ut-morelia.edu.mx','exitoso','189.206.96.194','2025-05-08 15:48:35'),(1959,'srangel@ut-morelia.edu.mx','exitoso','189.206.96.194','2025-05-08 15:49:10'),(1960,'srangel@ut-morelia.edu.mx','exitoso','189.206.96.194','2025-05-08 15:49:12'),(1961,'admin@admin.com','exitoso','177.240.137.65','2025-05-08 16:10:45'),(1962,'jorgerodriguez@ut-morelia.edu.mx','exitoso','189.206.96.194','2025-05-08 16:37:30'),(1963,'julio.hernandez@ut-morelia.edu.mx','exitoso','189.206.96.194','2025-05-08 16:58:08'),(1964,'jose.rodriguez@ut-morelia.edu.mx','exitoso','187.189.191.141','2025-05-08 17:35:49'),(1965,'jose.cervantes@ut-morelia.edu.mx','exitoso','187.189.191.141','2025-05-08 17:54:46'),(1966,'srangel@ut-morelia.edu.mx','exitoso','189.206.96.194','2025-05-08 18:24:03'),(1967,'kpenaloza@ut-morelia.edu.mx','fallido','187.189.191.141','2025-05-08 19:37:58'),(1968,'kpenaloza@ut-morelia.edu.mx','exitoso','187.189.191.141','2025-05-08 19:38:07'),(1969,'jorgerodriguez@ut-morelia.edu.mx','exitoso','187.189.191.141','2025-05-08 19:55:05'),(1970,'srangel@ut-morelia.edu.mx','exitoso','189.206.96.194','2025-05-08 19:56:23'),(1971,'admin@admin.com','exitoso','177.240.137.65','2025-05-08 20:11:21'),(1972,'luis.gutierrez@ut-morelia.edu.mx','exitoso','189.206.96.194','2025-05-08 20:22:10'),(1973,'luis.gutierrez@ut-morelia.edu.mx','exitoso','189.206.96.194','2025-05-08 20:22:15'),(1974,'jorgerodriguez@ut-morelia.edu.mx','exitoso','189.206.96.194','2025-05-08 22:03:33'),(1975,'srangel@ut-morelia.edu.mx','exitoso','189.206.96.194','2025-05-08 22:47:11'),(1976,'jose.rodriguez@ut-morelia.edu.mx','exitoso','187.173.130.10','2025-05-08 23:05:55'),(1977,'jose.rodriguez@ut-morelia.edu.mx','exitoso','187.173.130.10','2025-05-09 01:00:28'),(1978,'admin@admin.com','exitoso','177.240.145.77','2025-05-09 05:12:26'),(1979,'julio.hernandez@ut-morelia.edu.mx','exitoso','189.206.96.194','2025-05-09 13:04:09'),(1980,'julio.hernandez@ut-morelia.edu.mx','exitoso','187.189.191.141','2025-05-09 13:23:02'),(1981,'carlos.lopez@ut-morelia.edu.mx','exitoso','187.189.191.141','2025-05-09 14:31:37'),(1982,'carlos.lopez@ut-morelia.edu.mx','exitoso','187.189.191.141','2025-05-09 14:31:50'),(1983,'karina.ornelas@ut-morelia.edu.mx','exitoso','189.206.96.194','2025-05-09 14:36:10'),(1984,'julio.hernandez@ut-morelia.edu.mx','exitoso','187.189.191.141','2025-05-09 14:48:48'),(1985,'jorgerodriguez@ut-morelia.edu.mx','exitoso','187.189.191.141','2025-05-09 14:57:56'),(1986,'jorgerodriguez@ut-morelia.edu.mx','exitoso','187.189.191.141','2025-05-09 15:42:42'),(1987,'srangel@ut-morelia.edu.mx','exitoso','189.206.96.194','2025-05-09 15:54:50'),(1988,'srangel@ut-morelia.edu.mx','exitoso','189.206.96.194','2025-05-09 15:54:52'),(1989,'jorgerodriguez@ut-morelia.edu.mx','exitoso','187.189.191.141','2025-05-09 16:48:46'),(1990,'jose.rodriguez@ut-morelia.edu.mx','exitoso','187.189.191.141','2025-05-09 17:50:47'),(1991,'jose.rodriguez@ut-morelia.edu.mx','exitoso','187.189.191.141','2025-05-09 17:50:51'),(1992,'luis.gutierrez@ut-morelia.edu.mx','exitoso','189.206.96.194','2025-05-09 18:34:58'),(1993,'srangel@ut-morelia.edu.mx','exitoso','189.206.96.194','2025-05-09 18:40:52'),(1994,'mequihua@ut-morelia.edu.mx','exitoso','187.189.191.141','2025-05-09 19:24:28'),(1995,'luis.gutierrez@ut-morelia.edu.mx','exitoso','187.189.191.141','2025-05-09 20:11:05'),(1996,'luis.gutierrez@ut-morelia.edu.mx','exitoso','189.206.96.194','2025-05-09 20:39:34'),(1997,'jose.rodriguez@ut-morelia.edu.mx','exitoso','187.189.191.141','2025-05-09 20:43:16'),(1998,'mequihua@ut-morelia.edu.mx','exitoso','187.189.191.141','2025-05-09 20:48:39'),(1999,'mequihua@ut-morelia.edu.mx','exitoso','187.189.191.141','2025-05-09 21:48:45'),(2000,'karina.ornelas@ut-morelia.edu.mx','exitoso','189.206.96.194','2025-05-09 23:05:51'),(2001,'srangel@ut-morelia.edu.mx','exitoso','189.206.96.194','2025-05-09 23:33:38'),(2002,'admin@admin.com','exitoso','177.240.145.77','2025-05-10 08:38:09'),(2003,'admin@admin.com','exitoso','200.68.167.18','2025-05-10 20:04:56'),(2004,'jonathan.moreno@ut-morelia.edu.mx','exitoso','187.173.128.165','2025-05-11 14:25:45'),(2005,'jonathan.moreno@ut-morelia.edu.mx','exitoso','187.173.128.165','2025-05-11 14:25:51'),(2006,'observador@admin.com','exitoso','200.68.166.29','2025-05-11 15:40:19'),(2007,'jorgerodriguez@ut-morelia.edu.mx','exitoso','189.243.214.7','2025-05-12 05:00:37'),(2008,'jonathan.moreno@ut-morelia.edu.mx','exitoso','189.206.96.194','2025-05-12 14:46:13'),(2009,'julio.hernandez@ut-morelia.edu.mx','exitoso','187.189.191.141','2025-05-12 15:18:25'),(2010,'luis.gutierrez@ut-morelia.edu.mx','exitoso','187.189.191.141','2025-05-12 16:04:25'),(2011,'rocio.gonzalez@ut-morelia.edu.mx','exitoso','187.189.191.141','2025-05-12 16:11:54'),(2012,'mequihua@ut-morelia.edu.mx','exitoso','187.189.191.141','2025-05-12 16:46:37'),(2013,'karina.ornelas@ut-morelia.edu.mx','exitoso','187.189.191.141','2025-05-12 17:12:53'),(2014,'jorgerodriguez@ut-morelia.edu.mx','exitoso','187.189.191.141','2025-05-12 17:13:30'),(2015,'jorgerodriguez@ut-morelia.edu.mx','exitoso','187.189.191.141','2025-05-12 17:13:35'),(2016,'jonathan.moreno@ut-morelia.edu.mx','exitoso','189.206.96.194','2025-05-12 18:23:16'),(2017,'mequihua@ut-morelia.edu.mx','exitoso','187.189.191.141','2025-05-12 18:35:01'),(2018,'luis.gutierrez@ut-morelia.edu.mx','exitoso','187.189.191.141','2025-05-12 19:19:58'),(2019,'luis.gutierrez@ut-morelia.edu.mx','exitoso','187.189.191.141','2025-05-12 19:20:04'),(2020,'jorgerodriguez@ut-morelia.edu.mx','exitoso','187.189.191.141','2025-05-12 19:23:49'),(2021,'luis.gutierrez@ut-morelia.edu.mx','exitoso','187.189.191.141','2025-05-12 19:27:39'),(2022,'luis.gutierrez@ut-morelia.edu.mx','exitoso','187.189.191.141','2025-05-12 19:27:49'),(2023,'jorgerodriguez@ut-morelia.edu.mx','exitoso','187.189.191.141','2025-05-12 19:30:34'),(2024,'srangel@ut-morelia.edu.mx','exitoso','189.206.96.194','2025-05-12 19:32:26'),(2025,'srangel@ut-morelia.edu.mx','exitoso','189.206.96.194','2025-05-12 19:32:28'),(2026,'kpenaloza@ut-morelia.edu.mx','exitoso','189.206.96.194','2025-05-12 20:03:59'),(2027,'jorgerodriguez@ut-morelia.edu.mx','exitoso','187.189.191.141','2025-05-12 20:18:35'),(2028,'jorgerodriguez@ut-morelia.edu.mx','exitoso','187.189.191.141','2025-05-12 20:19:03'),(2029,'luis.gutierrez@ut-morelia.edu.mx','exitoso','187.189.191.141','2025-05-12 20:19:56'),(2030,'luis.gutierrez@ut-morelia.edu.mx','exitoso','187.189.191.141','2025-05-12 20:20:02'),(2031,'jorgerodriguez@ut-morelia.edu.mx','exitoso','189.206.96.194','2025-05-12 20:27:49'),(2032,'karina.ornelas@ut-morelia.edu.mx','exitoso','187.189.191.141','2025-05-12 20:36:42'),(2033,'jorgerodriguez@ut-morelia.edu.mx','exitoso','189.206.96.194','2025-05-12 20:54:29'),(2034,'mequihua@ut-morelia.edu.mx','exitoso','187.189.191.141','2025-05-12 21:40:42'),(2035,'jorgerodriguez@ut-morelia.edu.mx','exitoso','187.189.191.141','2025-05-12 22:09:31'),(2036,'srangel@ut-morelia.edu.mx','exitoso','189.206.96.194','2025-05-12 23:08:33'),(2037,'srangel@ut-morelia.edu.mx','exitoso','189.206.96.194','2025-05-12 23:08:36'),(2038,'observador@admin.com','exitoso','200.68.166.195','2025-05-13 01:20:18'),(2039,'observador@admin.com','exitoso','200.68.166.195','2025-05-13 02:41:03'),(2040,'observador@admin.com','fallido','200.68.166.195','2025-05-13 03:07:41'),(2041,'observador@admin.com','exitoso','200.68.166.195','2025-05-13 03:07:57'),(2042,'jorgerodriguez@ut-morelia.edu.mx','exitoso','187.189.191.141','2025-05-13 17:14:00'),(2043,'jorgerodriguez@ut-morelia.edu.mx','exitoso','187.189.191.141','2025-05-13 17:52:50'),(2044,'jorgerodriguez@ut-morelia.edu.mx','exitoso','187.189.191.141','2025-05-13 18:45:08'),(2045,'srangel@ut-morelia.edu.mx','exitoso','189.206.96.194','2025-05-13 21:07:01'),(2046,'srangel@ut-morelia.edu.mx','exitoso','189.206.96.194','2025-05-13 21:07:04'),(2047,'jorgerodriguez@ut-morelia.edu.mx','exitoso','187.189.191.141','2025-05-13 21:24:32'),(2048,'admin@admin.com','exitoso','177.240.145.77','2025-05-13 23:20:21'),(2049,'admin@admin.com','exitoso','177.240.145.77','2025-05-14 03:47:13'),(2050,'jorgerodriguez@ut-morelia.edu.mx','exitoso','187.189.191.141','2025-05-14 14:58:18'),(2051,'jorgerodriguez@ut-morelia.edu.mx','exitoso','187.189.191.141','2025-05-14 16:39:32'),(2052,'luis.gutierrez@ut-morelia.edu.mx','exitoso','189.206.96.194','2025-05-14 16:58:16'),(2053,'luis.gutierrez@ut-morelia.edu.mx','exitoso','189.206.96.194','2025-05-14 16:58:21'),(2054,'jose.cervantes@ut-morelia.edu.mx','exitoso','187.189.191.141','2025-05-14 19:00:28'),(2055,'admin@admin.com','fallido','177.240.137.65','2025-05-14 19:06:58'),(2056,'admin@admin.com','exitoso','177.240.137.65','2025-05-14 19:07:05'),(2057,'jorgerodriguez@ut-morelia.edu.mx','exitoso','187.189.191.141','2025-05-14 19:16:33'),(2058,'admin@admin.com','exitoso','177.240.137.65','2025-05-14 19:50:25'),(2059,'julio.hernandez@ut-morlia.edu.mx','fallido','189.206.96.194','2025-05-14 20:08:08'),(2060,'julio.hernandez@ut-morelia.edu.mx','exitoso','189.206.96.194','2025-05-14 20:08:35'),(2061,'jorgerodriguez@ut-morelia.edu.mx','exitoso','189.206.96.194','2025-05-14 22:35:58'),(2062,'jorgerodriguez@ut-morelia.edu.mx','exitoso','189.206.96.194','2025-05-14 22:49:01'),(2063,'admin@admin.com','exitoso','177.240.137.65','2025-05-14 22:56:28'),(2064,'karina.ornelas@ut-morelia.edu.mx','exitoso','187.189.191.141','2025-05-15 00:03:34'),(2065,'jorgerodriguez@ut-morelia.edu.mx','exitoso','177.224.180.53','2025-05-15 01:29:05'),(2066,'jorgerodriguez@ut-morelia.edu.mx','exitoso','187.195.114.241','2025-05-15 02:23:21'),(2067,'jorgerodriguez@ut-morelia.edu.mx','exitoso','177.224.180.53','2025-05-15 20:43:15'),(2068,'luis.gutierrez@ut-morelia.edu.mx','exitoso','177.224.177.144','2025-05-15 23:29:29'),(2069,'luis.gutierrez@ut-morelia.edu.mx','exitoso','177.224.177.144','2025-05-15 23:29:36'),(2070,'jose.rodriguez@ut-morelia.edu.mx','exitoso','187.189.191.141','2025-05-16 14:02:33'),(2071,'jorgerodriguez@ut-morelia.edu.mx','exitoso','187.195.114.241','2025-05-16 14:45:40'),(2072,'jose.rodriguez@ut-morelia.edu.mx','exitoso','187.189.191.141','2025-05-16 16:25:18'),(2073,'jorgerodriguez@ut-morelia.edu.mx','exitoso','187.189.191.141','2025-05-16 16:29:42'),(2074,'jorgerodriguez@ut-morelia.edu.mx','exitoso','187.189.191.141','2025-05-16 16:34:59'),(2075,'admin@admin.com','exitoso','177.240.137.65','2025-05-16 18:09:55'),(2076,'jorgerodriguez@ut-morelia.edu.mx','exitoso','189.206.96.194','2025-05-16 18:51:28'),(2077,'jose.cervantes@ut-morelia.edu.mx','exitoso','189.206.96.194','2025-05-16 23:21:13'),(2078,'carlos.lopez@ut-morelia.edu.mx','exitoso','189.206.96.194','2025-05-17 15:50:48'),(2079,'carlos.lopez@ut-morelia.edu.mx','exitoso','189.206.96.194','2025-05-17 15:51:00'),(2080,'jose.cervantes@ut-morelia.edu.mx','exitoso','187.190.197.28','2025-05-17 17:00:25'),(2081,'jose.rodriguez@ut-morelia.edu.mx','exitoso','187.173.129.191','2025-05-19 00:53:36'),(2082,'jose.rodriguez@ut-morelia.edu.mx','exitoso','189.206.96.194','2025-05-19 14:00:08'),(2083,'jose.rodriguez@ut-morelia.edu.mx','exitoso','189.206.96.194','2025-05-19 14:28:05'),(2084,'jorgerodriguez@ut-morelia.edu.mx','exitoso','187.189.191.141','2025-05-19 15:12:26'),(2085,'jose.rodriguez@ut-morelia.edu.mx','exitoso','189.206.96.194','2025-05-19 15:52:30'),(2086,'jorgerodriguez@ut-morelia.edu.mx','exitoso','189.206.96.194','2025-05-19 15:52:36'),(2087,'jonathan.moreno@ut-morelia.edu.mx','exitoso','189.206.96.194','2025-05-19 16:16:36'),(2088,'luis.gutierrez@ut-morelia.edu.mx','exitoso','189.206.96.194','2025-05-19 18:08:51'),(2089,'luis.gutierrez@ut-morelia.edu.mx','exitoso','189.206.96.194','2025-05-19 18:08:57'),(2090,'jonathan.moreno@ut-morelia.edu.mx','fallido','187.189.191.141','2025-05-19 18:12:25'),(2091,'jonathan.moreno@ut-morelia.edu.mx','fallido','187.189.191.141','2025-05-19 18:12:36'),(2092,'jonathan.moreno@ut-morelia.edu.mx','exitoso','187.189.191.141','2025-05-19 18:12:43'),(2093,'kpenaloza@ut-morelia.edu.mx','exitoso','189.206.96.194','2025-05-19 18:32:47'),(2094,'luis.gutierrez@ut-morelia.edu.mx','exitoso','189.206.96.194','2025-05-19 18:43:33'),(2095,'jorgerodriguez@ut-morelia.edu.mx','exitoso','189.206.96.194','2025-05-19 21:00:26'),(2096,'julio.hernandez@ut-morelia.edu.mx','exitoso','187.189.191.141','2025-05-19 21:14:21'),(2097,'kpenaloza@ut-morelia.edu.mx','exitoso','187.189.191.141','2025-05-19 22:16:06'),(2098,'jorgerodriguez@ut-morelia.edu.mx','fallido','187.189.191.141','2025-05-20 15:19:51'),(2099,'jorgerodriguez@ut-morelia.edu.mx','exitoso','187.189.191.141','2025-05-20 15:19:58'),(2100,'jose.rodriguez@ut-morelia.edu.mx','exitoso','189.206.96.194','2025-05-20 15:49:05'),(2101,'luis.gutierrez@ut-morelia.edu.mx','exitoso','189.206.96.194','2025-05-20 15:52:08'),(2102,'luis.gutierrez@ut-morelia.edu.mx','exitoso','189.206.96.194','2025-05-20 15:52:16'),(2103,'jorgerodriguez@ut-morelia.edu.mx','exitoso','189.206.96.194','2025-05-20 15:54:15'),(2104,'kpenaloza@ut-morelia.edu.mx','exitoso','187.189.191.141','2025-05-20 18:10:06'),(2105,'mequihua@ut-morelia.edu.mx','exitoso','187.189.191.141','2025-05-20 18:11:13'),(2106,'jonathan.moreno@ut-morelia.edu.mx','exitoso','187.189.191.141','2025-05-20 18:23:46'),(2107,'jonathan.moreno@ut-morelia.edu.mx','exitoso','187.189.191.141','2025-05-20 18:23:46'),(2108,'jorgerodriguez@ut-morelia.edu.mx','exitoso','189.206.96.194','2025-05-20 19:14:02'),(2109,'luis.gutierrez@ut-morelia.edu.mx','exitoso','187.189.191.141','2025-05-20 19:23:06'),(2110,'luis.gutierrez@ut-morelia.edu.mx','exitoso','187.189.191.141','2025-05-20 19:23:11'),(2111,'jose.rodriguez@ut-morelia.edu.mx','exitoso','189.206.96.194','2025-05-20 21:25:43'),(2112,'mequihua@ut-morelia.edu.mx','exitoso','187.189.191.141','2025-05-20 21:33:43'),(2113,'observador@admin.com','exitoso','189.206.96.194','2025-05-21 13:39:28'),(2114,'observador@admin.com','exitoso','189.206.96.194','2025-05-21 13:41:48'),(2115,'kpenaloza@ut-morelia.edu.mx','exitoso','200.68.167.199','2025-05-21 15:54:41'),(2116,'luis.gutierrez@ut-morelia.edu.mx','exitoso','187.189.191.141','2025-05-21 17:09:55'),(2117,'luis.gutierrez@ut-morelia.edu.mx','exitoso','187.189.191.141','2025-05-21 17:10:02'),(2118,'jorgerodriguez@ut-morelia.edu.mx','exitoso','187.189.191.141','2025-05-21 17:12:06'),(2119,'jorgerodriguez@ut-morelia.edu.mx','exitoso','189.206.96.194','2025-05-21 19:20:32'),(2120,'kpenaloza@ut-morelia.edu.mx','exitoso','189.206.96.194','2025-05-21 20:47:55'),(2121,'jose.cervantes@ut-morelia.edu.mx','exitoso','189.206.96.194','2025-05-21 21:05:26'),(2122,'jose.rodriguez@ut-morelia.edu.mx','exitoso','187.189.191.141','2025-05-21 21:26:42'),(2123,'admin@admin.com','exitoso','177.240.145.77','2025-05-22 05:38:08'),(2124,'srangel@ut-morelia.edu.mx','exitoso','187.189.191.141','2025-05-22 16:39:33'),(2125,'srangel@ut-morelia.edu.mx','exitoso','187.189.191.141','2025-05-22 16:39:39'),(2126,'jorgerodriguez@ut-morelia.edu.mx','exitoso','189.206.96.194','2025-05-22 17:40:25'),(2127,'admin@admin.com','exitoso','177.240.137.65','2025-05-22 17:54:17'),(2128,'srangel@ut-morelia.edu.mx','fallido','187.189.191.141','2025-05-22 19:08:23'),(2129,'srangel@ut-morelia.edu.mx','exitoso','187.189.191.141','2025-05-22 19:08:32'),(2130,'admin@admin.com','exitoso','177.240.137.65','2025-05-22 19:13:30'),(2131,'jorgerodriguez@ut-morelia.edu.mx','exitoso','187.189.191.141','2025-05-22 19:14:16'),(2132,'jorgerodriguez@ut-morelia.edu.mx','exitoso','187.189.191.141','2025-05-22 19:14:25'),(2133,'jorgerodriguez@ut-morelia.edu.mx','exitoso','189.206.96.194','2025-05-22 21:42:58'),(2134,'jorgerodriguez@ut-morelia.edu.mx','exitoso','189.206.96.194','2025-05-22 21:43:20'),(2135,'jorgerodriguez@ut-morelia.edu.mx','exitoso','189.206.96.194','2025-05-22 21:44:10'),(2136,'jose.rodriguez@ut-morelia.edu.mx','exitoso','187.173.129.254','2025-05-23 00:58:24'),(2137,'kpenaloza@ut-morelia.edu.mx','exitoso','189.206.96.194','2025-05-23 22:13:54'),(2138,'jorgerodriguez@ut-morelia.edu.mx','exitoso','189.143.93.70','2025-05-26 03:20:37'),(2139,'srangel@ut-morelia.edu.mx','exitoso','187.189.191.141','2025-05-26 18:53:26'),(2140,'srangel@ut-morelia.edu.mx','fallido','187.189.191.141','2025-05-26 18:53:30'),(2141,'srangel@ut-morelia.edu.mx','exitoso','187.189.191.141','2025-05-26 18:53:39'),(2142,'jorgerodriguez@ut-morelia.edu.mx','exitoso','187.189.191.141','2025-05-27 15:06:27'),(2143,'carlos.lopez@ut-morelia.edu.mx','exitoso','189.206.96.194','2025-05-27 15:13:01'),(2144,'jorgerodriguez@ut-morelia.edu.mx','exitoso','187.189.191.141','2025-05-27 15:40:01'),(2145,'jorgerodriguez@ut-morelia.edu.mx','exitoso','187.189.191.141','2025-05-27 16:29:09'),(2146,'jorgerodriguez@ut-morelia.edu.mx','exitoso','187.189.191.141','2025-05-27 16:34:32'),(2147,'jose.cervantes@ut-morelia.edu.mx','exitoso','187.189.191.141','2025-05-27 18:24:31'),(2148,'jose.cervantes@ut-morelia.edu.mx','exitoso','187.189.191.141','2025-05-27 18:25:04'),(2149,'kpenaloza@ut-morelia.edu.mx','exitoso','187.189.191.141','2025-05-27 18:52:06'),(2150,'admin@admin.com','exitoso','177.240.137.65','2025-05-28 16:42:48'),(2151,'jorgerodriguez@ut-morelia.edu.mx','exitoso','187.189.191.141','2025-05-28 16:56:16'),(2152,'jorgerodriguez@ut-morelia.edu.mx','exitoso','187.189.191.141','2025-05-28 16:56:23'),(2153,'jorgerodriguez@ut-morelia.edu.mx','exitoso','189.206.96.194','2025-05-28 17:03:13'),(2154,'luis.gutierrez@ut-morelia.edu.mx','exitoso','187.189.191.141','2025-05-28 17:57:14'),(2155,'luis.gutierrez@ut-morelia.edu.mx','exitoso','187.189.191.141','2025-05-28 17:57:20'),(2156,'admin@admin.com','exitoso','177.240.137.65','2025-05-28 18:06:49'),(2157,'kpenaloza@ut-morelia.edu.mx','exitoso','187.189.191.141','2025-05-28 18:24:07'),(2158,'jorgerodriguez@ut-morelia.edu.mx','exitoso','189.206.96.194','2025-05-28 19:10:53'),(2159,'jose.rodriguez@ut-morelia.edu.mx','exitoso','189.206.96.194','2025-05-28 20:13:44'),(2160,'jorgerodriguez@ut-morelia.edu.mx','exitoso','189.206.96.194','2025-05-28 20:53:55'),(2161,'admin@admin.com','exitoso','177.240.137.65','2025-05-28 22:21:30'),(2162,'admin@admin.com','exitoso','177.240.137.65','2025-05-28 22:48:51'),(2163,'jose.cervantes@ut-morelia.edu.mx','exitoso','189.203.103.28','2025-05-29 03:01:25'),(2164,'mequihua@ut-morelia.edu.mx','exitoso','177.240.134.70','2025-05-29 05:15:37'),(2165,'kpenaloza@ut-morelia.edu.mx','exitoso','187.189.191.141','2025-05-29 16:06:06'),(2166,'kpenaloza@ut-morelia.edu.mx','exitoso','187.189.191.141','2025-05-29 18:18:57'),(2167,'kpenaloza@ut-morelia.edu.mx','exitoso','187.189.191.141','2025-05-29 18:19:43'),(2168,'jorgerodriguez@ut-morelia.edu.mx','exitoso','187.189.191.141','2025-05-29 18:19:50'),(2169,'jose.cervantes@ut-morelia.edu.mx','exitoso','187.189.191.141','2025-05-29 18:25:35'),(2170,'kpenaloza@ut-morelia.edu.mx','exitoso','187.189.191.141','2025-05-29 19:45:37'),(2171,'jose.rodriguez@ut-morelia.edu.mx','exitoso','189.206.96.194','2025-05-29 21:47:28'),(2172,'jorgerodriguez@ut-morelia.edu.mx','exitoso','189.243.232.35','2025-05-30 00:54:51'),(2173,'admin@admin.com','exitoso','189.243.232.35','2025-05-30 00:55:22');

--
