
--
-- Table structure for table `schedules`
--

CREATE TABLE `schedules` (
  `schedule_id` int NOT NULL AUTO_INCREMENT,
  `teacher_subject_id` int DEFAULT NULL,
  `classroom_id` int DEFAULT NULL,
  `schedule_day` enum('Lunes','Martes','Miércoles','Jueves','Viernes','Sábado') CHARACTER SET utf8mb4 COLLATE utf8mb4_spanish_ci DEFAULT NULL,
  `start_time` time DEFAULT NULL,
  `end_time` time DEFAULT NULL,
  `fyh_creacion` datetime DEFAULT NULL,
  `fyh_actualizacion` datetime DEFAULT NULL,
  `estado` varchar(11) CHARACTER SET utf8mb4 COLLATE utf8mb4_spanish_ci DEFAULT NULL,
  `group_id` int DEFAULT NULL,
  PRIMARY KEY (`schedule_id`),
  KEY `teacher_subject_id` (`teacher_subject_id`),
  KEY `classroom_id` (`classroom_id`),
  KEY `group_id` (`group_id`),
  CONSTRAINT `schedules_ibfk_1` FOREIGN KEY (`teacher_subject_id`) REFERENCES `teacher_subjects` (`teacher_subject_id`) ON DELETE CASCADE,
  CONSTRAINT `schedules_ibfk_2` FOREIGN KEY (`classroom_id`) REFERENCES `classrooms` (`classroom_id`) ON DELETE CASCADE,
  CONSTRAINT `schedules_ibfk_3` FOREIGN KEY (`group_id`) REFERENCES `groups` (`group_id`) ON DELETE CASCADE
) ENGINE=InnoDB DEFAULT CHARSET=utf8mb4 COLLATE=utf8mb4_spanish_ci;

--
-- Dumping data for table `schedules`
--


--
-- Table structure for table `shifts`
--

CREATE TABLE `shifts` (
  `shift_id` int NOT NULL AUTO_INCREMENT,
  `shift_name` enum('MATUTINO','VESPERTINO','MIXTO','ZINAPÉCUARO','ENFERMERIA','MATUTINO AVANZADO','VESPERTINO AVANZADO') CHARACTER SET utf8mb4 COLLATE utf8mb4_spanish_ci NOT NULL,
  `schedule_details` varchar(255) CHARACTER SET utf8mb4 COLLATE utf8mb4_spanish_ci NOT NULL,
  `fyh_creacion` datetime DEFAULT NULL,
  `fyh_actualizacion` datetime DEFAULT NULL,
  `estado` varchar(11) CHARACTER SET utf8mb4 COLLATE utf8mb4_spanish_ci DEFAULT NULL,
  PRIMARY KEY (`shift_id`)
) ENGINE=InnoDB AUTO_INCREMENT=10 DEFAULT CHARSET=utf8mb4 COLLATE=utf8mb4_spanish_ci;

--
-- Dumping data for table `shifts`
--

INSERT INTO `shifts` VALUES (1,'MATUTINO','LUNES A VIERNES de 7:00 A 15:00','2024-11-19 05:27:02',NULL,'1'),(2,'VESPERTINO','LUNES A VIERNES de 12:00 A 20:00','2024-11-19 05:27:02',NULL,'1'),(3,'MIXTO','VIERNES DE 16:00 A 20:00 Y SÁBADO DE 7:00 A 18:00','2024-11-19 05:27:02',NULL,'1'),(4,'ZINAPÉCUARO','VIERNES DE 16:00 A 20:00 Y SÁBADO DE 7:00 A 18:00','2024-11-19 05:27:02',NULL,'1'),(5,'ENFERMERIA','Lunes a viernes de 07:00 a 17:00','2024-12-09 15:22:54',NULL,'1'),(6,'MATUTINO AVANZADO','LUNES A VIERNES de 07:00 A 12:00','2024-12-11 14:47:28',NULL,'1'),(7,'VESPERTINO AVANZADO','LUNES A VIERNES de 12:00 A 17:00','2024-12-11 14:47:28',NULL,'1'),(8,'MATUTINO AVANZADO','LUNES A VIERNES de 07:00 A 12:00','2024-12-12 17:59:24',NULL,'ACTIVO'),(9,'VESPERTINO AVANZADO','LUNES A VIERNES de 12:00 A 17:00','2024-12-12 17:59:24',NULL,'ACTIVO');

--
-- Table structure for table `subject_labs`
--

CREATE TABLE `subject_labs` (
  `subject_lab_id` int NOT NULL AUTO_INCREMENT,
  `subject_id` int DEFAULT NULL,
  `lab_id` int DEFAULT NULL,
  `lab_hours` int DEFAULT '0',
  PRIMARY KEY (`subject_lab_id`),
  KEY `fk_subject` (`subject_id`),
  KEY `fk_lab` (`lab_id`),
  CONSTRAINT `fk_lab` FOREIGN KEY (`lab_id`) REFERENCES `labs` (`lab_id`),
  CONSTRAINT `fk_subject` FOREIGN KEY (`subject_id`) REFERENCES `subjects` (`subject_id`)
) ENGINE=InnoDB AUTO_INCREMENT=1055 DEFAULT CHARSET=utf8mb4 COLLATE=utf8mb4_spanish_ci;

--
-- Dumping data for table `subject_labs`
--

INSERT INTO `subject_labs` VALUES (828,1641,9,5),(829,1645,36,4),(830,1652,34,4),(831,1653,13,6),(832,1661,12,2),(833,1663,35,2),(834,1666,6,6),(835,1675,5,7),(836,1679,15,5),(837,1682,31,2),(838,1683,15,5),(839,1685,5,1),(840,1691,11,3),(841,1692,29,3),(842,1699,12,2),(843,1700,19,2),(844,1705,14,2),(845,1706,19,2),(846,1712,13,6),(847,1715,16,3),(848,1716,19,2),(849,1718,19,2),(850,1721,7,6),(851,1725,28,6),(852,1730,16,2),(853,1735,5,4),(854,1736,24,2),(855,1736,5,0),(856,1737,5,6),(857,1739,19,2),(858,1740,24,2),(859,1741,19,2),(860,1743,17,6),(861,1744,5,3),(862,1745,24,2),(863,1745,5,0),(864,1747,19,2),(865,1748,35,2),(866,1750,35,2),(867,1753,28,3),(868,1754,11,4),(869,1765,25,4),(870,1768,2,3),(871,1773,13,2),(872,1773,33,2),(873,1778,16,3),(874,1779,16,3),(875,1780,35,2),(876,1781,19,2),(877,1783,7,6),(878,1786,3,3),(879,1787,30,6),(880,1790,5,2),(881,1792,27,6),(882,1793,24,7),(883,1794,5,1),(884,1796,5,2),(885,1797,5,2),(886,1800,18,5),(887,1801,17,5),(888,1803,17,4),(889,1804,21,4),(890,1807,17,3),(891,1810,15,6),(892,1811,34,4),(893,1813,25,3),(894,1814,14,2),(895,1815,14,2),(896,1816,14,2),(897,1817,2,2),(898,1818,2,2),(899,1819,14,2),(900,1825,15,6),(901,1830,3,4),(902,1831,27,3),(903,1831,18,0),(904,1832,30,6),(905,1838,5,2),(906,1841,27,3),(907,1841,18,0),(908,1842,27,2),(909,1842,18,0),(910,1848,24,2),(911,1850,18,2),(912,1850,31,0),(913,1851,5,3),(914,1852,5,2),(915,1854,10,6),(916,1855,26,3),(917,1858,9,6),(918,1859,11,6),(919,1860,26,3),(920,1861,8,3),(921,1865,9,6),(922,1866,29,4),(923,1867,11,4),(924,1875,31,4),(925,1875,5,0),(926,1878,24,4),(927,1878,18,0),(928,1880,5,2),(929,1882,18,4),(930,1885,34,6),(931,1886,13,6),(932,1888,24,4),(933,1889,33,2),(934,1890,17,3),(935,1893,16,2),(936,1894,19,2),(937,1896,16,2),(938,1898,18,4),(939,1902,5,4),(940,1903,31,4),(941,1903,5,0),(942,1905,16,2),(943,1907,18,4),(944,1907,31,0),(945,1910,31,4),(946,1910,5,0),(947,1911,19,2),(948,1912,35,2),(949,1913,19,2),(950,1919,31,4),(951,1919,5,0),(952,1921,18,4),(953,1921,17,0),(954,1930,31,4),(955,1931,31,4),(956,1933,36,3),(957,1934,5,0),(958,1937,26,5),(959,1939,36,3),(960,1942,21,6),(961,1943,9,7),(962,1946,8,4),(963,1952,6,6),(964,1956,2,3),(965,1958,14,3),(966,1959,36,2),(967,1965,34,6),(968,1967,33,4),(969,1967,15,2),(970,1968,33,2),(971,1968,13,1),(972,1971,4,6),(973,1972,25,3),(974,1974,3,3),(975,1979,16,2),(976,1986,14,2),(977,1990,5,1),(978,1993,24,2),(979,1997,5,1),(980,2005,29,4),(981,2007,8,4),(982,2011,25,3),(983,2017,15,6),(984,2024,7,6),(985,2025,7,6),(986,2030,35,2),(987,2035,8,2),(988,2036,9,7),(989,2037,29,6),(990,2039,9,5),(991,2045,8,5),(992,2047,8,5),(993,2048,5,4),(994,2051,9,5),(995,2053,21,5),(996,2054,9,3),(997,2055,29,4),(998,2056,11,4),(999,2057,9,4),(1000,2060,9,6),(1001,2061,25,4),(1002,2064,34,6),(1003,2067,21,7),(1004,2072,7,6),(1005,2074,3,3),(1006,2077,26,4),(1007,2079,19,3),(1008,2081,35,2),(1009,2083,29,6),(1010,2084,9,7),(1011,2086,21,6),(1012,2088,11,5),(1013,2089,5,2),(1014,2091,27,5),(1015,2091,18,0),(1016,2094,31,4),(1017,2095,31,1),(1018,2095,5,0),(1019,2096,24,2),(1020,2101,10,6),(1021,2102,10,6),(1022,2103,11,6),(1023,2106,14,2),(1024,2107,2,3),(1025,2109,25,2),(1026,2114,15,4),(1027,2116,33,4),(1028,2117,13,1),(1029,2117,33,1),(1030,2123,6,6),(1031,2128,10,6),(1032,2129,26,6),(1033,2132,19,2),(1034,2135,11,7),(1035,2138,8,2),(1036,2139,10,5),(1037,2143,27,4),(1038,2143,18,0),(1039,2148,31,6),(1040,2149,8,3),(1041,2150,31,5),(1042,2150,5,0),(1043,2151,31,2),(1044,2153,9,5),(1045,2154,21,6),(1046,2158,9,5),(1047,2159,9,5),(1048,2165,12,4),(1049,2166,16,2),(1050,2167,11,5),(1051,2169,29,4),(1052,2170,9,3),(1053,2172,21,6),(1054,2173,10,4);

--
-- Table structure for table `subjects`
--

CREATE TABLE `subjects` (
  `subject_id` int NOT NULL AUTO_INCREMENT,
  `subject_name` varchar(100) CHARACTER SET utf8mb4 COLLATE utf8mb4_spanish_ci NOT NULL,
  `weekly_hours` int DEFAULT '0',
  `max_consecutive_class_hours` int DEFAULT '0',
  `program_id` int DEFAULT NULL,
  `term_id` int DEFAULT NULL,
  `fyh_creacion` datetime DEFAULT NULL,
  `fyh_actualizacion` datetime DEFAULT NULL,
  `estado` varchar(11) CHARACTER SET utf8mb4 COLLATE utf8mb4_spanish_ci DEFAULT NULL,
  PRIMARY KEY (`subject_id`),
  KEY `fk_program_subject` (`program_id`),
  KEY `fk_term` (`term_id`),
  CONSTRAINT `fk_program_subject` FOREIGN KEY (`program_id`) REFERENCES `programs` (`program_id`),
  CONSTRAINT `fk_term` FOREIGN KEY (`term_id`) REFERENCES `terms` (`term_id`)
) ENGINE=InnoDB AUTO_INCREMENT=2175 DEFAULT CHARSET=utf8mb4 COLLATE=utf8mb4_spanish_ci;

--
-- Dumping data for table `subjects`
--

INSERT INTO `subjects` VALUES (1637,'COMUNICACIÓN Y ATENCIÓN AL SOCIO',4,2,1,1,'2024-12-18 06:42:20',NULL,'1'),(1638,'COMUNICACIÓN Y HABILIDADES DIGITALES',5,2,1,1,'2024-12-18 06:42:20',NULL,'1'),(1639,'CONTABILIDAD BÁSICA',7,2,1,1,'2024-12-18 06:42:20',NULL,'1'),(1640,'DESARROLLO HUMANO Y VALORES',4,2,1,1,'2024-12-18 06:42:20',NULL,'1'),(1641,'INFORMÁTICA',6,2,1,1,'2024-12-18 06:42:20',NULL,'1'),(1642,'INGLÉS I',5,2,1,1,'2024-12-18 06:42:21',NULL,'1'),(1643,'MICROECONOMÍA',4,2,1,1,'2024-12-18 06:42:21',NULL,'1'),(1644,'CALIDAD',5,2,1,2,'2024-12-18 06:42:21',NULL,'1'),(1645,'QUÍMICA ORGÁNICA',6,2,3,1,'2024-12-18 06:42:21',NULL,'1'),(1646,'INGLÉS II',5,2,1,2,'2024-12-18 06:42:21',NULL,'1'),(1647,'FUNDAMENTOS MATEMÁTICOS',7,2,3,1,'2024-12-18 06:42:21',NULL,'1'),(1648,'DESARROLLO HUMANO Y VALORES',4,2,3,1,'2024-12-18 06:42:21',NULL,'1'),(1649,'CRÉDITO FINANCIERO Y SERVICIOS FINANCIEROS COMPLEMENTARIOS',5,2,1,3,'2024-12-18 06:42:21',NULL,'1'),(1650,'BIOTECNOLOGÍA Y DESARROLLO SOSTENIBLE',3,2,3,1,'2024-12-18 06:42:21',NULL,'1'),(1651,'INGLÉS III',5,2,1,3,'2024-12-18 06:42:21',NULL,'1'),(1652,'TEXTILES I',4,2,4,1,'2024-12-18 06:42:21',NULL,'1'),(1653,'PRINCIPIOS DE PATRONAJE Y CONFECCIÓN',6,2,4,1,'2024-12-18 06:42:21',NULL,'1'),(1654,'PRINCIPIOS DE DISEÑO DE MODA',4,2,4,1,'2024-12-18 06:42:21',NULL,'1'),(1655,'FUNDAMENTOS MATEMÁTICOS',7,2,4,1,'2024-12-18 06:42:21',NULL,'1'),(1656,'DESARROLLO HUMANO Y VALORES',4,2,4,1,'2024-12-18 06:42:21',NULL,'1'),(1657,'ASESORÍA FINANCIERA INTEGRAL',5,2,2,5,'2024-12-18 06:42:21',NULL,'1'),(1658,'METODOLOGÍA DE LA INVESTIGACIÓN',5,2,2,5,'2024-12-18 06:42:21',NULL,'1'),(1659,'EXPRESIÓN ORAL Y ESCRITA II',5,2,2,5,'2024-12-18 06:42:21',NULL,'1'),(1660,'DESARROLLO HUMANO Y VALORES',4,2,8,1,'2024-12-18 06:42:21',NULL,'1'),(1661,'DIBUJO ASISTIDO POR COMPUTADORA',3,2,8,1,'2024-12-18 06:42:21',NULL,'1'),(1662,'INGLÉS I',5,2,4,1,'2024-12-18 06:42:21',NULL,'1'),(1663,'FÍSICA',6,2,8,1,'2024-12-18 06:42:21',NULL,'1'),(1664,'FUNDAMENTOS MATEMATICOS',7,2,8,1,'2024-12-18 06:42:21',NULL,'1'),(1665,'COMUNICACIÓN Y HABILIDADES DIGITALES',5,2,4,1,'2024-12-18 06:42:21',NULL,'1'),(1666,'BASES CULINARIAS I',8,2,12,1,'2024-12-18 06:42:21',NULL,'1'),(1667,'INGLÉS II',5,2,4,2,'2024-12-18 06:42:21',NULL,'1'),(1668,'DESARROLLO HUMANO Y VALORES',4,2,12,1,'2024-12-18 06:42:22',NULL,'1'),(1669,'ILUSTRACIÓN DE MODA',5,2,4,2,'2024-12-18 06:42:22',NULL,'1'),(1670,'MATEMÁTICAS APLICADAS A LA GASTRONOMÍA',4,2,12,1,'2024-12-18 06:42:22',NULL,'1'),(1671,'SEGURIDAD E HIGIENE EN LOS ALIMENTOS',4,2,12,1,'2024-12-18 06:42:22',NULL,'1'),(1672,'INGLÉS III',5,2,4,3,'2024-12-18 06:42:22',NULL,'1'),(1673,'ESTADÍSTICA',5,2,4,4,'2024-12-18 06:42:22',NULL,'1'),(1674,'DESARROLLO HUMANO Y VALORES',4,2,15,1,'2024-12-18 06:42:22',NULL,'1'),(1675,'DIBUJO INDUSTRIAL',7,2,15,1,'2024-12-18 06:42:22',NULL,'1'),(1676,'FUNDAMENTOS DEL MANTENIMIENTO',4,2,15,1,'2024-12-18 06:42:22',NULL,'1'),(1677,'FUNDAMENTOS MATEMÁTICOS',7,2,15,1,'2024-12-18 06:42:22',NULL,'1'),(1678,'SEGURIDAD INDUSTRIAL',3,2,15,1,'2024-12-18 06:42:22',NULL,'1'),(1679,'GRADUACIÓN POR COMPUTADORA',5,2,4,5,'2024-12-18 06:42:22',NULL,'1'),(1680,'EXPRESIÓN ORAL Y ESCRITA II',5,2,4,5,'2024-12-18 06:42:22',NULL,'1'),(1681,'DESARROLLO HUMANO Y VALORES',4,2,16,1,'2024-12-18 06:42:22',NULL,'1'),(1682,'FUNDAMENTOS MATEMÁTICOS',7,2,16,1,'2024-12-18 06:42:22',NULL,'1'),(1683,'DISEÑO DIGITAL DE TELAS',5,2,4,8,'2024-12-18 06:42:22',NULL,'1'),(1684,'ADMINISTRACIÓN DE LA MANUFACTURA',5,2,4,9,'2024-12-18 06:42:22',NULL,'1'),(1685,'PROCESOS INDUSTRIALES',4,2,16,1,'2024-12-18 06:42:22',NULL,'1'),(1686,'BIOLOGÍA',5,2,14,2,'2024-12-18 06:42:22',NULL,'1'),(1687,'COMUNICACIÓN Y HABIIDADES DIGITALES',5,2,14,2,'2024-12-18 06:42:22',NULL,'1'),(1688,'INGLÉS I',5,2,18,1,'2024-12-18 06:42:22',NULL,'1'),(1689,'MATEMÁTICAS PARA INGENIERÍA I',4,2,22,7,'2024-12-18 06:42:22',NULL,'1'),(1690,'METODOLOGÍA PARA EL DESARROLLO DE PROYECTOS',3,2,22,7,'2024-12-18 06:42:22',NULL,'1'),(1691,'EXPRECIENCIA DE USUARIO',3,2,22,7,'2024-12-18 06:42:22',NULL,'1'),(1692,'SEGURIDAD INFORMATICA',3,2,22,7,'2024-12-18 06:42:22',NULL,'1'),(1693,'INGLÉS I',5,2,8,1,'2024-12-18 06:42:22',NULL,'1'),(1694,'ESTADISTICA ADMINISTRATIVA',6,2,1,2,'2024-12-18 06:42:23',NULL,'1'),(1695,'HABILIDADES SOCIOEMOCIONALES Y MANEJO DE CONFLICTOS',4,2,1,2,'2024-12-18 06:42:23',NULL,'1'),(1696,'INTRODUCCIÓN AL SISTEMA FINANCIERO',4,2,1,2,'2024-12-18 06:42:23',NULL,'1'),(1697,'MACROECONOMÍA',4,2,1,2,'2024-12-18 06:42:23',NULL,'1'),(1698,'MARCO JURÍDICO Y LEGAL',7,2,1,2,'2024-12-18 06:42:23',NULL,'1'),(1699,'COMUNICACIÓN Y HABILIDADES DIGITALES',5,2,8,1,'2024-12-18 06:42:23',NULL,'1'),(1700,'ENERGÍA Y DESARROLLO SOSTENIBLE',5,2,8,1,'2024-12-18 06:42:23',NULL,'1'),(1701,'INGLÉS II',5,2,8,2,'2024-12-18 06:42:23',NULL,'1'),(1702,'HABILIDADES SOCIOEMOCIONALES Y MANEJO DE CONFLICTOS',4,2,3,2,'2024-12-18 06:42:23',NULL,'1'),(1703,'FÍSICA',6,2,3,2,'2024-12-18 06:42:23',NULL,'1'),(1704,'CÁLCULO DIFERENCIAL',6,2,3,2,'2024-12-18 06:42:23',NULL,'1'),(1705,'BIOLOGÍA Y FISIOLOGÍA CELULAR',4,2,3,2,'2024-12-18 06:42:23',NULL,'1'),(1706,'DIAGNOSTICO ENERGETICOS',5,2,8,2,'2024-12-18 06:42:23',NULL,'1'),(1707,'PROBABILIDAD Y ESTADÍSTICA',5,2,8,2,'2024-12-18 06:42:23',NULL,'1'),(1708,'PATRONAJE INDUSTRIAL',6,2,4,2,'2024-12-18 06:42:23',NULL,'1'),(1709,'INGLÉS III',5,2,5,3,'2024-12-18 06:42:23',NULL,'1'),(1710,'HISTORIA Y SOCIOLOGÍA DE LA MODA',3,2,4,2,'2024-12-18 06:42:23',NULL,'1'),(1711,'HABILIDADES SOCIEMOCIONALES Y MANEJO DE CONFLICTOS',4,2,4,2,'2024-12-18 06:42:23',NULL,'1'),(1712,'CONFECCIÓN INDUSTRIAL',6,2,4,2,'2024-12-18 06:42:23',NULL,'1'),(1713,'EXPRESIÓN ORAL Y ESCRITA II',5,2,9,5,'2024-12-18 06:42:23',NULL,'1'),(1714,'CÁLCULO DIFERENCIAL',6,2,8,2,'2024-12-18 06:42:23',NULL,'1'),(1715,'CIRCUITOS ELÉCTRICOS',6,2,8,2,'2024-12-18 06:42:23',NULL,'1'),(1716,'CELDAS FOTOVOLTAICAS',5,2,10,5,'2024-12-18 06:42:23',NULL,'1'),(1717,'HABILIDADES SOCIOEMOCIONALES Y MANEJO DE CONFLICTOS',4,2,8,2,'2024-12-18 06:42:23',NULL,'1'),(1718,'COLECTORES SOLARES',5,2,10,5,'2024-12-18 06:42:23',NULL,'1'),(1719,'SEGURIDAD Y MEDIO AMBIENTE',4,2,8,2,'2024-12-18 06:42:24',NULL,'1'),(1720,'EXPRESIÓN ORAL Y ESCRITA II',5,2,10,5,'2024-12-18 06:42:24',NULL,'1'),(1721,'BASES CULINARIAS II',8,2,12,2,'2024-12-18 06:42:24',NULL,'1'),(1722,'ESTANDARIZACIÓN DE PLATILLOS',3,2,12,2,'2024-12-18 06:42:24',NULL,'1'),(1723,'FUNDAMENTOS DE NUTRICIÓN',3,2,12,2,'2024-12-18 06:42:24',NULL,'1'),(1724,'HABILIDADES SOCIOEMOCIONALES Y MANEJO DE CONFLICTOS',4,2,12,2,'2024-12-18 06:42:24',NULL,'1'),(1725,'PANADERIA',8,2,12,2,'2024-12-18 06:42:24',NULL,'1'),(1726,'SERVICIO DE ALIMENTOS Y BEBIDAS',4,2,12,2,'2024-12-18 06:42:24',NULL,'1'),(1727,'INGLÉS I',15,2,14,2,'2024-12-18 06:42:24',NULL,'1'),(1728,'DESARROLLO HUMANO Y VALORES',4,2,14,2,'2024-12-18 06:42:24',NULL,'1'),(1729,'EPISTEMOLOGÍA EN ENFERMERÍA',4,2,14,2,'2024-12-18 06:42:24',NULL,'1'),(1730,'CONTROL Y AUTOMATIZACIÓN',5,2,11,5,'2024-12-18 06:42:24',NULL,'1'),(1731,'ANATOMÍA Y FIOSIOLOGÍA I',7,2,14,2,'2024-12-18 06:42:24',NULL,'1'),(1732,'FUNDAMENTOS DE ENFERMERÍA I',7,2,14,2,'2024-12-18 06:42:24',NULL,'1'),(1733,'EXPRESIÓN ORAL Y ESCRITA II',5,2,11,5,'2024-12-18 06:42:24',NULL,'1'),(1734,'MATEMÁTICAS PARA INGENIERÍA II',5,2,26,8,'2024-12-18 06:42:24',NULL,'1'),(1735,'CÁLCULO DIFERENCIAL',6,2,15,2,'2024-12-18 06:42:24',NULL,'1'),(1736,'FÍSICA',6,2,15,2,'2024-12-18 06:42:24',NULL,'1'),(1737,'GESTIÓN DEL MANTENIMIENTO',6,2,15,2,'2024-12-18 06:42:24',NULL,'1'),(1738,'HABILIDADES SOCIEMOCIONALES Y MANEJO DE CONFLICTOS',4,2,15,2,'2024-12-18 06:42:24',NULL,'1'),(1739,'DISEÑO DE SISTEMAS',5,2,26,8,'2024-12-18 06:42:24',NULL,'1'),(1740,'TERMODINÁMICA',3,2,15,2,'2024-12-18 06:42:24',NULL,'1'),(1741,'DISEÑO DE PROYECTOS DE ENERGÍA SOLAR',5,2,26,9,'2024-12-18 06:42:24',NULL,'1'),(1742,'CALCULO DIFERENCIAL',6,2,16,2,'2024-12-18 06:42:25',NULL,'1'),(1743,'CIRCUITOS ELÉCTRICOS',6,2,16,2,'2024-12-18 06:42:25',NULL,'1'),(1744,'DIBUJO PARA INGENIERÍA',3,2,16,2,'2024-12-18 06:42:25',NULL,'1'),(1745,'FÍSICA',6,2,16,2,'2024-12-18 06:42:25',NULL,'1'),(1746,'HABILIDADES SOCIOEMOCIONALES Y MANEJO DE CONFLICTOS',4,2,16,2,'2024-12-18 06:42:25',NULL,'1'),(1747,'DISEÑO DE PROYECTOS DE ENERGÍA EÓLICA',5,2,26,9,'2024-12-18 06:42:25',NULL,'1'),(1748,'DISEÑO DE PROYECTOS DE BIOENERGÍA',5,2,26,10,'2024-12-18 06:42:25',NULL,'1'),(1749,'ADMINSITRACIÓN DEL TIEMPO',3,2,22,7,'2024-12-18 06:42:25',NULL,'1'),(1750,'ESTRATEGIAS DE EFICIENCIA ENERGÉTICA',5,2,26,10,'2024-12-18 06:42:25',NULL,'1'),(1751,'INGLÉS I',5,2,12,1,'2024-12-18 06:42:25',NULL,'1'),(1752,'COMUNICACIÓN Y HABILIDADES DIGITALES',5,2,12,1,'2024-12-18 06:42:25',NULL,'1'),(1753,'INTRODUCCIÓN A LA GASTRONOMÍA',5,2,12,1,'2024-12-18 06:42:25',NULL,'1'),(1754,'DESARROLLO WEB PROFESIONAL',4,2,22,8,'2024-12-18 06:42:25',NULL,'1'),(1755,'FÍSICA',6,2,4,2,'2024-12-18 06:42:25',NULL,'1'),(1756,'AHORRO E INVERSIÓN',6,2,1,3,'2024-12-18 06:42:25',NULL,'1'),(1757,'INGLÉS II',5,2,12,2,'2024-12-18 06:42:25',NULL,'1'),(1758,'DESARROLLO DEL PENSAMIENTO Y TOMA DE DECISIONES',4,2,1,3,'2024-12-18 06:42:25',NULL,'1'),(1759,'EDUCACIÓN FINANCIERA',4,2,1,3,'2024-12-18 06:42:25',NULL,'1'),(1760,'MATEMÁTICAS FINANCIERAS',7,2,1,3,'2024-12-18 06:42:25',NULL,'1'),(1761,'PROYECTO INTEGRADOR',4,2,1,3,'2024-12-18 06:42:25',NULL,'1'),(1762,'INGLÉS III',5,2,12,3,'2024-12-18 06:42:25',NULL,'1'),(1763,'ADMINISTRACIÓN DE ALIMENTOS Y BEBIDAS',5,2,12,4,'2024-12-18 06:42:25',NULL,'1'),(1764,'PROYECTO INTEGRADORA I',4,2,3,3,'2024-12-18 06:42:25',NULL,'1'),(1765,'MICROBIOLOGÍA',7,2,3,3,'2024-12-18 06:42:26',NULL,'1'),(1766,'DESARROLLO DEL PENSAMIENTO Y TOMA DE DECISIONES',4,2,3,3,'2024-12-18 06:42:26',NULL,'1'),(1767,'CÁLCULO INTEGRAL',4,2,3,3,'2024-12-18 06:42:26',NULL,'1'),(1768,'BIOQUÍMICA',6,2,3,3,'2024-12-18 06:42:26',NULL,'1'),(1769,'LOGÍSTICA DE EVENTOS',5,2,12,5,'2024-12-18 06:42:26',NULL,'1'),(1770,'DESARROLLO DEL PENSAMIENTO Y TOMA DE DECISIONES',4,2,4,3,'2024-12-18 06:42:26',NULL,'1'),(1771,'PATRONAJE Y GRADUACIÓN INDUSTRIAL',6,2,4,3,'2024-12-18 06:42:26',NULL,'1'),(1772,'PLANEACIÓN DE LA PRODUCCIÓN',6,2,4,3,'2024-12-18 06:42:26',NULL,'1'),(1773,'PROYECTO INTEGRADOR I',4,2,4,3,'2024-12-18 06:42:26',NULL,'1'),(1774,'EXPRESIÓN ORAL Y ESCRITA II',5,2,12,5,'2024-12-18 06:42:26',NULL,'1'),(1775,'PATRIMONIO CULINARIO DE MÉXICO',5,2,12,7,'2024-12-18 06:42:26',NULL,'1'),(1776,'CÁLCULO INTEGRAL',4,2,5,3,'2024-12-18 06:42:26',NULL,'1'),(1777,'DESARROLLO DEL PENSAMIENTO Y TOMA DE DECISIONES',4,2,5,3,'2024-12-18 06:42:26',NULL,'1'),(1778,'ELECTRONICA INDUSTRIAL',6,2,5,3,'2024-12-18 06:42:26',NULL,'1'),(1779,'INSTALACIONES ELÉCTRICAS INDUSTRIALES',6,2,5,3,'2024-12-18 06:42:26',NULL,'1'),(1780,'TEMAS SELECTOS DE QUÍMICA',6,2,5,3,'2024-12-18 06:42:26',NULL,'1'),(1781,'PROYECTO INTEGRADOR I',4,2,25,3,'2024-12-18 06:42:26',NULL,'1'),(1782,'INGLÉS I',5,2,15,1,'2024-12-18 06:42:26',NULL,'1'),(1783,'BASES CULINARIAS III',8,2,12,3,'2024-12-18 06:42:26',NULL,'1'),(1784,'COSTOS Y PRESUPUESTOS',3,2,12,3,'2024-12-18 06:42:26',NULL,'1'),(1785,'DESARROLLO PENSAMIENTO Y TOMA DE DECISIONES',4,2,12,3,'2024-12-18 06:42:26',NULL,'1'),(1786,'OPERACIÓN DE BAR',4,2,12,3,'2024-12-18 06:42:26',NULL,'1'),(1787,'PASTELERÍA',7,2,12,3,'2024-12-18 06:42:26',NULL,'1'),(1788,'PROYECTO INTEGRADOR I',4,2,12,3,'2024-12-18 06:42:26',NULL,'1'),(1789,'COMUNICACIÓN Y HABILIDADES DIGITALES',5,2,15,1,'2024-12-18 06:42:27',NULL,'1'),(1790,'CÁLCULO INTEGRAL',4,2,15,3,'2024-12-18 06:42:27',NULL,'1'),(1791,'DESARROLLO DEL PENSAMIENTO Y TOMA DE DECISIONES',4,2,15,3,'2024-12-18 06:42:27',NULL,'1'),(1792,'ELECTRÓNICA ANALOGICA',6,2,15,3,'2024-12-18 06:42:27',NULL,'1'),(1793,'MÁQUINAS Y MECANISMOS',7,2,15,3,'2024-12-18 06:42:27',NULL,'1'),(1794,'PROYECTO INTEGRADOR I',4,2,15,3,'2024-12-18 06:42:27',NULL,'1'),(1795,'INGLÉS II',5,2,15,2,'2024-12-18 06:42:27',NULL,'1'),(1796,'PROBABILIDAD Y ESTADÍSTICA',5,2,15,2,'2024-12-18 06:42:27',NULL,'1'),(1797,'CÁLCULO INTEGRAL',4,2,16,3,'2024-12-18 06:42:27',NULL,'1'),(1798,'DESARROLLO DEL PENSAMIENTO Y TOMA DE DECISIONES',4,2,16,3,'2024-12-18 06:42:27',NULL,'1'),(1799,'INGLÉS III',5,2,15,3,'2024-12-18 06:42:27',NULL,'1'),(1800,'ELECTRÓNICA DIGITAL',7,2,16,3,'2024-12-18 06:42:27',NULL,'1'),(1801,'SISTEMAS ELÉCTRICOS',5,2,15,3,'2024-12-18 06:42:27',NULL,'1'),(1802,'PROYECTO INTEGRADOR I',4,2,16,3,'2024-12-18 06:42:27',NULL,'1'),(1803,'MÁQUINAS ELÉCTRICAS',5,2,15,4,'2024-12-18 06:42:27',NULL,'1'),(1804,'SEGURIDAD EN EL DESARROLLO DE APLICACIONES',4,2,22,8,'2024-12-18 06:42:27',NULL,'1'),(1805,'INGLÉS II',5,2,18,2,'2024-12-18 06:42:27',NULL,'1'),(1806,'PLANEACIÓN Y ORGANIZACIÓN DEL TRABAJO',3,2,22,8,'2024-12-18 06:42:27',NULL,'1'),(1807,'INSTALACIONES ELÉCTRICAS',5,2,15,5,'2024-12-18 06:42:27',NULL,'1'),(1808,'INGLÉS III',5,2,18,3,'2024-12-18 06:42:27',NULL,'1'),(1809,'MATEMÁTICAS PARA INGENIERÍA I',4,2,13,7,'2024-12-18 06:42:27',NULL,'1'),(1810,'ILUSTRACIÓN DE MODA DIGITAL',6,2,4,3,'2024-12-18 06:42:27',NULL,'1'),(1811,'TEXTILES II',4,2,4,3,'2024-12-18 06:42:27',NULL,'1'),(1812,'CÁLCULO INTEGRAL',4,2,3,4,'2024-12-18 06:42:28',NULL,'1'),(1813,'PROCESOS FERMENTATIVOS',4,2,3,4,'2024-12-18 06:42:28',NULL,'1'),(1814,'FISIOLOGÍA CELULAR Y TEJIDO',4,2,3,4,'2024-12-18 06:42:28',NULL,'1'),(1815,'INMUNOLOGÍA',4,2,3,4,'2024-12-18 06:42:28',NULL,'1'),(1816,'BIOLOGÍA MOLECULAR I',4,2,3,4,'2024-12-18 06:42:28',NULL,'1'),(1817,'BIOQUÍMICA II',4,2,3,4,'2024-12-18 06:42:28',NULL,'1'),(1818,'TECNOLOGÍA ENZIMÁTICA',4,2,3,4,'2024-12-18 06:42:28',NULL,'1'),(1819,'ANÁLISIS CLÍNICOS',4,2,3,4,'2024-12-18 06:42:28',NULL,'1'),(1820,'INGLÉS IV',4,2,3,4,'2024-12-18 06:42:28',NULL,'1'),(1821,'MANTENIMIENTO A PROCESOS DE MANUFACTURA',5,2,15,5,'2024-12-18 06:42:28',NULL,'1'),(1822,'COSTOS DE MANUFACTURA',6,2,4,4,'2024-12-18 06:42:28',NULL,'1'),(1823,'PLANEACIÓN DE LA PRODUCCIÓN',7,2,4,4,'2024-12-18 06:42:28',NULL,'1'),(1824,'MERCADOTECNÍA DE LA MODA',4,2,4,4,'2024-12-18 06:42:28',NULL,'1'),(1825,'PATRONAJE POR COMPUTADORA',6,2,4,4,'2024-12-18 06:42:28',NULL,'1'),(1826,'FORMACIÓN SOCIOCULTURAL IV',3,2,4,4,'2024-12-18 06:42:28',NULL,'1'),(1827,'INGLÉS IV',4,2,4,4,'2024-12-18 06:42:28',NULL,'1'),(1828,'INGLÉS IV',4,2,12,4,'2024-12-18 06:42:28',NULL,'1'),(1829,'MERCADOTECNÍA DE SERVICIOS GASTRONOMICOS',4,2,12,4,'2024-12-18 06:42:28',NULL,'1'),(1830,'FUNDAMENTOS DE VITIVINICULTURA',4,2,12,4,'2024-12-18 06:42:28',NULL,'1'),(1831,'AUTOMATIZACIÓN Y ROBÓTICA',5,2,15,5,'2024-12-18 06:42:28',NULL,'1'),(1832,'REPOSTERÍA',7,2,12,4,'2024-12-18 06:42:28',NULL,'1'),(1833,'INTEGRADORA I',2,2,12,4,'2024-12-18 06:42:28',NULL,'1'),(1834,'FRANCES I',6,2,12,4,'2024-12-18 06:42:28',NULL,'1'),(1835,'FORMACIÓN SOCIOCULTURAL IV',3,2,12,4,'2024-12-18 06:42:28',NULL,'1'),(1836,'INGLÉS IV',4,2,15,4,'2024-12-18 06:42:29',NULL,'1'),(1837,'CÁLCULO INTEGRAL',4,2,15,4,'2024-12-18 06:42:29',NULL,'1'),(1838,'ESTRUCTURA Y PROPIEDADES DE LOS MATERIALES',3,2,15,4,'2024-12-18 06:42:29',NULL,'1'),(1839,'EXPRESIÓN ORAL Y ESCRITA II',5,2,15,5,'2024-12-18 06:42:29',NULL,'1'),(1840,'REDES DE SERVICIOS INDUSTRIALES',3,2,15,4,'2024-12-18 06:42:29',NULL,'1'),(1841,'ELECTRÓNICA DIGITAL',4,2,15,4,'2024-12-18 06:42:29',NULL,'1'),(1842,'PRINCIPIOS DE PROGRAMACIÓN',3,2,15,4,'2024-12-18 06:42:29',NULL,'1'),(1843,'SISTEMAS NEUMÁTICOS E HIDRÁULICOS',7,2,15,4,'2024-12-18 06:42:29',NULL,'1'),(1844,'FORMACIÓN SOCIOCULTURAL III',2,2,15,4,'2024-12-18 06:42:29',NULL,'1'),(1845,'INGLÉS IV',4,2,16,4,'2024-12-18 06:42:29',NULL,'1'),(1846,'CÁLCULO INTEGRAL',4,2,16,4,'2024-12-18 06:42:29',NULL,'1'),(1847,'ESTRUCTURA Y PROPIEDADES DE LOS MATERIALES',3,2,16,4,'2024-12-18 06:42:29',NULL,'1'),(1848,'INSTRUMENTACIÓN INDUSTRIAL',4,2,16,4,'2024-12-18 06:42:29',NULL,'1'),(1849,'MATEMÁTICAS PARA INGENIERÍA II',5,2,15,8,'2024-12-18 06:42:29',NULL,'1'),(1850,'DISPOSITIVOS DIGITALES',3,2,16,4,'2024-12-18 06:42:29',NULL,'1'),(1851,'LENGUAJE DE PROGRAMACIÓN',4,2,16,4,'2024-12-18 06:42:29',NULL,'1'),(1852,'TÉCNICAS TPM Y RCM',5,2,15,8,'2024-12-18 06:42:29',NULL,'1'),(1853,'FORMACIÓN SOCIOCULTURAL',3,2,16,4,'2024-12-18 06:42:29',NULL,'1'),(1854,'PROGRAMACIÓN DE VIDEOJUEGOS I',6,2,13,7,'2024-12-18 06:42:29',NULL,'1'),(1855,'PRODUCCIÓN DE EFECTOS VISUALES',3,2,13,7,'2024-12-18 06:42:29',NULL,'1'),(1856,'ADMINISTRACIÓN DEL TIEMPO',3,2,13,7,'2024-12-18 06:42:29',NULL,'1'),(1857,'INGLÉS IV',4,2,19,4,'2024-12-18 06:42:29',NULL,'1'),(1858,'BASE DE DATOS PARA NEGOCIOS DIGITALES',6,2,13,8,'2024-12-18 06:42:29',NULL,'1'),(1859,'PROGRAMACIÓN PARA ENTORNOS VIRTUALES',6,2,13,8,'2024-12-18 06:42:30',NULL,'1'),(1860,'PROGRAMACIÓN DE VIDEOJUEGOS II',3,2,13,8,'2024-12-18 06:42:30',NULL,'1'),(1861,'EMPRENDIMIENTO DIGITAL',3,2,13,8,'2024-12-18 06:42:30',NULL,'1'),(1862,'PLANEACIÓN Y ORGANIZACIÓN DEL TRABAJO',3,2,13,8,'2024-12-18 06:42:30',NULL,'1'),(1863,'GESTIÓN AMBIENTAL',5,2,15,8,'2024-12-18 06:42:30',NULL,'1'),(1864,'PROYECTOS TECNÓLOGICOS Y DE SERVICIO',5,2,15,10,'2024-12-18 06:42:30',NULL,'1'),(1865,'ANALÍTICA DE DATOS PARA NEGOCIOS DIGITALES',6,2,13,9,'2024-12-18 06:42:30',NULL,'1'),(1866,'CIBERSEGURIDAD APLICADA A LOS NEGOCIOS DIGITALES',4,2,13,9,'2024-12-18 06:42:30',NULL,'1'),(1867,'GESTIÓN DE PROYECTOS I',4,2,13,9,'2024-12-18 06:42:30',NULL,'1'),(1868,'DIRECCIÓN DE EQUIPOS DE ALTO RENDIMIENTO',2,2,13,9,'2024-12-18 06:42:30',NULL,'1'),(1869,'INGLÉS I',5,2,16,1,'2024-12-18 06:42:30',NULL,'1'),(1870,'SERVICIOS FINANCIEROS COMPLEMENTARIOS',3,2,2,5,'2024-12-18 06:42:30',NULL,'1'),(1871,'PROYECTOS DE EMPRENDIMIENTO SOCIAL',4,2,2,5,'2024-12-18 06:42:30',NULL,'1'),(1872,'EVALUACIÓN FINANCIERA',7,2,2,5,'2024-12-18 06:42:30',NULL,'1'),(1873,'COMUNICACIÓN Y HABILIDADES DIGITALES',5,2,16,1,'2024-12-18 06:42:30',NULL,'1'),(1874,'INTEGRADORA II',2,2,2,5,'2024-12-18 06:42:30',NULL,'1'),(1875,'METODOLOGÍA DE LA PROGRAMACIÓN',5,2,16,1,'2024-12-18 06:42:30',NULL,'1'),(1876,'INGLÉS V',4,2,2,5,'2024-12-18 06:42:30',NULL,'1'),(1877,'INTEGRADORA II',2,2,3,5,'2024-12-18 06:42:30',NULL,'1'),(1878,'METROLOGÍA',5,2,16,1,'2024-12-18 06:42:30',NULL,'1'),(1879,'INGLÉS II',5,2,16,2,'2024-12-18 06:42:30',NULL,'1'),(1880,'PROBABILIDAD Y ESTÁDISTICA',5,2,16,2,'2024-12-18 06:42:30',NULL,'1'),(1881,'INGLÉS III',5,2,16,3,'2024-12-18 06:42:30',NULL,'1'),(1882,'ELECTRÓNICA ANALOGICA Y POTENCIA',5,2,16,3,'2024-12-18 06:42:31',NULL,'1'),(1883,'FORMACIÓN SOCIOCULTURAL',3,2,3,5,'2024-12-18 06:42:31',NULL,'1'),(1884,'INGLÉS V',4,2,3,5,'2024-12-18 06:42:31',NULL,'1'),(1885,'CALIDAD EN LA INDUSTRIA DEL VESTIDO',6,2,4,5,'2024-12-18 06:42:31',NULL,'1'),(1886,'SISTEMAS DE CONFECCIÓN DEL VESTIDO',6,2,4,5,'2024-12-18 06:42:31',NULL,'1'),(1887,'PROCESOS DE MANUFACTURA',7,2,4,5,'2024-12-18 06:42:31',NULL,'1'),(1888,'ELEMENTOS MECÁNICOS',5,2,16,3,'2024-12-18 06:42:31',NULL,'1'),(1889,'INTEGRADORA II',2,2,4,5,'2024-12-18 06:42:31',NULL,'1'),(1890,'ANÁLISIS DE CIRCUITOS ELÉCTRICOS',5,2,16,4,'2024-12-18 06:42:31',NULL,'1'),(1891,'INGLÉS V',4,2,4,5,'2024-12-18 06:42:31',NULL,'1'),(1892,'CÁLCULO INTEGRAL',4,2,9,5,'2024-12-18 06:42:31',NULL,'1'),(1893,'CALIDAD DE LA ENERGÍA',6,2,9,5,'2024-12-18 06:42:31',NULL,'1'),(1894,'INSTALACIONES Y ALUMBRADO',6,2,9,5,'2024-12-18 06:42:31',NULL,'1'),(1895,'ADMINISTRACIÓN DE PROYECTOS',3,2,9,5,'2024-12-18 06:42:31',NULL,'1'),(1896,'AUTOMATIZACIÓN Y CONTROL DE LA DEMANDA',4,2,9,5,'2024-12-18 06:42:31',NULL,'1'),(1897,'INTEGRADORA II',2,2,9,5,'2024-12-18 06:42:31',NULL,'1'),(1898,'DISPOSITIVOS ANALÓGICOS',5,2,16,4,'2024-12-18 06:42:31',NULL,'1'),(1899,'INGLÉS V',4,2,9,5,'2024-12-18 06:42:31',NULL,'1'),(1900,'CÁLCULO INTEGRAL',4,2,10,5,'2024-12-18 06:42:31',NULL,'1'),(1901,'SEGURIDAD INDUSTRIAL',3,2,10,5,'2024-12-18 06:42:31',NULL,'1'),(1902,'PROGRAMACIÓN VISUAL',5,2,16,5,'2024-12-18 06:42:31',NULL,'1'),(1903,'INTEGRACIÓN DE SISTEMAS AUTOMÁTICOS',5,2,16,5,'2024-12-18 06:42:31',NULL,'1'),(1904,'ADMINISTRACIÓN DE PROYECTOS',3,2,10,5,'2024-12-18 06:42:32',NULL,'1'),(1905,'ADQUISICIÓN DE DATOS',3,2,10,5,'2024-12-18 06:42:32',NULL,'1'),(1906,'INTEGRADORA II',2,2,10,5,'2024-12-18 06:42:32',NULL,'1'),(1907,'MICROCONTROLADORES',5,2,16,5,'2024-12-18 06:42:32',NULL,'1'),(1908,'INGLÉS V',4,2,10,5,'2024-12-18 06:42:32',NULL,'1'),(1909,'CÁLCULO INTEGRAL',4,2,11,5,'2024-12-18 06:42:32',NULL,'1'),(1910,'FUNDAMENTOS DE INSTRUMENTACIÓN VIRTUAL',5,2,16,5,'2024-12-18 06:42:32',NULL,'1'),(1911,'GESTIÓN DE PROYECTOS EN ENERGÍAS RENOVABLES',4,2,11,5,'2024-12-18 06:42:32',NULL,'1'),(1912,'MANTENIMIENTO A SISTEMAS DE TURBOGENERACIÓN',4,2,11,5,'2024-12-18 06:42:32',NULL,'1'),(1913,'IMPACTO AMBIENTAL DE LA TURBOGENERACIÓN',4,2,11,5,'2024-12-18 06:42:32',NULL,'1'),(1914,'INTEGRADORA II',2,2,11,5,'2024-12-18 06:42:32',NULL,'1'),(1915,'EXPRESIÓN ORAL Y ESCRITA',5,2,16,5,'2024-12-18 06:42:32',NULL,'1'),(1916,'INGLÉS V',4,2,11,5,'2024-12-18 06:42:32',NULL,'1'),(1917,'MÉTODOS Y TÉCNICAS DE INVESTIGACIÓN APLICADAS A LA GASTRONOMÍA',4,2,12,5,'2024-12-18 06:42:32',NULL,'1'),(1918,'INGLÉS V',4,2,12,5,'2024-12-18 06:42:32',NULL,'1'),(1919,'INSTRUMENTACIÓN VIRTUAL',5,2,16,7,'2024-12-18 06:42:32',NULL,'1'),(1920,'MÁQUINAS TÉRMICAS',3,2,15,5,'2024-12-18 06:42:32',NULL,'1'),(1921,'ELECTRICIDAD INDUSTRIAL',5,2,16,7,'2024-12-18 06:42:32',NULL,'1'),(1922,'MATEMÁTICAS PARA INGENIERÍA II',5,2,16,8,'2024-12-18 06:42:32',NULL,'1'),(1923,'INGENIERÍA DE MATERIALES',3,2,15,5,'2024-12-18 06:42:32',NULL,'1'),(1924,'INTEGRADORA II',2,2,15,5,'2024-12-18 06:42:32',NULL,'1'),(1925,'CONTROL DE MOTORES II',5,2,16,8,'2024-12-18 06:42:32',NULL,'1'),(1926,'FORMACIÓN SOCIOCULTURAL IV',3,2,15,5,'2024-12-18 06:42:32',NULL,'1'),(1927,'INGLÉS V',4,2,15,5,'2024-12-18 06:42:33',NULL,'1'),(1928,'INGLÉS V',4,2,16,5,'2024-12-18 06:42:33',NULL,'1'),(1929,'INTEGRADORA II',2,2,16,5,'2024-12-18 06:42:33',NULL,'1'),(1930,'FUNDAMENTOS DE ROBÓTICA INDUSTRIAL',5,2,16,9,'2024-12-18 06:42:33',NULL,'1'),(1931,'CONTROL LÓGICO AVANZADO',5,2,16,10,'2024-12-18 06:42:33',NULL,'1'),(1932,'INGLÉS I',5,2,3,1,'2024-12-18 06:42:33',NULL,'1'),(1933,'QUÍMICA INORGÁNICA',5,2,3,1,'2024-12-18 06:42:33',NULL,'1'),(1934,'SISTEMAS DE CONTROL',4,2,16,5,'2024-12-18 06:42:33',NULL,'1'),(1935,'COMUNICACIÓN Y HABILIDADES DIGITALES',5,2,3,1,'2024-12-18 06:42:33',NULL,'1'),(1936,'INGLÉS IV',4,2,23,4,'2024-12-18 06:42:33',NULL,'1'),(1937,'ANIMACIÓN DIGITAL AVANZADA',5,2,13,7,'2024-12-18 06:42:33',NULL,'1'),(1938,'MATEMÁTICAS PARA INGENIERÍA II',5,2,13,9,'2024-12-18 06:42:33',NULL,'1'),(1939,'QUÍMICA ANALITICA',5,2,3,2,'2024-12-18 06:42:33',NULL,'1'),(1940,'INGLÉS IX',4,2,13,10,'2024-12-18 06:42:33',NULL,'1'),(1941,'PROBABILIDAD Y ESTADÍSTICA',5,2,3,2,'2024-12-18 06:42:33',NULL,'1'),(1942,'INTELIGENCIA DE NEGOCIOS',6,2,13,10,'2024-12-18 06:42:33',NULL,'1'),(1943,'PROGRAMACIÓN DE APLICACIONES WEB PROGRESIVAS',7,2,13,10,'2024-12-18 06:42:33',NULL,'1'),(1944,'INGLÉS II',5,2,3,2,'2024-12-18 06:42:33',NULL,'1'),(1945,'INTEGRADORA',2,2,13,10,'2024-12-18 06:42:33',NULL,'1'),(1946,'GESTIÓN DE PROYECTOS II',4,2,13,10,'2024-12-18 06:42:33',NULL,'1'),(1947,'NEGOCIACIÓN EMPRESARIAL',2,2,13,10,'2024-12-18 06:42:33',NULL,'1'),(1948,'LEAN SERVICE',0,2,27,2,'2024-12-18 06:42:33',NULL,'1'),(1949,'TERMODINÁMICA Y FISICOQUÍMICA',5,2,3,3,'2024-12-18 06:42:33',NULL,'1'),(1950,'INDUTRIS 4.0',0,2,27,2,'2024-12-18 06:42:33',NULL,'1'),(1951,'EVALUACIÓN DE SERVICIOS GASTRONOMICOS',3,2,12,5,'2024-12-18 06:42:33',NULL,'1'),(1952,'CONFORMACIÓN DE MENÚS',8,2,12,5,'2024-12-18 06:42:33',NULL,'1'),(1953,'INGLÉS III',5,2,3,3,'2024-12-18 06:42:34',NULL,'1'),(1954,'INTEGRADORA II',2,2,12,5,'2024-12-18 06:42:34',NULL,'1'),(1955,'FRANCES II',4,2,12,5,'2024-12-18 06:42:34',NULL,'1'),(1956,'PROCESOS ALIMENTARIOS',5,2,3,5,'2024-12-18 06:42:34',NULL,'1'),(1957,'MATEMÁTICAS PARA INGENIERÍA I',4,2,3,7,'2024-12-18 06:42:34',NULL,'1'),(1958,'BIOLOGÍA MOLECULAR II',5,2,3,5,'2024-12-18 06:42:34',NULL,'1'),(1959,'ANÁLISIS INSTRUMENTAL',2,2,3,7,'2024-12-18 06:42:34',NULL,'1'),(1960,'SEGURIDAD E HIGIENE',2,2,3,7,'2024-12-18 06:42:34',NULL,'1'),(1961,'ADMINISTRACIÓN Y CONTABILIDAD',2,2,3,7,'2024-12-18 06:42:34',NULL,'1'),(1962,'TERMODINÁMICA APLICADA',3,2,3,7,'2024-12-18 06:42:34',NULL,'1'),(1963,'ADMINISTRACIÓN DEL TIEMPO',3,2,3,7,'2024-12-18 06:42:34',NULL,'1'),(1964,'INGLÉS VI',4,2,3,7,'2024-12-18 06:42:34',NULL,'1'),(1965,'FÍSICA DE FIBRAS',6,2,4,7,'2024-12-18 06:42:34',NULL,'1'),(1966,'MATERIALES Y ADITAMIENTOS PARA EL DISEÑO',3,2,4,7,'2024-12-18 06:42:34',NULL,'1'),(1967,'DISEÑO DE TELAS',6,2,4,7,'2024-12-18 06:42:34',NULL,'1'),(1968,'MODELADO SOBRE MANIQUÍ',3,2,4,7,'2024-12-18 06:42:34',NULL,'1'),(1969,'ADMINISTRACIÓN DEL TIEMPO',3,2,4,7,'2024-12-18 06:42:34',NULL,'1'),(1970,'INGLÉS VI',4,2,4,7,'2024-12-18 06:42:34',NULL,'1'),(1971,'COCINA MEXICANA I',6,2,12,7,'2024-12-18 06:42:34',NULL,'1'),(1972,'PROCESOS AGROPECUARIOS',5,2,3,5,'2024-12-18 06:42:34',NULL,'1'),(1973,'ADMINISTRACIÓN DE PROCESOS GASTRONÓMICOS',4,2,12,7,'2024-12-18 06:42:34',NULL,'1'),(1974,'BEBIDAS DESTILADAS MEXICANAS',3,2,12,7,'2024-12-18 06:42:34',NULL,'1'),(1975,'ADMINISTRACIÓN DEL TIEMPO',3,2,12,7,'2024-12-18 06:42:34',NULL,'1'),(1976,'INGLÉS VI',4,2,12,7,'2024-12-18 06:42:35',NULL,'1'),(1977,'MATEMÁTICAS PARA INGENIERÍA I',4,2,26,7,'2024-12-18 06:42:35',NULL,'1'),(1978,'FÍSICA PARA INGENIERÍA',4,2,26,7,'2024-12-18 06:42:35',NULL,'1'),(1979,'ANÁLISIS Y ADQUISICIÓN DE DATOS',4,2,26,7,'2024-12-18 06:42:35',NULL,'1'),(1980,'ADMINISTRACIÓN DE NEGOCIOS',4,2,26,7,'2024-12-18 06:42:35',NULL,'1'),(1981,'ADMINISTRACIÓN DEL TIEMPO',3,2,26,7,'2024-12-18 06:42:35',NULL,'1'),(1982,'DIRECCIÓN DE EQUIPO DE ALTO RENDIMIENTO',2,2,26,7,'2024-12-18 06:42:35',NULL,'1'),(1983,'INGLÉS VI',4,2,26,7,'2024-12-18 06:42:35',NULL,'1'),(1984,'ÉTICA PROFESIONAL',0,2,27,2,'2024-12-18 06:42:35',NULL,'1'),(1985,'CÓMPUTO EN LA NUBE II',0,2,27,2,'2024-12-18 06:42:35',NULL,'1'),(1986,'PROCESO DE LA SALUD',5,2,3,5,'2024-12-18 06:42:35',NULL,'1'),(1987,'PROPIEDAD INDUSTRIAL',0,2,27,5,'2024-12-18 06:42:35',NULL,'1'),(1988,'ROBÓTICA',0,2,27,5,'2024-12-18 06:42:35',NULL,'1'),(1989,'CIBERSEGURIDAD',0,2,27,5,'2024-12-18 06:42:35',NULL,'1'),(1990,'MATEMÁTICAS PARA INGENIERÍA I',4,2,15,7,'2024-12-18 06:42:35',NULL,'1'),(1991,'FÍSICA PARA INGENIERÍA',4,2,15,7,'2024-12-18 06:42:35',NULL,'1'),(1992,'PROTOCOLO DE OPERACIÓN Y MANTENIMIENTO',3,2,15,7,'2024-12-18 06:42:35',NULL,'1'),(1993,'TRIBOLOGÍA',4,2,15,7,'2024-12-18 06:42:35',NULL,'1'),(1994,'PLANEACIÓN Y ORGANIZACIÓN DEL TRABAJO',3,2,15,7,'2024-12-18 06:42:35',NULL,'1'),(1995,'ADMINISTRACIÓN DEL TIEMPO',3,2,15,7,'2024-12-18 06:42:35',NULL,'1'),(1996,'INGLÉS VI',4,2,15,7,'2024-12-18 06:42:35',NULL,'1'),(1997,'MATEMÁTICAS PARA INGENIERÍA I',4,2,16,7,'2024-12-18 06:42:35',NULL,'1'),(1998,'FÍSICA PARA INGENIERÍA',4,2,16,7,'2024-12-18 06:42:35',NULL,'1'),(1999,'EXPRESIÓN ORAL Y ESCRITA II',5,2,3,5,'2024-12-18 06:42:35',NULL,'1'),(2000,'OPERACIONES UNITARIAS I',5,2,3,7,'2024-12-18 06:42:35',NULL,'1'),(2001,'ADMINISTRACIÓN DEL TIEMPO',3,2,16,7,'2024-12-18 06:42:36',NULL,'1'),(2002,'INGLÉS VI',4,2,16,7,'2024-12-18 06:42:36',NULL,'1'),(2003,'DESARROLLO DE PROYECTOS TECNOLÓGICOS III',0,2,27,5,'2024-12-18 06:42:36',NULL,'1'),(2004,'DESARROLLO HUMANO Y VALORES',4,2,18,1,'2024-12-18 06:42:36',NULL,'1'),(2005,'FUNDAMENTOS DE REDES',4,2,18,1,'2024-12-18 06:42:36',NULL,'1'),(2006,'MATEMÁTICAS PARA INGENIERÍA II',5,2,3,8,'2024-12-18 06:42:36',NULL,'1'),(2007,'FUNDAMENTOS DE PROGRAMACION',4,2,18,1,'2024-12-18 06:42:36',NULL,'1'),(2008,'FUNDAMENTOS MATEMÁTICOS',7,2,18,1,'2024-12-18 06:42:36',NULL,'1'),(2009,'FÍSICA',6,2,18,1,'2024-12-18 06:42:36',NULL,'1'),(2010,'DISEÑOS EXPERIMENTALES',5,2,3,9,'2024-12-18 06:42:36',NULL,'1'),(2011,'ANÁLISIS FISICOQUÍMICOS Y MICROBIOLÓGICOS',3,2,3,8,'2024-12-18 06:42:36',NULL,'1'),(2012,'OPERACIONES UNITARIAS II',4,2,3,8,'2024-12-18 06:42:36',NULL,'1'),(2013,'DESARROLLO SUSTENTABLE',2,2,3,8,'2024-12-18 06:42:36',NULL,'1'),(2014,'FENÓMENOS DE TRANSPORTE',4,2,3,8,'2024-12-18 06:42:36',NULL,'1'),(2015,'PLANEACIÓN Y ORGANIZACIÓN DEL TRABAJO',3,2,3,8,'2024-12-18 06:42:36',NULL,'1'),(2016,'INGLÉS VII',4,2,3,8,'2024-12-18 06:42:36',NULL,'1'),(2017,'PATRONAJE Y GRADUACIÓN DIGITAL',6,2,4,8,'2024-12-18 06:42:36',NULL,'1'),(2018,'INGENIERÍA DEL PRODUCTO',4,2,4,8,'2024-12-18 06:42:36',NULL,'1'),(2019,'EMPRENDIMIENTO',3,2,4,8,'2024-12-18 06:42:36',NULL,'1'),(2020,'PLANEACIÓN Y ORGANIZACIÓN DEL TRABAJO',3,2,4,8,'2024-12-18 06:42:36',NULL,'1'),(2021,'INGLÉS VII',4,2,4,8,'2024-12-18 06:42:36',NULL,'1'),(2022,'INGENIERÍA DE MENÚ',4,2,12,8,'2024-12-18 06:42:36',NULL,'1'),(2023,'PLANEACIÓN Y ORGANIZACIÓN DEL TRABAJO',3,2,12,8,'2024-12-18 06:42:36',NULL,'1'),(2024,'COCINA MEXICANA II',6,2,12,8,'2024-12-18 06:42:36',NULL,'1'),(2025,'COCINA EUROPEA',8,2,12,8,'2024-12-18 06:42:36',NULL,'1'),(2026,'INGLÉS VII',4,2,12,8,'2024-12-18 06:42:36',NULL,'1'),(2027,'CÁLCULO DIFERENCIAL',6,2,18,2,'2024-12-18 06:42:36',NULL,'1'),(2028,'HABILIDADES SOCIEMOCIONALES Y MANEJO DE CONFLICTOS',4,2,18,2,'2024-12-18 06:42:37',NULL,'1'),(2029,'INGENIERÍA ECONÓMICA',4,2,26,8,'2024-12-18 06:42:37',NULL,'1'),(2030,'AIRE ACONDICIONADO Y REFRIGERACIÓN',4,2,26,8,'2024-12-18 06:42:37',NULL,'1'),(2031,'PLANEACIÓN Y ORGANIZACIÓN DEL TRABAJO',3,2,26,8,'2024-12-18 06:42:37',NULL,'1'),(2032,'INGLÉS VII',4,2,26,8,'2024-12-18 06:42:37',NULL,'1'),(2033,'CÁLCULO INTEGRAL',4,2,18,3,'2024-12-18 06:42:37',NULL,'1'),(2034,'DESARROLLO DEL PENSAMIENTO Y TOMA DE DECISIONES',4,2,18,3,'2024-12-18 06:42:37',NULL,'1'),(2035,'PROYECTO INTEGRADOR I',4,2,18,3,'2024-12-18 06:42:37',NULL,'1'),(2036,'PROGRAMACION ORIENTADA A OBJETOS',7,2,18,3,'2024-12-18 06:42:37',NULL,'1'),(2037,'TOPICOS DE CALIDAD PARA EL DISEÑO DE SOFTWARE',6,2,18,3,'2024-12-18 06:42:37',NULL,'1'),(2038,'INGLÉS IX',4,2,22,10,'2024-12-18 06:42:37',NULL,'1'),(2039,'COMUNICACIÓN Y HABILIDADES DIGITALES',5,2,18,1,'2024-12-18 06:42:37',NULL,'1'),(2040,'INGLÉS V',4,2,19,5,'2024-12-18 06:42:37',NULL,'1'),(2041,'ENSAYOS DESTRUCTIVOS',4,2,15,8,'2024-12-18 06:42:37',NULL,'1'),(2042,'INTEGRADORA I',2,2,15,8,'2024-12-18 06:42:37',NULL,'1'),(2043,'PROBABILIDAD Y ESTADÍSTICA',5,2,18,2,'2024-12-18 06:42:37',NULL,'1'),(2044,'INGLÉS VII',4,2,15,8,'2024-12-18 06:42:37',NULL,'1'),(2045,'PROGRAMACION ESTRUCTURADA',5,2,18,2,'2024-12-18 06:42:37',NULL,'1'),(2046,'MECÁNICA PARA LA AUTOMATIZACIÓN',4,2,16,8,'2024-12-18 06:42:37',NULL,'1'),(2047,'CONMUTACION Y ENRUTAMIENTO DE REDES',5,2,18,2,'2024-12-18 06:42:37',NULL,'1'),(2048,'DISEÑO ASISTIDO POR COMPUTADORA',4,2,16,8,'2024-12-18 06:42:37',NULL,'1'),(2049,'PLANEACIÓN Y ORGANIZACIÓN DEL TRABAJO',3,2,16,8,'2024-12-18 06:42:37',NULL,'1'),(2050,'INGLÉS VII',4,2,16,8,'2024-12-18 06:42:37',NULL,'1'),(2051,'SISTEMAS OPERATIVOS',5,2,18,2,'2024-12-18 06:42:37',NULL,'1'),(2052,'INGLÉS V',4,2,23,5,'2024-12-18 06:42:37',NULL,'1'),(2053,'BASE DE DATOS',5,2,18,3,'2024-12-18 06:42:37',NULL,'1'),(2054,'ESTANDÁRES Y MÉTRICAS PARA EL DESARROLLO DE SOFTWARE',3,2,19,4,'2024-12-18 06:42:38',NULL,'1'),(2055,'PRINCIPIOS PARA IOT',4,2,19,4,'2024-12-18 06:42:38',NULL,'1'),(2056,'DISEÑO DE APPS',4,2,19,4,'2024-12-18 06:42:38',NULL,'1'),(2057,'INFORMÁTICA PARA INGENIEROS',4,2,3,9,'2024-12-18 06:42:38',NULL,'1'),(2058,'INGENIERÍA DE PROYECTOS',4,2,3,9,'2024-12-18 06:42:38',NULL,'1'),(2059,'INTEGRADORA I',2,2,3,9,'2024-12-18 06:42:38',NULL,'1'),(2060,'ESTRUCTURA DE DATOS APLICADAS',6,2,19,4,'2024-12-18 06:42:38',NULL,'1'),(2061,'OPTATIVA I',4,2,3,9,'2024-12-18 06:42:38',NULL,'1'),(2062,'DIRECCIÓN DE EQUIPO DE ALTO RENDIMIENTO',2,2,3,9,'2024-12-18 06:42:38',NULL,'1'),(2063,'INGLÉS VIII',4,2,3,9,'2024-12-18 06:42:38',NULL,'1'),(2064,'QUÍMICA PARA ACABADOS TEXTILES',6,2,4,9,'2024-12-18 06:42:38',NULL,'1'),(2065,'INGENIERÍA ECONÓMICA',3,2,4,9,'2024-12-18 06:42:38',NULL,'1'),(2066,'MÁQUINARIA TEXTIL',3,2,4,9,'2024-12-18 06:42:38',NULL,'1'),(2067,'APLICACIONES WEB ORIENTADA A SERVICIOS',7,2,19,4,'2024-12-18 06:42:38',NULL,'1'),(2068,'MODA SOSTENIBLE',2,2,4,9,'2024-12-18 06:42:38',NULL,'1'),(2069,'DIRECCIÓN DE EQUIPOS DE ALTO RENDIMIENTO',2,2,4,9,'2024-12-18 06:42:38',NULL,'1'),(2070,'INGLÉS VIII',4,2,4,9,'2024-12-18 06:42:38',NULL,'1'),(2071,'CONTABILIDAD',4,2,12,9,'2024-12-18 06:42:38',NULL,'1'),(2072,'COCINA ASIÁTICA',8,2,12,9,'2024-12-18 06:42:38',NULL,'1'),(2073,'CONCEPTOS GASTRONOMICOS',3,2,12,9,'2024-12-18 06:42:38',NULL,'1'),(2074,'MIXOLOGÍA',4,2,12,9,'2024-12-18 06:42:38',NULL,'1'),(2075,'DIRECCIÓN DE EQUIPOS DE ALTO RENDIMIENTO',2,2,12,9,'2024-12-18 06:42:38',NULL,'1'),(2076,'INGLÉS VIII',4,2,12,9,'2024-12-18 06:42:39',NULL,'1'),(2077,'EVALUACIÓN Y MEJORA PARA EL DESARROLLO DE SOFTWARE',4,2,19,4,'2024-12-18 06:42:39',NULL,'1'),(2078,'FORMACIÓN SOCIOCULTURAL',3,2,19,4,'2024-12-18 06:42:39',NULL,'1'),(2079,'INNOVACIÓN TECNOLÓGICA',3,2,26,9,'2024-12-18 06:42:39',NULL,'1'),(2080,'MODELADO DE SISTEMAS EN ENERGÍAS RENOVABLES',4,2,26,9,'2024-12-18 06:42:39',NULL,'1'),(2081,'MANTENIMIENTO A SISTEMAS DE ENERGÍAS RENOVABLES',4,2,26,9,'2024-12-18 06:42:39',NULL,'1'),(2082,'INGLÉS VIII',4,2,26,9,'2024-12-18 06:42:39',NULL,'1'),(2083,'APLICACIÓNES DE IOT',6,2,19,5,'2024-12-18 06:42:39',NULL,'1'),(2084,'DESARROLLO MÓVIL MULTIPLATAFORMA',7,2,19,5,'2024-12-18 06:42:39',NULL,'1'),(2085,'INTEGRADORA II',2,2,19,5,'2024-12-18 06:42:39',NULL,'1'),(2086,'BASES DE DATOS PARA CÓMPUTO EN LA NUBE',6,2,19,5,'2024-12-18 06:42:39',NULL,'1'),(2087,'INGLÉS VI',4,2,22,7,'2024-12-18 06:42:39',NULL,'1'),(2088,'APLICACIONES WEB PARA 14.0',5,2,19,5,'2024-12-18 06:42:39',NULL,'1'),(2089,'ADMINISTRACIÓN ESTRATÉGICA PARA MANTENIMIENTO',6,2,15,9,'2024-12-18 06:42:39',NULL,'1'),(2090,'MANTENIMIENTO PREDICTIVO MECÁNICO',6,2,15,9,'2024-12-18 06:42:39',NULL,'1'),(2091,'SISTEMAS AUTOMATIZADOS Y REDES INDUSTRIALES',7,2,15,9,'2024-12-18 06:42:39',NULL,'1'),(2092,'DIRECCIÓN DE EQUIPOS DE ALTO RENDIMIENTO',2,2,15,9,'2024-12-18 06:42:39',NULL,'1'),(2093,'INGLÉS VIII',4,2,15,9,'2024-12-18 06:42:39',NULL,'1'),(2094,'CONTROL AUTOMÁTICO',6,2,16,9,'2024-12-18 06:42:39',NULL,'1'),(2095,'INGENIERÍA DE PROYECTOS',4,2,16,9,'2024-12-18 06:42:39',NULL,'1'),(2096,'SISTEMAS MECÁNICOS II',4,2,16,9,'2024-12-18 06:42:39',NULL,'1'),(2097,'EXPRESIÓN ORAL Y ESCRITA II',5,2,19,5,'2024-12-18 06:42:39',NULL,'1'),(2098,'DIRECCIÓN DE EQUIPOS DE ALTO RENDIMIENTO',2,2,16,9,'2024-12-18 06:42:40',NULL,'1'),(2099,'INGLÉS VIII',4,2,16,9,'2024-12-18 06:42:40',NULL,'1'),(2100,'INGLÉS VI',4,2,13,7,'2024-12-18 06:42:40',NULL,'1'),(2101,'MODELADO DIGITAL',6,2,23,4,'2024-12-18 06:42:40',NULL,'1'),(2102,'DESARROLLO DE APLICACIONES DE REALIDAD AUMENTADA',6,2,23,4,'2024-12-18 06:42:40',NULL,'1'),(2103,'FRAMEWORKS DE DESARROLLO WEB',6,2,23,4,'2024-12-18 06:42:40',NULL,'1'),(2104,'FORMACIÓN SOCIOCULTURAL IV',3,2,23,4,'2024-12-18 06:42:40',NULL,'1'),(2105,'INGLÉS VII',4,2,22,8,'2024-12-18 06:42:40',NULL,'1'),(2106,'BIOLOGÍA MOLECULAR',4,2,3,10,'2024-12-18 06:42:40',NULL,'1'),(2107,'INGENIERÍA DE LAS FERMENTACIONES',4,2,3,10,'2024-12-18 06:42:40',NULL,'1'),(2108,'INTEGRADORA II',2,2,3,10,'2024-12-18 06:42:40',NULL,'1'),(2109,'BIOINGENIERÍA APLICADA',4,2,3,10,'2024-12-18 06:42:40',NULL,'1'),(2110,'LEGISLACIÓN',2,2,3,10,'2024-12-18 06:42:40',NULL,'1'),(2111,'OPTATIVA II',3,2,3,10,'2024-12-18 06:42:40',NULL,'1'),(2112,'NEGOCIACIÓN EMPRESARIAL',2,2,3,10,'2024-12-18 06:42:40',NULL,'1'),(2113,'INGLÉS IX',4,2,3,10,'2024-12-18 06:42:40',NULL,'1'),(2114,'SIMULACIÓN 3D',4,2,4,10,'2024-12-18 06:42:40',NULL,'1'),(2115,'NORMATIVIDAD TEXTIL Y DE CONFECCIÓN',3,2,4,10,'2024-12-18 06:42:40',NULL,'1'),(2116,'INNOVACIÓN TEXTIL',4,2,4,10,'2024-12-18 06:42:40',NULL,'1'),(2117,'INTEGRADORA',2,2,4,10,'2024-12-18 06:42:40',NULL,'1'),(2118,'DISEÑO DE MODA',6,2,4,10,'2024-12-18 06:42:40',NULL,'1'),(2119,'NEGOCIACIÓN EMPRESARIAL',2,2,4,10,'2024-12-18 06:42:40',NULL,'1'),(2120,'INGLÉS IX',4,2,4,10,'2024-12-18 06:42:40',NULL,'1'),(2121,'INGLÉS IX',4,2,12,10,'2024-12-18 06:42:40',NULL,'1'),(2122,'ANÁLISIS E INTERPRETACIÓN FINANCIERA',4,2,12,10,'2024-12-18 06:42:40',NULL,'1'),(2123,'COCINA CONTEMPORANEA',6,2,12,10,'2024-12-18 06:42:41',NULL,'1'),(2124,'GESTIÓN DE LA CALIDAD EN ESTABLECIMIENTOS DE ALIMENTOS Y BEBIDAS',3,2,12,10,'2024-12-18 06:42:41',NULL,'1'),(2125,'DESARROLLO DE NEGOCIOS GASTRONÓMICOS',4,2,12,10,'2024-12-18 06:42:41',NULL,'1'),(2126,'INTEGRADORA',2,2,12,10,'2024-12-18 06:42:41',NULL,'1'),(2127,'NEGOCIACIÓN EMPRESARIAL',2,2,12,10,'2024-12-18 06:42:41',NULL,'1'),(2128,'ANIMACIÓN 3D',6,2,23,5,'2024-12-18 06:42:41',NULL,'1'),(2129,'DESARROLLO DE APLICACIONES DE REALIDAD VIRTUAL',6,2,23,5,'2024-12-18 06:42:41',NULL,'1'),(2130,'LEGISLACIÓN Y FINANCIAMIENTO AMBIENTAL',4,2,26,10,'2024-12-18 06:42:41',NULL,'1'),(2131,'INTEGRADORA',2,2,26,10,'2024-12-18 06:42:41',NULL,'1'),(2132,'SISTEMAS HIBRIDOS EÓLICO SOLAR INTERCONECTADOS A LA RED',3,2,26,10,'2024-12-18 06:42:41',NULL,'1'),(2133,'NEGOCIACIÓN EMPRESARIAL',2,2,26,10,'2024-12-18 06:42:41',NULL,'1'),(2134,'INGLÉS IX',4,2,26,10,'2024-12-18 06:42:41',NULL,'1'),(2135,'DESARROLLO DE APLICACIONES PARA NEGOCIOS DIGITALES',7,2,23,5,'2024-12-18 06:42:41',NULL,'1'),(2136,'INTEGRADORA II',2,2,23,5,'2024-12-18 06:42:41',NULL,'1'),(2137,'PROBABILIDAD Y ESTADÍSTICA',5,2,23,4,'2024-12-18 06:42:41',NULL,'1'),(2138,'ADMINISTRACIÓN DE PROYECTOS',5,2,23,4,'2024-12-18 06:42:41',NULL,'1'),(2139,'PRODUCCIÓN AUDIOVISUAL',5,2,23,5,'2024-12-18 06:42:41',NULL,'1'),(2140,'EXPRESIÓN ORALY ESCRITA II',5,2,23,5,'2024-12-18 06:42:41',NULL,'1'),(2141,'INGLÉS IX',4,2,15,10,'2024-12-18 06:42:41',NULL,'1'),(2142,'ENSAYOS NO DESTRUCTIVOS',6,2,15,10,'2024-12-18 06:42:41',NULL,'1'),(2143,'VISUALIZACIÓN Y CONTROL DE PROCESOS',6,2,15,10,'2024-12-18 06:42:41',NULL,'1'),(2144,'INTEGRADORA II',2,2,15,10,'2024-12-18 06:42:41',NULL,'1'),(2145,'INGLÉS VII',4,2,13,8,'2024-12-18 06:42:41',NULL,'1'),(2146,'NEGOCIACIÓN EMPRESARIAL',2,2,15,10,'2024-12-18 06:42:41',NULL,'1'),(2147,'INGLÉS IX',4,2,16,10,'2024-12-18 06:42:41',NULL,'1'),(2148,'SISTEMAS DE MANUFACTURA FLEXIBLE',6,2,16,10,'2024-12-18 06:42:42',NULL,'1'),(2149,'ADMINISTRACIÓN DE PROYECTOS DE TI',3,2,22,9,'2024-12-18 06:42:42',NULL,'1'),(2150,'DISPOSITIVOS DIGITALES PROGRAMABLES',6,2,16,10,'2024-12-18 06:42:42',NULL,'1'),(2151,'INTEGRADORA III',2,2,16,10,'2024-12-18 06:42:42',NULL,'1'),(2152,'NEGOCIACIÓN EMPRESARIAL',2,2,16,10,'2024-12-18 06:42:42',NULL,'1'),(2153,'ARQUITECTURA DE SOFTWARE',5,2,22,7,'2024-12-18 06:42:42',NULL,'1'),(2154,'DESARROLLO WEB INTEGRAL',6,2,22,9,'2024-12-18 06:42:42',NULL,'1'),(2155,'MATEMÁTICAS PARA INGENIERÍA II',5,2,22,8,'2024-12-18 06:42:42',NULL,'1'),(2156,'DIRECCIÓN DE EQUIPOS DE ALTO RENDIMIENTO',2,2,22,9,'2024-12-18 06:42:42',NULL,'1'),(2157,'INGLÉS VIII',4,2,13,9,'2024-12-18 06:42:42',NULL,'1'),(2158,'ADMINISTRACIÓN DE BASES DE DATOS',5,2,22,8,'2024-12-18 06:42:42',NULL,'1'),(2159,'EXTRACCIÓN DE CONOCIMIENTOS EN BASES DE DATOS',5,2,22,9,'2024-12-18 06:42:42',NULL,'1'),(2160,'FÍSICA',6,2,28,2,'2024-12-18 06:42:42',NULL,'1'),(2161,'CÁLCULO DIFERENCIAL',6,2,28,2,'2024-12-18 06:42:42',NULL,'1'),(2162,'INGLÉS II',5,2,28,2,'2024-12-18 06:42:42',NULL,'1'),(2163,'PROBABILIDAD Y ESTADÍSTICA',5,2,28,2,'2024-12-18 06:42:42',NULL,'1'),(2164,'HABILIDADES SOCIEMOCIONALES Y MANEJO DE CONFLICTOS',4,2,28,2,'2024-12-18 06:42:42',NULL,'1'),(2165,'DIBUJO TÉCNICO',4,2,28,2,'2024-12-18 06:42:42',NULL,'1'),(2166,'CIRCUITOS ELÉCTRICOS',5,2,28,2,'2024-12-18 06:42:42',NULL,'1'),(2167,'DESARROLLO PARA DISPOSITIVOS INTELIGENTES',5,2,22,9,'2024-12-18 06:42:42',NULL,'1'),(2168,'INGLÉS VIII',4,2,22,9,'2024-12-18 06:42:42',NULL,'1'),(2169,'GESTIÓN DEL PROCESO DE DESARROLLO DE SOFTWARE',4,2,22,10,'2024-12-18 06:42:42',NULL,'1'),(2170,'APLICACIONES WEB PROGRESIVAS',3,2,22,10,'2024-12-18 06:42:43',NULL,'1'),(2171,'INTEGRADORA',2,2,22,10,'2024-12-18 06:42:43',NULL,'1'),(2172,'DESARROLLO MÓVIL INTEGRAL',6,2,22,10,'2024-12-18 06:42:43',NULL,'1'),(2173,'CREACIÓN DE VIDEOJUEGOS',4,2,22,10,'2024-12-18 06:42:43',NULL,'1'),(2174,'NEGOCIACIÓN EMPRESARIAL',2,2,22,10,'2024-12-18 06:42:43',NULL,'1');

--
-- Table structure for table `teacher_availability`
--

CREATE TABLE `teacher_availability` (
  `id` int NOT NULL AUTO_INCREMENT,
  `teacher_id` int NOT NULL,
  `day_of_week` enum('Monday','Tuesday','Wednesday','Thursday','Friday','Saturday','Sunday') CHARACTER SET utf8mb4 COLLATE utf8mb4_spanish_ci NOT NULL,
  `start_time` time NOT NULL,
  `end_time` time NOT NULL,
  `fyh_creacion` datetime DEFAULT CURRENT_TIMESTAMP,
  `fyh_actualizacion` datetime DEFAULT CURRENT_TIMESTAMP ON UPDATE CURRENT_TIMESTAMP,
  PRIMARY KEY (`id`),
  KEY `teacher_id` (`teacher_id`),
  CONSTRAINT `teacher_availability_ibfk_1` FOREIGN KEY (`teacher_id`) REFERENCES `teachers` (`teacher_id`) ON DELETE CASCADE ON UPDATE CASCADE
) ENGINE=InnoDB AUTO_INCREMENT=268 DEFAULT CHARSET=utf8mb4 COLLATE=utf8mb4_spanish_ci;

--
-- Dumping data for table `teacher_availability`
--

INSERT INTO `teacher_availability` VALUES (37,109,'Monday','07:00:00','15:00:00','2024-12-18 09:54:24','2024-12-18 15:54:24'),(38,55,'Monday','07:00:00','14:00:00','2024-12-19 10:18:21','2024-12-19 16:18:21'),(39,55,'Tuesday','07:00:00','14:00:00','2024-12-19 10:18:21','2024-12-19 16:18:21'),(40,55,'Wednesday','07:00:00','14:00:00','2024-12-19 10:18:21','2024-12-19 16:18:21'),(41,55,'Thursday','07:00:00','14:00:00','2024-12-19 10:18:21','2024-12-19 16:18:21'),(42,55,'Friday','07:00:00','14:00:00','2024-12-19 10:18:21','2024-12-19 16:18:21'),(43,88,'Monday','09:00:00','14:00:00','2024-12-19 10:28:37','2024-12-19 16:28:37'),(44,88,'Tuesday','09:00:00','14:00:00','2024-12-19 10:28:37','2024-12-19 16:28:37'),(45,88,'Wednesday','09:00:00','14:00:00','2024-12-19 10:28:37','2024-12-19 16:28:37'),(46,88,'Thursday','09:00:00','14:00:00','2024-12-19 10:28:37','2024-12-19 16:28:37'),(47,88,'Friday','09:00:00','14:00:00','2024-12-19 10:28:37','2024-12-19 16:28:37'),(48,8,'Friday','13:00:00','20:00:00','2024-12-19 10:40:27','2024-12-19 16:40:27'),(49,8,'Saturday','07:00:00','17:00:00','2024-12-19 10:40:27','2024-12-19 16:40:27'),(60,41,'Monday','07:00:00','14:00:00','2024-12-19 11:15:22','2024-12-19 17:15:22'),(61,41,'Tuesday','07:00:00','14:00:00','2024-12-19 11:15:22','2024-12-19 17:15:22'),(62,41,'Wednesday','07:00:00','14:00:00','2024-12-19 11:15:22','2024-12-19 17:15:22'),(63,41,'Thursday','07:00:00','14:00:00','2024-12-19 11:15:22','2024-12-19 17:15:22'),(64,41,'Friday','07:00:00','14:00:00','2024-12-19 11:15:22','2024-12-19 17:15:22'),(65,73,'Monday','12:00:00','20:00:00','2024-12-19 11:16:16','2024-12-19 17:16:16'),(66,73,'Tuesday','12:00:00','20:00:00','2024-12-19 11:16:16','2024-12-19 17:16:16'),(67,73,'Wednesday','12:00:00','20:00:00','2024-12-19 11:16:16','2024-12-19 17:16:16'),(68,73,'Thursday','12:00:00','20:00:00','2024-12-19 11:16:16','2024-12-19 17:16:16'),(69,73,'Friday','12:00:00','20:00:00','2024-12-19 11:16:16','2024-12-19 17:16:16'),(70,145,'Monday','07:00:00','15:00:00','2024-12-19 11:18:39','2024-12-19 17:18:39'),(71,145,'Tuesday','07:00:00','15:00:00','2024-12-19 11:18:39','2024-12-19 17:18:39'),(72,145,'Wednesday','07:00:00','15:00:00','2024-12-19 11:18:39','2024-12-19 17:18:39'),(73,145,'Thursday','07:00:00','15:00:00','2024-12-19 11:18:39','2024-12-19 17:18:39'),(74,145,'Friday','07:00:00','15:00:00','2024-12-19 11:18:39','2024-12-19 17:18:39'),(75,158,'Monday','07:00:00','15:00:00','2024-12-19 11:39:32','2024-12-19 17:39:32'),(76,158,'Tuesday','07:00:00','15:00:00','2024-12-19 11:39:32','2024-12-19 17:39:32'),(77,158,'Wednesday','07:00:00','15:00:00','2024-12-19 11:39:32','2024-12-19 17:39:32'),(78,158,'Thursday','07:00:00','15:00:00','2024-12-19 11:39:32','2024-12-19 17:39:32'),(79,158,'Friday','07:00:00','15:00:00','2024-12-19 11:39:32','2024-12-19 17:39:32'),(80,138,'Monday','07:00:00','15:00:00','2024-12-19 11:49:04','2024-12-19 17:49:04'),(81,138,'Tuesday','07:00:00','15:00:00','2024-12-19 11:49:04','2024-12-19 17:49:04'),(82,138,'Wednesday','07:00:00','15:00:00','2024-12-19 11:49:04','2024-12-19 17:49:04'),(83,138,'Thursday','07:00:00','15:00:00','2024-12-19 11:49:04','2024-12-19 17:49:04'),(84,138,'Friday','07:00:00','15:00:00','2024-12-19 11:49:04','2024-12-19 17:49:04'),(90,5,'Monday','07:00:00','15:00:00','2024-12-19 11:56:51','2024-12-19 17:56:51'),(91,5,'Tuesday','07:00:00','15:00:00','2024-12-19 11:56:51','2024-12-19 17:56:51'),(92,5,'Wednesday','07:00:00','15:00:00','2024-12-19 11:56:51','2024-12-19 17:56:51'),(93,5,'Thursday','07:00:00','15:00:00','2024-12-19 11:56:51','2024-12-19 17:56:51'),(94,5,'Friday','07:00:00','15:00:00','2024-12-19 11:56:51','2024-12-19 17:56:51'),(105,159,'Monday','12:00:00','20:00:00','2024-12-19 12:13:15','2024-12-19 18:13:15'),(106,159,'Tuesday','12:00:00','20:00:00','2024-12-19 12:13:15','2024-12-19 18:13:15'),(107,159,'Wednesday','12:00:00','20:00:00','2024-12-19 12:13:15','2024-12-19 18:13:15'),(108,159,'Thursday','12:00:00','20:00:00','2024-12-19 12:13:15','2024-12-19 18:13:15'),(109,159,'Friday','12:00:00','20:00:00','2024-12-19 12:13:15','2024-12-19 18:13:15'),(110,85,'Monday','08:00:00','14:00:00','2024-12-19 12:14:36','2024-12-19 18:14:36'),(111,85,'Tuesday','08:00:00','14:00:00','2024-12-19 12:14:36','2024-12-19 18:14:36'),(112,85,'Wednesday','08:00:00','14:00:00','2024-12-19 12:14:36','2024-12-19 18:14:36'),(113,85,'Thursday','08:00:00','14:00:00','2024-12-19 12:14:36','2024-12-19 18:14:36'),(114,85,'Friday','08:00:00','14:00:00','2024-12-19 12:14:36','2024-12-19 18:14:36'),(120,147,'Monday','07:00:00','15:00:00','2024-12-19 12:16:25','2024-12-19 18:16:25'),(121,147,'Tuesday','07:00:00','15:00:00','2024-12-19 12:16:25','2024-12-19 18:16:25'),(122,147,'Wednesday','07:00:00','15:00:00','2024-12-19 12:16:25','2024-12-19 18:16:25'),(123,147,'Thursday','07:00:00','15:00:00','2024-12-19 12:16:25','2024-12-19 18:16:25'),(124,147,'Friday','07:00:00','15:00:00','2024-12-19 12:16:25','2024-12-19 18:16:25'),(125,4,'Monday','07:00:00','15:00:00','2024-12-19 12:17:08','2024-12-19 18:17:08'),(126,4,'Tuesday','07:00:00','15:00:00','2024-12-19 12:17:08','2024-12-19 18:17:08'),(127,4,'Wednesday','07:00:00','15:00:00','2024-12-19 12:17:08','2024-12-19 18:17:08'),(128,4,'Thursday','07:00:00','15:00:00','2024-12-19 12:17:08','2024-12-19 18:17:08'),(129,4,'Friday','07:00:00','15:00:00','2024-12-19 12:17:08','2024-12-19 18:17:08'),(140,6,'Monday','16:00:00','20:00:00','2024-12-19 12:27:44','2024-12-19 18:27:44'),(141,6,'Tuesday','16:00:00','20:00:00','2024-12-19 12:27:44','2024-12-19 18:27:44'),(142,6,'Wednesday','16:00:00','20:00:00','2024-12-19 12:27:44','2024-12-19 18:27:44'),(143,6,'Thursday','16:00:00','20:00:00','2024-12-19 12:27:44','2024-12-19 18:27:44'),(144,6,'Friday','16:00:00','20:00:00','2024-12-19 12:27:44','2024-12-19 18:27:44'),(150,46,'Monday','07:00:00','20:00:00','2024-12-19 12:44:27','2024-12-19 18:44:27'),(151,46,'Tuesday','07:00:00','20:00:00','2024-12-19 12:44:27','2024-12-19 18:44:27'),(152,46,'Wednesday','07:00:00','20:00:00','2024-12-19 12:44:27','2024-12-19 18:44:27'),(153,46,'Thursday','07:00:00','20:00:00','2024-12-19 12:44:27','2024-12-19 18:44:27'),(154,46,'Friday','07:00:00','20:00:00','2024-12-19 12:44:27','2024-12-19 18:44:27'),(155,20,'Monday','08:00:00','20:00:00','2024-12-19 12:44:36','2024-12-19 18:44:36'),(156,20,'Tuesday','08:00:00','20:00:00','2024-12-19 12:44:36','2024-12-19 18:44:36'),(157,20,'Wednesday','08:00:00','20:00:00','2024-12-19 12:44:36','2024-12-19 18:44:36'),(158,20,'Thursday','08:00:00','20:00:00','2024-12-19 12:44:36','2024-12-19 18:44:36'),(159,20,'Friday','08:00:00','20:00:00','2024-12-19 12:44:36','2024-12-19 18:44:36'),(160,49,'Monday','07:00:00','20:00:00','2024-12-19 12:55:55','2024-12-19 18:55:55'),(161,49,'Tuesday','07:00:00','20:00:00','2024-12-19 12:55:55','2024-12-19 18:55:55'),(162,49,'Wednesday','07:00:00','20:00:00','2024-12-19 12:55:55','2024-12-19 18:55:55'),(163,49,'Thursday','07:00:00','20:00:00','2024-12-19 12:55:55','2024-12-19 18:55:55'),(164,49,'Friday','07:00:00','20:00:00','2024-12-19 12:55:55','2024-12-19 18:55:55'),(165,133,'Monday','07:00:00','15:00:00','2024-12-19 13:12:43','2024-12-19 19:12:43'),(166,133,'Tuesday','07:00:00','15:00:00','2024-12-19 13:12:43','2024-12-19 19:12:43'),(167,133,'Wednesday','07:00:00','15:00:00','2024-12-19 13:12:43','2024-12-19 19:12:43'),(168,133,'Thursday','07:00:00','15:00:00','2024-12-19 13:12:43','2024-12-19 19:12:43'),(169,133,'Friday','07:00:00','15:00:00','2024-12-19 13:12:43','2024-12-19 19:12:43'),(170,133,'Saturday','07:00:00','15:00:00','2024-12-19 13:12:43','2024-12-19 19:12:43'),(171,153,'Monday','07:00:00','20:00:00','2024-12-19 13:14:35','2024-12-19 19:14:35'),(172,153,'Tuesday','07:00:00','20:00:00','2024-12-19 13:14:35','2024-12-19 19:14:35'),(173,153,'Wednesday','07:00:00','20:00:00','2024-12-19 13:14:35','2024-12-19 19:14:35'),(174,153,'Thursday','07:00:00','20:00:00','2024-12-19 13:14:35','2024-12-19 19:14:35'),(175,153,'Friday','07:00:00','20:00:00','2024-12-19 13:14:35','2024-12-19 19:14:35'),(176,115,'Monday','12:00:00','20:00:00','2024-12-19 13:28:35','2024-12-19 19:28:35'),(177,115,'Tuesday','12:00:00','20:00:00','2024-12-19 13:28:35','2024-12-19 19:28:35'),(178,115,'Wednesday','12:00:00','20:00:00','2024-12-19 13:28:35','2024-12-19 19:28:35'),(179,115,'Thursday','12:00:00','20:00:00','2024-12-19 13:28:35','2024-12-19 19:28:35'),(180,115,'Friday','12:00:00','20:00:00','2024-12-19 13:28:35','2024-12-19 19:28:35'),(181,48,'Monday','07:00:00','20:00:00','2024-12-19 13:50:39','2024-12-19 19:50:39'),(182,48,'Tuesday','07:00:00','20:00:00','2024-12-19 13:50:39','2024-12-19 19:50:39'),(183,48,'Wednesday','07:00:00','20:00:00','2024-12-19 13:50:39','2024-12-19 19:50:39'),(184,48,'Thursday','07:00:00','20:00:00','2024-12-19 13:50:39','2024-12-19 19:50:39'),(185,48,'Friday','07:00:00','20:00:00','2024-12-19 13:50:39','2024-12-19 19:50:39'),(186,66,'Monday','12:00:00','20:00:00','2024-12-19 14:01:39','2024-12-19 20:01:39'),(187,66,'Tuesday','12:00:00','20:00:00','2024-12-19 14:01:39','2024-12-19 20:01:39'),(188,66,'Wednesday','07:00:00','15:00:00','2024-12-19 14:01:39','2024-12-19 20:01:39'),(189,66,'Thursday','07:00:00','15:00:00','2024-12-19 14:01:39','2024-12-19 20:01:39'),(190,66,'Friday','07:00:00','15:00:00','2024-12-19 14:01:39','2024-12-19 20:01:39'),(191,52,'Monday','07:00:00','15:00:00','2024-12-19 14:06:09','2024-12-19 20:06:09'),(192,52,'Tuesday','07:00:00','15:00:00','2024-12-19 14:06:09','2024-12-19 20:06:09'),(193,52,'Wednesday','07:00:00','15:00:00','2024-12-19 14:06:09','2024-12-19 20:06:09'),(194,52,'Thursday','07:00:00','15:00:00','2024-12-19 14:06:09','2024-12-19 20:06:09'),(195,52,'Friday','07:00:00','15:00:00','2024-12-19 14:06:09','2024-12-19 20:06:09'),(196,72,'Monday','07:00:00','17:00:00','2024-12-19 14:11:26','2024-12-19 20:11:26'),(197,72,'Tuesday','07:00:00','17:00:00','2024-12-19 14:11:26','2024-12-19 20:11:26'),(198,72,'Wednesday','07:00:00','17:00:00','2024-12-19 14:11:26','2024-12-19 20:11:26'),(199,72,'Thursday','07:00:00','17:00:00','2024-12-19 14:11:26','2024-12-19 20:11:26'),(200,72,'Friday','07:00:00','17:00:00','2024-12-19 14:11:26','2024-12-19 20:11:26'),(201,65,'Monday','07:00:00','15:00:00','2024-12-19 14:17:31','2024-12-19 20:17:31'),(202,65,'Tuesday','07:00:00','15:00:00','2024-12-19 14:17:31','2024-12-19 20:17:31'),(203,65,'Wednesday','07:00:00','15:00:00','2024-12-19 14:17:31','2024-12-19 20:17:31'),(204,65,'Thursday','07:00:00','20:00:00','2024-12-19 14:17:31','2024-12-19 20:17:31'),(205,65,'Friday','07:00:00','15:00:00','2024-12-19 14:17:31','2024-12-19 20:17:31'),(212,80,'Monday','07:00:00','15:00:00','2024-12-19 14:35:02','2024-12-19 20:35:02'),(213,80,'Tuesday','07:00:00','15:00:00','2024-12-19 14:35:02','2024-12-19 20:35:02'),(214,80,'Wednesday','07:00:00','15:00:00','2024-12-19 14:35:02','2024-12-19 20:35:02'),(215,80,'Thursday','07:00:00','15:00:00','2024-12-19 14:35:02','2024-12-19 20:35:02'),(216,80,'Friday','07:00:00','15:00:00','2024-12-19 14:35:02','2024-12-19 20:35:02'),(217,143,'Monday','07:00:00','20:00:00','2024-12-19 14:52:35','2024-12-19 20:52:35'),(218,143,'Tuesday','07:00:00','20:00:00','2024-12-19 14:52:35','2024-12-19 20:52:35'),(219,143,'Wednesday','07:00:00','20:00:00','2024-12-19 14:52:35','2024-12-19 20:52:35'),(220,143,'Thursday','07:00:00','20:00:00','2024-12-19 14:52:35','2024-12-19 20:52:35'),(221,143,'Friday','07:00:00','20:00:00','2024-12-19 14:52:35','2024-12-19 20:52:35'),(222,102,'Monday','09:00:00','17:00:00','2024-12-19 15:14:52','2024-12-19 21:14:52'),(223,102,'Tuesday','09:00:00','17:00:00','2024-12-19 15:14:52','2024-12-19 21:14:52'),(224,102,'Wednesday','09:00:00','17:00:00','2024-12-19 15:14:52','2024-12-19 21:14:52'),(225,102,'Thursday','09:00:00','17:00:00','2024-12-19 15:14:52','2024-12-19 21:14:52'),(226,102,'Friday','09:00:00','17:00:00','2024-12-19 15:14:52','2024-12-19 21:14:52'),(227,102,'Saturday','09:00:00','17:00:00','2024-12-19 15:14:52','2024-12-19 21:14:52'),(228,31,'Monday','08:00:00','16:00:00','2024-12-19 15:46:36','2024-12-19 21:46:36'),(229,31,'Tuesday','08:00:00','16:00:00','2024-12-19 15:46:36','2024-12-19 21:46:36'),(230,31,'Wednesday','08:00:00','16:00:00','2024-12-19 15:46:36','2024-12-19 21:46:36'),(231,31,'Thursday','08:00:00','16:00:00','2024-12-19 15:46:36','2024-12-19 21:46:36'),(232,31,'Friday','08:00:00','16:00:00','2024-12-19 15:46:36','2024-12-19 21:46:36'),(233,120,'Monday','08:00:00','16:00:00','2024-12-30 14:24:21','2024-12-30 20:24:21'),(234,120,'Tuesday','07:00:00','15:00:00','2024-12-30 14:24:21','2024-12-30 20:24:21'),(235,120,'Wednesday','07:00:00','15:00:00','2024-12-30 14:24:21','2024-12-30 20:24:21'),(236,120,'Thursday','07:00:00','15:00:00','2024-12-30 14:24:21','2024-12-30 20:24:21'),(237,120,'Friday','07:00:00','15:00:00','2024-12-30 14:24:21','2024-12-30 20:24:21'),(238,17,'Monday','07:00:00','14:00:00','2024-12-30 14:24:59','2024-12-30 20:24:59'),(239,17,'Tuesday','07:00:00','14:00:00','2024-12-30 14:24:59','2024-12-30 20:24:59'),(240,17,'Wednesday','07:00:00','14:00:00','2024-12-30 14:24:59','2024-12-30 20:24:59'),(241,17,'Thursday','07:00:00','14:00:00','2024-12-30 14:24:59','2024-12-30 20:24:59'),(242,17,'Friday','07:00:00','14:00:00','2024-12-30 14:24:59','2024-12-30 20:24:59'),(243,132,'Monday','07:00:00','14:00:00','2024-12-30 14:26:01','2024-12-30 20:26:01'),(244,132,'Tuesday','07:00:00','14:00:00','2024-12-30 14:26:01','2024-12-30 20:26:01'),(245,132,'Wednesday','07:00:00','14:00:00','2024-12-30 14:26:01','2024-12-30 20:26:01'),(246,132,'Thursday','07:00:00','14:00:00','2024-12-30 14:26:01','2024-12-30 20:26:01'),(247,132,'Friday','07:00:00','14:00:00','2024-12-30 14:26:01','2024-12-30 20:26:01'),(248,42,'Monday','07:00:00','14:00:00','2024-12-30 14:27:06','2024-12-30 20:27:06'),(249,42,'Tuesday','07:00:00','14:00:00','2024-12-30 14:27:06','2024-12-30 20:27:06'),(250,42,'Wednesday','07:00:00','14:00:00','2024-12-30 14:27:06','2024-12-30 20:27:06'),(251,42,'Thursday','07:00:00','14:00:00','2024-12-30 14:27:06','2024-12-30 20:27:06'),(252,42,'Friday','07:00:00','14:00:00','2024-12-30 14:27:06','2024-12-30 20:27:06'),(253,172,'Monday','07:00:00','15:00:00','2025-01-05 21:51:00','2025-01-06 03:51:00'),(254,172,'Tuesday','07:00:00','15:00:00','2025-01-05 21:51:00','2025-01-06 03:51:00'),(255,172,'Wednesday','07:00:00','15:00:00','2025-01-05 21:51:00','2025-01-06 03:51:00'),(256,172,'Thursday','07:00:00','15:00:00','2025-01-05 21:51:00','2025-01-06 03:51:00'),(257,172,'Friday','07:00:00','15:00:00','2025-01-05 21:51:00','2025-01-06 03:51:00'),(258,90,'Monday','08:00:00','16:00:00','2025-01-05 22:20:37','2025-01-06 04:20:37'),(259,90,'Tuesday','08:00:00','16:00:00','2025-01-05 22:20:37','2025-01-06 04:20:37'),(260,90,'Wednesday','08:00:00','16:00:00','2025-01-05 22:20:37','2025-01-06 04:20:37'),(261,90,'Thursday','08:00:00','16:00:00','2025-01-05 22:20:37','2025-01-06 04:20:37'),(262,90,'Friday','08:00:00','16:00:00','2025-01-05 22:20:37','2025-01-06 04:20:37'),(263,62,'Monday','16:00:00','20:00:00','2025-01-06 15:39:19','2025-01-06 21:39:19'),(264,62,'Tuesday','16:00:00','20:00:00','2025-01-06 15:39:19','2025-01-06 21:39:19'),(265,62,'Wednesday','16:00:00','20:00:00','2025-01-06 15:39:19','2025-01-06 21:39:19'),(266,62,'Thursday','16:00:00','20:00:00','2025-01-06 15:39:19','2025-01-06 21:39:19'),(267,62,'Friday','16:00:00','20:00:00','2025-01-06 15:39:19','2025-01-06 21:39:19');

--
-- Table structure for table `teacher_groups`
--

CREATE TABLE `teacher_groups` (
  `teacher_group_id` int NOT NULL AUTO_INCREMENT,
  `teacher_id` int NOT NULL,
  `group_id` int NOT NULL,
  `fyh_creacion` datetime DEFAULT CURRENT_TIMESTAMP,
  PRIMARY KEY (`teacher_group_id`),
  KEY `teacher_id` (`teacher_id`),
  KEY `group_id` (`group_id`),
  CONSTRAINT `teacher_groups_ibfk_1` FOREIGN KEY (`teacher_id`) REFERENCES `teachers` (`teacher_id`) ON DELETE CASCADE,
  CONSTRAINT `teacher_groups_ibfk_2` FOREIGN KEY (`group_id`) REFERENCES `groups` (`group_id`) ON DELETE CASCADE
) ENGINE=InnoDB DEFAULT CHARSET=utf8mb4 COLLATE=utf8mb4_spanish_ci;

--
-- Dumping data for table `teacher_groups`
--


--
-- Table structure for table `teacher_program_term`
--

CREATE TABLE `teacher_program_term` (
  `teacher_program_term_id` int NOT NULL AUTO_INCREMENT,
  `teacher_id` int DEFAULT NULL,
  `program_id` int DEFAULT NULL,
  `term_id` int DEFAULT NULL,
  `fyh_creacion` datetime DEFAULT NULL,
  `fyh_actualizacion` datetime DEFAULT NULL,
  `estado` varchar(11) CHARACTER SET utf8mb4 COLLATE utf8mb4_spanish_ci DEFAULT NULL,
  PRIMARY KEY (`teacher_program_term_id`),
  KEY `fk_teacher_program` (`teacher_id`),
  KEY `fk_program_term` (`program_id`),
  KEY `fk_term_program` (`term_id`),
  CONSTRAINT `fk_program_term` FOREIGN KEY (`program_id`) REFERENCES `programs` (`program_id`),
  CONSTRAINT `fk_teacher_program` FOREIGN KEY (`teacher_id`) REFERENCES `teachers` (`teacher_id`),
  CONSTRAINT `fk_term_program` FOREIGN KEY (`term_id`) REFERENCES `terms` (`term_id`)
) ENGINE=InnoDB AUTO_INCREMENT=2489 DEFAULT CHARSET=utf8mb4 COLLATE=utf8mb4_spanish_ci;

--
-- Dumping data for table `teacher_program_term`
--

INSERT INTO `teacher_program_term` VALUES (280,117,12,NULL,'2024-12-06 11:13:39',NULL,'ACTIVO'),(322,157,4,NULL,'2024-12-06 11:39:47',NULL,'ACTIVO'),(444,107,1,NULL,'2024-12-06 12:03:35',NULL,'ACTIVO'),(445,107,2,NULL,'2024-12-06 12:03:35',NULL,'ACTIVO'),(446,107,3,NULL,'2024-12-06 12:03:35',NULL,'ACTIVO'),(447,107,4,NULL,'2024-12-06 12:03:35',NULL,'ACTIVO'),(448,107,5,NULL,'2024-12-06 12:03:35',NULL,'ACTIVO'),(449,107,6,NULL,'2024-12-06 12:03:35',NULL,'ACTIVO'),(450,107,7,NULL,'2024-12-06 12:03:35',NULL,'ACTIVO'),(451,107,8,NULL,'2024-12-06 12:03:35',NULL,'ACTIVO'),(452,107,9,NULL,'2024-12-06 12:03:35',NULL,'ACTIVO'),(453,107,10,NULL,'2024-12-06 12:03:35',NULL,'ACTIVO'),(454,107,11,NULL,'2024-12-06 12:03:35',NULL,'ACTIVO'),(455,107,12,NULL,'2024-12-06 12:03:35',NULL,'ACTIVO'),(456,107,13,NULL,'2024-12-06 12:03:35',NULL,'ACTIVO'),(457,107,14,NULL,'2024-12-06 12:03:35',NULL,'ACTIVO'),(458,107,15,NULL,'2024-12-06 12:03:35',NULL,'ACTIVO'),(459,107,16,NULL,'2024-12-06 12:03:35',NULL,'ACTIVO'),(460,107,17,NULL,'2024-12-06 12:03:35',NULL,'ACTIVO'),(461,107,18,NULL,'2024-12-06 12:03:35',NULL,'ACTIVO'),(462,107,19,NULL,'2024-12-06 12:03:35',NULL,'ACTIVO'),(463,107,20,NULL,'2024-12-06 12:03:35',NULL,'ACTIVO'),(464,107,21,NULL,'2024-12-06 12:03:35',NULL,'ACTIVO'),(465,107,22,NULL,'2024-12-06 12:03:35',NULL,'ACTIVO'),(466,107,23,NULL,'2024-12-06 12:03:35',NULL,'ACTIVO'),(467,107,24,NULL,'2024-12-06 12:03:35',NULL,'ACTIVO'),(468,107,25,NULL,'2024-12-06 12:03:35',NULL,'ACTIVO'),(469,107,26,NULL,'2024-12-06 12:03:35',NULL,'ACTIVO'),(522,63,1,NULL,'2024-12-06 12:06:56',NULL,'ACTIVO'),(523,63,2,NULL,'2024-12-06 12:06:56',NULL,'ACTIVO'),(524,63,3,NULL,'2024-12-06 12:06:56',NULL,'ACTIVO'),(525,63,4,NULL,'2024-12-06 12:06:56',NULL,'ACTIVO'),(526,63,5,NULL,'2024-12-06 12:06:56',NULL,'ACTIVO'),(527,63,6,NULL,'2024-12-06 12:06:56',NULL,'ACTIVO'),(528,63,7,NULL,'2024-12-06 12:06:56',NULL,'ACTIVO'),(529,63,8,NULL,'2024-12-06 12:06:56',NULL,'ACTIVO'),(530,63,9,NULL,'2024-12-06 12:06:56',NULL,'ACTIVO'),(531,63,10,NULL,'2024-12-06 12:06:56',NULL,'ACTIVO'),(532,63,11,NULL,'2024-12-06 12:06:56',NULL,'ACTIVO'),(533,63,12,NULL,'2024-12-06 12:06:56',NULL,'ACTIVO'),(534,63,13,NULL,'2024-12-06 12:06:56',NULL,'ACTIVO'),(535,63,14,NULL,'2024-12-06 12:06:56',NULL,'ACTIVO'),(536,63,15,NULL,'2024-12-06 12:06:56',NULL,'ACTIVO'),(537,63,16,NULL,'2024-12-06 12:06:56',NULL,'ACTIVO'),(538,63,17,NULL,'2024-12-06 12:06:56',NULL,'ACTIVO'),(539,63,18,NULL,'2024-12-06 12:06:56',NULL,'ACTIVO'),(540,63,19,NULL,'2024-12-06 12:06:56',NULL,'ACTIVO'),(541,63,20,NULL,'2024-12-06 12:06:56',NULL,'ACTIVO'),(542,63,21,NULL,'2024-12-06 12:06:56',NULL,'ACTIVO'),(543,63,22,NULL,'2024-12-06 12:06:56',NULL,'ACTIVO'),(544,63,23,NULL,'2024-12-06 12:06:56',NULL,'ACTIVO'),(545,63,24,NULL,'2024-12-06 12:06:56',NULL,'ACTIVO'),(546,63,25,NULL,'2024-12-06 12:06:56',NULL,'ACTIVO'),(547,63,26,NULL,'2024-12-06 12:06:56',NULL,'ACTIVO'),(851,64,1,NULL,'2024-12-06 12:25:18',NULL,'ACTIVO'),(852,64,2,NULL,'2024-12-06 12:25:18',NULL,'ACTIVO'),(853,64,3,NULL,'2024-12-06 12:25:18',NULL,'ACTIVO'),(854,64,4,NULL,'2024-12-06 12:25:18',NULL,'ACTIVO'),(855,64,5,NULL,'2024-12-06 12:25:18',NULL,'ACTIVO'),(856,64,6,NULL,'2024-12-06 12:25:18',NULL,'ACTIVO'),(857,64,7,NULL,'2024-12-06 12:25:18',NULL,'ACTIVO'),(858,64,8,NULL,'2024-12-06 12:25:18',NULL,'ACTIVO'),(859,64,9,NULL,'2024-12-06 12:25:18',NULL,'ACTIVO'),(860,64,10,NULL,'2024-12-06 12:25:18',NULL,'ACTIVO'),(861,64,11,NULL,'2024-12-06 12:25:18',NULL,'ACTIVO'),(862,64,12,NULL,'2024-12-06 12:25:18',NULL,'ACTIVO'),(863,64,13,NULL,'2024-12-06 12:25:18',NULL,'ACTIVO'),(864,64,14,NULL,'2024-12-06 12:25:18',NULL,'ACTIVO'),(865,64,15,NULL,'2024-12-06 12:25:18',NULL,'ACTIVO'),(866,64,16,NULL,'2024-12-06 12:25:18',NULL,'ACTIVO'),(867,64,17,NULL,'2024-12-06 12:25:18',NULL,'ACTIVO'),(868,64,18,NULL,'2024-12-06 12:25:18',NULL,'ACTIVO'),(869,64,19,NULL,'2024-12-06 12:25:18',NULL,'ACTIVO'),(870,64,20,NULL,'2024-12-06 12:25:18',NULL,'ACTIVO'),(871,64,21,NULL,'2024-12-06 12:25:18',NULL,'ACTIVO'),(872,64,22,NULL,'2024-12-06 12:25:18',NULL,'ACTIVO'),(873,64,23,NULL,'2024-12-06 12:25:18',NULL,'ACTIVO'),(874,64,24,NULL,'2024-12-06 12:25:18',NULL,'ACTIVO'),(875,64,25,NULL,'2024-12-06 12:25:18',NULL,'ACTIVO'),(876,64,26,NULL,'2024-12-06 12:25:18',NULL,'ACTIVO'),(931,128,12,NULL,'2024-12-06 12:51:46',NULL,'ACTIVO'),(932,91,12,NULL,'2024-12-06 12:54:15',NULL,'ACTIVO'),(936,165,1,NULL,'2024-12-06 12:56:47',NULL,'ACTIVO'),(937,165,2,NULL,'2024-12-06 12:56:47',NULL,'ACTIVO'),(938,165,3,NULL,'2024-12-06 12:56:47',NULL,'ACTIVO'),(939,165,4,NULL,'2024-12-06 12:56:47',NULL,'ACTIVO'),(940,165,5,NULL,'2024-12-06 12:56:47',NULL,'ACTIVO'),(941,165,6,NULL,'2024-12-06 12:56:47',NULL,'ACTIVO'),(942,165,7,NULL,'2024-12-06 12:56:47',NULL,'ACTIVO'),(943,165,8,NULL,'2024-12-06 12:56:47',NULL,'ACTIVO'),(944,165,9,NULL,'2024-12-06 12:56:47',NULL,'ACTIVO'),(945,165,10,NULL,'2024-12-06 12:56:47',NULL,'ACTIVO'),(946,165,11,NULL,'2024-12-06 12:56:47',NULL,'ACTIVO'),(947,165,12,NULL,'2024-12-06 12:56:47',NULL,'ACTIVO'),(948,165,14,NULL,'2024-12-06 12:56:47',NULL,'ACTIVO'),(949,165,15,NULL,'2024-12-06 12:56:47',NULL,'ACTIVO'),(950,165,16,NULL,'2024-12-06 12:56:47',NULL,'ACTIVO'),(951,165,17,NULL,'2024-12-06 12:56:47',NULL,'ACTIVO'),(952,165,18,NULL,'2024-12-06 12:56:47',NULL,'ACTIVO'),(953,165,19,NULL,'2024-12-06 12:56:47',NULL,'ACTIVO'),(954,165,20,NULL,'2024-12-06 12:56:47',NULL,'ACTIVO'),(955,165,21,NULL,'2024-12-06 12:56:47',NULL,'ACTIVO'),(956,165,22,NULL,'2024-12-06 12:56:47',NULL,'ACTIVO'),(957,165,23,NULL,'2024-12-06 12:56:47',NULL,'ACTIVO'),(958,165,24,NULL,'2024-12-06 12:56:47',NULL,'ACTIVO'),(959,165,25,NULL,'2024-12-06 12:56:47',NULL,'ACTIVO'),(960,165,26,NULL,'2024-12-06 12:56:47',NULL,'ACTIVO'),(1014,119,1,NULL,'2024-12-06 13:41:09',NULL,'ACTIVO'),(1015,119,2,NULL,'2024-12-06 13:41:09',NULL,'ACTIVO'),(1016,119,3,NULL,'2024-12-06 13:41:09',NULL,'ACTIVO'),(1017,119,4,NULL,'2024-12-06 13:41:09',NULL,'ACTIVO'),(1018,119,5,NULL,'2024-12-06 13:41:09',NULL,'ACTIVO'),(1019,119,6,NULL,'2024-12-06 13:41:09',NULL,'ACTIVO'),(1020,119,7,NULL,'2024-12-06 13:41:09',NULL,'ACTIVO'),(1021,119,8,NULL,'2024-12-06 13:41:09',NULL,'ACTIVO'),(1022,119,9,NULL,'2024-12-06 13:41:09',NULL,'ACTIVO'),(1023,119,10,NULL,'2024-12-06 13:41:09',NULL,'ACTIVO'),(1024,119,11,NULL,'2024-12-06 13:41:09',NULL,'ACTIVO'),(1025,119,12,NULL,'2024-12-06 13:41:09',NULL,'ACTIVO'),(1026,119,13,NULL,'2024-12-06 13:41:09',NULL,'ACTIVO'),(1027,119,14,NULL,'2024-12-06 13:41:09',NULL,'ACTIVO'),(1028,119,15,NULL,'2024-12-06 13:41:09',NULL,'ACTIVO'),(1029,119,16,NULL,'2024-12-06 13:41:09',NULL,'ACTIVO'),(1030,119,17,NULL,'2024-12-06 13:41:09',NULL,'ACTIVO'),(1031,119,18,NULL,'2024-12-06 13:41:09',NULL,'ACTIVO'),(1032,119,19,NULL,'2024-12-06 13:41:09',NULL,'ACTIVO'),(1033,119,20,NULL,'2024-12-06 13:41:09',NULL,'ACTIVO'),(1034,119,21,NULL,'2024-12-06 13:41:09',NULL,'ACTIVO'),(1035,119,22,NULL,'2024-12-06 13:41:09',NULL,'ACTIVO'),(1036,119,23,NULL,'2024-12-06 13:41:09',NULL,'ACTIVO'),(1037,119,24,NULL,'2024-12-06 13:41:09',NULL,'ACTIVO'),(1038,119,25,NULL,'2024-12-06 13:41:09',NULL,'ACTIVO'),(1039,119,26,NULL,'2024-12-06 13:41:09',NULL,'ACTIVO'),(1066,126,1,NULL,'2024-12-06 13:47:08',NULL,'ACTIVO'),(1067,126,2,NULL,'2024-12-06 13:47:08',NULL,'ACTIVO'),(1068,126,3,NULL,'2024-12-06 13:47:08',NULL,'ACTIVO'),(1069,126,4,NULL,'2024-12-06 13:47:08',NULL,'ACTIVO'),(1070,126,5,NULL,'2024-12-06 13:47:08',NULL,'ACTIVO'),(1071,126,6,NULL,'2024-12-06 13:47:08',NULL,'ACTIVO'),(1072,126,7,NULL,'2024-12-06 13:47:08',NULL,'ACTIVO'),(1073,126,8,NULL,'2024-12-06 13:47:08',NULL,'ACTIVO'),(1074,126,9,NULL,'2024-12-06 13:47:08',NULL,'ACTIVO'),(1075,126,10,NULL,'2024-12-06 13:47:08',NULL,'ACTIVO'),(1076,126,11,NULL,'2024-12-06 13:47:08',NULL,'ACTIVO'),(1077,126,12,NULL,'2024-12-06 13:47:08',NULL,'ACTIVO'),(1078,126,13,NULL,'2024-12-06 13:47:08',NULL,'ACTIVO'),(1079,126,14,NULL,'2024-12-06 13:47:08',NULL,'ACTIVO'),(1080,126,15,NULL,'2024-12-06 13:47:08',NULL,'ACTIVO'),(1081,126,16,NULL,'2024-12-06 13:47:08',NULL,'ACTIVO'),(1082,126,17,NULL,'2024-12-06 13:47:08',NULL,'ACTIVO'),(1083,126,18,NULL,'2024-12-06 13:47:08',NULL,'ACTIVO'),(1084,126,19,NULL,'2024-12-06 13:47:08',NULL,'ACTIVO'),(1085,126,21,NULL,'2024-12-06 13:47:08',NULL,'ACTIVO'),(1086,126,22,NULL,'2024-12-06 13:47:08',NULL,'ACTIVO'),(1087,126,23,NULL,'2024-12-06 13:47:08',NULL,'ACTIVO'),(1088,126,24,NULL,'2024-12-06 13:47:08',NULL,'ACTIVO'),(1089,126,25,NULL,'2024-12-06 13:47:08',NULL,'ACTIVO'),(1090,126,26,NULL,'2024-12-06 13:47:08',NULL,'ACTIVO'),(1091,171,1,NULL,'2024-12-06 13:48:29',NULL,'ACTIVO'),(1092,171,2,NULL,'2024-12-06 13:48:29',NULL,'ACTIVO'),(1093,171,3,NULL,'2024-12-06 13:48:29',NULL,'ACTIVO'),(1094,171,4,NULL,'2024-12-06 13:48:29',NULL,'ACTIVO'),(1095,171,5,NULL,'2024-12-06 13:48:29',NULL,'ACTIVO'),(1096,171,6,NULL,'2024-12-06 13:48:29',NULL,'ACTIVO'),(1097,171,7,NULL,'2024-12-06 13:48:29',NULL,'ACTIVO'),(1098,171,8,NULL,'2024-12-06 13:48:29',NULL,'ACTIVO'),(1099,171,9,NULL,'2024-12-06 13:48:29',NULL,'ACTIVO'),(1100,171,10,NULL,'2024-12-06 13:48:29',NULL,'ACTIVO'),(1101,171,11,NULL,'2024-12-06 13:48:29',NULL,'ACTIVO'),(1102,171,12,NULL,'2024-12-06 13:48:29',NULL,'ACTIVO'),(1103,171,13,NULL,'2024-12-06 13:48:29',NULL,'ACTIVO'),(1104,171,14,NULL,'2024-12-06 13:48:29',NULL,'ACTIVO'),(1105,171,15,NULL,'2024-12-06 13:48:29',NULL,'ACTIVO'),(1106,171,16,NULL,'2024-12-06 13:48:29',NULL,'ACTIVO'),(1107,171,17,NULL,'2024-12-06 13:48:29',NULL,'ACTIVO'),(1108,171,18,NULL,'2024-12-06 13:48:29',NULL,'ACTIVO'),(1109,171,19,NULL,'2024-12-06 13:48:29',NULL,'ACTIVO'),(1110,171,20,NULL,'2024-12-06 13:48:29',NULL,'ACTIVO'),(1111,171,21,NULL,'2024-12-06 13:48:29',NULL,'ACTIVO'),(1112,171,22,NULL,'2024-12-06 13:48:29',NULL,'ACTIVO'),(1113,171,23,NULL,'2024-12-06 13:48:29',NULL,'ACTIVO'),(1114,171,24,NULL,'2024-12-06 13:48:29',NULL,'ACTIVO'),(1115,171,25,NULL,'2024-12-06 13:48:29',NULL,'ACTIVO'),(1116,171,26,NULL,'2024-12-06 13:48:29',NULL,'ACTIVO'),(1117,156,1,NULL,'2024-12-06 13:49:21',NULL,'ACTIVO'),(1118,156,2,NULL,'2024-12-06 13:49:21',NULL,'ACTIVO'),(1119,156,3,NULL,'2024-12-06 13:49:21',NULL,'ACTIVO'),(1120,156,4,NULL,'2024-12-06 13:49:21',NULL,'ACTIVO'),(1121,156,5,NULL,'2024-12-06 13:49:21',NULL,'ACTIVO'),(1122,156,6,NULL,'2024-12-06 13:49:21',NULL,'ACTIVO'),(1123,156,7,NULL,'2024-12-06 13:49:21',NULL,'ACTIVO'),(1124,156,9,NULL,'2024-12-06 13:49:21',NULL,'ACTIVO'),(1125,156,10,NULL,'2024-12-06 13:49:21',NULL,'ACTIVO'),(1126,156,11,NULL,'2024-12-06 13:49:21',NULL,'ACTIVO'),(1127,156,12,NULL,'2024-12-06 13:49:21',NULL,'ACTIVO'),(1128,156,13,NULL,'2024-12-06 13:49:21',NULL,'ACTIVO'),(1129,156,14,NULL,'2024-12-06 13:49:21',NULL,'ACTIVO'),(1130,156,15,NULL,'2024-12-06 13:49:21',NULL,'ACTIVO'),(1131,156,16,NULL,'2024-12-06 13:49:21',NULL,'ACTIVO'),(1132,156,17,NULL,'2024-12-06 13:49:21',NULL,'ACTIVO'),(1133,156,18,NULL,'2024-12-06 13:49:21',NULL,'ACTIVO'),(1134,156,19,NULL,'2024-12-06 13:49:21',NULL,'ACTIVO'),(1135,156,20,NULL,'2024-12-06 13:49:21',NULL,'ACTIVO'),(1136,156,21,NULL,'2024-12-06 13:49:21',NULL,'ACTIVO'),(1137,156,22,NULL,'2024-12-06 13:49:21',NULL,'ACTIVO'),(1138,156,23,NULL,'2024-12-06 13:49:21',NULL,'ACTIVO'),(1139,156,24,NULL,'2024-12-06 13:49:21',NULL,'ACTIVO'),(1140,156,25,NULL,'2024-12-06 13:49:21',NULL,'ACTIVO'),(1141,156,26,NULL,'2024-12-06 13:49:21',NULL,'ACTIVO'),(1142,57,1,NULL,'2024-12-06 13:50:02',NULL,'ACTIVO'),(1143,57,2,NULL,'2024-12-06 13:50:02',NULL,'ACTIVO'),(1144,57,3,NULL,'2024-12-06 13:50:02',NULL,'ACTIVO'),(1145,57,4,NULL,'2024-12-06 13:50:02',NULL,'ACTIVO'),(1146,57,5,NULL,'2024-12-06 13:50:02',NULL,'ACTIVO'),(1147,57,6,NULL,'2024-12-06 13:50:02',NULL,'ACTIVO'),(1148,57,7,NULL,'2024-12-06 13:50:02',NULL,'ACTIVO'),(1149,57,8,NULL,'2024-12-06 13:50:02',NULL,'ACTIVO'),(1150,57,9,NULL,'2024-12-06 13:50:02',NULL,'ACTIVO'),(1151,57,10,NULL,'2024-12-06 13:50:02',NULL,'ACTIVO'),(1152,57,11,NULL,'2024-12-06 13:50:02',NULL,'ACTIVO'),(1153,57,12,NULL,'2024-12-06 13:50:02',NULL,'ACTIVO'),(1154,57,13,NULL,'2024-12-06 13:50:02',NULL,'ACTIVO'),(1155,57,14,NULL,'2024-12-06 13:50:02',NULL,'ACTIVO'),(1156,57,15,NULL,'2024-12-06 13:50:02',NULL,'ACTIVO'),(1157,57,16,NULL,'2024-12-06 13:50:02',NULL,'ACTIVO'),(1158,57,17,NULL,'2024-12-06 13:50:02',NULL,'ACTIVO'),(1159,57,18,NULL,'2024-12-06 13:50:02',NULL,'ACTIVO'),(1160,57,19,NULL,'2024-12-06 13:50:02',NULL,'ACTIVO'),(1161,57,20,NULL,'2024-12-06 13:50:02',NULL,'ACTIVO'),(1162,57,21,NULL,'2024-12-06 13:50:02',NULL,'ACTIVO'),(1163,57,22,NULL,'2024-12-06 13:50:02',NULL,'ACTIVO'),(1164,57,23,NULL,'2024-12-06 13:50:02',NULL,'ACTIVO'),(1165,57,24,NULL,'2024-12-06 13:50:02',NULL,'ACTIVO'),(1166,57,25,NULL,'2024-12-06 13:50:02',NULL,'ACTIVO'),(1167,57,26,NULL,'2024-12-06 13:50:02',NULL,'ACTIVO'),(1168,127,1,NULL,'2024-12-06 13:50:37',NULL,'ACTIVO'),(1169,127,2,NULL,'2024-12-06 13:50:37',NULL,'ACTIVO'),(1170,127,3,NULL,'2024-12-06 13:50:37',NULL,'ACTIVO'),(1171,127,4,NULL,'2024-12-06 13:50:37',NULL,'ACTIVO'),(1172,127,5,NULL,'2024-12-06 13:50:37',NULL,'ACTIVO'),(1173,127,6,NULL,'2024-12-06 13:50:37',NULL,'ACTIVO'),(1174,127,7,NULL,'2024-12-06 13:50:37',NULL,'ACTIVO'),(1175,127,8,NULL,'2024-12-06 13:50:37',NULL,'ACTIVO'),(1176,127,9,NULL,'2024-12-06 13:50:37',NULL,'ACTIVO'),(1177,127,10,NULL,'2024-12-06 13:50:37',NULL,'ACTIVO'),(1178,127,11,NULL,'2024-12-06 13:50:37',NULL,'ACTIVO'),(1179,127,12,NULL,'2024-12-06 13:50:37',NULL,'ACTIVO'),(1180,127,13,NULL,'2024-12-06 13:50:37',NULL,'ACTIVO'),(1181,127,14,NULL,'2024-12-06 13:50:37',NULL,'ACTIVO'),(1182,127,15,NULL,'2024-12-06 13:50:37',NULL,'ACTIVO'),(1183,127,16,NULL,'2024-12-06 13:50:37',NULL,'ACTIVO'),(1184,127,17,NULL,'2024-12-06 13:50:37',NULL,'ACTIVO'),(1185,127,18,NULL,'2024-12-06 13:50:37',NULL,'ACTIVO'),(1186,127,19,NULL,'2024-12-06 13:50:37',NULL,'ACTIVO'),(1187,127,20,NULL,'2024-12-06 13:50:37',NULL,'ACTIVO'),(1188,127,21,NULL,'2024-12-06 13:50:37',NULL,'ACTIVO'),(1189,127,22,NULL,'2024-12-06 13:50:37',NULL,'ACTIVO'),(1190,127,23,NULL,'2024-12-06 13:50:37',NULL,'ACTIVO'),(1191,127,24,NULL,'2024-12-06 13:50:37',NULL,'ACTIVO'),(1192,127,25,NULL,'2024-12-06 13:50:37',NULL,'ACTIVO'),(1193,127,26,NULL,'2024-12-06 13:50:37',NULL,'ACTIVO'),(1194,68,1,NULL,'2024-12-06 13:51:28',NULL,'ACTIVO'),(1195,68,2,NULL,'2024-12-06 13:51:28',NULL,'ACTIVO'),(1196,68,3,NULL,'2024-12-06 13:51:28',NULL,'ACTIVO'),(1197,68,4,NULL,'2024-12-06 13:51:28',NULL,'ACTIVO'),(1198,68,5,NULL,'2024-12-06 13:51:28',NULL,'ACTIVO'),(1199,68,6,NULL,'2024-12-06 13:51:28',NULL,'ACTIVO'),(1200,68,7,NULL,'2024-12-06 13:51:28',NULL,'ACTIVO'),(1201,68,8,NULL,'2024-12-06 13:51:28',NULL,'ACTIVO'),(1202,68,9,NULL,'2024-12-06 13:51:28',NULL,'ACTIVO'),(1203,68,10,NULL,'2024-12-06 13:51:28',NULL,'ACTIVO'),(1204,68,11,NULL,'2024-12-06 13:51:28',NULL,'ACTIVO'),(1205,68,12,NULL,'2024-12-06 13:51:28',NULL,'ACTIVO'),(1206,68,13,NULL,'2024-12-06 13:51:28',NULL,'ACTIVO'),(1207,68,14,NULL,'2024-12-06 13:51:28',NULL,'ACTIVO'),(1208,68,15,NULL,'2024-12-06 13:51:28',NULL,'ACTIVO'),(1209,68,16,NULL,'2024-12-06 13:51:28',NULL,'ACTIVO'),(1210,68,17,NULL,'2024-12-06 13:51:28',NULL,'ACTIVO'),(1211,68,18,NULL,'2024-12-06 13:51:28',NULL,'ACTIVO'),(1212,68,19,NULL,'2024-12-06 13:51:28',NULL,'ACTIVO'),(1213,68,20,NULL,'2024-12-06 13:51:28',NULL,'ACTIVO'),(1214,68,21,NULL,'2024-12-06 13:51:28',NULL,'ACTIVO'),(1215,68,22,NULL,'2024-12-06 13:51:28',NULL,'ACTIVO'),(1216,68,23,NULL,'2024-12-06 13:51:28',NULL,'ACTIVO'),(1217,68,24,NULL,'2024-12-06 13:51:28',NULL,'ACTIVO'),(1218,68,25,NULL,'2024-12-06 13:51:28',NULL,'ACTIVO'),(1219,68,26,NULL,'2024-12-06 13:51:28',NULL,'ACTIVO'),(1298,103,13,NULL,'2024-12-12 12:49:06',NULL,'ACTIVO'),(1299,103,17,NULL,'2024-12-12 12:49:06',NULL,'ACTIVO'),(1300,103,18,NULL,'2024-12-12 12:49:06',NULL,'ACTIVO'),(1301,103,19,NULL,'2024-12-12 12:49:06',NULL,'ACTIVO'),(1302,103,20,NULL,'2024-12-12 12:49:06',NULL,'ACTIVO'),(1303,103,21,NULL,'2024-12-12 12:49:06',NULL,'ACTIVO'),(1304,103,22,NULL,'2024-12-12 12:49:06',NULL,'ACTIVO'),(1305,103,23,NULL,'2024-12-12 12:49:06',NULL,'ACTIVO'),(1377,140,13,NULL,'2024-12-13 13:28:05',NULL,'ACTIVO'),(1378,140,17,NULL,'2024-12-13 13:28:05',NULL,'ACTIVO'),(1379,140,18,NULL,'2024-12-13 13:28:05',NULL,'ACTIVO'),(1380,140,19,NULL,'2024-12-13 13:28:05',NULL,'ACTIVO'),(1381,140,20,NULL,'2024-12-13 13:28:05',NULL,'ACTIVO'),(1382,140,21,NULL,'2024-12-13 13:28:05',NULL,'ACTIVO'),(1383,140,22,NULL,'2024-12-13 13:28:05',NULL,'ACTIVO'),(1384,140,23,NULL,'2024-12-13 13:28:05',NULL,'ACTIVO'),(1434,104,13,NULL,'2024-12-13 13:51:52',NULL,'ACTIVO'),(1435,104,17,NULL,'2024-12-13 13:51:52',NULL,'ACTIVO'),(1436,104,18,NULL,'2024-12-13 13:51:52',NULL,'ACTIVO'),(1437,104,19,NULL,'2024-12-13 13:51:52',NULL,'ACTIVO'),(1438,104,20,NULL,'2024-12-13 13:51:52',NULL,'ACTIVO'),(1439,104,21,NULL,'2024-12-13 13:51:52',NULL,'ACTIVO'),(1440,104,22,NULL,'2024-12-13 13:51:52',NULL,'ACTIVO'),(1441,104,23,NULL,'2024-12-13 13:51:52',NULL,'ACTIVO'),(1478,2,13,NULL,'2024-12-17 13:30:35',NULL,'ACTIVO'),(1479,2,17,NULL,'2024-12-17 13:30:35',NULL,'ACTIVO'),(1480,2,18,NULL,'2024-12-17 13:30:35',NULL,'ACTIVO'),(1481,2,19,NULL,'2024-12-17 13:30:35',NULL,'ACTIVO'),(1482,2,20,NULL,'2024-12-17 13:30:35',NULL,'ACTIVO'),(1483,2,21,NULL,'2024-12-17 13:30:35',NULL,'ACTIVO'),(1484,2,22,NULL,'2024-12-17 13:30:35',NULL,'ACTIVO'),(1485,2,23,NULL,'2024-12-17 13:30:35',NULL,'ACTIVO'),(1487,29,12,NULL,'2024-12-18 09:21:01',NULL,'ACTIVO'),(1501,125,12,NULL,'2024-12-18 09:22:40',NULL,'ACTIVO'),(1502,32,12,NULL,'2024-12-18 09:23:01',NULL,'ACTIVO'),(1503,123,12,NULL,'2024-12-18 09:23:48',NULL,'ACTIVO'),(1504,97,12,NULL,'2024-12-18 09:24:26',NULL,'ACTIVO'),(1505,122,12,NULL,'2024-12-18 09:24:46',NULL,'ACTIVO'),(1517,142,12,NULL,'2024-12-18 09:25:04',NULL,'ACTIVO'),(1518,44,12,NULL,'2024-12-18 09:25:27',NULL,'ACTIVO'),(1519,9,12,NULL,'2024-12-18 09:25:48',NULL,'ACTIVO'),(1521,19,12,NULL,'2024-12-18 09:26:32',NULL,'ACTIVO'),(1522,106,12,NULL,'2024-12-18 09:26:47',NULL,'ACTIVO'),(1523,10,12,NULL,'2024-12-18 09:27:04',NULL,'ACTIVO'),(1524,82,12,NULL,'2024-12-18 09:27:20',NULL,'ACTIVO'),(1583,98,12,NULL,'2024-12-18 09:37:02',NULL,'ACTIVO'),(1675,109,1,NULL,'2024-12-18 09:54:24',NULL,'ACTIVO'),(1676,109,2,NULL,'2024-12-18 09:54:24',NULL,'ACTIVO'),(1677,109,13,NULL,'2024-12-18 09:54:24',NULL,'ACTIVO'),(1678,109,17,NULL,'2024-12-18 09:54:24',NULL,'ACTIVO'),(1679,109,18,NULL,'2024-12-18 09:54:24',NULL,'ACTIVO'),(1680,109,19,NULL,'2024-12-18 09:54:24',NULL,'ACTIVO'),(1681,109,20,NULL,'2024-12-18 09:54:24',NULL,'ACTIVO'),(1682,109,21,NULL,'2024-12-18 09:54:24',NULL,'ACTIVO'),(1683,109,22,NULL,'2024-12-18 09:54:24',NULL,'ACTIVO'),(1684,109,23,NULL,'2024-12-18 09:54:24',NULL,'ACTIVO'),(1685,109,27,NULL,'2024-12-18 09:54:24',NULL,'ACTIVO'),(1689,95,1,NULL,'2024-12-18 09:58:16',NULL,'ACTIVO'),(1690,95,2,NULL,'2024-12-18 09:58:16',NULL,'ACTIVO'),(1691,95,12,NULL,'2024-12-18 09:58:16',NULL,'ACTIVO'),(1697,78,16,NULL,'2024-12-18 10:04:53',NULL,'ACTIVO'),(1740,150,15,NULL,'2024-12-18 10:11:30',NULL,'ACTIVO'),(1741,150,16,NULL,'2024-12-18 10:11:30',NULL,'ACTIVO'),(1742,150,13,NULL,'2024-12-18 10:11:30',NULL,'ACTIVO'),(1743,150,17,NULL,'2024-12-18 10:11:30',NULL,'ACTIVO'),(1744,150,18,NULL,'2024-12-18 10:11:30',NULL,'ACTIVO'),(1745,150,19,NULL,'2024-12-18 10:11:30',NULL,'ACTIVO'),(1746,150,20,NULL,'2024-12-18 10:11:30',NULL,'ACTIVO'),(1747,150,21,NULL,'2024-12-18 10:11:30',NULL,'ACTIVO'),(1748,150,22,NULL,'2024-12-18 10:11:30',NULL,'ACTIVO'),(1749,150,23,NULL,'2024-12-18 10:11:30',NULL,'ACTIVO'),(1750,150,27,NULL,'2024-12-18 10:11:30',NULL,'ACTIVO'),(1751,130,28,NULL,'2024-12-18 10:12:32',NULL,'ACTIVO'),(1752,130,5,NULL,'2024-12-18 10:12:32',NULL,'ACTIVO'),(1753,130,6,NULL,'2024-12-18 10:12:32',NULL,'ACTIVO'),(1754,130,7,NULL,'2024-12-18 10:12:32',NULL,'ACTIVO'),(1755,130,8,NULL,'2024-12-18 10:12:32',NULL,'ACTIVO'),(1756,130,9,NULL,'2024-12-18 10:12:32',NULL,'ACTIVO'),(1757,130,10,NULL,'2024-12-18 10:12:32',NULL,'ACTIVO'),(1758,130,11,NULL,'2024-12-18 10:12:32',NULL,'ACTIVO'),(1759,130,24,NULL,'2024-12-18 10:12:32',NULL,'ACTIVO'),(1760,130,25,NULL,'2024-12-18 10:12:32',NULL,'ACTIVO'),(1761,130,26,NULL,'2024-12-18 10:12:32',NULL,'ACTIVO'),(1764,99,13,NULL,'2024-12-18 10:19:56',NULL,'ACTIVO'),(1765,99,17,NULL,'2024-12-18 10:19:56',NULL,'ACTIVO'),(1766,99,18,NULL,'2024-12-18 10:19:56',NULL,'ACTIVO'),(1767,99,19,NULL,'2024-12-18 10:19:56',NULL,'ACTIVO'),(1768,99,20,NULL,'2024-12-18 10:19:56',NULL,'ACTIVO'),(1769,99,21,NULL,'2024-12-18 10:19:56',NULL,'ACTIVO'),(1770,99,22,NULL,'2024-12-18 10:19:56',NULL,'ACTIVO'),(1771,99,23,NULL,'2024-12-18 10:19:56',NULL,'ACTIVO'),(1772,99,27,NULL,'2024-12-18 10:19:56',NULL,'ACTIVO'),(1786,7,15,NULL,'2024-12-18 10:26:50',NULL,'ACTIVO'),(1787,7,16,NULL,'2024-12-18 10:26:50',NULL,'ACTIVO'),(1788,39,15,NULL,'2024-12-18 10:31:54',NULL,'ACTIVO'),(1789,39,16,NULL,'2024-12-18 10:31:54',NULL,'ACTIVO'),(1799,131,15,NULL,'2024-12-18 10:44:55',NULL,'ACTIVO'),(1800,131,16,NULL,'2024-12-18 10:44:55',NULL,'ACTIVO'),(1801,101,15,NULL,'2024-12-18 10:52:12',NULL,'ACTIVO'),(1802,101,16,NULL,'2024-12-18 10:52:12',NULL,'ACTIVO'),(1803,89,5,NULL,'2024-12-18 10:52:42',NULL,'ACTIVO'),(1804,89,6,NULL,'2024-12-18 10:52:42',NULL,'ACTIVO'),(1805,89,7,NULL,'2024-12-18 10:52:42',NULL,'ACTIVO'),(1806,89,8,NULL,'2024-12-18 10:52:42',NULL,'ACTIVO'),(1807,89,9,NULL,'2024-12-18 10:52:42',NULL,'ACTIVO'),(1808,89,10,NULL,'2024-12-18 10:52:42',NULL,'ACTIVO'),(1809,89,11,NULL,'2024-12-18 10:52:42',NULL,'ACTIVO'),(1810,89,24,NULL,'2024-12-18 10:52:42',NULL,'ACTIVO'),(1811,89,25,NULL,'2024-12-18 10:52:42',NULL,'ACTIVO'),(1812,89,26,NULL,'2024-12-18 10:52:42',NULL,'ACTIVO'),(1814,108,1,NULL,'2024-12-18 10:53:46',NULL,'ACTIVO'),(1815,108,2,NULL,'2024-12-18 10:53:46',NULL,'ACTIVO'),(1816,108,3,NULL,'2024-12-18 10:53:46',NULL,'ACTIVO'),(1817,81,3,NULL,'2024-12-18 10:54:02',NULL,'ACTIVO'),(1818,134,3,NULL,'2024-12-18 10:54:17',NULL,'ACTIVO'),(1819,67,14,NULL,'2024-12-18 10:54:34',NULL,'ACTIVO'),(1820,67,3,NULL,'2024-12-18 10:54:34',NULL,'ACTIVO'),(1834,149,12,NULL,'2024-12-18 10:56:23',NULL,'ACTIVO'),(1835,149,3,NULL,'2024-12-18 10:56:23',NULL,'ACTIVO'),(1836,76,13,NULL,'2024-12-18 10:56:34',NULL,'ACTIVO'),(1837,76,17,NULL,'2024-12-18 10:56:34',NULL,'ACTIVO'),(1838,76,18,NULL,'2024-12-18 10:56:34',NULL,'ACTIVO'),(1839,76,19,NULL,'2024-12-18 10:56:34',NULL,'ACTIVO'),(1840,76,20,NULL,'2024-12-18 10:56:34',NULL,'ACTIVO'),(1841,76,21,NULL,'2024-12-18 10:56:34',NULL,'ACTIVO'),(1842,76,22,NULL,'2024-12-18 10:56:34',NULL,'ACTIVO'),(1843,76,23,NULL,'2024-12-18 10:56:34',NULL,'ACTIVO'),(1844,76,27,NULL,'2024-12-18 10:56:34',NULL,'ACTIVO'),(1845,74,3,NULL,'2024-12-18 10:56:39',NULL,'ACTIVO'),(1846,86,3,NULL,'2024-12-18 10:56:58',NULL,'ACTIVO'),(1847,59,3,NULL,'2024-12-18 10:57:17',NULL,'ACTIVO'),(1857,136,13,NULL,'2024-12-18 11:02:11',NULL,'ACTIVO'),(1858,136,17,NULL,'2024-12-18 11:02:11',NULL,'ACTIVO'),(1859,136,18,NULL,'2024-12-18 11:02:11',NULL,'ACTIVO'),(1860,136,19,NULL,'2024-12-18 11:02:11',NULL,'ACTIVO'),(1861,136,20,NULL,'2024-12-18 11:02:11',NULL,'ACTIVO'),(1862,136,21,NULL,'2024-12-18 11:02:11',NULL,'ACTIVO'),(1863,136,22,NULL,'2024-12-18 11:02:11',NULL,'ACTIVO'),(1864,136,23,NULL,'2024-12-18 11:02:11',NULL,'ACTIVO'),(1865,136,27,NULL,'2024-12-18 11:02:11',NULL,'ACTIVO'),(1866,60,3,NULL,'2024-12-18 11:05:32',NULL,'ACTIVO'),(1878,94,15,NULL,'2024-12-18 11:10:00',NULL,'ACTIVO'),(1879,94,16,NULL,'2024-12-18 11:10:00',NULL,'ACTIVO'),(1880,56,28,NULL,'2024-12-18 11:13:08',NULL,'ACTIVO'),(1881,155,13,NULL,'2024-12-18 11:14:57',NULL,'ACTIVO'),(1882,155,17,NULL,'2024-12-18 11:14:57',NULL,'ACTIVO'),(1883,155,18,NULL,'2024-12-18 11:14:57',NULL,'ACTIVO'),(1884,155,19,NULL,'2024-12-18 11:14:57',NULL,'ACTIVO'),(1885,155,20,NULL,'2024-12-18 11:14:57',NULL,'ACTIVO'),(1886,155,21,NULL,'2024-12-18 11:14:57',NULL,'ACTIVO'),(1887,155,22,NULL,'2024-12-18 11:14:57',NULL,'ACTIVO'),(1888,155,23,NULL,'2024-12-18 11:14:57',NULL,'ACTIVO'),(1889,155,27,NULL,'2024-12-18 11:14:57',NULL,'ACTIVO'),(1890,11,15,NULL,'2024-12-18 11:16:01',NULL,'ACTIVO'),(1891,11,16,NULL,'2024-12-18 11:16:01',NULL,'ACTIVO'),(1898,77,13,NULL,'2024-12-18 12:03:12',NULL,'ACTIVO'),(1899,77,17,NULL,'2024-12-18 12:03:12',NULL,'ACTIVO'),(1900,77,18,NULL,'2024-12-18 12:03:12',NULL,'ACTIVO'),(1901,77,19,NULL,'2024-12-18 12:03:12',NULL,'ACTIVO'),(1902,77,20,NULL,'2024-12-18 12:03:12',NULL,'ACTIVO'),(1903,77,21,NULL,'2024-12-18 12:03:12',NULL,'ACTIVO'),(1904,77,22,NULL,'2024-12-18 12:03:12',NULL,'ACTIVO'),(1905,77,23,NULL,'2024-12-18 12:03:12',NULL,'ACTIVO'),(1906,77,27,NULL,'2024-12-18 12:03:12',NULL,'ACTIVO'),(1918,21,5,NULL,'2024-12-18 12:22:19',NULL,'ACTIVO'),(1919,21,6,NULL,'2024-12-18 12:22:19',NULL,'ACTIVO'),(1920,21,7,NULL,'2024-12-18 12:22:19',NULL,'ACTIVO'),(1921,21,8,NULL,'2024-12-18 12:22:19',NULL,'ACTIVO'),(1922,21,9,NULL,'2024-12-18 12:22:19',NULL,'ACTIVO'),(1923,21,10,NULL,'2024-12-18 12:22:19',NULL,'ACTIVO'),(1924,21,11,NULL,'2024-12-18 12:22:19',NULL,'ACTIVO'),(1925,21,24,NULL,'2024-12-18 12:22:19',NULL,'ACTIVO'),(1926,21,25,NULL,'2024-12-18 12:22:19',NULL,'ACTIVO'),(1927,21,26,NULL,'2024-12-18 12:22:19',NULL,'ACTIVO'),(1928,21,3,NULL,'2024-12-18 12:22:19',NULL,'ACTIVO'),(1938,33,4,NULL,'2024-12-18 12:28:28',NULL,'ACTIVO'),(1939,33,13,NULL,'2024-12-18 12:28:28',NULL,'ACTIVO'),(1940,33,17,NULL,'2024-12-18 12:28:28',NULL,'ACTIVO'),(1941,33,18,NULL,'2024-12-18 12:28:28',NULL,'ACTIVO'),(1942,33,19,NULL,'2024-12-18 12:28:28',NULL,'ACTIVO'),(1943,33,20,NULL,'2024-12-18 12:28:28',NULL,'ACTIVO'),(1944,33,21,NULL,'2024-12-18 12:28:28',NULL,'ACTIVO'),(1945,33,22,NULL,'2024-12-18 12:28:28',NULL,'ACTIVO'),(1946,33,23,NULL,'2024-12-18 12:28:28',NULL,'ACTIVO'),(1947,33,27,NULL,'2024-12-18 12:28:28',NULL,'ACTIVO'),(1966,93,13,NULL,'2024-12-18 12:51:08',NULL,'ACTIVO'),(1967,93,17,NULL,'2024-12-18 12:51:08',NULL,'ACTIVO'),(1968,93,18,NULL,'2024-12-18 12:51:08',NULL,'ACTIVO'),(1969,93,19,NULL,'2024-12-18 12:51:08',NULL,'ACTIVO'),(1970,93,20,NULL,'2024-12-18 12:51:08',NULL,'ACTIVO'),(1971,93,21,NULL,'2024-12-18 12:51:08',NULL,'ACTIVO'),(1972,93,22,NULL,'2024-12-18 12:51:08',NULL,'ACTIVO'),(1973,93,23,NULL,'2024-12-18 12:51:08',NULL,'ACTIVO'),(1974,93,27,NULL,'2024-12-18 12:51:08',NULL,'ACTIVO'),(1984,167,13,NULL,'2024-12-18 12:56:28',NULL,'ACTIVO'),(1985,167,17,NULL,'2024-12-18 12:56:28',NULL,'ACTIVO'),(1986,167,18,NULL,'2024-12-18 12:56:28',NULL,'ACTIVO'),(1987,167,19,NULL,'2024-12-18 12:56:28',NULL,'ACTIVO'),(1988,167,20,NULL,'2024-12-18 12:56:28',NULL,'ACTIVO'),(1989,167,21,NULL,'2024-12-18 12:56:28',NULL,'ACTIVO'),(1990,167,22,NULL,'2024-12-18 12:56:28',NULL,'ACTIVO'),(1991,167,23,NULL,'2024-12-18 12:56:28',NULL,'ACTIVO'),(1992,167,27,NULL,'2024-12-18 12:56:28',NULL,'ACTIVO'),(1993,55,1,NULL,'2024-12-19 10:18:21',NULL,'ACTIVO'),(1994,55,2,NULL,'2024-12-19 10:18:21',NULL,'ACTIVO'),(1995,55,4,NULL,'2024-12-19 10:18:21',NULL,'ACTIVO'),(1996,55,14,NULL,'2024-12-19 10:18:21',NULL,'ACTIVO'),(1997,88,3,NULL,'2024-12-19 10:28:37',NULL,'ACTIVO'),(1998,38,15,NULL,'2024-12-19 10:34:01',NULL,'ACTIVO'),(1999,38,16,NULL,'2024-12-19 10:34:01',NULL,'ACTIVO'),(2000,12,1,NULL,'2024-12-19 10:37:11',NULL,'ACTIVO'),(2001,12,2,NULL,'2024-12-19 10:37:11',NULL,'ACTIVO'),(2002,12,13,NULL,'2024-12-19 10:37:11',NULL,'ACTIVO'),(2003,12,18,NULL,'2024-12-19 10:37:11',NULL,'ACTIVO'),(2004,12,19,NULL,'2024-12-19 10:37:11',NULL,'ACTIVO'),(2005,12,20,NULL,'2024-12-19 10:37:11',NULL,'ACTIVO'),(2006,12,21,NULL,'2024-12-19 10:37:11',NULL,'ACTIVO'),(2007,12,22,NULL,'2024-12-19 10:37:11',NULL,'ACTIVO'),(2008,12,23,NULL,'2024-12-19 10:37:11',NULL,'ACTIVO'),(2009,8,5,NULL,'2024-12-19 10:40:27',NULL,'ACTIVO'),(2010,8,6,NULL,'2024-12-19 10:40:27',NULL,'ACTIVO'),(2011,8,7,NULL,'2024-12-19 10:40:27',NULL,'ACTIVO'),(2012,8,8,NULL,'2024-12-19 10:40:27',NULL,'ACTIVO'),(2013,8,9,NULL,'2024-12-19 10:40:27',NULL,'ACTIVO'),(2014,8,10,NULL,'2024-12-19 10:40:27',NULL,'ACTIVO'),(2015,8,11,NULL,'2024-12-19 10:40:27',NULL,'ACTIVO'),(2016,8,24,NULL,'2024-12-19 10:40:27',NULL,'ACTIVO'),(2017,8,25,NULL,'2024-12-19 10:40:27',NULL,'ACTIVO'),(2018,8,26,NULL,'2024-12-19 10:40:27',NULL,'ACTIVO'),(2019,8,15,NULL,'2024-12-19 10:40:27',NULL,'ACTIVO'),(2057,41,15,NULL,'2024-12-19 11:15:22',NULL,'ACTIVO'),(2058,41,16,NULL,'2024-12-19 11:15:22',NULL,'ACTIVO'),(2059,41,3,NULL,'2024-12-19 11:15:22',NULL,'ACTIVO'),(2060,73,1,NULL,'2024-12-19 11:16:16',NULL,'ACTIVO'),(2061,73,2,NULL,'2024-12-19 11:16:16',NULL,'ACTIVO'),(2062,73,12,NULL,'2024-12-19 11:16:16',NULL,'ACTIVO'),(2063,73,3,NULL,'2024-12-19 11:16:16',NULL,'ACTIVO'),(2064,73,13,NULL,'2024-12-19 11:16:16',NULL,'ACTIVO'),(2065,73,18,NULL,'2024-12-19 11:16:16',NULL,'ACTIVO'),(2066,73,19,NULL,'2024-12-19 11:16:16',NULL,'ACTIVO'),(2067,73,20,NULL,'2024-12-19 11:16:16',NULL,'ACTIVO'),(2068,73,21,NULL,'2024-12-19 11:16:16',NULL,'ACTIVO'),(2069,73,22,NULL,'2024-12-19 11:16:16',NULL,'ACTIVO'),(2070,73,23,NULL,'2024-12-19 11:16:16',NULL,'ACTIVO'),(2071,145,13,NULL,'2024-12-19 11:18:39',NULL,'ACTIVO'),(2072,145,18,NULL,'2024-12-19 11:18:39',NULL,'ACTIVO'),(2073,145,19,NULL,'2024-12-19 11:18:39',NULL,'ACTIVO'),(2074,145,20,NULL,'2024-12-19 11:18:39',NULL,'ACTIVO'),(2075,145,21,NULL,'2024-12-19 11:18:39',NULL,'ACTIVO'),(2076,145,22,NULL,'2024-12-19 11:18:39',NULL,'ACTIVO'),(2077,145,23,NULL,'2024-12-19 11:18:39',NULL,'ACTIVO'),(2078,158,4,NULL,'2024-12-19 11:39:32',NULL,'ACTIVO'),(2079,158,12,NULL,'2024-12-19 11:39:32',NULL,'ACTIVO'),(2080,158,16,NULL,'2024-12-19 11:39:32',NULL,'ACTIVO'),(2081,138,1,NULL,'2024-12-19 11:49:04',NULL,'ACTIVO'),(2082,138,2,NULL,'2024-12-19 11:49:04',NULL,'ACTIVO'),(2083,138,4,NULL,'2024-12-19 11:49:04',NULL,'ACTIVO'),(2084,138,28,NULL,'2024-12-19 11:49:04',NULL,'ACTIVO'),(2085,138,14,NULL,'2024-12-19 11:49:04',NULL,'ACTIVO'),(2086,138,5,NULL,'2024-12-19 11:49:04',NULL,'ACTIVO'),(2087,138,6,NULL,'2024-12-19 11:49:04',NULL,'ACTIVO'),(2088,138,7,NULL,'2024-12-19 11:49:04',NULL,'ACTIVO'),(2089,138,8,NULL,'2024-12-19 11:49:04',NULL,'ACTIVO'),(2090,138,9,NULL,'2024-12-19 11:49:04',NULL,'ACTIVO'),(2091,138,10,NULL,'2024-12-19 11:49:04',NULL,'ACTIVO'),(2092,138,11,NULL,'2024-12-19 11:49:04',NULL,'ACTIVO'),(2093,138,24,NULL,'2024-12-19 11:49:04',NULL,'ACTIVO'),(2094,138,25,NULL,'2024-12-19 11:49:04',NULL,'ACTIVO'),(2095,138,26,NULL,'2024-12-19 11:49:04',NULL,'ACTIVO'),(2096,138,12,NULL,'2024-12-19 11:49:04',NULL,'ACTIVO'),(2097,138,3,NULL,'2024-12-19 11:49:04',NULL,'ACTIVO'),(2098,138,13,NULL,'2024-12-19 11:49:04',NULL,'ACTIVO'),(2099,138,18,NULL,'2024-12-19 11:49:04',NULL,'ACTIVO'),(2100,138,19,NULL,'2024-12-19 11:49:04',NULL,'ACTIVO'),(2101,138,20,NULL,'2024-12-19 11:49:04',NULL,'ACTIVO'),(2102,138,21,NULL,'2024-12-19 11:49:04',NULL,'ACTIVO'),(2103,138,22,NULL,'2024-12-19 11:49:04',NULL,'ACTIVO'),(2104,138,23,NULL,'2024-12-19 11:49:04',NULL,'ACTIVO'),(2106,5,1,NULL,'2024-12-19 11:56:51',NULL,'ACTIVO'),(2107,5,2,NULL,'2024-12-19 11:56:51',NULL,'ACTIVO'),(2108,5,12,NULL,'2024-12-19 11:56:51',NULL,'ACTIVO'),(2151,85,13,NULL,'2024-12-19 12:14:36',NULL,'ACTIVO'),(2152,85,18,NULL,'2024-12-19 12:14:36',NULL,'ACTIVO'),(2153,85,19,NULL,'2024-12-19 12:14:36',NULL,'ACTIVO'),(2154,85,20,NULL,'2024-12-19 12:14:36',NULL,'ACTIVO'),(2155,85,21,NULL,'2024-12-19 12:14:36',NULL,'ACTIVO'),(2156,85,22,NULL,'2024-12-19 12:14:36',NULL,'ACTIVO'),(2157,85,23,NULL,'2024-12-19 12:14:36',NULL,'ACTIVO'),(2159,147,16,NULL,'2024-12-19 12:16:25',NULL,'ACTIVO'),(2207,6,4,NULL,'2024-12-19 12:27:44',NULL,'ACTIVO'),(2208,6,28,NULL,'2024-12-19 12:27:44',NULL,'ACTIVO'),(2209,6,5,NULL,'2024-12-19 12:27:44',NULL,'ACTIVO'),(2210,6,6,NULL,'2024-12-19 12:27:44',NULL,'ACTIVO'),(2211,6,7,NULL,'2024-12-19 12:27:44',NULL,'ACTIVO'),(2212,6,8,NULL,'2024-12-19 12:27:44',NULL,'ACTIVO'),(2213,6,9,NULL,'2024-12-19 12:27:44',NULL,'ACTIVO'),(2214,6,10,NULL,'2024-12-19 12:27:44',NULL,'ACTIVO'),(2215,6,11,NULL,'2024-12-19 12:27:44',NULL,'ACTIVO'),(2216,6,24,NULL,'2024-12-19 12:27:44',NULL,'ACTIVO'),(2217,6,25,NULL,'2024-12-19 12:27:44',NULL,'ACTIVO'),(2218,6,26,NULL,'2024-12-19 12:27:44',NULL,'ACTIVO'),(2219,6,12,NULL,'2024-12-19 12:27:44',NULL,'ACTIVO'),(2220,6,13,NULL,'2024-12-19 12:27:44',NULL,'ACTIVO'),(2221,6,18,NULL,'2024-12-19 12:27:44',NULL,'ACTIVO'),(2222,6,19,NULL,'2024-12-19 12:27:44',NULL,'ACTIVO'),(2223,6,20,NULL,'2024-12-19 12:27:44',NULL,'ACTIVO'),(2224,6,21,NULL,'2024-12-19 12:27:44',NULL,'ACTIVO'),(2225,6,22,NULL,'2024-12-19 12:27:44',NULL,'ACTIVO'),(2226,6,23,NULL,'2024-12-19 12:27:44',NULL,'ACTIVO'),(2228,46,12,NULL,'2024-12-19 12:44:27',NULL,'ACTIVO'),(2229,20,1,NULL,'2024-12-19 12:44:36',NULL,'ACTIVO'),(2230,20,2,NULL,'2024-12-19 12:44:36',NULL,'ACTIVO'),(2231,20,4,NULL,'2024-12-19 12:44:36',NULL,'ACTIVO'),(2232,20,28,NULL,'2024-12-19 12:44:36',NULL,'ACTIVO'),(2233,20,14,NULL,'2024-12-19 12:44:36',NULL,'ACTIVO'),(2234,20,5,NULL,'2024-12-19 12:44:36',NULL,'ACTIVO'),(2235,20,6,NULL,'2024-12-19 12:44:36',NULL,'ACTIVO'),(2236,20,7,NULL,'2024-12-19 12:44:36',NULL,'ACTIVO'),(2237,20,8,NULL,'2024-12-19 12:44:36',NULL,'ACTIVO'),(2238,20,9,NULL,'2024-12-19 12:44:36',NULL,'ACTIVO'),(2239,20,10,NULL,'2024-12-19 12:44:36',NULL,'ACTIVO'),(2240,20,11,NULL,'2024-12-19 12:44:36',NULL,'ACTIVO'),(2241,20,24,NULL,'2024-12-19 12:44:36',NULL,'ACTIVO'),(2242,20,25,NULL,'2024-12-19 12:44:36',NULL,'ACTIVO'),(2243,20,26,NULL,'2024-12-19 12:44:36',NULL,'ACTIVO'),(2244,20,12,NULL,'2024-12-19 12:44:36',NULL,'ACTIVO'),(2245,20,15,NULL,'2024-12-19 12:44:36',NULL,'ACTIVO'),(2246,20,16,NULL,'2024-12-19 12:44:36',NULL,'ACTIVO'),(2247,20,3,NULL,'2024-12-19 12:44:36',NULL,'ACTIVO'),(2248,20,13,NULL,'2024-12-19 12:44:36',NULL,'ACTIVO'),(2249,20,18,NULL,'2024-12-19 12:44:36',NULL,'ACTIVO'),(2250,20,19,NULL,'2024-12-19 12:44:36',NULL,'ACTIVO'),(2251,20,20,NULL,'2024-12-19 12:44:36',NULL,'ACTIVO'),(2252,20,21,NULL,'2024-12-19 12:44:36',NULL,'ACTIVO'),(2253,20,22,NULL,'2024-12-19 12:44:36',NULL,'ACTIVO'),(2254,20,23,NULL,'2024-12-19 12:44:36',NULL,'ACTIVO'),(2255,49,5,NULL,'2024-12-19 12:55:55',NULL,'ACTIVO'),(2256,49,6,NULL,'2024-12-19 12:55:55',NULL,'ACTIVO'),(2257,49,7,NULL,'2024-12-19 12:55:55',NULL,'ACTIVO'),(2258,49,8,NULL,'2024-12-19 12:55:55',NULL,'ACTIVO'),(2259,49,9,NULL,'2024-12-19 12:55:55',NULL,'ACTIVO'),(2260,49,10,NULL,'2024-12-19 12:55:55',NULL,'ACTIVO'),(2261,49,11,NULL,'2024-12-19 12:55:55',NULL,'ACTIVO'),(2262,49,24,NULL,'2024-12-19 12:55:55',NULL,'ACTIVO'),(2263,49,25,NULL,'2024-12-19 12:55:55',NULL,'ACTIVO'),(2264,49,26,NULL,'2024-12-19 12:55:55',NULL,'ACTIVO'),(2265,49,12,NULL,'2024-12-19 12:55:55',NULL,'ACTIVO'),(2266,49,15,NULL,'2024-12-19 12:55:55',NULL,'ACTIVO'),(2267,49,16,NULL,'2024-12-19 12:55:55',NULL,'ACTIVO'),(2268,49,13,NULL,'2024-12-19 12:55:55',NULL,'ACTIVO'),(2269,49,18,NULL,'2024-12-19 12:55:55',NULL,'ACTIVO'),(2270,49,19,NULL,'2024-12-19 12:55:55',NULL,'ACTIVO'),(2271,49,20,NULL,'2024-12-19 12:55:55',NULL,'ACTIVO'),(2272,49,21,NULL,'2024-12-19 12:55:55',NULL,'ACTIVO'),(2273,49,22,NULL,'2024-12-19 12:55:55',NULL,'ACTIVO'),(2274,49,23,NULL,'2024-12-19 12:55:55',NULL,'ACTIVO'),(2275,133,4,NULL,'2024-12-19 13:12:43',NULL,'ACTIVO'),(2276,133,28,NULL,'2024-12-19 13:12:43',NULL,'ACTIVO'),(2277,133,5,NULL,'2024-12-19 13:12:43',NULL,'ACTIVO'),(2278,133,6,NULL,'2024-12-19 13:12:43',NULL,'ACTIVO'),(2279,133,7,NULL,'2024-12-19 13:12:43',NULL,'ACTIVO'),(2280,133,8,NULL,'2024-12-19 13:12:43',NULL,'ACTIVO'),(2281,133,9,NULL,'2024-12-19 13:12:43',NULL,'ACTIVO'),(2282,133,10,NULL,'2024-12-19 13:12:43',NULL,'ACTIVO'),(2283,133,11,NULL,'2024-12-19 13:12:43',NULL,'ACTIVO'),(2284,133,24,NULL,'2024-12-19 13:12:43',NULL,'ACTIVO'),(2285,133,25,NULL,'2024-12-19 13:12:43',NULL,'ACTIVO'),(2286,133,26,NULL,'2024-12-19 13:12:43',NULL,'ACTIVO'),(2287,133,15,NULL,'2024-12-19 13:12:43',NULL,'ACTIVO'),(2288,133,3,NULL,'2024-12-19 13:12:43',NULL,'ACTIVO'),(2289,153,1,NULL,'2024-12-19 13:14:35',NULL,'ACTIVO'),(2290,153,2,NULL,'2024-12-19 13:14:35',NULL,'ACTIVO'),(2291,153,4,NULL,'2024-12-19 13:14:35',NULL,'ACTIVO'),(2292,153,28,NULL,'2024-12-19 13:14:35',NULL,'ACTIVO'),(2293,153,14,NULL,'2024-12-19 13:14:35',NULL,'ACTIVO'),(2294,153,5,NULL,'2024-12-19 13:14:35',NULL,'ACTIVO'),(2295,153,6,NULL,'2024-12-19 13:14:35',NULL,'ACTIVO'),(2296,153,7,NULL,'2024-12-19 13:14:35',NULL,'ACTIVO'),(2297,153,8,NULL,'2024-12-19 13:14:35',NULL,'ACTIVO'),(2298,153,9,NULL,'2024-12-19 13:14:35',NULL,'ACTIVO'),(2299,153,10,NULL,'2024-12-19 13:14:35',NULL,'ACTIVO'),(2300,153,11,NULL,'2024-12-19 13:14:35',NULL,'ACTIVO'),(2301,153,24,NULL,'2024-12-19 13:14:35',NULL,'ACTIVO'),(2302,153,25,NULL,'2024-12-19 13:14:35',NULL,'ACTIVO'),(2303,153,26,NULL,'2024-12-19 13:14:35',NULL,'ACTIVO'),(2304,153,12,NULL,'2024-12-19 13:14:35',NULL,'ACTIVO'),(2305,153,15,NULL,'2024-12-19 13:14:35',NULL,'ACTIVO'),(2306,153,16,NULL,'2024-12-19 13:14:35',NULL,'ACTIVO'),(2307,153,3,NULL,'2024-12-19 13:14:35',NULL,'ACTIVO'),(2308,153,13,NULL,'2024-12-19 13:14:35',NULL,'ACTIVO'),(2309,153,18,NULL,'2024-12-19 13:14:35',NULL,'ACTIVO'),(2310,153,19,NULL,'2024-12-19 13:14:35',NULL,'ACTIVO'),(2311,153,20,NULL,'2024-12-19 13:14:35',NULL,'ACTIVO'),(2312,153,21,NULL,'2024-12-19 13:14:35',NULL,'ACTIVO'),(2313,153,22,NULL,'2024-12-19 13:14:35',NULL,'ACTIVO'),(2314,153,23,NULL,'2024-12-19 13:14:35',NULL,'ACTIVO'),(2315,115,4,NULL,'2024-12-19 13:28:35',NULL,'ACTIVO'),(2316,48,4,NULL,'2024-12-19 13:50:39',NULL,'ACTIVO'),(2317,48,5,NULL,'2024-12-19 13:50:39',NULL,'ACTIVO'),(2318,48,6,NULL,'2024-12-19 13:50:39',NULL,'ACTIVO'),(2319,48,7,NULL,'2024-12-19 13:50:39',NULL,'ACTIVO'),(2320,48,8,NULL,'2024-12-19 13:50:39',NULL,'ACTIVO'),(2321,48,9,NULL,'2024-12-19 13:50:39',NULL,'ACTIVO'),(2322,48,10,NULL,'2024-12-19 13:50:39',NULL,'ACTIVO'),(2323,48,11,NULL,'2024-12-19 13:50:39',NULL,'ACTIVO'),(2324,48,24,NULL,'2024-12-19 13:50:39',NULL,'ACTIVO'),(2325,48,25,NULL,'2024-12-19 13:50:39',NULL,'ACTIVO'),(2326,48,26,NULL,'2024-12-19 13:50:39',NULL,'ACTIVO'),(2327,48,15,NULL,'2024-12-19 13:50:39',NULL,'ACTIVO'),(2328,48,16,NULL,'2024-12-19 13:50:39',NULL,'ACTIVO'),(2329,66,1,NULL,'2024-12-19 14:01:39',NULL,'ACTIVO'),(2330,66,2,NULL,'2024-12-19 14:01:39',NULL,'ACTIVO'),(2331,66,4,NULL,'2024-12-19 14:01:39',NULL,'ACTIVO'),(2332,66,28,NULL,'2024-12-19 14:01:39',NULL,'ACTIVO'),(2333,66,14,NULL,'2024-12-19 14:01:39',NULL,'ACTIVO'),(2334,66,5,NULL,'2024-12-19 14:01:39',NULL,'ACTIVO'),(2335,66,6,NULL,'2024-12-19 14:01:39',NULL,'ACTIVO'),(2336,66,7,NULL,'2024-12-19 14:01:39',NULL,'ACTIVO'),(2337,66,8,NULL,'2024-12-19 14:01:39',NULL,'ACTIVO'),(2338,66,9,NULL,'2024-12-19 14:01:39',NULL,'ACTIVO'),(2339,66,10,NULL,'2024-12-19 14:01:39',NULL,'ACTIVO'),(2340,66,11,NULL,'2024-12-19 14:01:39',NULL,'ACTIVO'),(2341,66,24,NULL,'2024-12-19 14:01:39',NULL,'ACTIVO'),(2342,66,25,NULL,'2024-12-19 14:01:39',NULL,'ACTIVO'),(2343,66,26,NULL,'2024-12-19 14:01:39',NULL,'ACTIVO'),(2344,66,12,NULL,'2024-12-19 14:01:39',NULL,'ACTIVO'),(2345,66,15,NULL,'2024-12-19 14:01:39',NULL,'ACTIVO'),(2346,66,16,NULL,'2024-12-19 14:01:39',NULL,'ACTIVO'),(2347,66,3,NULL,'2024-12-19 14:01:39',NULL,'ACTIVO'),(2348,66,13,NULL,'2024-12-19 14:01:39',NULL,'ACTIVO'),(2349,66,18,NULL,'2024-12-19 14:01:39',NULL,'ACTIVO'),(2350,66,19,NULL,'2024-12-19 14:01:39',NULL,'ACTIVO'),(2351,66,20,NULL,'2024-12-19 14:01:39',NULL,'ACTIVO'),(2352,66,21,NULL,'2024-12-19 14:01:39',NULL,'ACTIVO'),(2353,66,22,NULL,'2024-12-19 14:01:39',NULL,'ACTIVO'),(2354,66,23,NULL,'2024-12-19 14:01:39',NULL,'ACTIVO'),(2355,52,4,NULL,'2024-12-19 14:06:09',NULL,'ACTIVO'),(2356,72,1,NULL,'2024-12-19 14:11:26',NULL,'ACTIVO'),(2357,72,2,NULL,'2024-12-19 14:11:26',NULL,'ACTIVO'),(2358,72,4,NULL,'2024-12-19 14:11:26',NULL,'ACTIVO'),(2359,72,12,NULL,'2024-12-19 14:11:26',NULL,'ACTIVO'),(2360,72,15,NULL,'2024-12-19 14:11:26',NULL,'ACTIVO'),(2361,72,16,NULL,'2024-12-19 14:11:26',NULL,'ACTIVO'),(2362,72,3,NULL,'2024-12-19 14:11:26',NULL,'ACTIVO'),(2363,72,13,NULL,'2024-12-19 14:11:26',NULL,'ACTIVO'),(2364,72,18,NULL,'2024-12-19 14:11:26',NULL,'ACTIVO'),(2365,72,19,NULL,'2024-12-19 14:11:26',NULL,'ACTIVO'),(2366,72,20,NULL,'2024-12-19 14:11:26',NULL,'ACTIVO'),(2367,72,21,NULL,'2024-12-19 14:11:26',NULL,'ACTIVO'),(2368,72,22,NULL,'2024-12-19 14:11:26',NULL,'ACTIVO'),(2369,72,23,NULL,'2024-12-19 14:11:26',NULL,'ACTIVO'),(2370,65,12,NULL,'2024-12-19 14:17:31',NULL,'ACTIVO'),(2397,80,4,NULL,'2024-12-19 14:35:02',NULL,'ACTIVO'),(2398,80,12,NULL,'2024-12-19 14:35:02',NULL,'ACTIVO'),(2399,80,15,NULL,'2024-12-19 14:35:02',NULL,'ACTIVO'),(2400,80,16,NULL,'2024-12-19 14:35:02',NULL,'ACTIVO'),(2401,80,3,NULL,'2024-12-19 14:35:02',NULL,'ACTIVO'),(2402,80,13,NULL,'2024-12-19 14:35:02',NULL,'ACTIVO'),(2403,80,18,NULL,'2024-12-19 14:35:02',NULL,'ACTIVO'),(2404,80,19,NULL,'2024-12-19 14:35:02',NULL,'ACTIVO'),(2405,80,20,NULL,'2024-12-19 14:35:02',NULL,'ACTIVO'),(2406,80,21,NULL,'2024-12-19 14:35:02',NULL,'ACTIVO'),(2407,80,22,NULL,'2024-12-19 14:35:02',NULL,'ACTIVO'),(2408,80,23,NULL,'2024-12-19 14:35:02',NULL,'ACTIVO'),(2409,143,1,NULL,'2024-12-19 14:52:35',NULL,'ACTIVO'),(2410,143,2,NULL,'2024-12-19 14:52:35',NULL,'ACTIVO'),(2411,143,14,NULL,'2024-12-19 14:52:35',NULL,'ACTIVO'),(2412,143,5,NULL,'2024-12-19 14:52:35',NULL,'ACTIVO'),(2413,143,6,NULL,'2024-12-19 14:52:35',NULL,'ACTIVO'),(2414,143,7,NULL,'2024-12-19 14:52:35',NULL,'ACTIVO'),(2415,143,8,NULL,'2024-12-19 14:52:35',NULL,'ACTIVO'),(2416,143,9,NULL,'2024-12-19 14:52:35',NULL,'ACTIVO'),(2417,143,10,NULL,'2024-12-19 14:52:35',NULL,'ACTIVO'),(2418,143,11,NULL,'2024-12-19 14:52:35',NULL,'ACTIVO'),(2419,143,24,NULL,'2024-12-19 14:52:35',NULL,'ACTIVO'),(2420,143,25,NULL,'2024-12-19 14:52:35',NULL,'ACTIVO'),(2421,143,26,NULL,'2024-12-19 14:52:35',NULL,'ACTIVO'),(2422,143,12,NULL,'2024-12-19 14:52:35',NULL,'ACTIVO'),(2423,143,15,NULL,'2024-12-19 14:52:35',NULL,'ACTIVO'),(2424,143,16,NULL,'2024-12-19 14:52:35',NULL,'ACTIVO'),(2425,143,3,NULL,'2024-12-19 14:52:35',NULL,'ACTIVO'),(2426,143,13,NULL,'2024-12-19 14:52:35',NULL,'ACTIVO'),(2427,143,18,NULL,'2024-12-19 14:52:35',NULL,'ACTIVO'),(2428,143,19,NULL,'2024-12-19 14:52:35',NULL,'ACTIVO'),(2429,143,20,NULL,'2024-12-19 14:52:35',NULL,'ACTIVO'),(2430,143,21,NULL,'2024-12-19 14:52:35',NULL,'ACTIVO'),(2431,143,22,NULL,'2024-12-19 14:52:35',NULL,'ACTIVO'),(2432,143,23,NULL,'2024-12-19 14:52:35',NULL,'ACTIVO'),(2433,31,28,NULL,'2024-12-19 15:46:36',NULL,'ACTIVO'),(2434,31,5,NULL,'2024-12-19 15:46:36',NULL,'ACTIVO'),(2435,31,6,NULL,'2024-12-19 15:46:36',NULL,'ACTIVO'),(2436,31,7,NULL,'2024-12-19 15:46:36',NULL,'ACTIVO'),(2437,31,8,NULL,'2024-12-19 15:46:36',NULL,'ACTIVO'),(2438,31,9,NULL,'2024-12-19 15:46:36',NULL,'ACTIVO'),(2439,31,10,NULL,'2024-12-19 15:46:36',NULL,'ACTIVO'),(2440,31,11,NULL,'2024-12-19 15:46:36',NULL,'ACTIVO'),(2441,31,24,NULL,'2024-12-19 15:46:36',NULL,'ACTIVO'),(2442,31,25,NULL,'2024-12-19 15:46:36',NULL,'ACTIVO'),(2443,31,26,NULL,'2024-12-19 15:46:36',NULL,'ACTIVO'),(2444,31,3,NULL,'2024-12-19 15:46:36',NULL,'ACTIVO'),(2445,31,13,NULL,'2024-12-19 15:46:36',NULL,'ACTIVO'),(2446,31,18,NULL,'2024-12-19 15:46:36',NULL,'ACTIVO'),(2447,31,19,NULL,'2024-12-19 15:46:36',NULL,'ACTIVO'),(2448,31,20,NULL,'2024-12-19 15:46:36',NULL,'ACTIVO'),(2449,31,21,NULL,'2024-12-19 15:46:36',NULL,'ACTIVO'),(2450,31,22,NULL,'2024-12-19 15:46:36',NULL,'ACTIVO'),(2451,31,23,NULL,'2024-12-19 15:46:36',NULL,'ACTIVO'),(2453,14,28,NULL,'2025-01-05 21:26:17',NULL,'ACTIVO'),(2454,14,5,NULL,'2025-01-05 21:26:17',NULL,'ACTIVO'),(2455,14,6,NULL,'2025-01-05 21:26:17',NULL,'ACTIVO'),(2456,14,7,NULL,'2025-01-05 21:26:17',NULL,'ACTIVO'),(2457,14,8,NULL,'2025-01-05 21:26:17',NULL,'ACTIVO'),(2458,14,9,NULL,'2025-01-05 21:26:17',NULL,'ACTIVO'),(2459,14,10,NULL,'2025-01-05 21:26:17',NULL,'ACTIVO'),(2460,14,11,NULL,'2025-01-05 21:26:17',NULL,'ACTIVO'),(2461,14,24,NULL,'2025-01-05 21:26:17',NULL,'ACTIVO'),(2462,14,25,NULL,'2025-01-05 21:26:17',NULL,'ACTIVO'),(2463,14,26,NULL,'2025-01-05 21:26:17',NULL,'ACTIVO'),(2464,14,15,NULL,'2025-01-05 21:26:17',NULL,'ACTIVO'),(2465,14,16,NULL,'2025-01-05 21:26:17',NULL,'ACTIVO'),(2466,14,17,NULL,'2025-01-05 21:26:17',NULL,'ACTIVO'),(2467,14,27,NULL,'2025-01-05 21:26:17',NULL,'ACTIVO'),(2468,14,3,NULL,'2025-01-05 21:26:17',NULL,'ACTIVO'),(2469,18,28,NULL,'2025-01-05 21:29:11',NULL,'ACTIVO'),(2470,18,5,NULL,'2025-01-05 21:29:11',NULL,'ACTIVO'),(2471,18,6,NULL,'2025-01-05 21:29:11',NULL,'ACTIVO'),(2472,18,7,NULL,'2025-01-05 21:29:11',NULL,'ACTIVO'),(2473,18,8,NULL,'2025-01-05 21:29:11',NULL,'ACTIVO'),(2474,18,9,NULL,'2025-01-05 21:29:11',NULL,'ACTIVO'),(2475,18,10,NULL,'2025-01-05 21:29:11',NULL,'ACTIVO'),(2476,18,11,NULL,'2025-01-05 21:29:11',NULL,'ACTIVO'),(2477,18,24,NULL,'2025-01-05 21:29:11',NULL,'ACTIVO'),(2478,18,25,NULL,'2025-01-05 21:29:11',NULL,'ACTIVO'),(2479,18,26,NULL,'2025-01-05 21:29:11',NULL,'ACTIVO'),(2480,18,15,NULL,'2025-01-05 21:29:11',NULL,'ACTIVO'),(2481,18,16,NULL,'2025-01-05 21:29:11',NULL,'ACTIVO'),(2482,28,13,NULL,'2025-01-06 19:38:22',NULL,'ACTIVO'),(2483,28,18,NULL,'2025-01-06 19:38:22',NULL,'ACTIVO'),(2484,28,19,NULL,'2025-01-06 19:38:22',NULL,'ACTIVO'),(2485,28,20,NULL,'2025-01-06 19:38:22',NULL,'ACTIVO'),(2486,28,21,NULL,'2025-01-06 19:38:22',NULL,'ACTIVO'),(2487,28,22,NULL,'2025-01-06 19:38:22',NULL,'ACTIVO'),(2488,28,23,NULL,'2025-01-06 19:38:22',NULL,'ACTIVO');

--
-- Table structure for table `teacher_subjects`
--

CREATE TABLE `teacher_subjects` (
  `teacher_subject_id` int NOT NULL AUTO_INCREMENT,
  `teacher_id` int DEFAULT NULL,
  `subject_id` int DEFAULT NULL,
  `group_id` int DEFAULT NULL,
  `fyh_creacion` datetime DEFAULT NULL,
  `fyh_actualizacion` datetime DEFAULT NULL,
  `estado` varchar(11) CHARACTER SET utf8mb4 COLLATE utf8mb4_spanish_ci DEFAULT NULL,
  PRIMARY KEY (`teacher_subject_id`),
  KEY `teacher_id` (`teacher_id`),
  KEY `subject_id` (`subject_id`),
  KEY `fk_group_teacher_subject` (`group_id`),
  CONSTRAINT `fk_group_teacher_subject` FOREIGN KEY (`group_id`) REFERENCES `groups` (`group_id`) ON DELETE CASCADE ON UPDATE CASCADE,
  CONSTRAINT `teacher_subjects_ibfk_1` FOREIGN KEY (`teacher_id`) REFERENCES `teachers` (`teacher_id`) ON DELETE CASCADE ON UPDATE CASCADE,
  CONSTRAINT `teacher_subjects_ibfk_2` FOREIGN KEY (`subject_id`) REFERENCES `subjects` (`subject_id`) ON DELETE CASCADE ON UPDATE CASCADE
) ENGINE=InnoDB AUTO_INCREMENT=942 DEFAULT CHARSET=utf8mb4 COLLATE=utf8mb4_spanish_ci;

--
-- Dumping data for table `teacher_subjects`
--

INSERT INTO `teacher_subjects` VALUES (488,120,1885,879,'2024-12-18 09:21:45','2024-12-18 09:21:45',NULL),(489,120,1885,880,'2024-12-18 09:22:08','2024-12-18 09:22:08',NULL),(490,120,1885,881,'2024-12-18 09:22:32','2024-12-18 09:22:32',NULL),(491,17,1708,874,'2024-12-18 09:51:35','2024-12-18 09:51:35',NULL),(492,109,1644,872,'2024-12-18 09:51:55','2024-12-18 09:51:55',NULL),(493,109,1658,873,'2024-12-18 09:52:21','2024-12-18 09:52:21',NULL),(494,17,1708,875,'2024-12-18 09:52:23','2024-12-18 09:52:23',NULL),(495,17,1712,875,'2024-12-18 09:52:57','2024-12-18 09:52:57',NULL),(496,106,1917,904,'2024-12-18 09:54:38','2024-12-18 09:54:38',NULL),(497,106,1917,905,'2024-12-18 09:55:07','2024-12-18 09:55:07',NULL),(498,106,1917,906,'2024-12-18 09:55:21','2024-12-18 09:55:21',NULL),(499,106,1917,907,'2024-12-18 09:56:06','2024-12-18 09:56:06',NULL),(500,106,1917,908,'2024-12-18 09:56:22','2024-12-18 09:56:22',NULL),(501,132,1887,879,'2024-12-18 09:56:43','2024-12-18 09:56:43',NULL),(502,132,2018,882,'2024-12-18 09:57:04','2024-12-18 09:57:04',NULL),(503,132,2019,882,'2024-12-18 09:57:28','2024-12-18 09:57:28',NULL),(504,132,2018,883,'2024-12-18 09:57:49','2024-12-18 09:57:49',NULL),(505,42,1886,879,'2024-12-18 09:59:13','2024-12-18 09:59:13',NULL),(506,42,2017,882,'2024-12-18 09:59:31','2024-12-18 09:59:31',NULL),(507,125,1951,904,'2024-12-18 09:59:47','2024-12-18 09:59:47',NULL),(508,42,2017,883,'2024-12-18 09:59:57','2024-12-18 09:59:57',NULL),(509,125,1951,906,'2024-12-18 10:00:11','2024-12-18 10:00:11',NULL),(510,125,2023,912,'2024-12-18 10:00:38','2024-12-18 10:00:38',NULL),(511,125,2023,913,'2024-12-18 10:01:00','2024-12-18 10:01:00',NULL),(512,125,2023,914,'2024-12-18 10:01:28','2024-12-18 10:01:28',NULL),(513,125,1951,909,'2024-12-18 10:02:19','2024-12-18 10:02:19',NULL),(514,78,1922,929,'2024-12-18 10:03:32','2024-12-18 10:03:32',NULL),(515,78,1922,930,'2024-12-18 10:04:40','2024-12-18 10:04:40',NULL),(516,98,1769,905,'2024-12-18 10:05:02','2024-12-18 10:05:02',NULL),(517,2,1683,882,'2024-12-18 10:05:11','2024-12-18 10:05:11',NULL),(518,98,1769,906,'2024-12-18 10:05:29','2024-12-18 10:05:29',NULL),(519,2,1683,883,'2024-12-18 10:05:31','2024-12-18 10:05:31',NULL),(520,2,1823,878,'2024-12-18 10:06:08','2024-12-18 10:06:08',NULL),(521,98,1769,907,'2024-12-18 10:06:11','2024-12-18 10:06:11',NULL),(522,98,1769,909,'2024-12-18 10:06:30','2024-12-18 10:06:30',NULL),(524,78,1849,922,'2024-12-18 10:07:32','2024-12-18 10:07:32',NULL),(525,78,1807,920,'2024-12-18 10:08:11','2024-12-18 10:08:11',NULL),(526,32,1769,904,'2024-12-18 10:09:41','2024-12-18 10:09:41',NULL),(527,32,1769,908,'2024-12-18 10:09:55','2024-12-18 10:09:55',NULL),(528,32,1954,905,'2024-12-18 10:10:52','2024-12-18 10:10:52',NULL),(529,32,1954,906,'2024-12-18 10:11:08','2024-12-18 10:11:08',NULL),(530,32,1954,907,'2024-12-18 10:11:40','2024-12-18 10:11:40',NULL),(531,130,1715,887,'2024-12-18 10:11:51','2024-12-18 10:11:51',NULL),(532,32,1954,909,'2024-12-18 10:11:59','2024-12-18 10:11:59',NULL),(534,150,1910,926,'2024-12-18 10:12:52','2024-12-18 10:12:52',NULL),(535,150,1902,926,'2024-12-18 10:13:08','2024-12-18 10:13:08',NULL),(536,150,1910,927,'2024-12-18 10:13:26','2024-12-18 10:13:26',NULL),(537,150,1902,927,'2024-12-18 10:13:42','2024-12-18 10:13:42',NULL),(538,130,1730,890,'2024-12-18 10:16:21','2024-12-18 10:16:21',NULL),(539,130,1739,891,'2024-12-18 10:16:50','2024-12-18 10:16:50',NULL),(540,130,2166,884,'2024-12-18 10:17:59','2024-12-18 10:17:59',NULL),(541,97,1721,900,'2024-12-18 10:18:02','2024-12-18 10:18:02',NULL),(542,97,1721,901,'2024-12-18 10:18:26','2024-12-18 10:18:26',NULL),(543,97,1833,903,'2024-12-18 10:18:46','2024-12-18 10:18:46',NULL),(544,18,1719,887,'2024-12-18 10:19:46','2024-12-18 10:19:46',NULL),(545,18,1911,890,'2024-12-18 10:20:33','2024-12-18 10:20:33',NULL),(546,38,1907,926,'2024-12-18 10:20:46','2024-12-18 10:20:46',NULL),(547,38,1907,927,'2024-12-18 10:21:10','2024-12-18 10:21:10',NULL),(548,18,2030,891,'2024-12-18 10:21:11','2024-12-18 10:21:11',NULL),(549,123,1721,896,'2024-12-18 10:22:12','2024-12-18 10:22:12',NULL),(550,123,1721,898,'2024-12-18 10:22:26','2024-12-18 10:22:26',NULL),(551,38,1831,920,'2024-12-18 10:22:48','2024-12-18 10:22:48',NULL),(552,123,2126,917,'2024-12-18 10:22:49','2024-12-18 10:22:49',NULL),(553,38,1831,921,'2024-12-18 10:23:48','2024-12-18 10:23:48',NULL),(554,122,1830,903,'2024-12-18 10:24:29','2024-12-18 10:24:29',NULL),(555,122,1952,904,'2024-12-18 10:25:05','2024-12-18 10:25:05',NULL),(556,99,2047,945,'2024-12-18 10:25:17','2024-12-18 10:25:17',NULL),(557,122,1952,907,'2024-12-18 10:25:26','2024-12-18 10:25:26',NULL),(558,99,2047,946,'2024-12-18 10:27:31','2024-12-18 10:27:31',NULL),(559,99,2047,947,'2024-12-18 10:27:58','2024-12-18 10:27:58',NULL),(560,7,1743,924,'2024-12-18 10:27:59','2024-12-18 10:27:59',NULL),(561,7,1743,925,'2024-12-18 10:28:20','2024-12-18 10:28:20',NULL),(562,106,1694,872,'2024-12-18 10:31:01','2024-12-18 10:31:01',NULL),(563,99,2005,943,'2024-12-18 10:32:10','2024-12-18 10:32:10',NULL),(564,142,1832,903,'2024-12-18 10:33:12','2024-12-18 10:33:12',NULL),(565,142,1721,894,'2024-12-18 10:34:08','2024-12-18 10:34:08',NULL),(566,39,1931,931,'2024-12-18 10:34:14','2024-12-18 10:34:14',NULL),(567,39,1903,926,'2024-12-18 10:34:45','2024-12-18 10:34:45',NULL),(568,7,1737,918,'2024-12-18 10:35:07','2024-12-18 10:35:07',NULL),(569,39,1903,927,'2024-12-18 10:35:10','2024-12-18 10:35:10',NULL),(570,142,1951,905,'2024-12-18 10:35:16','2024-12-18 10:35:16',NULL),(571,39,2148,931,'2024-12-18 10:36:32','2024-12-18 10:36:32',NULL),(572,18,2031,891,'2024-12-18 10:36:45','2024-12-18 10:36:45',NULL),(573,7,1929,926,'2024-12-18 10:38:20','2024-12-18 10:38:20',NULL),(574,99,2003,952,'2024-12-18 10:38:26','2024-12-18 10:38:26',NULL),(575,44,1725,894,'2024-12-18 10:38:48','2024-12-18 10:38:48',NULL),(576,7,1929,927,'2024-12-18 10:39:00','2024-12-18 10:39:00',NULL),(577,44,1725,897,'2024-12-18 10:39:39','2024-12-18 10:39:39',NULL),(578,44,1954,904,'2024-12-18 10:40:04','2024-12-18 10:40:04',NULL),(582,131,1821,920,'2024-12-18 10:46:52','2024-12-18 10:46:52',NULL),(583,131,1923,920,'2024-12-18 10:46:52','2024-12-18 10:46:52',NULL),(584,131,1821,921,'2024-12-18 10:47:22','2024-12-18 10:47:22',NULL),(585,131,1923,921,'2024-12-18 10:49:33','2024-12-18 10:49:33',NULL),(586,18,1913,890,'2024-12-18 10:49:47','2024-12-18 10:49:47',NULL),(587,131,2144,923,'2024-12-18 10:50:12','2024-12-18 10:50:12',NULL),(588,18,1914,890,'2024-12-18 10:50:42','2024-12-18 10:50:42',NULL),(589,101,1934,926,'2024-12-18 10:52:44','2024-12-18 10:52:44',NULL),(590,101,1934,927,'2024-12-18 10:52:57','2024-12-18 10:52:57',NULL),(591,9,1725,900,'2024-12-18 10:53:42','2024-12-18 10:53:42',NULL),(592,9,1725,901,'2024-12-18 10:53:56','2024-12-18 10:53:56',NULL),(593,9,1954,908,'2024-12-18 10:54:23','2024-12-18 10:54:23',NULL),(594,89,1719,888,'2024-12-18 10:56:06','2024-12-18 10:56:06',NULL),(595,101,1742,924,'2024-12-18 10:56:40','2024-12-18 10:56:40',NULL),(597,89,1901,889,'2024-12-18 10:58:00','2024-12-18 10:58:00',NULL),(598,95,2122,917,'2024-12-18 10:58:03','2024-12-18 10:58:03',NULL),(599,95,1829,903,'2024-12-18 10:58:22','2024-12-18 10:58:22',NULL),(600,89,1912,890,'2024-12-18 10:58:23','2024-12-18 10:58:23',NULL),(601,89,2030,892,'2024-12-18 10:58:42','2024-12-18 10:58:42',NULL),(602,76,2153,953,'2024-12-18 10:59:22','2024-12-18 10:59:22',NULL),(603,76,1950,944,'2024-12-18 10:59:45','2024-12-18 10:59:45',NULL),(604,101,1742,925,'2024-12-18 11:00:53','2024-12-18 11:00:53',NULL),(605,95,1917,909,'2024-12-18 11:01:02','2024-12-18 11:01:02',NULL),(606,89,2031,892,'2024-12-18 11:01:13','2024-12-18 11:01:13',NULL),(607,2,2019,883,'2024-12-18 11:01:48','2024-12-18 11:01:48',NULL),(608,95,2023,915,'2024-12-18 11:02:14','2024-12-18 11:02:14',NULL),(609,95,1975,911,'2024-12-18 11:04:20','2024-12-18 11:04:20',NULL),(610,89,1906,889,'2024-12-18 11:04:47','2024-12-18 11:04:47',NULL),(611,60,1972,935,'2024-12-18 11:06:26','2024-12-18 11:06:26',NULL),(612,60,1972,936,'2024-12-18 11:06:46','2024-12-18 11:06:46',NULL),(613,95,1951,907,'2024-12-18 11:06:47','2024-12-18 11:06:47',NULL),(614,60,1972,937,'2024-12-18 11:07:02','2024-12-18 11:07:02',NULL),(615,76,1942,958,'2024-12-18 11:07:03','2024-12-18 11:07:03',NULL),(617,56,1706,887,'2024-12-18 11:07:24','2024-12-18 11:07:24',NULL),(618,60,2013,940,'2024-12-18 11:07:52','2024-12-18 11:07:52',NULL),(619,136,2086,961,'2024-12-18 11:07:52','2024-12-18 11:07:52',NULL),(620,56,2029,891,'2024-12-18 11:08:17','2024-12-18 11:08:17',NULL),(621,136,2086,962,'2024-12-18 11:08:18','2024-12-18 11:08:18',NULL),(622,60,2013,939,'2024-12-18 11:08:37','2024-12-18 11:08:37',NULL),(623,60,2013,941,'2024-12-18 11:10:12','2024-12-18 11:10:12',NULL),(624,76,1945,958,'2024-12-18 11:11:08','2024-12-18 11:11:08',NULL),(625,94,1796,918,'2024-12-18 11:11:49','2024-12-18 11:11:49',NULL),(626,94,1735,918,'2024-12-18 11:11:49','2024-12-18 11:11:49',NULL),(627,94,1796,919,'2024-12-18 11:12:19','2024-12-18 11:12:19',NULL),(628,94,1735,919,'2024-12-18 11:12:19','2024-12-18 11:12:19',NULL),(629,19,1721,895,'2024-12-18 11:12:44','2024-12-18 11:12:44',NULL),(630,19,2024,912,'2024-12-18 11:13:04','2024-12-18 11:13:04',NULL),(631,19,2024,913,'2024-12-18 11:13:18','2024-12-18 11:13:18',NULL),(632,134,1877,935,'2024-12-18 11:15:51','2024-12-18 11:15:51',NULL),(633,134,1877,936,'2024-12-18 11:16:06','2024-12-18 11:16:06',NULL),(634,134,2000,938,'2024-12-18 11:16:24','2024-12-18 11:16:24',NULL),(635,134,2012,939,'2024-12-18 11:16:45','2024-12-18 11:16:45',NULL),(636,134,2012,940,'2024-12-18 11:17:09','2024-12-18 11:17:09',NULL),(637,134,2109,942,'2024-12-18 11:17:33','2024-12-18 11:17:33',NULL),(638,10,1952,908,'2024-12-18 11:17:34','2024-12-18 11:17:34',NULL),(639,10,1952,909,'2024-12-18 11:17:52','2024-12-18 11:17:52',NULL),(640,10,2125,917,'2024-12-18 11:18:29','2024-12-18 11:18:29',NULL),(641,11,1925,929,'2024-12-18 11:19:06','2024-12-18 11:19:06',NULL),(642,11,1925,930,'2024-12-18 11:19:21','2024-12-18 11:19:21',NULL),(643,90,1702,932,'2024-12-18 11:19:24','2024-12-18 11:19:24',NULL),(644,82,1955,905,'2024-12-18 11:19:39','2024-12-18 11:19:39',NULL),(645,90,1702,934,'2024-12-18 11:19:42','2024-12-18 11:19:42',NULL),(646,82,1955,906,'2024-12-18 11:19:52','2024-12-18 11:19:52',NULL),(647,90,1999,935,'2024-12-18 11:19:58','2024-12-18 11:19:58',NULL),(648,136,1804,954,'2024-12-18 11:20:03','2024-12-18 11:20:03',NULL),(649,90,1999,936,'2024-12-18 11:20:12','2024-12-18 11:20:12',NULL),(650,82,1955,907,'2024-12-18 11:20:12','2024-12-18 11:20:12',NULL),(651,90,2110,942,'2024-12-18 11:20:26','2024-12-18 11:20:26',NULL),(652,11,1921,928,'2024-12-18 11:20:30','2024-12-18 11:20:30',NULL),(653,82,1757,894,'2024-12-18 11:21:13','2024-12-18 11:21:13',NULL),(654,82,1918,904,'2024-12-18 11:21:39','2024-12-18 11:21:39',NULL),(655,11,1880,924,'2024-12-18 11:22:54','2024-12-18 11:22:54',NULL),(656,67,1986,935,'2024-12-18 11:23:27','2024-12-18 11:23:27',NULL),(657,67,1986,936,'2024-12-18 11:23:47','2024-12-18 11:23:47',NULL),(658,56,2165,884,'2024-12-18 11:24:01','2024-12-18 11:24:01',NULL),(659,56,1706,888,'2024-12-18 11:24:36','2024-12-18 11:24:36',NULL),(660,56,2029,892,'2024-12-18 11:25:29','2024-12-18 11:25:29',NULL),(661,67,1686,885,'2024-12-18 11:29:23','2024-12-18 11:29:23',NULL),(663,155,2051,945,'2024-12-18 11:30:15','2024-12-18 11:30:15',NULL),(664,155,2051,946,'2024-12-18 11:30:36','2024-12-18 11:30:36',NULL),(665,67,1686,886,'2024-12-18 11:31:13','2024-12-18 11:31:13',NULL),(666,155,2051,947,'2024-12-18 11:31:29','2024-12-18 11:31:29',NULL),(667,136,1804,955,'2024-12-18 11:33:15','2024-12-18 11:33:15',NULL),(668,14,1736,918,'2024-12-18 11:33:22','2024-12-18 11:33:22',NULL),(669,14,2041,922,'2024-12-18 11:35:00','2024-12-18 11:35:00',NULL),(670,155,2039,943,'2024-12-18 11:36:03','2024-12-18 11:36:03',NULL),(671,155,1984,944,'2024-12-18 11:36:25','2024-12-18 11:36:25',NULL),(672,140,2085,962,'2024-12-18 11:37:07','2024-12-18 11:37:07',NULL),(673,14,2046,929,'2024-12-18 11:37:38','2024-12-18 11:37:38',NULL),(674,14,2046,930,'2024-12-18 11:38:17','2024-12-18 11:38:17',NULL),(675,108,1956,935,'2024-12-18 11:38:46','2024-12-18 11:38:46',NULL),(676,108,1956,936,'2024-12-18 11:39:01','2024-12-18 11:39:01',NULL),(677,108,1960,938,'2024-12-18 11:39:18','2024-12-18 11:39:18',NULL),(678,108,2107,942,'2024-12-18 11:39:44','2024-12-18 11:39:44',NULL),(679,108,1941,934,'2024-12-18 11:40:05','2024-12-18 11:40:05',NULL),(680,108,1871,873,'2024-12-18 11:42:40','2024-12-18 11:42:40',NULL),(681,104,2139,964,'2024-12-18 11:42:52','2024-12-18 11:42:52',NULL),(682,104,2135,964,'2024-12-18 11:42:52','2024-12-18 11:42:52',NULL),(683,104,2139,963,'2024-12-18 11:43:23','2024-12-18 11:43:23',NULL),(684,104,1948,944,'2024-12-18 11:43:48','2024-12-18 11:43:48',NULL),(685,104,1987,952,'2024-12-18 11:44:47','2024-12-18 11:44:47',NULL),(686,109,1806,954,'2024-12-18 11:46:22','2024-12-18 11:46:22',NULL),(687,109,2028,945,'2024-12-18 11:46:59','2024-12-18 11:46:59',NULL),(689,124,1744,925,'2024-12-18 11:47:38','2024-12-18 11:47:38',NULL),(690,95,1872,873,'2024-12-18 11:47:49','2024-12-18 11:47:49',NULL),(691,95,1696,872,'2024-12-18 11:49:24','2024-12-18 11:49:24',NULL),(692,86,1958,935,'2024-12-18 11:50:07','2024-12-18 11:50:07',NULL),(693,22,1744,924,'2024-12-18 11:52:11','2024-12-18 11:52:11',NULL),(694,81,1939,932,'2024-12-18 11:55:11','2024-12-18 11:55:11',NULL),(695,81,1939,933,'2024-12-18 11:55:31','2024-12-18 11:55:31',NULL),(696,81,1939,934,'2024-12-18 11:55:48','2024-12-18 11:55:48',NULL),(697,81,1958,936,'2024-12-18 11:56:08','2024-12-18 11:56:08',NULL),(698,81,1959,938,'2024-12-18 11:56:26','2024-12-18 11:56:26',NULL),(699,53,2045,945,'2024-12-18 11:59:51','2024-12-18 11:59:51',NULL),(700,53,2045,946,'2024-12-18 12:00:09','2024-12-18 12:00:09',NULL),(701,53,2045,947,'2024-12-18 12:00:47','2024-12-18 12:00:47',NULL),(702,53,1946,958,'2024-12-18 12:01:34','2024-12-18 12:01:34',NULL),(703,77,2128,963,'2024-12-18 12:11:12','2024-12-18 12:11:12',NULL),(704,77,2128,964,'2024-12-18 12:11:34','2024-12-18 12:11:34',NULL),(705,149,2011,939,'2024-12-18 12:12:46','2024-12-18 12:12:46',NULL),(706,149,2011,940,'2024-12-18 12:13:08','2024-12-18 12:13:08',NULL),(707,77,2174,957,'2024-12-18 12:13:15','2024-12-18 12:13:15',NULL),(708,77,1947,958,'2024-12-18 12:13:50','2024-12-18 12:13:50',NULL),(709,77,1861,956,'2024-12-18 12:14:15','2024-12-18 12:14:15',NULL),(711,139,2085,961,'2024-12-18 12:23:44','2024-12-18 12:23:44',NULL),(712,139,2158,954,'2024-12-18 12:24:03','2024-12-18 12:24:03',NULL),(713,139,2158,955,'2024-12-18 12:24:18','2024-12-18 12:24:18',NULL),(714,139,1858,956,'2024-12-18 12:24:34','2024-12-18 12:24:34',NULL),(715,149,1705,932,'2024-12-18 12:32:32','2024-12-18 12:32:32',NULL),(716,149,1705,933,'2024-12-18 12:32:52','2024-12-18 12:32:52',NULL),(717,149,1705,934,'2024-12-18 12:33:09','2024-12-18 12:33:09',NULL),(718,33,2129,963,'2024-12-18 12:38:22','2024-12-18 12:38:22',NULL),(719,33,2129,964,'2024-12-18 12:38:38','2024-12-18 12:38:38',NULL),(720,33,1860,956,'2024-12-18 12:39:09','2024-12-18 12:39:09',NULL),(721,33,2173,957,'2024-12-18 12:39:33','2024-12-18 12:39:33',NULL),(722,21,1941,932,'2024-12-18 12:44:08','2024-12-18 12:44:08',NULL),(723,21,1941,933,'2024-12-18 12:44:21','2024-12-18 12:44:21',NULL),(724,21,2014,939,'2024-12-18 12:44:38','2024-12-18 12:44:38',NULL),(725,21,2014,940,'2024-12-18 12:44:54','2024-12-18 12:44:54',NULL),(726,21,2108,942,'2024-12-18 12:45:07','2024-12-18 12:45:07',NULL),(727,149,1671,893,'2024-12-18 12:46:37','2024-12-18 12:46:37',NULL),(728,167,2067,948,'2024-12-18 13:13:18','2024-12-18 13:13:18',NULL),(729,167,2135,963,'2024-12-18 13:14:33','2024-12-18 13:14:33',NULL),(730,167,1754,954,'2024-12-18 13:15:06','2024-12-18 13:15:06',NULL),(731,93,1943,958,'2024-12-18 13:17:56','2024-12-18 13:17:56',NULL),(732,93,2172,957,'2024-12-18 13:18:20','2024-12-18 13:18:20',NULL),(733,93,2060,948,'2024-12-18 13:19:15','2024-12-18 13:19:15',NULL),(734,28,2055,948,'2024-12-18 13:34:45','2024-12-18 13:34:45',NULL),(735,28,2077,948,'2024-12-18 13:35:09','2024-12-18 13:35:09',NULL),(736,28,1989,952,'2024-12-18 13:36:27','2024-12-18 13:36:27',NULL),(737,12,2097,961,'2024-12-18 13:36:50','2024-12-18 13:36:50',NULL),(738,74,1962,938,'2024-12-18 13:37:06','2024-12-18 13:37:06',NULL),(739,12,2097,962,'2024-12-18 13:37:06','2024-12-18 13:37:06',NULL),(740,12,2140,963,'2024-12-18 13:37:59','2024-12-18 13:37:59',NULL),(741,12,2140,964,'2024-12-18 13:38:20','2024-12-18 13:38:20',NULL),(742,74,1704,932,'2024-12-18 13:38:47','2024-12-18 13:38:47',NULL),(743,28,2083,961,'2024-12-18 13:38:49','2024-12-18 13:38:49',NULL),(744,74,1704,933,'2024-12-18 13:39:09','2024-12-18 13:39:09',NULL),(745,74,1704,934,'2024-12-18 13:39:28','2024-12-18 13:39:28',NULL),(746,55,1727,885,'2024-12-19 10:19:10','2024-12-19 10:19:10',NULL),(747,55,1727,886,'2024-12-19 10:20:03','2024-12-19 10:20:03',NULL),(748,88,1703,932,'2024-12-19 10:31:44','2024-12-19 10:31:44',NULL),(749,88,1703,933,'2024-12-19 10:32:06','2024-12-19 10:32:06',NULL),(750,88,2006,940,'2024-12-19 10:32:24','2024-12-19 10:32:24',NULL),(751,12,1698,872,'2024-12-19 10:37:25','2024-12-19 10:37:25',NULL),(756,31,2161,884,'2024-12-19 10:50:19','2024-12-19 10:50:19',NULL),(757,31,1909,890,'2024-12-19 10:50:50','2024-12-19 10:50:50',NULL),(759,31,1714,887,'2024-12-19 11:00:00','2024-12-19 11:00:00',NULL),(761,31,2027,946,'2024-12-19 11:01:18','2024-12-19 11:01:18',NULL),(763,8,1924,921,'2024-12-19 11:05:42','2024-12-19 11:05:42',NULL),(764,8,2146,923,'2024-12-19 11:06:12','2024-12-19 11:06:12',NULL),(765,8,2142,923,'2024-12-19 11:06:12','2024-12-19 11:06:12',NULL),(766,8,1807,921,'2024-12-19 11:07:05','2024-12-19 11:07:05',NULL),(767,31,2027,945,'2024-12-19 11:12:14','2024-12-19 11:12:14',NULL),(768,31,2040,961,'2024-12-19 11:13:03','2024-12-19 11:13:03',NULL),(769,145,2056,948,'2024-12-19 11:20:20','2024-12-19 11:20:20',NULL),(770,41,1738,918,'2024-12-19 11:20:44','2024-12-19 11:20:44',NULL),(771,145,2088,961,'2024-12-19 11:20:49','2024-12-19 11:20:49',NULL),(773,41,1738,919,'2024-12-19 11:21:17','2024-12-19 11:21:17',NULL),(774,41,1839,920,'2024-12-19 11:21:47','2024-12-19 11:21:47',NULL),(775,41,1926,920,'2024-12-19 11:21:47','2024-12-19 11:21:47',NULL),(776,145,2088,962,'2024-12-19 11:21:56','2024-12-19 11:21:56',NULL),(777,145,2084,962,'2024-12-19 11:22:14','2024-12-19 11:22:14',NULL),(778,145,2170,957,'2024-12-19 11:22:59','2024-12-19 11:22:59',NULL),(779,41,1746,924,'2024-12-19 11:23:46','2024-12-19 11:23:46',NULL),(780,41,1915,926,'2024-12-19 11:24:13','2024-12-19 11:24:13',NULL),(781,41,1915,927,'2024-12-19 11:24:31','2024-12-19 11:24:31',NULL),(783,158,1774,904,'2024-12-19 11:40:23','2024-12-19 11:40:23',NULL),(784,158,1774,905,'2024-12-19 11:40:44','2024-12-19 11:40:44',NULL),(785,158,1774,906,'2024-12-19 11:41:02','2024-12-19 11:41:02',NULL),(786,158,1774,907,'2024-12-19 11:41:32','2024-12-19 11:41:32',NULL),(787,158,1668,893,'2024-12-19 11:44:53','2024-12-19 11:44:53',NULL),(788,158,1724,894,'2024-12-19 11:45:12','2024-12-19 11:45:12',NULL),(789,158,1724,895,'2024-12-19 11:48:52','2024-12-19 11:48:52',NULL),(790,138,2028,946,'2024-12-19 11:55:12','2024-12-19 11:55:12',NULL),(791,138,2028,947,'2024-12-19 11:55:35','2024-12-19 11:55:35',NULL),(792,138,2078,948,'2024-12-19 11:55:54','2024-12-19 11:55:54',NULL),(794,65,1952,905,'2024-12-19 11:57:17','2024-12-19 11:57:17',NULL),(795,65,1952,906,'2024-12-19 11:57:31','2024-12-19 11:57:31',NULL),(796,5,1657,873,'2024-12-19 11:57:35','2024-12-19 11:57:35',NULL),(797,5,1870,873,'2024-12-19 11:57:35','2024-12-19 11:57:35',NULL),(798,5,1723,894,'2024-12-19 11:58:37','2024-12-19 11:58:37',NULL),(799,5,1723,895,'2024-12-19 11:59:10','2024-12-19 11:59:10',NULL),(800,5,1723,896,'2024-12-19 11:59:26','2024-12-19 11:59:26',NULL),(801,5,1723,897,'2024-12-19 11:59:41','2024-12-19 11:59:41',NULL),(802,159,1714,888,'2024-12-19 12:00:59','2024-12-19 12:00:59',NULL),(803,159,1900,889,'2024-12-19 12:01:36','2024-12-19 12:01:36',NULL),(804,159,1734,892,'2024-12-19 12:01:57','2024-12-19 12:01:57',NULL),(805,138,1711,874,'2024-12-19 12:02:24','2024-12-19 12:02:24',NULL),(806,138,1711,875,'2024-12-19 12:03:02','2024-12-19 12:03:02',NULL),(807,159,1755,876,'2024-12-19 12:08:06','2024-12-19 12:08:06',NULL),(808,159,1755,877,'2024-12-19 12:08:27','2024-12-19 12:08:27',NULL),(809,159,1673,878,'2024-12-19 12:09:09','2024-12-19 12:09:09',NULL),(810,4,1997,928,'2024-12-19 12:19:15','2024-12-19 12:19:15',NULL),(811,147,1919,928,'2024-12-19 12:20:23','2024-12-19 12:20:23',NULL),(812,4,2155,954,'2024-12-19 12:20:43','2024-12-19 12:20:43',NULL),(813,147,2150,931,'2024-12-19 12:20:44','2024-12-19 12:20:44',NULL),(815,4,1689,953,'2024-12-19 12:21:45','2024-12-19 12:21:45',NULL),(816,4,1957,938,'2024-12-19 12:27:03','2024-12-19 12:27:03',NULL),(817,85,1691,953,'2024-12-19 12:27:10','2024-12-19 12:27:10',NULL),(818,4,2006,939,'2024-12-19 12:27:18','2024-12-19 12:27:18',NULL),(819,85,2054,948,'2024-12-19 12:27:34','2024-12-19 12:27:34',NULL),(820,4,1734,891,'2024-12-19 12:27:39','2024-12-19 12:27:39',NULL),(821,62,1724,898,'2024-12-19 12:27:39','2024-12-19 12:27:39',NULL),(822,62,1724,899,'2024-12-19 12:27:57','2024-12-19 12:27:57',NULL),(823,62,1724,900,'2024-12-19 12:28:28','2024-12-19 12:28:28',NULL),(824,85,2171,957,'2024-12-19 12:29:29','2024-12-19 12:29:29',NULL),(825,85,2136,963,'2024-12-19 12:29:58','2024-12-19 12:29:58',NULL),(826,85,2169,957,'2024-12-19 12:32:19','2024-12-19 12:32:19',NULL),(827,62,1826,878,'2024-12-19 12:35:49','2024-12-19 12:35:49',NULL),(828,6,1774,908,'2024-12-19 12:38:16','2024-12-19 12:38:16',NULL),(829,6,1774,909,'2024-12-19 12:38:28','2024-12-19 12:38:28',NULL),(830,6,1680,881,'2024-12-19 12:42:34','2024-12-19 12:42:34',NULL),(831,46,1725,896,'2024-12-19 12:45:13','2024-12-19 12:45:13',NULL),(832,46,1725,902,'2024-12-19 12:45:39','2024-12-19 12:45:39',NULL),(833,46,1725,895,'2024-12-19 12:47:29','2024-12-19 12:47:29',NULL),(834,6,1720,889,'2024-12-19 12:48:44','2024-12-19 12:48:44',NULL),(835,20,1680,879,'2024-12-19 12:57:18','2024-12-19 12:57:18',NULL),(836,20,1680,880,'2024-12-19 12:57:39','2024-12-19 12:57:39',NULL),(837,20,1733,890,'2024-12-19 12:59:21','2024-12-19 12:59:21',NULL),(838,20,1659,873,'2024-12-19 13:01:56','2024-12-19 13:01:56',NULL),(840,49,1806,955,'2024-12-19 13:10:53','2024-12-19 13:10:53',NULL),(841,49,1749,953,'2024-12-19 13:11:11','2024-12-19 13:11:11',NULL),(842,49,1746,925,'2024-12-19 13:13:48','2024-12-19 13:13:48',NULL),(843,49,1724,897,'2024-12-19 13:15:52','2024-12-19 13:15:52',NULL),(844,49,1724,901,'2024-12-19 13:16:10','2024-12-19 13:16:10',NULL),(845,49,1724,896,'2024-12-19 13:18:06','2024-12-19 13:18:06',NULL),(846,153,2164,884,'2024-12-19 13:26:49','2024-12-19 13:26:49',NULL),(847,153,1717,887,'2024-12-19 13:27:07','2024-12-19 13:27:07',NULL),(848,153,1717,888,'2024-12-19 13:27:30','2024-12-19 13:27:30',NULL),(849,145,2007,943,'2024-12-19 13:31:12','2024-12-19 13:31:12',NULL),(850,153,1883,936,'2024-12-19 13:32:12','2024-12-19 13:32:12',NULL),(851,153,1883,935,'2024-12-19 13:33:11','2024-12-19 13:33:11',NULL),(852,153,1839,921,'2024-12-19 13:36:25','2024-12-19 13:36:25',NULL),(853,115,1712,876,'2024-12-19 13:40:13','2024-12-19 13:40:13',NULL),(854,115,1712,877,'2024-12-19 13:40:29','2024-12-19 13:40:29',NULL),(855,133,1904,889,'2024-12-19 13:41:37','2024-12-19 13:41:37',NULL),(856,115,1886,881,'2024-12-19 13:43:40','2024-12-19 13:43:40',NULL),(857,115,1824,878,'2024-12-19 13:45:34','2024-12-19 13:45:34',NULL),(858,48,1998,928,'2024-12-19 13:51:22','2024-12-19 13:51:22',NULL),(859,85,1690,953,'2024-12-19 13:51:34','2024-12-19 13:51:34',NULL),(860,48,1745,924,'2024-12-19 13:51:47','2024-12-19 13:51:47',NULL),(861,48,1745,925,'2024-12-19 13:52:12','2024-12-19 13:52:12',NULL),(862,133,2015,939,'2024-12-19 13:53:53','2024-12-19 13:53:53',NULL),(863,133,2015,940,'2024-12-19 13:54:07','2024-12-19 13:54:07',NULL),(864,133,2015,941,'2024-12-19 13:54:25','2024-12-19 13:54:25',NULL),(865,48,1736,919,'2024-12-19 13:54:58','2024-12-19 13:54:58',NULL),(866,66,1646,872,'2024-12-19 14:08:34','2024-12-19 14:08:34',NULL),(867,52,1679,880,'2024-12-19 14:10:03','2024-12-19 14:10:03',NULL),(868,52,1679,879,'2024-12-19 14:10:19','2024-12-19 14:10:19',NULL),(869,52,1710,874,'2024-12-19 14:10:45','2024-12-19 14:10:45',NULL),(871,52,1710,875,'2024-12-19 14:11:00','2024-12-19 14:11:00',NULL),(872,85,2040,962,'2024-12-19 14:14:45','2024-12-19 14:14:45',NULL),(873,65,2025,912,'2024-12-19 14:15:21','2024-12-19 14:15:21',NULL),(874,65,2025,915,'2024-12-19 14:15:36','2024-12-19 14:15:36',NULL),(875,72,2145,956,'2024-12-19 14:15:48','2024-12-19 14:15:48',NULL),(878,72,2050,929,'2024-12-19 14:19:05','2024-12-19 14:19:05',NULL),(879,72,2050,930,'2024-12-19 14:20:54','2024-12-19 14:20:54',NULL),(880,66,1688,943,'2024-12-19 14:24:26','2024-12-19 14:24:26',NULL),(881,46,1666,893,'2024-12-19 14:25:48','2024-12-19 14:25:48',NULL),(882,46,1722,896,'2024-12-19 14:26:00','2024-12-19 14:26:00',NULL),(883,66,1805,945,'2024-12-19 14:26:08','2024-12-19 14:26:08',NULL),(884,66,1805,947,'2024-12-19 14:26:32','2024-12-19 14:26:32',NULL),(885,46,1722,894,'2024-12-19 14:26:38','2024-12-19 14:26:38',NULL),(886,48,1852,922,'2024-12-19 14:29:35','2024-12-19 14:29:35',NULL),(889,80,1822,878,'2024-12-19 14:36:30','2024-12-19 14:36:30',NULL),(890,80,2020,882,'2024-12-19 14:36:56','2024-12-19 14:36:56',NULL),(891,80,2020,883,'2024-12-19 14:37:18','2024-12-19 14:37:18',NULL),(892,102,1927,921,'2024-12-19 14:37:46','2024-12-19 14:37:46',NULL),(893,102,2141,923,'2024-12-19 14:38:07','2024-12-19 14:38:07',NULL),(894,102,1701,888,'2024-12-19 14:39:41','2024-12-19 14:39:41',NULL),(895,102,1908,889,'2024-12-19 14:42:54','2024-12-19 14:42:54',NULL),(896,102,2032,892,'2024-12-19 14:43:12','2024-12-19 14:43:12',NULL),(897,80,2112,942,'2024-12-19 14:46:12','2024-12-19 14:46:12',NULL),(898,80,1961,938,'2024-12-19 14:46:46','2024-12-19 14:46:46',NULL),(900,80,1862,956,'2024-12-19 14:47:31','2024-12-19 14:47:31',NULL),(902,31,1944,932,'2024-12-19 14:48:50','2024-12-19 14:48:50',NULL),(903,80,1926,921,'2024-12-19 14:51:33','2024-12-19 14:51:33',NULL),(904,133,2049,930,'2024-12-19 14:51:38','2024-12-19 14:51:38',NULL),(905,143,1835,903,'2024-12-19 14:53:55','2024-12-19 14:53:55',NULL),(906,66,1805,946,'2024-12-19 15:01:18','2024-12-19 15:01:18',NULL),(907,66,2052,963,'2024-12-19 15:02:16','2024-12-19 15:02:16',NULL),(908,143,1702,933,'2024-12-19 15:03:02','2024-12-19 15:03:02',NULL),(909,66,2052,964,'2024-12-19 15:03:14','2024-12-19 15:03:14',NULL),(910,143,1963,938,'2024-12-19 15:03:34','2024-12-19 15:03:34',NULL),(911,66,1857,948,'2024-12-19 15:07:38','2024-12-19 15:07:38',NULL),(912,143,2004,943,'2024-12-19 15:10:17','2024-12-19 15:10:17',NULL),(913,72,1928,926,'2024-12-19 15:10:45','2024-12-19 15:10:45',NULL),(914,72,1928,927,'2024-12-19 15:11:34','2024-12-19 15:11:34',NULL),(915,72,2002,928,'2024-12-19 15:13:01','2024-12-19 15:13:01',NULL),(917,158,1695,872,'2024-12-19 15:16:33','2024-12-19 15:16:33',NULL),(918,72,2105,954,'2024-12-19 15:16:58','2024-12-19 15:16:58',NULL),(919,4,2043,945,'2024-12-19 15:18:16','2024-12-19 15:18:16',NULL),(920,138,1711,876,'2024-12-19 15:20:50','2024-12-19 15:20:50',NULL),(921,138,1711,877,'2024-12-19 15:21:10','2024-12-19 15:21:10',NULL),(922,49,2049,929,'2024-12-19 15:32:25','2024-12-19 15:32:25',NULL),(923,102,1876,873,'2024-12-19 15:37:38','2024-12-19 15:37:38',NULL),(924,153,2152,931,'2024-12-19 15:38:58','2024-12-19 15:38:58',NULL),(925,102,2087,953,'2024-12-19 15:41:35','2024-12-19 15:41:35',NULL),(926,102,2105,955,'2024-12-19 15:41:56','2024-12-19 15:41:56',NULL),(927,80,2127,917,'2024-12-19 15:44:26','2024-12-19 15:44:26',NULL),(928,80,1874,873,'2024-12-19 15:45:16','2024-12-19 15:45:16',NULL),(929,122,1722,898,'2024-12-19 16:00:49','2024-12-19 16:00:49',NULL),(930,142,1722,899,'2024-12-19 16:05:12','2024-12-19 16:05:12',NULL),(931,172,1729,885,'2024-12-30 13:41:25','2024-12-30 13:41:25',NULL),(932,172,1731,885,'2024-12-30 13:41:25','2024-12-30 13:41:25',NULL),(933,172,1732,885,'2024-12-30 13:41:25','2024-12-30 13:41:25',NULL),(934,172,1729,886,'2024-12-30 13:41:49','2024-12-30 13:41:49',NULL),(935,172,1731,886,'2024-12-30 13:41:49','2024-12-30 13:41:49',NULL),(936,172,1732,886,'2024-12-30 13:41:49','2024-12-30 13:41:49',NULL),(939,72,1757,899,'2025-01-05 20:26:14','2025-01-05 20:26:14',NULL),(940,72,2026,915,'2025-01-05 20:27:06','2025-01-05 20:27:06',NULL),(941,143,2001,928,'2025-01-06 20:03:13','2025-01-06 20:03:13',NULL);

--
-- Table structure for table `teachers`
--

CREATE TABLE `teachers` (
  `teacher_id` int NOT NULL AUTO_INCREMENT,
  `teacher_name` varchar(100) CHARACTER SET utf8mb4 COLLATE utf8mb4_spanish_ci NOT NULL,
  `puesto` varchar(100) CHARACTER SET utf8mb4 COLLATE utf8mb4_spanish_ci DEFAULT NULL,
  `hours` int DEFAULT '0',
  `specialization_area` varchar(255) CHARACTER SET utf8mb4 COLLATE utf8mb4_spanish_ci DEFAULT NULL,
  `specialization_program_id` int DEFAULT NULL,
  `program_id` int DEFAULT NULL,
  `area` varchar(255) CHARACTER SET utf8mb4 COLLATE utf8mb4_spanish_ci DEFAULT NULL,
  `clasificacion` varchar(100) CHARACTER SET utf8mb4 COLLATE utf8mb4_spanish_ci DEFAULT NULL,
  `fyh_creacion` datetime DEFAULT NULL,
  `fyh_actualizacion` datetime DEFAULT NULL,
  `estado` varchar(11) CHARACTER SET utf8mb4 COLLATE utf8mb4_spanish_ci DEFAULT NULL,
  PRIMARY KEY (`teacher_id`),
  KEY `program_id` (`program_id`),
  KEY `specialization_program_id` (`specialization_program_id`),
  KEY `area` (`area`),
  CONSTRAINT `teachers_ibfk_1` FOREIGN KEY (`program_id`) REFERENCES `programs` (`program_id`),
  CONSTRAINT `teachers_ibfk_2` FOREIGN KEY (`specialization_program_id`) REFERENCES `programs` (`program_id`),
  CONSTRAINT `teachers_ibfk_3` FOREIGN KEY (`area`) REFERENCES `programs` (`area`) ON UPDATE CASCADE
) ENGINE=InnoDB AUTO_INCREMENT=173 DEFAULT CHARSET=utf8mb4 COLLATE=utf8mb4_spanish_ci;

--
-- Dumping data for table `teachers`
--

INSERT INTO `teachers` VALUES (2,'JESUS EDUARDO RODRÍGUEZ GUTIÉRREZ','PROFESOR DE ASIGNATURA B',20,NULL,NULL,NULL,NULL,'PTC','2024-11-21 01:15:50','2024-12-18 11:01:48','1'),(3,'MARCOS ENRIQUE PACHECO CEDEÑO','TÉCNICO ACADÉMICO C',0,NULL,NULL,NULL,'TI','PA','2024-11-21 01:15:50','2024-12-12 21:59:57','1'),(4,'MARINA JOSEFINA TAPIA MERLO','PROFESOR DE ASIGNATURA B',32,NULL,NULL,NULL,'MAI','PA','2024-11-21 01:15:50','2025-01-05 20:22:52','1'),(5,'ROCIO GONZALEZ SANCHEZ','PROFESOR DE ASIGNATURA B',20,NULL,NULL,NULL,'GST','PA','2024-11-21 01:15:50','2024-12-19 11:59:41','1'),(6,'ADRIAN BOLAÑOS LOPEZ','PROFESOR DE ASIGNATURA B',20,NULL,NULL,NULL,'DMI','PA','2024-11-21 01:15:50','2024-12-19 12:48:44','1'),(7,'JOSE GERARDO TORRES RENDON','PROFESOR TITULAR C',22,NULL,NULL,NULL,'MAI','PTC','2024-11-21 01:15:50','2024-12-18 10:39:00','1'),(8,'AGUSTIN DE LA TORRE TORRES','PROFESOR DE ASIGNATURA B',15,NULL,NULL,NULL,'MAI','PA','2024-11-21 01:15:50','2024-12-19 11:13:57','1'),(9,'DANIEL CONTRERAS ESTRADA','PROFESOR ASOCIADO C',18,NULL,NULL,NULL,'GST','PTC','2024-11-21 01:15:50','2024-12-18 10:54:23','1'),(10,'VICTOR HUGO GARCIA CAZARES','PROFESOR ASOCIADO C',20,NULL,NULL,NULL,'GST','PTC','2024-11-21 01:15:50','2024-12-18 11:18:29','1'),(11,'FRANCISCO JAVIER MAURICIO FUENTES','PROFESOR ASOCIADO C',20,NULL,NULL,NULL,'MAI','PTC','2024-11-21 01:15:50','2024-12-18 11:22:54','1'),(12,'JOAQUIN COLIN SOTO','PROFESOR TITULAR C',27,NULL,NULL,NULL,'TI','PTC','2024-11-21 01:15:50','2024-12-19 10:37:25','1'),(13,'MAGDA FERNANDA TORRES RENERO','PROFESOR DE ASIGNATURA B',0,NULL,NULL,NULL,NULL,'DETERMINADO','2024-11-21 01:15:50',NULL,'1'),(14,'DANTE GARCIA GARCIA','PROFESOR ASOCIADO C',18,NULL,NULL,NULL,'MAI','PTC','2024-11-21 01:15:50','2025-01-05 21:26:17','1'),(15,'EDGAR JONATHAN TALAVERA ZAMORA','PROFESOR DE ASIGNATURA B',0,NULL,NULL,NULL,NULL,'DETERMINADO','2024-11-21 01:15:50',NULL,'1'),(16,'SALVADOR ROJAS VILLANUEVA','TÉCNICO ACADÉMICO C',0,NULL,NULL,NULL,'QMBT','BIOTECNOLOGÍA','2024-11-21 01:15:50',NULL,'1'),(17,'ADRIANA CALDERON MARTINEZ','PROFESOR ASOCIADO C',18,NULL,NULL,NULL,'DMI','PTC','2024-11-21 01:15:50','2024-12-30 14:24:59','1'),(18,'MIGUEL BARRAGAN BUENO','PROFESOR TITULAR C',21,NULL,NULL,NULL,'ERV','PTC','2024-11-21 01:15:50','2025-01-05 21:29:11','1'),(19,'JAIME FABIAN GONZALEZ FIGUEROA','PROFESOR ASOCIADO C',20,NULL,NULL,NULL,'GST','PTC','2024-11-21 01:15:50','2024-12-18 11:13:18','1'),(20,'YOHATZIN LARA GOMEZ','PROFESOR DE ASIGNATURA B',20,NULL,NULL,NULL,NULL,'PA','2024-11-21 01:15:50','2024-12-19 13:01:56','1'),(21,'HOMERO SILVA NUÑEZ','PROFESOR ASOCIADO C',20,NULL,NULL,NULL,'QMBT','PTC','2024-11-21 01:15:50','2024-12-18 12:45:07','1'),(22,'EDGAR EDUARDO TAPIA SILVA','PROFESOR ASOCIADO C',3,NULL,NULL,NULL,'MAI','PTC','2024-11-21 01:15:50','2024-12-18 11:52:11','1'),(23,'CAROLINA CARRILLO LOPEZ','PROFESOR DE ASIGNATURA B',0,NULL,NULL,NULL,NULL,'PA','2024-11-21 01:15:50','2024-12-13 14:16:31','1'),(24,'ERIC BETANCOURT GASCA','TÉCNICO ACADÉMICO C',0,NULL,NULL,NULL,'TI','PA','2024-11-21 01:15:51','2024-12-13 13:41:44','1'),(25,'JOSE ARTURO MORALES TINOCO','TÉCNICO ACADÉMICO A',0,NULL,NULL,NULL,'MAI','TA','2024-11-21 01:15:51','2024-12-13 13:42:28','1'),(26,'HUMBERTO JECSAN LEON ACOSTA','PROFESOR DE ASIGNATURA B',0,NULL,NULL,NULL,NULL,'PTC','2024-11-21 01:15:51','2024-12-13 13:39:05','1'),(27,'JOSE ALFREDO GAMIÑO ORTIZ','PROFESOR DE ASIGNATURA B',0,NULL,NULL,NULL,NULL,'DETERMINADO','2024-11-21 01:15:51',NULL,'1'),(28,'GERARDO CHAVEZ HERNANDEZ','PROFESOR ASOCIADO C',14,NULL,NULL,NULL,'TI','PTC','2024-11-21 01:15:51','2025-01-06 19:38:22','1'),(29,'HEBER LEOPOLDO MANZO FERNANDEZ','PROFESOR ASOCIADO C',0,NULL,NULL,NULL,'GST','PTC','2024-11-21 01:15:51','2024-12-18 09:21:01','1'),(30,'CESAR ADRIAN GOMEZ CORREA','TÉCNICO ACADÉMICO A',0,NULL,NULL,NULL,'QMBT','TA','2024-11-21 01:15:51','2024-12-13 13:45:18','1'),(31,'JOSE ISRAEL RODRIGUEZ FLORES','PROFESOR DE ASIGNATURA B',37,NULL,NULL,NULL,'ERV','PA','2024-11-21 01:15:51','2024-12-19 15:46:36','1'),(32,'VICTOR MANUEL CHAVEZ OROZCO','PROFESOR ASOCIADO C',18,NULL,NULL,NULL,'GST','PTC','2024-11-21 01:15:51','2024-12-18 10:11:59','1'),(33,'MARIA DEL CARMEN SOLORIO RAYA','PROFESOR TITULAR A',19,NULL,NULL,NULL,'TI','PTC','2024-11-21 01:15:51','2024-12-18 12:39:33','1'),(34,'MARCO ANTONIO BELMAN ARGUELLO','PROFESOR DE ASIGNATURA B',0,NULL,NULL,NULL,NULL,'DETERMINADO','2024-11-21 01:15:51',NULL,'1'),(35,'JULIO DAMIAN ZUÑIGA RAMIREZ','PROFESOR DE ASIGNATURA B',0,NULL,NULL,NULL,NULL,'DETERMINADO','2024-11-21 01:15:51',NULL,'1'),(36,'ALMA NAYELY MERCADO GOMEZ','TÉCNICO ACADÉMICO A',0,NULL,NULL,NULL,'TI','SIGO','2024-11-21 01:15:51',NULL,'1'),(37,'FRIDA CAROLINA GUIDO GONZALEZ','PROFESOR DE ASIGNATURA B',0,NULL,NULL,NULL,'TI','INDETERMINADO','2024-11-21 01:15:51',NULL,'1'),(38,'JUAN CARLOS CAMPOS VILLAFUERTE','PROFESOR ASOCIADO C',20,NULL,NULL,NULL,'MAI','PTC','2024-11-21 01:15:51','2024-12-19 10:34:01','1'),(39,'JULIO CESAR HERNANDEZ RAMIREZ','PROFESOR TITULAR B',21,NULL,NULL,NULL,'MAI','PTC','2024-11-21 01:15:51','2025-01-05 20:20:25','1'),(40,'SALVADOR VAZQUEZ RANGEL','PROFESOR DE ASIGNATURA B',0,NULL,NULL,NULL,NULL,'DETERMINADO','2024-11-21 01:15:51',NULL,'1'),(41,'LAURA PEREZ PAZOS','PROFESOR DE ASIGNATURA B',30,NULL,NULL,NULL,'TI','PA','2024-11-21 01:15:51','2025-01-05 20:07:57','1'),(42,'GRISELDA YUNUEN VILLA GARCIA','PROFESOR ASOCIADO C',18,NULL,NULL,NULL,'DMI','PTC','2024-11-21 01:15:51','2024-12-30 14:27:06','1'),(43,'ERICK MOISÉS ZARCO MORALES','PROFESOR DE ASIGNATURA B',0,NULL,NULL,NULL,NULL,'DETERMINADO','2024-11-21 01:15:51',NULL,'1'),(44,'OSCAR VAZQUEZ GARCIA','PROFESOR ASOCIADO C',18,NULL,NULL,NULL,'GST','PTC','2024-11-21 01:15:51','2024-12-18 10:40:04','1'),(45,'JOSE FERNANDO LINARES FACIO','PROFESOR DE ASIGNATURA B',0,NULL,NULL,NULL,NULL,'DETERMINADO','2024-11-21 01:15:51',NULL,'1'),(46,'KARLA IVONNE RODRIGUEZ SOLORZANO','PROFESOR DE ASIGNATURA B',38,NULL,NULL,NULL,NULL,'PA','2024-11-21 01:15:51','2024-12-19 14:26:38','1'),(47,'GABRIEL GUZMAN RODRIGUEZ','PROFESOR DE ASIGNATURA B',0,NULL,NULL,NULL,NULL,'DETERMINADO','2024-11-21 01:15:51',NULL,'1'),(48,'EZEQUIEL FARIAS ARRIAGA','TÉCNICO ACADÉMICO A',27,NULL,NULL,NULL,'MAI','PA','2024-11-21 01:15:51','2024-12-19 14:29:35','1'),(49,'JUAN GHALEB SANCHEZ LOPEZ','PROFESOR DE ASIGNATURA B',25,NULL,NULL,NULL,'TI','PA','2024-11-21 01:15:51','2024-12-19 15:32:25','1'),(50,'ANGEL ABRAHAM GUTIERREZ GARCIA ROJAS','PROFESOR DE ASIGNATURA B',0,NULL,NULL,NULL,NULL,'DETERMINADO','2024-11-21 01:15:51',NULL,'1'),(51,'KARLA FERNANDA LOPEZ LAZARO','PROFESOR DE ASIGNATURA B',0,NULL,NULL,NULL,NULL,'TA','2024-11-21 01:15:51','2024-12-13 14:48:04','1'),(52,'MAGNOLIA GISELA CHAVEZ HERNANDEZ','PROFESOR DE ASIGNATURA B',16,NULL,NULL,NULL,'DMI','PA','2024-11-21 01:15:51','2024-12-19 14:11:00','1'),(53,'GRICELDA RODRIGUEZ ROBLEDO','PROFESOR TITULAR C',19,NULL,NULL,NULL,'TI','PTC','2024-11-21 01:15:51','2024-12-18 12:01:34','1'),(54,'ANGELICA CECILIA JIMENEZ ALVAREZ','TÉCNICO ACADÉMICO B',0,NULL,NULL,NULL,'DMI','TA','2024-11-21 01:15:51','2024-12-13 13:24:53','1'),(55,'YUNUHEN ANAYD ESTRADA BARRIGA','PROFESOR DE ASIGNATURA B',30,NULL,NULL,NULL,'TI','PA','2024-11-21 01:15:51','2024-12-19 10:20:03','1'),(56,'CARLOS FERNANDO LOPEZ BUCIO','PROFESOR ASOCIADO C',22,NULL,NULL,NULL,'ERV','PTC','2024-11-21 01:15:51','2024-12-18 11:25:29','1'),(57,'HECTOR RODRIGUEZ VARGAS','PROFESOR DE ASIGNATURA B',0,NULL,NULL,NULL,NULL,'PA','2024-11-21 01:15:51','2024-12-06 13:50:02','1'),(58,'FLORINDA RANGEL BETANCOURT','TÉCNICO ACADÉMICO A',0,NULL,NULL,NULL,'DMI','TA','2024-11-21 01:15:51','2024-12-13 13:27:44','1'),(59,'ISAIAS NEGRA JIMENEZ','PROFESOR ASOCIADO C',0,NULL,NULL,NULL,'QMBT','PTC','2024-11-21 01:15:51','2024-12-18 10:57:17','1'),(60,'DAVID GARCIA HERNANDEZ','PROFESOR TITULAR B',21,NULL,NULL,NULL,'QMBT','PTC','2024-11-21 01:15:51','2024-12-18 11:10:12','1'),(61,'EMANUEL LOPEZ MARTINEZ','PROFESOR DE ASIGNATURA B',0,NULL,NULL,NULL,NULL,'PA','2024-11-21 01:15:51','2024-12-13 13:39:16','1'),(62,'GIOVANNA CORTEZ MIRANDA','PROFESOR DE ASIGNATURA B',15,NULL,NULL,NULL,'TI','PA','2024-11-21 01:15:51','2025-01-06 15:39:19','1'),(63,'JUAN JOSE BERMUDEZ CAMILLE','PROFESOR DE ASIGNATURA B',0,NULL,NULL,NULL,NULL,'PA','2024-11-21 01:15:51','2024-12-06 12:06:56','1'),(64,'ELENA PÉREZ CAMPOS','PROFESOR DE ASIGNATURA B',0,NULL,NULL,NULL,NULL,'PA','2024-11-21 01:15:51','2024-12-06 12:34:58','1'),(65,'MACARIO AMBRIZ VALENCIA','PROFESOR DE ASIGNATURA B',32,NULL,NULL,NULL,NULL,'PA','2024-11-21 01:15:51','2025-01-05 20:03:45','1'),(66,'MARIA VERONICA ALVAREZ RIOS','PROFESOR DE ASIGNATURA B',37,NULL,NULL,NULL,'MEC','PA','2024-11-21 01:15:51','2024-12-19 15:07:38','1'),(67,'ANA PATRICIA OROZCO ORTIZ','PROFESOR ASOCIADO C',20,NULL,NULL,NULL,'QMBT','PTC','2024-11-21 01:15:51','2024-12-18 11:31:13','1'),(68,'TSITSIKI MARTINEZ HERNANDEZ','PROFESOR DE ASIGNATURA B',0,NULL,NULL,NULL,NULL,'PA','2024-11-21 01:15:51','2024-12-06 13:51:28','1'),(69,'ALBERTO GARDUÑO SALAZAR','TÉCNICO ACADÉMICO B',0,NULL,NULL,NULL,'TI','TA','2024-11-21 01:15:51','2024-12-13 13:40:59','1'),(70,'LUIS ALBERTO GUTIERREZ GARCIA','TÉCNICO ACADÉMICO C',0,NULL,NULL,NULL,'TI','TA','2024-11-21 01:15:51','2024-12-13 13:41:53','1'),(71,'MOISES ORTIZ RODRIGUEZ','TÉCNICO ACADÉMICO B',0,NULL,NULL,NULL,NULL,'PA','2024-11-21 01:15:52','2024-12-13 13:42:33','1'),(72,'LINDA CITLALLI CERDAN MAYEN','PROFESOR DE ASIGNATURA B',37,NULL,NULL,NULL,NULL,'PA','2024-11-21 01:15:52','2025-01-05 20:27:06','1'),(73,'FRANCISCO JAVIER FRIAS CORREA','PROFESOR DE ASIGNATURA B',0,NULL,NULL,NULL,'GST','PA','2024-11-21 01:15:52','2024-12-19 11:16:16','1'),(74,'GERARDO MALDONADO VIDAL','PROFESOR TITULAR B',21,NULL,NULL,NULL,'QMBT','PTC','2024-11-21 01:15:52','2024-12-18 13:39:28','1'),(75,'AGUSTIN IVAN CABEZAS AGUILAR','TÉCNICO ACADÉMICO B',0,NULL,NULL,NULL,'QMBT','TA','2024-11-21 01:15:52','2024-12-13 13:45:29','1'),(76,'JOSE LUIS CENDEJAS VALDEZ','PROFESOR TITULAR C',13,NULL,NULL,NULL,'TI','PTC','2024-11-21 01:15:52','2024-12-18 11:11:08','1'),(77,'ALMA LILIA GONZALEZ ASPERA','PROFESOR TITULAR C',19,NULL,NULL,NULL,'TI','PTC','2024-11-21 01:15:52','2024-12-18 12:14:15','1'),(78,'JOSE LUIS CAMPOS VILLAFUERTE','PROFESOR TITULAR C',20,NULL,NULL,NULL,'MAI','PTC','2024-11-21 01:15:52','2024-12-18 10:08:11','1'),(80,'ALEJANDRO ALVAREZ','PROFESOR DE ASIGNATURA B',26,NULL,NULL,NULL,'MEC','PA','2024-11-21 01:15:52','2024-12-19 15:45:16','1'),(81,'MARIO JAVIER GUTIERREZ FERNANDEZ','PROFESOR ASOCIADO C',22,NULL,NULL,NULL,'QMBT','PTC','2024-11-21 01:15:52','2024-12-18 11:56:26','1'),(82,'FROYLAN ZAMORA SANCHEZ','PROFESOR ASOCIADO C',21,NULL,NULL,NULL,'GST','PTC','2024-11-21 01:15:52','2024-12-18 11:21:39','1'),(83,'JUAN ROBERTO AGUILAR GARCIA','TÉCNICO ACADÉMICO A',0,NULL,NULL,NULL,'TI','TA','2024-11-21 01:15:52','2024-12-13 13:54:54','1'),(84,'CRISTOPHER EMANUELL CERVANTEZ DIAZ','TÉCNICO ACADÉMICO A',0,NULL,NULL,NULL,NULL,'TA','2024-11-21 01:15:52','2024-12-13 13:56:08','1'),(85,'OSHIN ESMERALDA ESQUIVEL GASPAR','PROFESOR DE ASIGNATURA B',21,NULL,NULL,NULL,'TI','PA','2024-11-21 01:15:52','2024-12-19 14:20:32','1'),(86,'ALMA TERESA MIRANDA QUIROZ','PROFESOR TITULAR C',5,NULL,NULL,NULL,'QMBT','PTC','2024-11-21 01:15:52','2024-12-18 11:50:07','1'),(87,'JOSE FRANCISCO CARRILLO MASTACHE','TÉCNICO ACADÉMICO A',0,NULL,NULL,NULL,'TI','TA','2024-11-21 01:15:52','2024-12-13 13:59:33','1'),(88,'JUAN CARLOS LOPEZ LOPEZ','PROFESOR DE ASIGNATURA B',17,NULL,NULL,NULL,'QMBT','PA','2024-11-21 01:15:52','2024-12-19 10:32:24','1'),(89,'BENJAMIN COLIN RICO','PROFESOR ASOCIADO C',20,NULL,NULL,NULL,'ERV','PTC','2024-11-21 01:15:52','2024-12-18 11:04:47','1'),(90,'LETICIA ARGUELLO CORREA','PROFESOR TITULAR B',20,NULL,NULL,NULL,'QMBT','PTC','2024-11-21 01:15:52','2025-01-05 22:20:37','1'),(91,'BARAQUIEL CHAVEZ RODRIGUEZ','TÉCNICO ACADÉMICO A',0,NULL,NULL,NULL,'GST','TA','2024-11-21 01:15:52','2024-12-06 12:54:15','1'),(92,'GILBERTO ALEJANDRO ROMERO PEDRAZA','PROFESOR ASOCIADO C',0,NULL,NULL,NULL,'TI','PTC','2024-11-21 01:15:52','2024-12-13 14:58:23','1'),(93,'MARIA ELENA BENITEZ RAMIREZ','PROFESOR TITULAR B',19,NULL,NULL,NULL,'TI','PTC','2024-11-21 01:15:52','2024-12-18 13:19:15','1'),(94,'JORGE HERNANDEZ CALZADA','PROFESOR TITULAR B',22,NULL,NULL,NULL,'MAI','PTC','2024-11-21 01:15:52','2024-12-18 11:12:19','1'),(95,'BERENICE CEJA GUZMAN','PROFESOR TITULAR B',32,NULL,NULL,NULL,'GST','PTC','2024-11-21 01:15:52','2024-12-18 11:49:24','1'),(96,'MARIO FERNANDEZ GUZMAN','PROFESOR DE ASIGNATURA B',0,NULL,NULL,NULL,'QMBT','PTC','2024-11-21 01:15:52','2024-12-13 14:06:37','1'),(97,'RICARDO LEON SOLORZANO','PROFESOR ASOCIADO C',18,NULL,NULL,NULL,'GST','PTC','2024-11-21 01:15:52','2024-12-18 10:18:46','1'),(98,'ALFREDO EMMANUEL HERNANDEZ DUARTE','PROFESOR ASOCIADO C',20,NULL,NULL,NULL,'GST','PTC','2024-11-21 01:15:52','2024-12-18 10:06:30','1'),(99,'ROSARIO HERNANDEZ CALDERON','PROFESOR TITULAR A',19,NULL,NULL,NULL,'TI','PTC','2024-11-21 01:15:52','2024-12-18 10:38:26','1'),(100,'ALBERTO ALVAREZ ZAMUDIO','PROFESOR DE ASIGNATURA B',0,NULL,NULL,NULL,'TI','SIGO','2024-11-21 01:15:52',NULL,'1'),(101,'VICTOR HUGO ZALAPA MEDINA','PROFESOR TITULAR C',20,NULL,NULL,NULL,'MAI','PTC','2024-11-21 01:15:52','2024-12-18 11:00:53','1'),(102,'DEYANIRA MARTINEZ RODRIGUEZ','PROFESOR DE ASIGNATURA B',33,NULL,NULL,NULL,'TI','PA','2024-11-21 01:15:52','2024-12-19 15:41:56','1'),(103,'HUGO JESUS PACHECO ALVEZ','PROFESOR DE ASIGNATURA B',0,NULL,NULL,NULL,NULL,'TA','2024-11-21 01:15:52','2024-12-12 12:49:06','1'),(104,'OMAR ORDOÑEZ TOLEDO','PROFESOR TITULAR C',17,NULL,NULL,NULL,'TI','PTC','2024-11-21 01:15:52','2024-12-18 11:44:47','1'),(105,'MARTIN CASTILLEJOS CARDENAS','TÉCNICO ACADÉMICO A',0,NULL,NULL,NULL,'ERV','ENERGÍAS RENOVABLES','2024-11-21 01:15:52',NULL,'1'),(106,'ZACARIAS ESAU TORRES OLGUIN','PROFESOR ASOCIADO C',26,NULL,NULL,NULL,'GST','PTC','2024-11-21 01:15:52','2024-12-18 10:31:01','1'),(107,'CAROLINA MATEO MEJIA','PROFESOR DE ASIGNATURA B',0,NULL,NULL,NULL,'GST','PA','2024-11-21 01:15:52','2024-12-06 12:03:35','1'),(108,'NORMA GARCIA MONTAÑEZ','PROFESOR TITULAR B',25,NULL,NULL,NULL,'QMBT','PTC','2024-11-21 01:15:52','2024-12-18 11:42:40','1'),(109,'LETICIA RUBICELA RODRIGUEZ RUIZ','PROFESOR TITULAR C',17,NULL,NULL,NULL,'TI','PTC','2024-11-21 01:15:52','2024-12-18 11:46:59','1'),(110,'JESUS RICARDO VILLA GARCIA','PROFESOR DE ASIGNATURA B',0,NULL,NULL,NULL,NULL,'DETERMINADO','2024-11-21 01:15:52',NULL,'1'),(111,'ROXANA COLIN AVILES','PROFESOR DE ASIGNATURA B',0,NULL,NULL,NULL,'QMBT','INDETERMINADO','2024-11-21 01:15:52',NULL,'1'),(112,'AMBAR RODRIGUEZ MILLAN','PROFESOR DE ASIGNATURA B',0,NULL,NULL,NULL,NULL,'DETERMINADO','2024-11-21 01:15:52',NULL,'1'),(113,'JUAN CARLOS ANDRADE ORTIZ','TÉCNICO ACADÉMICO C',0,NULL,NULL,NULL,'TI','TA','2024-11-21 01:15:52','2024-12-13 13:46:34','1'),(114,'NELSON CROZBY PADILLA ALVAREZ','TÉCNICO ACADÉMICO C',0,NULL,NULL,NULL,'TI','SIGO','2024-11-21 01:15:52',NULL,'1'),(115,'CLAUDIA BARCENAS CORTES','PROFESOR DE ASIGNATURA B',22,NULL,NULL,NULL,NULL,'PA','2024-11-21 01:15:52','2024-12-19 13:45:34','1'),(116,'RAQUEL SARAHI RODRIGUEZ ANGULO','PROFESOR DE ASIGNATURA B',0,NULL,NULL,NULL,NULL,'DETERMINADO','2024-11-21 01:15:52',NULL,'1'),(117,'JOSE EDUARDO VALDES DUEÑAS','TÉCNICO ACADÉMICO A',0,NULL,NULL,NULL,'GST','PA','2024-11-21 01:15:52','2024-12-06 11:38:22','1'),(118,'RAFAEL AYALA ZAMUDIO','TÉCNICO ACADÉMICO A',0,NULL,NULL,NULL,'MAI','MANTENIMIENTO INDUSTRIAL','2024-11-21 01:15:52',NULL,'1'),(119,'DIANA ITZEL SALINAS AGUILAR','PROFESOR DE ASIGNATURA B',0,NULL,NULL,NULL,NULL,'PA','2024-11-21 01:15:52','2024-12-06 13:48:47','1'),(120,'JOSE OSCAR HERNANDEZ BAUTISTA','PROFESOR TITULAR B',18,NULL,NULL,NULL,'DMI','PTC','2024-11-21 01:15:52','2024-12-30 14:24:21','1'),(121,'ESMERALDA DAFNE VELAZQUEZ HERRERA','PROFESOR DE ASIGNATURA B',0,NULL,NULL,NULL,NULL,'DETERMINADO','2024-11-21 01:15:52',NULL,'1'),(122,'IDRI SANTILLAN FUENTES','PROFESOR ASOCIADO C',23,NULL,NULL,NULL,'GST','PTC','2024-11-21 01:15:53','2024-12-19 16:00:49','1'),(123,'MARIO EDMUNDO MONTAÑO PEREZ','PROFESOR ASOCIADO C',18,NULL,NULL,NULL,'GST','PTC','2024-11-21 01:15:53','2024-12-18 10:22:49','1'),(124,'MAURICIO GUZMAN TAPIA','PROFESOR TITULAR C',3,NULL,NULL,NULL,'MAI','PTC','2024-11-21 01:15:53','2024-12-18 11:51:32','1'),(125,'HUGO VARGAS LOPEZ','PROFESOR ASOCIADO C',18,NULL,NULL,NULL,'GST','PTC','2024-11-21 01:15:53','2024-12-18 10:02:19','1'),(126,'EKATERINA SANDOVAL FLORES','TÉCNICO ACADÉMICO A',0,NULL,NULL,NULL,'GST','PA','2024-11-21 01:15:53','2024-12-06 13:47:08','1'),(127,'JAQUELINE SANCHEZ NUÑEZ','PROFESOR DE ASIGNATURA B',0,NULL,NULL,NULL,NULL,'PA','2024-11-21 01:15:53','2024-12-06 13:50:37','1'),(128,'BERENICE VARGAS SALGADO','TÉCNICO ACADÉMICO A',0,NULL,NULL,NULL,'GST','TA','2024-11-21 01:15:53','2024-12-06 12:53:30','1'),(129,'WILEBALDO RODRIGUEZ SAENZ','TÉCNICO ACADÉMICO C',0,NULL,NULL,NULL,'TI','TECNOLOGÍAS DE LA INFORMACIÓN','2024-11-21 01:15:53',NULL,'1'),(130,'ARMANDO MOLINA MORENO','PROFESOR ASOCIADO C',21,NULL,NULL,NULL,'ERV','PTC','2024-11-21 01:15:53','2024-12-18 10:17:59','1'),(131,'EDGAR OCTAVIO GARCIA CASTRO','PROFESOR ASOCIADO C',18,NULL,NULL,NULL,'MAI','PTC','2024-11-21 01:15:53','2024-12-18 10:50:12','1'),(132,'ARTURO CALDERON CASTRO','PROFESOR TITULAR A',18,NULL,NULL,NULL,'DMI','PTC','2024-11-21 01:15:53','2024-12-30 14:26:01','1'),(133,'ZENAIDA ANDRADE ORTIZ','PROFESOR DE ASIGNATURA B',15,NULL,NULL,NULL,'QMBT','PA','2024-11-21 01:15:53','2024-12-19 15:01:04','1'),(134,'SILVIA LILIANA BUCIO LOPEZ','PROFESOR TITULAR C',21,NULL,NULL,NULL,'QMBT','PTC','2024-11-21 01:15:53','2024-12-18 11:17:33','1'),(135,'MARIA JAZMIN LOPEZ RIVERA','TÉCNICO ACADÉMICO A',0,NULL,NULL,NULL,'MEC','MECATRÓNICA','2024-11-21 01:15:53',NULL,'1'),(136,'GUSTAVO ABRAHAM VANEGAS CONTRERAS','PROFESOR TITULAR C',20,NULL,NULL,NULL,'TI','PTC','2024-11-21 01:15:53','2024-12-18 11:33:15','1'),(137,'JOSE CERVANTES CORONADO','TÉCNICO ACADÉMICO C',0,NULL,NULL,NULL,'MAI','MANTENIMIENTO INDUSTRIAL','2024-11-21 01:15:53',NULL,'1'),(138,'JOSE LUIS CALVILLO BANDA','PROFESOR DE ASIGNATURA B',27,NULL,NULL,NULL,'GST','PA','2024-11-21 01:15:53','2024-12-19 15:21:10','1'),(139,'MARCELA ALVAREZ VIVANCO','PROFESOR TITULAR B',18,NULL,NULL,NULL,'TI','PTC','2024-11-21 01:15:53','2024-12-18 12:24:34','1'),(140,'GRACIELA ISOLINA MARTINEZ AVILA','PROFESOR TITULAR C',2,NULL,NULL,NULL,'TI','PTC','2024-11-21 01:15:53','2024-12-18 11:37:07','1'),(141,'ANDREA ALEJANDRA PATIÑO LECUONA','PROFESOR DE ASIGNATURA B',0,NULL,NULL,NULL,NULL,'DETERMINADO','2024-11-21 01:15:53',NULL,'1'),(142,'HUGO MORA ALCARAZ','PROFESOR ASOCIADO C',21,NULL,NULL,NULL,'GST','PTC','2024-11-21 01:15:53','2024-12-19 16:05:12','1'),(143,'ANTONIO ORTIZ GARCILAZO','PROFESOR DE ASIGNATURA B',17,NULL,NULL,NULL,'MEC','PA','2024-11-21 01:15:53','2025-01-06 20:03:13','1'),(144,'LUISA KARINA SERRANO ORTIZ','PROFESOR DE ASIGNATURA B',0,NULL,NULL,NULL,NULL,'DETERMINADO','2024-11-21 01:15:53',NULL,'1'),(145,'JULIO CESAR CORREA TORRES','PROFESOR DE ASIGNATURA B',28,NULL,NULL,NULL,'TI','PA','2024-11-21 01:15:53','2025-01-05 20:17:50','1'),(146,'BENJAMIN ORTEGA GOMEZ','PROFESOR DE ASIGNATURA B',0,NULL,NULL,NULL,NULL,'CULTURA Y DEPORTES','2024-11-21 01:15:53',NULL,'1'),(147,'JONATAN JOEL SALAZAR AYALA','PROFESOR DE ASIGNATURA B',11,NULL,NULL,NULL,'MEC','PA','2024-11-21 01:15:53','2024-12-19 12:20:44','1'),(148,'FRANCISCO CORTES ARREDONDO','TÉCNICO ACADÉMICO A',0,NULL,NULL,NULL,'MAI','MANTENIMIENTO INDUSTRIAL','2024-11-21 01:15:53',NULL,'1'),(149,'VANIA MARILYN MARIN RANGEL','PROFESOR ASOCIADO C',22,NULL,NULL,NULL,'QMBT','PTC','2024-11-21 01:15:53','2024-12-18 12:46:37','1'),(150,'MIGUEL ANGEL ACUÑA LOPEZ','PROFESOR TITULAR C',20,NULL,NULL,NULL,'TI','PTC','2024-11-21 01:15:53','2024-12-18 10:13:42','1'),(151,'JORGE ARTURO MEJIA BARAJAS','PROFESOR DE ASIGNATURA B',0,NULL,NULL,NULL,NULL,'DETERMINADO','2024-11-21 01:15:53',NULL,'1'),(152,'JUSTO ROMAN ROMERO ROMERO','TÉCNICO ACADÉMICO A',0,NULL,NULL,NULL,'ERV','ENERGÍAS RENOVABLES','2024-11-21 01:15:53',NULL,'1'),(153,'ROCIO COLIN MENDOZA','PROFESOR DE ASIGNATURA B',25,NULL,NULL,NULL,'ERV','PA','2024-11-21 01:15:53','2024-12-19 15:38:58','1'),(154,'ORLANDO SOTO ZAVALA','PROFESOR DE ASIGNATURA B',0,NULL,NULL,NULL,NULL,'DETERMINADO','2024-11-21 01:15:53',NULL,'1'),(155,'OLGA LETICIA ROBLES GARCIA','PROFESOR TITULAR C',20,NULL,NULL,NULL,'TI','PTC','2024-11-21 01:15:53','2024-12-18 11:36:25','1'),(156,'DIEGO ALEJANDRO ZURITA ANGELES','PROFESOR DE ASIGNATURA B',0,NULL,NULL,NULL,NULL,'PA','2024-11-21 01:15:53','2024-12-06 13:49:21','1'),(157,'MARIA ARACELI PEREZ ESCUTIA','TÉCNICO ACADÉMICO B',0,NULL,NULL,NULL,'DMI','PA','2024-11-21 01:15:53','2024-12-09 09:49:51','1'),(158,'EDITH SARAI RODRIGUEZ CALDERON','PROFESOR DE ASIGNATURA B',36,NULL,NULL,NULL,'GST','PA','2024-11-21 01:15:53','2024-12-19 15:25:05','1'),(159,'MANUEL ALVAREZ VIVANCO','PROFESOR DE ASIGNATURA B',32,NULL,NULL,NULL,'ERV','PA','2024-11-21 01:15:53','2024-12-19 12:13:15','1'),(160,'VICTOR DELFINO FERNÁNDEZ FLORES','PROFESOR DE ASIGNATURA B',0,NULL,NULL,NULL,NULL,'DETERMINADO','2024-11-21 01:15:53',NULL,'1'),(161,'ROSA ISELA GONZÁLEZ RAYA','PROFESOR DE ASIGNATURA B',0,NULL,NULL,NULL,NULL,'PA','2024-11-21 01:15:53','2024-12-13 13:15:22','1'),(162,'JUAN PABLO CHACÓN SAAVEDRA','PROFESOR DE ASIGNATURA B',0,NULL,NULL,NULL,NULL,'DETERMINADO','2024-11-21 01:15:53',NULL,'1'),(163,'JESÚS MEDINA MIRAMAR','PROFESOR DE ASIGNATURA B',0,NULL,NULL,NULL,NULL,'DETERMINADO','2024-11-21 01:15:53',NULL,'1'),(164,'JUAN PABLO GUTIÉRREZ MONTES','PROFESOR DE ASIGNATURA B',0,NULL,NULL,NULL,NULL,'DETERMINADO','2024-11-21 01:15:53',NULL,'1'),(165,'MARTHA YADIRA LEYVA GIL','PROFESOR DE ASIGNATURA B',0,NULL,NULL,NULL,NULL,'PA','2024-11-21 01:15:53','2024-12-06 12:56:47','1'),(166,'JONATHAN MORENO JARAMILLO',NULL,0,NULL,NULL,NULL,NULL,'PA','2024-12-06 11:14:53','2024-12-13 15:10:28','1'),(167,'PAULINA SOLORZANO SALGADO',NULL,18,NULL,NULL,NULL,NULL,'PTC','2024-12-06 11:45:01','2024-12-18 13:15:06','1'),(168,'DAMARIS ULAHI OLMOS MORFIN',NULL,0,NULL,NULL,NULL,NULL,'PA','2024-12-06 12:23:24','2024-12-13 15:08:27','1'),(169,'BARAQUIEL CHAVEZ RODRIGUEZ',NULL,0,NULL,NULL,NULL,NULL,NULL,'2024-12-06 12:52:25',NULL,'1'),(171,'CHRISTOPHER EMANUEL CERVANTES DIAZ',NULL,0,NULL,NULL,NULL,NULL,'PA','2024-12-06 13:47:52','2024-12-06 13:48:29','1'),(172,'ENFERMERA(O)',NULL,36,NULL,NULL,NULL,NULL,'PTC','2024-12-30 13:40:44','2025-01-05 21:51:00','1');

--
-- Table structure for table `terms`
--

CREATE TABLE `terms` (
  `term_id` int NOT NULL AUTO_INCREMENT,
  `term_name` varchar(255) CHARACTER SET utf8mb4 COLLATE utf8mb4_spanish_ci NOT NULL,
  `fyh_creacion` datetime DEFAULT NULL,
  `fyh_actualizacion` datetime DEFAULT NULL,
  `estado` varchar(11) CHARACTER SET utf8mb4 COLLATE utf8mb4_spanish_ci DEFAULT NULL,
  PRIMARY KEY (`term_id`)
) ENGINE=InnoDB AUTO_INCREMENT=21 DEFAULT CHARSET=utf8mb4 COLLATE=utf8mb4_spanish_ci;

--
-- Dumping data for table `terms`
--

INSERT INTO `terms` VALUES (1,'1','2024-11-19 05:27:02',NULL,'1'),(2,'2','2024-11-19 05:27:02',NULL,'1'),(3,'3','2024-11-19 05:27:02',NULL,'1'),(4,'4','2024-11-19 05:27:02',NULL,'1'),(5,'5','2024-11-19 05:27:02',NULL,'1'),(6,'6','2024-11-19 05:27:02',NULL,'1'),(7,'7','2024-11-19 05:27:02',NULL,'1'),(8,'8','2024-11-19 05:27:02',NULL,'1'),(9,'9','2024-11-19 05:27:02',NULL,'1'),(10,'10','2024-11-19 05:27:02',NULL,'1'),(11,'11','2024-11-19 05:27:02',NULL,'1'),(12,'12','2024-11-19 05:27:02',NULL,'1'),(13,'13','2024-11-19 05:27:02',NULL,'1'),(14,'14','2024-11-19 05:27:02',NULL,'1'),(15,'15','2024-11-19 05:27:02',NULL,'1'),(16,'16','2024-11-19 05:27:02',NULL,'1'),(17,'17','2024-11-19 05:27:02',NULL,'1'),(18,'18','2024-11-19 05:27:02',NULL,'1'),(19,'19','2024-11-19 05:27:02',NULL,'1'),(20,'20','2024-11-19 05:27:02',NULL,'1');

--
-- Table structure for table `usuarios`
--

CREATE TABLE `usuarios` (
  `id_usuario` int NOT NULL AUTO_INCREMENT,
  `nombres` varchar(255) CHARACTER SET utf8mb4 COLLATE utf8mb4_spanish_ci NOT NULL,
  `rol_id` int NOT NULL,
  `email` varchar(255) CHARACTER SET utf8mb4 COLLATE utf8mb4_spanish_ci NOT NULL,
  `password` text CHARACTER SET utf8mb4 COLLATE utf8mb4_spanish_ci NOT NULL,
  `fyh_creacion` datetime DEFAULT NULL,
  `fyh_actualizacion` datetime DEFAULT NULL,
  `estado` varchar(11) CHARACTER SET utf8mb4 COLLATE utf8mb4_spanish_ci DEFAULT NULL,
  `foto_perfil` varchar(255) CHARACTER SET utf8mb4 COLLATE utf8mb4_spanish_ci DEFAULT NULL COMMENT 'Ruta o nombre del archivo de la foto de perfil',
  `area` varchar(255) CHARACTER SET utf8mb4 COLLATE utf8mb4_spanish_ci DEFAULT NULL,
  PRIMARY KEY (`id_usuario`),
  UNIQUE KEY `email` (`email`),
  KEY `rol_id` (`rol_id`),
  CONSTRAINT `usuarios_ibfk_1` FOREIGN KEY (`rol_id`) REFERENCES `roles` (`id_rol`) ON UPDATE CASCADE
) ENGINE=InnoDB AUTO_INCREMENT=26 DEFAULT CHARSET=utf8mb4 COLLATE=utf8mb4_spanish_ci;

--
-- Dumping data for table `usuarios`
--

INSERT INTO `usuarios` VALUES (1,'Mario Bautista',1,'admin@admin.com','$2y$10$W6/Xy1LZ0SYsFJ9Xf4zIF.DGl/VQJPB0tyYfTfvz1seLA8/gEg3eS','2024-11-19 05:27:20','2024-12-07 16:43:18','1','https://158.23.170.129/cargaHoraria/public/dist/img/avatar/avatar-15.jpg',NULL),(2,'Jonathan Moreno Jaramillo',2,'jonathan.moreno@ut-morelia.edu.mx','$2y$10$zR.8EI9.eI.tAuikWP4PieOpnj2ncRkrmDSuQtFaJTPraZxc7wMD.','2024-11-20 14:23:18','2025-01-06 23:34:54','1','https://158.23.170.129/cargaHoraria/public/dist/img/avatar/avatar-5.jpg','GST'),(3,'Erendira Solache Huacuz',2,'esolache@ut-morelia.edu.mx','$2y$10$3YoUn5rh6rZuRx7bOCNMK.JgRmMd0uxKKm2AwnMExwZJsAWyLEPJa','2024-11-20 14:26:54','2025-01-06 23:34:54','1','https://158.23.170.129/cargaHoraria/public/dist/img/avatar/avatar-9.jpg','QMBT'),(4,'Rocío González Sánchez',2,'rocio.gonzalez@ut-morelia.edu.mx','$2y$10$tYdLYdW.eOW4p6uFMkUbMObxXx14acdI./hCNnd2ukBWJMpF8D4G.','2024-11-20 14:28:33','2025-01-06 23:34:54','1','https://158.23.170.129/cargaHoraria/public/dist/img/avatar/avatar-24.jpg','AFC'),(5,'Luis Alberto Gutiérrez García',2,'luis.gutierrez@ut-morelia.edu.mx','$2y$10$lUC9yMmwt5uISfqO1j0TBObtm1P7ePiqnaWKkqRJiMysTpUPYyMcO','2024-11-20 14:29:35','2025-01-06 23:34:54','1','https://158.23.170.129/cargaHoraria/public/dist/img/avatar/avatar-22.jpg','MTI,TI'),(6,'Laura Vieyra Jaramillo',2,'laura.vieyra@ut-morelia.edu.mx','$2y$10$o0YUYdcthYf1pDJYIHkOIemQf3I19ZirjlWIkay4kwhqTG1rVbkK2','2024-11-20 15:31:58','2025-01-06 23:34:54','1','https://158.23.170.129/cargaHoraria/public/dist/img/avatar/avatar-4.jpg','DMI'),(7,'Rosa Hipólita García Hernández',2,'rosa.garcia@ut-morelia.edu.mx','$2y$10$mdCxbYAFKtMLHOsa.A3r/.Z6zkct6QayWelMo7OvIGmK5xRh4eXoK','2024-11-20 15:38:19','2025-01-06 23:34:54','1','https://158.23.170.129/cargaHoraria/public/dist/img/avatar/avatar-20.jpg','MAI'),(8,'Mintzirani Equihua Sánchez',2,'mequihua@ut-morelia.edu.mx','$2y$10$LN2oOhPZCZJsPoshN3z6LOYL66JQ/4CqUG7jRRFZI.PZHdYOzqTAW','2024-11-20 15:38:54','2025-01-06 23:34:54','1','https://158.23.170.129/cargaHoraria/public/dist/img/avatar/avatar-25.jpg','EMV,ERV'),(10,'Salvador Rangel',1,'srangel@ut-morelia.edu.mx','$2y$10$k91.u0k.ETCQ1lhApg864OaJ2CmGR.5gtY8z0idtOgqLrBpRzaZzO','2024-11-23 20:37:33','2024-11-29 12:15:01','1','https://158.23.170.129/cargaHoraria/public/dist/img/avatar/avatar-11.jpg',NULL),(11,'Alexei RH',1,'jorgerodriguez@ut-morelia.edu.mx','$2y$10$cGEK0/W0fWhyduqb3wOxmeq9G60z039dkKewdAadnni0OlD76IImi','2024-12-07 16:33:06','2025-01-03 18:13:32','1','https://158.23.170.129/cargaHoraria/public/dist/img/avatar/avatar-22.jpg',NULL),(12,'JOSE ALBERTO LUCAS AVILES',1,'alberto.lucas@ut-morelia.edu.mx','$2y$10$b.qbalxVxKvqRRZuFiXdcuVDxdtPaR77YGtVEoLVpu6m06d.n2CE.','2024-12-17 20:50:22','2024-12-17 22:26:28','1','https://158.23.170.129/cargaHoraria/public/dist/img/avatar/avatar-19.jpg',NULL),(15,'Mario Edmundo',5,'chef.mario.utm@gmail.com','$2y$10$Qy.0wgKpzCH4VSRdNtNU5OcKWIiSWCadDZ8hdOsKqaWt/jqX48Osu','2024-12-18 08:53:48','2025-01-06 23:34:54','1',NULL,'GST'),(16,'Mario Gutierrez',2,'mario.gutierrez@ut-morelia.edu.mx','$2y$10$B199gERv1mFhDTenISIJ4uZ5EaGUwpaZpQ90OzjHxP1okNgRRXgZq','2024-12-18 08:54:57','2025-01-06 23:34:54','1','https://158.23.170.129/cargaHoraria/public/dist/img/avatar/avatar-13.jpg','QMBT'),(17,'Arturo Calderon',2,'arturo.calderon@ut-morelia.edu.mx','$2y$10$e1Rrp7EmNWrbQuNv.ua/0OFXJ/htOpGIq/ewHWS5rPBU.oViQfwKq','2024-12-18 08:57:39','2025-01-06 23:34:54','1',NULL,'DMI'),(18,'Griselda Rodríguez',2,'gricelda.rodriguez@ut-morelia.edu.mx','$2y$10$XZpzBkIdn/zSd8AgqMD6I.2mxrrIDkDwy8fRIKEXfYTVxR8UVhWeq','2024-12-18 09:02:35','2025-01-06 23:34:54','1',NULL,'MTI,TI'),(19,'Carlos Lopez',2,'carlos.lopez@ut-morelia.edu.mx','$2y$10$L9jWeCbP0GY113AyB9CoFeqH2e/1rsdwgBTX5x5mmln7NO5Zu4htO','2024-12-18 09:07:41','2025-01-06 23:34:54','1',NULL,'EMV,ERV'),(20,'Julio Hernandez',5,'julio.hernandez@ut-morelia.edu.mx','$2y$10$8yw/m3XRU9VZHi97LvReruU8LVlwpdUKK6EjDIichq/pDbU2tcgkO','2024-12-18 09:21:20','2025-01-06 23:34:54','1',NULL,'MEC'),(21,'Dante García',5,'dante.garcia@ut-morelia.edu.mx','$2y$10$xh7vGPYgTTJ973A171147ucRLJS2QyfYGv.3FeeYiK6mSyxlC3nKC','2024-12-18 09:42:16','2025-01-06 23:34:54','1',NULL,'MAI'),(22,'José Rodriguez',5,'jose.rodriguez@ut-morelia.edu.mx','$2y$10$b5WOHBRU90ZWMD7HabTx0ew.8OBhIjEiRVOabpFwzNJE8P29DIRva','2024-12-18 09:54:36','2025-01-06 23:34:54','1',NULL,'EMV,ERV'),(23,'Emiliano Zepeda',5,'emilio@admin.com','$2y$10$gCr7g8clj/cNocJ7n0aKfeyMb3C2DN.agXLsxd0dFYPZuy1fVYmsy','2024-12-18 23:04:27','2025-01-06 23:34:54','1',NULL,'MTI,TI'),(24,'Observador',6,'observador@admin.com','$2y$10$pwFA6vOx9q5Dr4sky2O3juN6te6grMzkrvqq8yedvfUR64MgTZnEO','2024-12-18 23:04:39','2025-01-06 23:34:54','1',NULL,NULL),(25,'Observador',6,'rossy.biotec@gmail.com','$2y$10$2Tv/4APhW87L9.qEc2usGeyQB7g3YCooUmg3vWgyD/.EoB3RwmUcW','2025-01-06 19:48:12',NULL,'1',NULL,NULL);


