(2672,NULL,1721,45,902,64,NULL,'09:00:00','10:00:00','Martes','activo','2025-01-10 15:00:03',NULL,'Aula',NULL,'2025-03-26 04:13:48'),(2673,NULL,1721,45,902,64,NULL,'10:00:00','11:00:00','Martes','activo','2025-01-10 15:00:08',NULL,'Aula',NULL,'2025-03-26 04:13:48'),(2674,NULL,1769,45,910,65,NULL,'08:00:00','09:00:00','Martes','activo','2025-01-10 15:02:49',NULL,'Aula',NULL,'2025-03-26 04:13:48'),(2675,NULL,1769,45,910,65,NULL,'11:00:00','12:00:00','Martes','activo','2025-01-10 15:02:55',NULL,'Aula',NULL,'2025-03-26 04:13:48'),(2676,NULL,1769,45,910,65,NULL,'08:00:00','09:00:00','Miércoles','activo','2025-01-10 15:03:07',NULL,'Aula',NULL,'2025-03-26 04:13:48'),(2677,NULL,1769,45,910,65,NULL,'09:00:00','10:00:00','Miércoles','activo','2025-01-10 15:03:13',NULL,'Aula',NULL,'2025-03-26 04:13:48'),(2678,NULL,1769,45,910,65,NULL,'10:00:00','11:00:00','Miércoles','activo','2025-01-10 15:03:17',NULL,'Aula',NULL,'2025-03-26 04:13:48'),(2679,NULL,1954,45,910,65,NULL,'11:00:00','12:00:00','Miércoles','activo','2025-01-10 15:04:30',NULL,'Aula',NULL,'2025-03-26 04:13:48'),(2680,NULL,1954,45,910,65,NULL,'12:00:00','13:00:00','Miércoles','activo','2025-01-10 15:04:34',NULL,'Aula',NULL,'2025-03-26 04:13:48'),(2681,NULL,1774,34,910,65,NULL,'11:00:00','12:00:00','Lunes','activo','2025-01-10 15:11:17',NULL,'Aula',NULL,'2025-03-26 04:13:48'),(2682,NULL,1774,34,910,65,NULL,'12:00:00','13:00:00','Lunes','activo','2025-01-10 15:12:05',NULL,'Aula',NULL,'2025-03-26 04:13:48'),(2683,NULL,1774,34,910,65,NULL,'13:00:00','14:00:00','Martes','activo','2025-01-10 15:12:42',NULL,'Aula',NULL,'2025-03-26 04:13:48'),(2684,NULL,1774,34,910,65,NULL,'13:00:00','14:00:00','Miércoles','activo','2025-01-10 15:13:20',NULL,'Aula',NULL,'2025-03-26 04:13:48'),(2685,NULL,1774,34,910,65,NULL,'13:00:00','14:00:00','Lunes','activo','2025-01-10 15:13:49',NULL,'Aula',NULL,'2025-03-26 04:13:48'),(2686,NULL,1917,34,910,65,NULL,'12:00:00','13:00:00','Martes','activo','2025-01-10 15:14:39',NULL,'Aula',NULL,'2025-03-26 04:13:48'),(2687,NULL,1917,34,910,65,NULL,'10:00:00','11:00:00','Jueves','activo','2025-01-10 15:15:32',NULL,'Aula',NULL,'2025-03-26 04:13:48'),(2688,NULL,1917,34,910,65,NULL,'14:00:00','15:00:00','Martes','activo','2025-01-10 15:20:51',NULL,'Aula',NULL,'2025-03-26 04:13:48'),(2689,NULL,1917,34,910,65,NULL,'14:00:00','15:00:00','Miércoles','activo','2025-01-10 15:20:59',NULL,'Aula',NULL,'2025-03-26 04:13:48'),(2690,NULL,1999,34,937,67,NULL,'12:00:00','13:00:00','Jueves','activo','2025-01-10 15:39:54',NULL,'Aula',NULL,'2025-03-26 04:13:48'),(2691,NULL,1999,34,937,67,NULL,'13:00:00','14:00:00','Jueves','activo','2025-01-10 15:39:58',NULL,'Aula',NULL,'2025-03-26 04:13:48'),(2692,NULL,1999,34,937,67,NULL,'14:00:00','15:00:00','Jueves','activo','2025-01-10 15:40:29',NULL,'Aula',NULL,'2025-03-26 04:13:48'),(2693,NULL,1999,34,937,67,NULL,'10:00:00','11:00:00','Lunes','activo','2025-01-10 15:41:03','2025-01-10 17:57:50','Aula',NULL,'2025-03-26 04:13:48'),(2694,NULL,1999,34,937,67,NULL,'08:00:00','09:00:00','Miércoles','activo','2025-01-10 15:43:02',NULL,'Aula',NULL,'2025-03-26 04:13:48'),(2695,NULL,2125,10,917,38,NULL,'12:00:00','13:00:00','Miércoles','activo','2025-01-10 16:06:18',NULL,'Aula',NULL,'2025-03-26 04:13:48'),(2696,NULL,2023,34,916,66,NULL,'10:00:00','11:00:00','Miércoles','activo','2025-01-10 16:19:14',NULL,'Aula',NULL,'2025-03-26 04:13:48'),(2697,NULL,2023,34,916,66,NULL,'11:00:00','12:00:00','Miércoles','activo','2025-01-10 16:19:18',NULL,'Aula',NULL,'2025-03-26 04:13:48'),(2698,NULL,2023,34,916,66,NULL,'12:00:00','13:00:00','Miércoles','activo','2025-01-10 16:19:22',NULL,'Aula',NULL,'2025-03-26 04:13:48'),(2699,NULL,1955,23,910,65,NULL,'09:00:00','10:00:00','Jueves','activo','2025-01-10 16:54:21',NULL,'Aula',NULL,'2025-03-26 04:13:48'),(2700,NULL,1955,23,910,65,NULL,'12:00:00','13:00:00','Jueves','activo','2025-01-10 16:54:26',NULL,'Aula',NULL,'2025-03-26 04:13:48'),(2701,NULL,1955,23,910,65,NULL,'07:00:00','08:00:00','Lunes','activo','2025-01-10 16:57:30',NULL,'Aula',NULL,'2025-03-26 04:13:48'),(2702,NULL,1955,23,910,65,NULL,'16:00:00','17:00:00','Martes','activo','2025-01-10 16:58:12',NULL,'Aula',NULL,'2025-03-26 04:13:48'),(2703,NULL,1951,43,910,65,NULL,'08:00:00','09:00:00','Lunes','activo','2025-01-10 17:28:03',NULL,'Aula',NULL,'2025-03-26 04:13:48'),(2704,NULL,1951,43,910,65,NULL,'07:00:00','08:00:00','Martes','activo','2025-01-10 17:28:11',NULL,'Aula',NULL,'2025-03-26 04:13:48'),(2705,NULL,1951,43,910,65,NULL,'07:00:00','08:00:00','Miércoles','activo','2025-01-10 17:28:19',NULL,'Aula',NULL,'2025-03-26 04:13:48'),(2706,NULL,1726,43,902,64,NULL,'09:00:00','10:00:00','Lunes','activo','2025-01-10 17:28:44',NULL,'Aula',NULL,'2025-03-26 04:13:48'),(2707,NULL,1726,43,902,64,NULL,'10:00:00','11:00:00','Lunes','activo','2025-01-10 17:28:47',NULL,'Aula',NULL,'2025-03-26 04:13:48'),(2708,NULL,1726,43,902,64,NULL,'10:00:00','11:00:00','Miércoles','activo','2025-01-10 17:29:10',NULL,'Aula',NULL,'2025-03-26 04:13:48'),(2709,NULL,1726,43,902,64,NULL,'11:00:00','12:00:00','Miércoles','activo','2025-01-10 17:29:14',NULL,'Aula',NULL,'2025-03-26 04:13:48'),(2710,NULL,1723,43,902,64,NULL,'11:00:00','12:00:00','Lunes','activo','2025-01-10 17:29:28',NULL,'Aula',NULL,'2025-03-26 04:13:48'),(2711,NULL,1723,43,902,64,NULL,'08:00:00','09:00:00','Miércoles','activo','2025-01-10 17:29:35',NULL,'Aula',NULL,'2025-03-26 04:13:48'),(2712,NULL,1723,43,902,64,NULL,'09:00:00','10:00:00','Miércoles','activo','2025-01-10 17:29:38',NULL,'Aula',NULL,'2025-03-26 04:13:48'),(2713,NULL,1722,43,902,64,NULL,'12:00:00','13:00:00','Martes','activo','2025-01-10 17:29:51',NULL,'Aula',NULL,'2025-03-26 04:13:48'),(2714,NULL,1722,43,902,64,NULL,'12:00:00','13:00:00','Lunes','activo','2025-01-10 17:30:10',NULL,'Aula',NULL,'2025-03-26 04:13:48'),(2715,NULL,1722,43,902,64,NULL,'13:00:00','14:00:00','Martes','activo','2025-01-10 17:30:16',NULL,'Aula',NULL,'2025-03-26 04:13:48'),(2716,NULL,2025,43,916,66,NULL,'13:00:00','14:00:00','Miércoles','activo','2025-01-10 17:31:40',NULL,'Aula',NULL,'2025-03-26 04:13:48'),(2717,NULL,2025,43,916,66,NULL,'13:00:00','14:00:00','Lunes','activo','2025-01-10 17:34:54',NULL,'Aula',NULL,'2025-03-26 04:13:48'),(2718,NULL,2022,43,916,66,NULL,'08:00:00','09:00:00','Martes','activo','2025-01-10 17:35:10',NULL,'Aula',NULL,'2025-03-26 04:13:48'),(2719,NULL,2022,43,916,66,NULL,'09:00:00','10:00:00','Martes','activo','2025-01-10 17:35:14',NULL,'Aula',NULL,'2025-03-26 04:13:48'),(2720,NULL,2022,43,916,66,NULL,'14:00:00','15:00:00','Lunes','activo','2025-01-10 17:35:34',NULL,'Aula',NULL,'2025-03-26 04:13:48'),(2721,NULL,2022,43,916,66,NULL,'15:00:00','16:00:00','Lunes','activo','2025-01-10 17:35:39',NULL,'Aula',NULL,'2025-03-26 04:13:48'),(2722,NULL,1884,119,937,67,NULL,'14:00:00','15:00:00','Miércoles','activo','2025-01-10 18:41:50',NULL,'Aula',NULL,'2025-03-26 04:13:48'),(2723,NULL,1884,119,937,67,NULL,'12:00:00','13:00:00','Viernes','activo','2025-01-10 18:41:55',NULL,'Aula',NULL,'2025-03-26 04:13:48'),(2724,NULL,1884,119,937,67,NULL,'13:00:00','14:00:00','Viernes','activo','2025-01-10 18:41:58',NULL,'Aula',NULL,'2025-03-26 04:13:48'),(2725,NULL,1884,119,937,67,NULL,'13:00:00','14:00:00','Miércoles','activo','2025-01-10 18:42:09',NULL,'Aula',NULL,'2025-03-26 04:13:48'),(2726,NULL,1952,127,910,65,NULL,'14:00:00','15:00:00','Sábado','activo','2025-01-13 12:14:01',NULL,'Aula',NULL,'2025-03-26 04:13:48'),(2727,NULL,1952,127,910,65,NULL,'15:00:00','16:00:00','Sábado','activo','2025-01-13 12:14:05',NULL,'Aula',NULL,'2025-03-26 04:13:48'),(2728,NULL,2083,178,962,NULL,26,'07:00:00','08:00:00','Lunes','activo','2025-01-13 14:11:51',NULL,'Laboratorio',NULL,'2025-03-26 04:13:48'),(2729,NULL,2083,178,962,NULL,26,'08:00:00','09:00:00','Lunes','activo','2025-01-13 14:11:55',NULL,'Laboratorio',NULL,'2025-03-26 04:13:48'),(2730,NULL,2083,178,962,NULL,26,'07:00:00','08:00:00','Miércoles','activo','2025-01-13 14:12:01',NULL,'Laboratorio',NULL,'2025-03-26 04:13:48'),(2731,NULL,2083,178,962,NULL,26,'08:00:00','09:00:00','Miércoles','activo','2025-01-13 14:12:04',NULL,'Laboratorio',NULL,'2025-03-26 04:13:48'),(2732,NULL,2083,178,962,NULL,26,'11:00:00','12:00:00','Viernes','activo','2025-01-13 14:12:12',NULL,'Laboratorio',NULL,'2025-03-26 04:13:48'),(2733,NULL,2083,178,962,NULL,26,'07:00:00','08:00:00','Jueves','activo','2025-01-13 14:12:41',NULL,'Laboratorio',NULL,'2025-03-26 04:13:48'),(2734,NULL,1859,178,956,NULL,8,'09:00:00','10:00:00','Lunes','activo','2025-01-13 14:17:20',NULL,'Laboratorio',NULL,'2025-03-26 04:13:48'),(2735,NULL,1859,178,956,NULL,8,'10:00:00','11:00:00','Lunes','activo','2025-01-13 14:17:23',NULL,'Laboratorio',NULL,'2025-03-26 04:13:48'),(2736,NULL,1859,178,956,NULL,8,'13:00:00','14:00:00','Martes','activo','2025-01-13 14:18:00',NULL,'Laboratorio',NULL,'2025-03-26 04:13:48'),(2737,NULL,1859,178,956,NULL,8,'09:00:00','10:00:00','Viernes','activo','2025-01-13 14:18:13',NULL,'Laboratorio',NULL,'2025-03-26 04:13:48'),(2738,NULL,1859,178,956,NULL,8,'14:00:00','15:00:00','Miércoles','activo','2025-01-13 14:18:29',NULL,'Laboratorio',NULL,'2025-03-26 04:13:48'),(2739,NULL,1754,178,955,NULL,26,'11:00:00','12:00:00','Lunes','activo','2025-01-13 14:19:47',NULL,'Laboratorio',NULL,'2025-03-26 04:13:48'),(2740,NULL,1754,178,955,NULL,26,'07:00:00','08:00:00','Martes','activo','2025-01-13 14:19:50',NULL,'Laboratorio',NULL,'2025-03-26 04:13:48'),(2741,NULL,1754,178,955,NULL,26,'07:00:00','08:00:00','Viernes','activo','2025-01-13 14:20:08',NULL,'Laboratorio',NULL,'2025-03-26 04:13:48'),(2742,NULL,1754,178,955,NULL,26,'08:00:00','09:00:00','Viernes','activo','2025-01-13 14:20:13',NULL,'Laboratorio',NULL,'2025-03-26 04:13:48'),(2743,NULL,2088,145,962,NULL,9,'12:00:00','13:00:00','Jueves','activo','2025-01-13 14:30:18',NULL,'Laboratorio',NULL,'2025-03-26 04:13:48'),(2744,NULL,2085,139,961,7,NULL,'11:00:00','12:00:00','Jueves','activo','2025-01-13 14:35:27','2025-02-17 15:22:33','Aula',NULL,'2025-03-26 04:13:48'),(2745,NULL,2088,145,962,NULL,9,'11:00:00','12:00:00','Jueves','activo','2025-01-13 14:35:36',NULL,'Laboratorio',NULL,'2025-03-26 04:13:48'),(2746,NULL,2024,45,916,66,NULL,'13:00:00','14:00:00','Viernes','activo','2025-01-14 12:07:38',NULL,'Aula',NULL,'2025-03-26 04:13:48'),(2747,NULL,1913,18,890,NULL,19,'11:00:00','12:00:00','Jueves','activo','2025-01-15 15:24:24',NULL,'Laboratorio',NULL,'2025-03-26 04:13:48'),(2748,NULL,1912,89,890,60,NULL,'13:00:00','14:00:00','Jueves','activo','2025-01-15 15:25:05','2025-02-14 20:48:00','Aula',NULL,'2025-03-26 04:13:48'),(2749,NULL,1912,89,890,60,NULL,'14:00:00','15:00:00','Jueves','activo','2025-01-15 15:25:11','2025-02-14 20:48:00','Aula',NULL,'2025-03-26 04:13:48');

--
-- Table structure for table `schedules`
--

CREATE TABLE `schedules` (
  `schedule_id` int NOT NULL AUTO_INCREMENT,
  `teacher_subject_id` int DEFAULT NULL,
  `classroom_id` int DEFAULT NULL,
  `schedule_day` enum('Lunes','Martes','Miércoles','Jueves','Viernes','Sábado') CHARACTER SET utf8mb4 COLLATE utf8mb4_spanish_ci DEFAULT NULL,
  `start_time` time DEFAULT NULL,
  `end_time` time DEFAULT NULL,
  `fyh_creacion` datetime DEFAULT NULL,
  `fyh_actualizacion` datetime DEFAULT NULL,
  `estado` varchar(11) CHARACTER SET utf8mb4 COLLATE utf8mb4_spanish_ci DEFAULT NULL,
  `group_id` int DEFAULT NULL,
  PRIMARY KEY (`schedule_id`),
  KEY `teacher_subject_id` (`teacher_subject_id`),
  KEY `classroom_id` (`classroom_id`),
  KEY `group_id` (`group_id`),
  CONSTRAINT `schedules_ibfk_1` FOREIGN KEY (`teacher_subject_id`) REFERENCES `teacher_subjects` (`teacher_subject_id`) ON DELETE CASCADE,
  CONSTRAINT `schedules_ibfk_2` FOREIGN KEY (`classroom_id`) REFERENCES `classrooms` (`classroom_id`) ON DELETE CASCADE,
  CONSTRAINT `schedules_ibfk_3` FOREIGN KEY (`group_id`) REFERENCES `groups` (`group_id`) ON DELETE CASCADE
) ENGINE=InnoDB DEFAULT CHARSET=utf8mb4 COLLATE=utf8mb4_spanish_ci;

--
-- Dumping data for table `schedules`
--


--
-- Table structure for table `shifts`
--

CREATE TABLE `shifts` (
  `shift_id` int NOT NULL AUTO_INCREMENT,
  `shift_name` enum('MATUTINO','VESPERTINO','MIXTO','ZINAPÉCUARO','ENFERMERIA','MATUTINO AVANZADO','VESPERTINO AVANZADO') CHARACTER SET utf8mb4 COLLATE utf8mb4_spanish_ci NOT NULL,
  `schedule_details` varchar(255) CHARACTER SET utf8mb4 COLLATE utf8mb4_spanish_ci NOT NULL,
  `fyh_creacion` datetime DEFAULT NULL,
  `fyh_actualizacion` datetime DEFAULT NULL,
  `estado` varchar(11) CHARACTER SET utf8mb4 COLLATE utf8mb4_spanish_ci DEFAULT NULL,
  PRIMARY KEY (`shift_id`)
) ENGINE=InnoDB AUTO_INCREMENT=10 DEFAULT CHARSET=utf8mb4 COLLATE=utf8mb4_spanish_ci;

--
-- Dumping data for table `shifts`
--

INSERT INTO `shifts` VALUES (1,'MATUTINO','LUNES A VIERNES de 7:00 A 15:00','2024-11-19 05:27:02',NULL,'1'),(2,'VESPERTINO','LUNES A VIERNES de 12:00 A 20:00','2024-11-19 05:27:02',NULL,'1'),(3,'MIXTO','VIERNES DE 16:00 A 20:00 Y SÁBADO DE 7:00 A 18:00','2024-11-19 05:27:02',NULL,'1'),(4,'ZINAPÉCUARO','VIERNES DE 16:00 A 20:00 Y SÁBADO DE 7:00 A 18:00','2024-11-19 05:27:02',NULL,'1'),(5,'ENFERMERIA','Lunes a viernes de 07:00 a 17:00','2024-12-09 15:22:54',NULL,'1'),(6,'MATUTINO AVANZADO','LUNES A VIERNES de 07:00 A 12:00','2024-12-11 14:47:28',NULL,'1'),(7,'VESPERTINO AVANZADO','LUNES A VIERNES de 12:00 A 17:00','2024-12-11 14:47:28',NULL,'1'),(8,'MATUTINO AVANZADO','LUNES A VIERNES de 07:00 A 12:00','2024-12-12 17:59:24',NULL,'ACTIVO'),(9,'VESPERTINO AVANZADO','LUNES A VIERNES de 12:00 A 17:00','2024-12-12 17:59:24',NULL,'ACTIVO');

--
-- Table structure for table `subject_labs`
--

CREATE TABLE `subject_labs` (
  `subject_lab_id` int NOT NULL AUTO_INCREMENT,
  `subject_id` int DEFAULT NULL,
  `lab_id` int DEFAULT NULL,
  `lab_hours` int DEFAULT '0',
  PRIMARY KEY (`subject_lab_id`),
  KEY `fk_subject` (`subject_id`),
  KEY `fk_lab` (`lab_id`),
  CONSTRAINT `fk_lab` FOREIGN KEY (`lab_id`) REFERENCES `labs` (`lab_id`),
  CONSTRAINT `fk_subject` FOREIGN KEY (`subject_id`) REFERENCES `subjects` (`subject_id`)
) ENGINE=InnoDB AUTO_INCREMENT=1055 DEFAULT CHARSET=utf8mb4 COLLATE=utf8mb4_spanish_ci;

--
-- Dumping data for table `subject_labs`
--

INSERT INTO `subject_labs` VALUES (828,1641,9,5),(829,1645,36,4),(830,1652,34,4),(831,1653,13,6),(832,1661,12,2),(833,1663,35,2),(834,1666,6,6),(835,1675,5,7),(836,1679,15,5),(837,1682,31,2),(838,1683,15,5),(839,1685,5,1),(840,1691,11,3),(841,1692,29,3),(842,1699,12,2),(843,1700,19,2),(844,1705,14,2),(845,1706,19,2),(846,1712,13,6),(847,1715,16,3),(848,1716,19,2),(849,1718,19,2),(850,1721,7,6),(851,1725,28,6),(852,1730,16,2),(853,1735,5,4),(854,1736,24,2),(855,1736,5,0),(856,1737,5,6),(857,1739,19,2),(858,1740,24,2),(859,1741,19,2),(860,1743,17,6),(861,1744,5,3),(862,1745,24,2),(863,1745,5,0),(864,1747,19,2),(865,1748,35,2),(866,1750,35,2),(867,1753,28,3),(868,1754,11,4),(869,1765,25,4),(870,1768,2,3),(871,1773,13,2),(872,1773,33,2),(873,1778,16,3),(874,1779,16,3),(875,1780,35,2),(876,1781,19,2),(877,1783,7,6),(878,1786,3,3),(879,1787,30,6),(880,1790,5,2),(881,1792,27,6),(882,1793,24,7),(883,1794,5,1),(884,1796,5,2),(885,1797,5,2),(886,1800,18,5),(887,1801,17,5),(888,1803,17,4),(889,1804,21,4),(890,1807,17,3),(891,1810,15,6),(892,1811,34,4),(893,1813,25,3),(894,1814,14,2),(895,1815,14,2),(896,1816,14,2),(897,1817,2,2),(898,1818,2,2),(899,1819,14,2),(900,1825,15,6),(901,1830,3,4),(902,1831,27,3),(903,1831,18,0),(904,1832,30,6),(905,1838,5,2),(906,1841,27,3),(907,1841,18,0),(908,1842,27,2),(909,1842,18,0),(910,1848,24,2),(911,1850,18,2),(912,1850,31,0),(913,1851,5,3),(914,1852,5,2),(915,1854,10,6),(916,1855,26,3),(917,1858,9,6),(918,1859,11,6),(919,1860,26,3),(920,1861,8,3),(921,1865,9,6),(922,1866,29,4),(923,1867,11,4),(924,1875,31,4),(925,1875,5,0),(926,1878,24,4),(927,1878,18,0),(928,1880,5,2),(929,1882,18,4),(930,1885,34,6),(931,1886,13,6),(932,1888,24,4),(933,1889,33,2),(934,1890,17,3),(935,1893,16,2),(936,1894,19,2),(937,1896,16,2),(938,1898,18,4),(939,1902,5,4),(940,1903,31,4),(941,1903,5,0),(942,1905,16,2),(943,1907,18,4),(944,1907,31,0),(945,1910,31,4),(946,1910,5,0),(947,1911,19,2),(948,1912,35,2),(949,1913,19,2),(950,1919,31,4),(951,1919,5,0),(952,1921,18,4),(953,1921,17,0),(954,1930,31,4),(955,1931,31,4),(956,1933,36,3),(957,1934,5,0),(958,1937,26,5),(959,1939,36,3),(960,1942,21,6),(961,1943,9,7),(962,1946,8,4),(963,1952,6,6),(964,1956,2,3),(965,1958,14,3),(966,1959,36,2),(967,1965,34,6),(968,1967,33,4),(969,1967,15,2),(970,1968,33,2),(971,1968,13,1),(972,1971,4,6),(973,1972,25,3),(974,1974,3,3),(975,1979,16,2),(976,1986,14,2),(977,1990,5,1),(978,1993,24,2),(979,1997,5,1),(980,2005,29,4),(981,2007,8,4),(982,2011,25,3),(983,2017,15,6),(984,2024,7,6),(985,2025,7,6),(986,2030,35,2),(987,2035,8,2),(988,2036,9,7),(989,2037,29,6),(990,2039,9,5),(991,2045,8,5),(992,2047,8,5),(993,2048,5,4),(994,2051,9,5),(995,2053,21,5),(996,2054,9,3),(997,2055,29,4),(998,2056,11,4),(999,2057,9,4),(1000,2060,9,6),(1001,2061,25,4),(1002,2064,34,6),(1003,2067,21,7),(1004,2072,7,6),(1005,2074,3,3),(1006,2077,26,4),(1007,2079,19,3),(1008,2081,35,2),(1009,2083,29,6),(1010,2084,9,7),(1011,2086,21,6),(1012,2088,11,5),(1013,2089,5,2),(1014,2091,27,5),(1015,2091,18,0),(1016,2094,31,4),(1017,2095,31,1),(1018,2095,5,0),(1019,2096,24,2),(1020,2101,10,6),(1021,2102,10,6),(1022,2103,11,6),(1023,2106,14,2),(1024,2107,2,3),(1025,2109,25,2),(1026,2114,15,4),(1027,2116,33,4),(1028,2117,13,1),(1029,2117,33,1),(1030,2123,6,6),(1031,2128,10,6),(1032,2129,26,6),(1033,2132,19,2),(1034,2135,11,7),(1035,2138,8,2),(1036,2139,10,5),(1037,2143,27,4),(1038,2143,18,0),(1039,2148,31,6),(1040,2149,8,3),(1041,2150,31,5),(1042,2150,5,0),(1043,2151,31,2),(1044,2153,9,5),(1045,2154,21,6),(1046,2158,9,5),(1047,2159,9,5),(1048,2165,12,4),(1049,2166,16,2),(1050,2167,11,5),(1051,2169,29,4),(1052,2170,9,3),(1053,2172,21,6),(1054,2173,10,4);

--
-- Table structure for table `subjects`
--

CREATE TABLE `subjects` (
  `subject_id` int NOT NULL AUTO_INCREMENT,
  `subject_name` varchar(100) CHARACTER SET utf8mb4 COLLATE utf8mb4_spanish_ci NOT NULL,
  `weekly_hours` int DEFAULT '0',
  `max_consecutive_class_hours` int DEFAULT '0',
  `program_id` int DEFAULT NULL,
  `term_id` int DEFAULT NULL,
  `fyh_creacion` datetime DEFAULT NULL,
  `fyh_actualizacion` datetime DEFAULT NULL,
  `estado` varchar(11) CHARACTER SET utf8mb4 COLLATE utf8mb4_spanish_ci DEFAULT NULL,
  PRIMARY KEY (`subject_id`),
  KEY `fk_program_subject` (`program_id`),
  KEY `fk_term` (`term_id`),
  CONSTRAINT `fk_program_subject` FOREIGN KEY (`program_id`) REFERENCES `programs` (`program_id`),
  CONSTRAINT `fk_term` FOREIGN KEY (`term_id`) REFERENCES `terms` (`term_id`)
) ENGINE=InnoDB AUTO_INCREMENT=2186 DEFAULT CHARSET=utf8mb4 COLLATE=utf8mb4_spanish_ci;

--
-- Dumping data for table `subjects`
--

INSERT INTO `subjects` VALUES (1637,'COMUNICACIÓN Y ATENCIÓN AL SOCIO',4,2,1,1,'2024-12-18 06:42:20',NULL,'1'),(1638,'COMUNICACIÓN Y HABILIDADES DIGITALES',5,2,1,1,'2024-12-18 06:42:20',NULL,'1'),(1639,'CONTABILIDAD BÁSICA',7,2,1,1,'2024-12-18 06:42:20',NULL,'1'),(1640,'DESARROLLO HUMANO Y VALORES',4,2,1,1,'2024-12-18 06:42:20',NULL,'1'),(1641,'INFORMÁTICA',6,2,1,1,'2024-12-18 06:42:20',NULL,'1'),(1642,'INGLÉS I',5,2,1,1,'2024-12-18 06:42:21',NULL,'1'),(1643,'MICROECONOMÍA',4,2,1,1,'2024-12-18 06:42:21',NULL,'1'),(1644,'CALIDAD',5,2,1,2,'2024-12-18 06:42:21',NULL,'1'),(1645,'QUÍMICA ORGÁNICA',6,2,3,1,'2024-12-18 06:42:21',NULL,'1'),(1646,'INGLÉS II',5,2,1,2,'2024-12-18 06:42:21',NULL,'1'),(1647,'FUNDAMENTOS MATEMÁTICOS',7,2,3,1,'2024-12-18 06:42:21',NULL,'1'),(1648,'DESARROLLO HUMANO Y VALORES',4,2,3,1,'2024-12-18 06:42:21',NULL,'1'),(1649,'CRÉDITO FINANCIERO Y SERVICIOS FINANCIEROS COMPLEMENTARIOS',5,2,1,3,'2024-12-18 06:42:21',NULL,'1'),(1650,'BIOTECNOLOGÍA Y DESARROLLO SOSTENIBLE',3,2,3,1,'2024-12-18 06:42:21',NULL,'1'),(1651,'INGLÉS III',5,2,1,3,'2024-12-18 06:42:21',NULL,'1'),(1652,'TEXTILES I',4,2,4,1,'2024-12-18 06:42:21',NULL,'1'),(1653,'PRINCIPIOS DE PATRONAJE Y CONFECCIÓN',6,2,4,1,'2024-12-18 06:42:21',NULL,'1'),(1654,'PRINCIPIOS DE DISEÑO DE MODA',4,2,4,1,'2024-12-18 06:42:21',NULL,'1'),(1655,'FUNDAMENTOS MATEMÁTICOS',7,2,4,1,'2024-12-18 06:42:21',NULL,'1'),(1656,'DESARROLLO HUMANO Y VALORES',4,2,4,1,'2024-12-18 06:42:21',NULL,'1'),(1657,'ASESORÍA FINANCIERA INTEGRAL',5,2,2,5,'2024-12-18 06:42:21',NULL,'1'),(1658,'METODOLOGÍA DE LA INVESTIGACIÓN',5,2,2,5,'2024-12-18 06:42:21',NULL,'1'),(1659,'EXPRESIÓN ORAL Y ESCRITA II',5,2,2,5,'2024-12-18 06:42:21',NULL,'1'),(1660,'DESARROLLO HUMANO Y VALORES',4,2,8,1,'2024-12-18 06:42:21',NULL,'1'),(1661,'DIBUJO ASISTIDO POR COMPUTADORA',3,2,8,1,'2024-12-18 06:42:21',NULL,'1'),(1662,'INGLÉS I',5,2,4,1,'2024-12-18 06:42:21',NULL,'1'),(1663,'FÍSICA',6,2,8,1,'2024-12-18 06:42:21',NULL,'1'),(1664,'FUNDAMENTOS MATEMATICOS',7,2,8,1,'2024-12-18 06:42:21',NULL,'1'),(1665,'COMUNICACIÓN Y HABILIDADES DIGITALES',5,2,4,1,'2024-12-18 06:42:21',NULL,'1'),(1666,'BASES CULINARIAS I',8,2,12,1,'2024-12-18 06:42:21',NULL,'1'),(1667,'INGLÉS II',5,2,4,2,'2024-12-18 06:42:21',NULL,'1'),(1668,'DESARROLLO HUMANO Y VALORES',4,2,12,1,'2024-12-18 06:42:22',NULL,'1'),(1669,'ILUSTRACIÓN DE MODA',5,2,4,2,'2024-12-18 06:42:22',NULL,'1'),(1670,'MATEMÁTICAS APLICADAS A LA GASTRONOMÍA',4,2,12,1,'2024-12-18 06:42:22',NULL,'1'),(1671,'SEGURIDAD E HIGIENE EN LOS ALIMENTOS',4,2,12,1,'2024-12-18 06:42:22',NULL,'1'),(1672,'INGLÉS III',5,2,4,3,'2024-12-18 06:42:22',NULL,'1'),(1673,'ESTADÍSTICA',5,2,4,4,'2024-12-18 06:42:22',NULL,'1'),(1674,'DESARROLLO HUMANO Y VALORES',4,2,15,1,'2024-12-18 06:42:22','2025-04-10 09:31:14','1'),(1675,'DIBUJO INDUSTRIAL',7,2,15,1,'2024-12-18 06:42:22',NULL,'1'),(1676,'FUNDAMENTOS DEL MANTENIMIENTO',4,2,15,1,'2024-12-18 06:42:22',NULL,'1'),(1677,'FUNDAMENTOS MATEMÁTICOS',7,2,15,1,'2024-12-18 06:42:22',NULL,'1'),(1678,'SEGURIDAD INDUSTRIAL',3,2,15,1,'2024-12-18 06:42:22',NULL,'1'),(1679,'GRADUACIÓN POR COMPUTADORA',5,2,4,5,'2024-12-18 06:42:22',NULL,'1'),(1680,'EXPRESIÓN ORAL Y ESCRITA II',5,2,4,5,'2024-12-18 06:42:22',NULL,'1'),(1681,'DESARROLLO HUMANO Y VALORES',4,2,16,1,'2024-12-18 06:42:22',NULL,'1'),(1682,'FUNDAMENTOS MATEMÁTICOS',7,2,16,1,'2024-12-18 06:42:22',NULL,'1'),(1683,'DISEÑO DIGITAL DE TELAS',5,2,4,8,'2024-12-18 06:42:22',NULL,'1'),(1684,'ADMINISTRACIÓN DE LA MANUFACTURA',5,2,4,9,'2024-12-18 06:42:22',NULL,'1'),(1685,'PROCESOS INDUSTRIALES',4,2,16,1,'2024-12-18 06:42:22',NULL,'1'),(1686,'BIOQUÍMICA',5,2,14,2,'2024-12-18 06:42:22','2025-04-09 22:36:38','1'),(1687,'ÉTICA PROFESIONAL',4,2,14,2,'2024-12-18 06:42:22','2025-04-09 22:40:26','1'),(1688,'INGLÉS I',5,2,18,1,'2024-12-18 06:42:22',NULL,'1'),(1689,'MATEMÁTICAS PARA INGENIERÍA I',4,2,22,7,'2024-12-18 06:42:22',NULL,'1'),(1690,'METODOLOGÍA PARA EL DESARROLLO DE PROYECTOS',3,2,22,7,'2024-12-18 06:42:22',NULL,'1'),(1691,'EXPRECIENCIA DE USUARIO',3,2,22,7,'2024-12-18 06:42:22',NULL,'1'),(1692,'SEGURIDAD INFORMATICA',3,2,22,7,'2024-12-18 06:42:22',NULL,'1'),(1693,'INGLÉS I',5,2,8,1,'2024-12-18 06:42:22',NULL,'1'),(1694,'ESTADISTICA ADMINISTRATIVA',6,2,1,2,'2024-12-18 06:42:23',NULL,'1'),(1695,'HABILIDADES SOCIOEMOCIONALES Y MANEJO DE CONFLICTOS',4,2,1,2,'2024-12-18 06:42:23',NULL,'1'),(1696,'INTRODUCCIÓN AL SISTEMA FINANCIERO',4,2,1,2,'2024-12-18 06:42:23',NULL,'1'),(1697,'MACROECONOMÍA',4,2,1,2,'2024-12-18 06:42:23',NULL,'1'),(1698,'MARCO JURÍDICO Y LEGAL',7,2,1,2,'2024-12-18 06:42:23',NULL,'1'),(1699,'COMUNICACIÓN Y HABILIDADES DIGITALES',5,2,8,1,'2024-12-18 06:42:23',NULL,'1'),(1700,'ENERGÍA Y DESARROLLO SOSTENIBLE',5,2,8,1,'2024-12-18 06:42:23',NULL,'1'),(1701,'INGLÉS II',5,2,8,2,'2024-12-18 06:42:23',NULL,'1'),(1702,'HABILIDADES SOCIOEMOCIONALES Y MANEJO DE CONFLICTOS',4,2,3,2,'2024-12-18 06:42:23',NULL,'1'),(1703,'FÍSICA',6,2,3,2,'2024-12-18 06:42:23',NULL,'1'),(1704,'CÁLCULO DIFERENCIAL',6,2,3,2,'2024-12-18 06:42:23',NULL,'1'),(1705,'BIOLOGÍA Y FISIOLOGÍA CELULAR',4,2,3,2,'2024-12-18 06:42:23',NULL,'1'),(1706,'DIAGNOSTICO ENERGETICOS',5,2,8,2,'2024-12-18 06:42:23',NULL,'1'),(1707,'PROBABILIDAD Y ESTADÍSTICA',5,2,8,2,'2024-12-18 06:42:23',NULL,'1'),(1708,'PATRONAJE INDUSTRIAL',6,2,4,2,'2024-12-18 06:42:23',NULL,'1'),(1709,'INGLÉS III',5,2,8,3,'2024-12-18 06:42:23','2025-04-09 22:05:24','1'),(1710,'HISTORIA Y SOCIOLOGÍA DE LA MODA',3,2,4,2,'2024-12-18 06:42:23',NULL,'1'),(1711,'HABILIDADES SOCIO EMOCIONALES Y MANEJO DE CONFLICTOS',4,2,4,2,'2024-12-18 06:42:23','2025-01-08 12:20:32','1'),(1712,'CONFECCIÓN INDUSTRIAL',6,2,4,2,'2024-12-18 06:42:23',NULL,'1'),(1713,'EXPRESIÓN ORAL Y ESCRITA II',5,2,9,5,'2024-12-18 06:42:23',NULL,'1'),(1714,'CÁLCULO DIFERENCIAL',6,2,8,2,'2024-12-18 06:42:23',NULL,'1'),(1715,'CIRCUITOS ELÉCTRICOS',6,2,8,2,'2024-12-18 06:42:23',NULL,'1'),(1716,'CELDAS FOTOVOLTAICAS',5,2,10,5,'2024-12-18 06:42:23',NULL,'1'),(1717,'HABILIDADES SOCIOEMOCIONALES Y MANEJO DE CONFLICTOS',4,2,8,2,'2024-12-18 06:42:23',NULL,'1'),(1718,'COLECTORES SOLARES',5,2,10,5,'2024-12-18 06:42:23',NULL,'1'),(1719,'SEGURIDAD Y MEDIO AMBIENTE',4,2,8,2,'2024-12-18 06:42:24',NULL,'1'),(1720,'EXPRESIÓN ORAL Y ESCRITA II',5,2,10,5,'2024-12-18 06:42:24',NULL,'1'),(1721,'BASES CULINARIAS II',8,2,12,2,'2024-12-18 06:42:24',NULL,'1'),(1722,'ESTANDARIZACIÓN DE PLATILLOS',3,2,12,2,'2024-12-18 06:42:24',NULL,'1'),(1723,'FUNDAMENTOS DE NUTRICIÓN',3,2,12,2,'2024-12-18 06:42:24',NULL,'1'),(1724,'HABILIDADES SOCIOEMOCIONALES Y MANEJO DE CONFLICTOS',4,2,12,2,'2024-12-18 06:42:24',NULL,'1'),(1725,'PANADERIA',8,2,12,2,'2024-12-18 06:42:24',NULL,'1'),(1726,'SERVICIO DE ALIMENTOS Y BEBIDAS',4,2,12,2,'2024-12-18 06:42:24',NULL,'1'),(1727,'INGLÉS II',10,2,14,2,'2024-12-18 06:42:24','2025-04-09 22:41:54','1'),(1728,'MODELOS Y TEORÍAS EN ENFERMERÍA',5,2,14,2,'2024-12-18 06:42:24','2025-04-09 22:42:27','1'),(1729,'EPIDEMIOLOGÍA',4,2,14,2,'2024-12-18 06:42:24','2025-04-09 22:43:01','1'),(1730,'CONTROL Y AUTOMATIZACIÓN',5,2,11,5,'2024-12-18 06:42:24',NULL,'1'),(1731,'ANATOMÍA Y FIOSIOLOGÍA II',6,2,14,2,'2024-12-18 06:42:24','2025-04-09 22:43:38','1'),(1732,'FUNDAMENTOS DE ENFERMERÍA II',6,2,14,2,'2024-12-18 06:42:24','2025-04-09 22:43:57','1'),(1733,'EXPRESIÓN ORAL Y ESCRITA II',5,2,11,5,'2024-12-18 06:42:24',NULL,'1'),(1734,'MATEMÁTICAS PARA INGENIERÍA II',5,2,26,8,'2024-12-18 06:42:24',NULL,'1'),(1735,'CÁLCULO DIFERENCIAL',6,2,15,2,'2024-12-18 06:42:24',NULL,'1'),(1736,'FÍSICA',6,2,15,2,'2024-12-18 06:42:24',NULL,'1'),(1737,'GESTIÓN DEL MANTENIMIENTO',6,2,15,2,'2024-12-18 06:42:24',NULL,'1'),(1738,'HABILIDADES SOCIO EMOCIONALES Y MANEJO DE CONFLICTOS',4,2,15,2,'2024-12-18 06:42:24','2025-01-08 12:20:46','1'),(1739,'DISEÑO DE SISTEMAS',5,2,26,8,'2024-12-18 06:42:24',NULL,'1'),(1740,'TERMODINÁMICA',3,2,15,2,'2024-12-18 06:42:24',NULL,'1'),(1741,'DISEÑO DE PROYECTOS DE ENERGÍA SOLAR',5,2,26,9,'2024-12-18 06:42:24',NULL,'1'),(1742,'CALCULO DIFERENCIAL',6,2,16,2,'2024-12-18 06:42:25',NULL,'1'),(1743,'CIRCUITOS ELÉCTRICOS',6,2,16,2,'2024-12-18 06:42:25',NULL,'1'),(1744,'DIBUJO PARA INGENIERÍA',3,2,16,2,'2024-12-18 06:42:25',NULL,'1'),(1745,'FÍSICA',6,2,16,2,'2024-12-18 06:42:25',NULL,'1'),(1746,'HABILIDADES SOCIOEMOCIONALES Y MANEJO DE CONFLICTOS',4,2,16,2,'2024-12-18 06:42:25',NULL,'1'),(1747,'DISEÑO DE PROYECTOS DE ENERGÍA EÓLICA',5,2,26,9,'2024-12-18 06:42:25',NULL,'1'),(1748,'DISEÑO DE PROYECTOS DE BIOENERGÍA',5,2,26,10,'2024-12-18 06:42:25',NULL,'1'),(1749,'ADMINSITRACIÓN DEL TIEMPO',3,2,22,7,'2024-12-18 06:42:25',NULL,'1'),(1750,'ESTRATEGIAS DE EFICIENCIA ENERGÉTICA',5,2,26,10,'2024-12-18 06:42:25',NULL,'1'),(1751,'INGLÉS I',5,2,12,1,'2024-12-18 06:42:25',NULL,'1'),(1752,'COMUNICACIÓN Y HABILIDADES DIGITALES',5,2,12,1,'2024-12-18 06:42:25',NULL,'1'),(1753,'INTRODUCCIÓN A LA GASTRONOMÍA',5,2,12,1,'2024-12-18 06:42:25',NULL,'1'),(1754,'DESARROLLO WEB PROFESIONAL',4,2,22,8,'2024-12-18 06:42:25',NULL,'1'),(1755,'FÍSICA',6,2,4,2,'2024-12-18 06:42:25',NULL,'1'),(1756,'AHORRO E INVERSIÓN',6,2,1,3,'2024-12-18 06:42:25',NULL,'1'),(1757,'INGLÉS II',5,2,12,2,'2024-12-18 06:42:25',NULL,'1'),(1758,'DESARROLLO DEL PENSAMIENTO Y TOMA DE DECISIONES',4,2,1,3,'2024-12-18 06:42:25',NULL,'1'),(1759,'EDUCACIÓN FINANCIERA',4,2,1,3,'2024-12-18 06:42:25',NULL,'1'),(1760,'MATEMÁTICAS FINANCIERAS',7,2,1,3,'2024-12-18 06:42:25',NULL,'1'),(1761,'PROYECTO INTEGRADOR',4,2,1,3,'2024-12-18 06:42:25',NULL,'1'),(1762,'INGLÉS III',5,2,12,3,'2024-12-18 06:42:25',NULL,'1'),(1763,'ADMINISTRACIÓN DE ALIMENTOS Y BEBIDAS',5,2,12,4,'2024-12-18 06:42:25',NULL,'1'),(1764,'PROYECTO INTEGRADORA I',4,2,3,3,'2024-12-18 06:42:25',NULL,'1'),(1765,'MICROBIOLOGÍA',7,2,3,3,'2024-12-18 06:42:26',NULL,'1'),(1766,'DESARROLLO DEL PENSAMIENTO Y TOMA DE DECISIONES',4,2,3,3,'2024-12-18 06:42:26',NULL,'1'),(1767,'CÁLCULO INTEGRAL',4,2,3,3,'2024-12-18 06:42:26',NULL,'1'),(1768,'BIOQUÍMICA',6,2,3,3,'2024-12-18 06:42:26',NULL,'1'),(1769,'LOGÍSTICA DE EVENTOS',5,2,12,5,'2024-12-18 06:42:26',NULL,'1'),(1770,'DESARROLLO DEL PENSAMIENTO Y TOMA DE DECISIONES',4,2,4,3,'2024-12-18 06:42:26',NULL,'1'),(1771,'PATRONAJE Y GRADUACIÓN INDUSTRIAL',6,2,4,3,'2024-12-18 06:42:26',NULL,'1'),(1772,'PLANEACIÓN DE LA PRODUCCIÓN',6,2,4,3,'2024-12-18 06:42:26',NULL,'1'),(1773,'PROYECTO INTEGRADOR I',4,2,4,3,'2024-12-18 06:42:26',NULL,'1'),(1774,'EXPRESIÓN ORAL Y ESCRITA II',5,2,12,5,'2024-12-18 06:42:26',NULL,'1'),(1775,'PATRIMONIO CULINARIO DE MÉXICO',5,2,12,7,'2024-12-18 06:42:26',NULL,'1'),(1776,'CÁLCULO INTEGRAL',4,2,8,3,'2024-12-18 06:42:26','2025-04-09 22:16:34','1'),(1777,'DESARROLLO DEL PENSAMIENTO Y TOMA DE DECISIONES',4,2,8,3,'2024-12-18 06:42:26','2025-04-09 22:12:11','1'),(1778,'ELECTRONICA INDUSTRIAL',6,2,8,3,'2024-12-18 06:42:26','2025-04-09 22:17:07','1'),(1779,'INSTALACIONES ELÉCTRICAS INDUSTRIALES',6,2,8,3,'2024-12-18 06:42:26','2025-04-09 22:16:53','1'),(1780,'TEMAS SELECTOS DE QUÍMICA',6,2,8,3,'2024-12-18 06:42:26','2025-04-09 22:16:12','1'),(1781,'PROYECTO INTEGRADOR I',4,2,8,3,'2024-12-18 06:42:26','2025-04-09 22:19:16','1'),(1782,'INGLÉS I',5,2,15,1,'2024-12-18 06:42:26',NULL,'1'),(1783,'BASES CULINARIAS III',8,2,12,3,'2024-12-18 06:42:26',NULL,'1'),(1784,'COSTOS Y PRESUPUESTOS',3,2,12,3,'2024-12-18 06:42:26',NULL,'1'),(1785,'DESARROLLO PENSAMIENTO Y TOMA DE DECISIONES',4,2,12,3,'2024-12-18 06:42:26',NULL,'1'),(1786,'OPERACIÓN DE BAR',4,2,12,3,'2024-12-18 06:42:26',NULL,'1'),(1787,'PASTELERÍA',7,2,12,3,'2024-12-18 06:42:26',NULL,'1'),(1788,'PROYECTO INTEGRADOR I',4,2,12,3,'2024-12-18 06:42:26',NULL,'1'),(1789,'COMUNICACIÓN Y HABILIDADES DIGITALES',5,2,15,1,'2024-12-18 06:42:27',NULL,'1'),(1790,'CÁLCULO INTEGRAL',4,2,15,3,'2024-12-18 06:42:27',NULL,'1'),(1791,'DESARROLLO DEL PENSAMIENTO Y TOMA DE DECISIONES',4,2,15,3,'2024-12-18 06:42:27',NULL,'1'),(1792,'ELECTRÓNICA ANALOGICA',6,2,15,3,'2024-12-18 06:42:27',NULL,'1'),(1793,'MÁQUINAS Y MECANISMOS',7,2,15,3,'2024-12-18 06:42:27',NULL,'1'),(1794,'PROYECTO INTEGRADOR I',4,2,15,3,'2024-12-18 06:42:27',NULL,'1'),(1795,'INGLÉS II',5,2,15,2,'2024-12-18 06:42:27',NULL,'1'),(1796,'PROBABILIDAD Y ESTADÍSTICA',5,2,15,2,'2024-12-18 06:42:27',NULL,'1'),(1797,'CÁLCULO INTEGRAL',4,2,16,3,'2024-12-18 06:42:27',NULL,'1'),(1798,'DESARROLLO DEL PENSAMIENTO Y TOMA DE DECISIONES',4,2,16,3,'2024-12-18 06:42:27',NULL,'1'),(1799,'INGLÉS III',5,2,15,3,'2024-12-18 06:42:27',NULL,'1'),(1800,'ELECTRÓNICA DIGITAL',7,2,16,3,'2024-12-18 06:42:27',NULL,'1'),(1801,'SISTEMAS ELÉCTRICOS',5,2,15,3,'2024-12-18 06:42:27',NULL,'1'),(1802,'PROYECTO INTEGRADOR I',4,2,16,3,'2024-12-18 06:42:27',NULL,'1'),(1803,'MÁQUINAS ELÉCTRICAS',5,2,15,4,'2024-12-18 06:42:27',NULL,'1'),(1804,'SEGURIDAD EN EL DESARROLLO DE APLICACIONES',4,2,22,8,'2024-12-18 06:42:27',NULL,'1'),(1805,'INGLÉS II',5,2,18,2,'2024-12-18 06:42:27',NULL,'1'),(1806,'PLANEACIÓN Y ORGANIZACIÓN DEL TRABAJO',3,2,22,8,'2024-12-18 06:42:27',NULL,'1'),(1807,'INSTALACIONES ELÉCTRICAS',5,2,15,5,'2024-12-18 06:42:27',NULL,'1'),(1808,'INGLÉS III',5,2,18,3,'2024-12-18 06:42:27',NULL,'1'),(1809,'MATEMÁTICAS PARA INGENIERÍA I',4,2,13,7,'2024-12-18 06:42:27',NULL,'1'),(1810,'ILUSTRACIÓN DE MODA DIGITAL',6,2,4,3,'2024-12-18 06:42:27',NULL,'1'),(1811,'TEXTILES II',4,2,4,3,'2024-12-18 06:42:27',NULL,'1'),(1812,'CÁLCULO INTEGRAL',4,2,3,4,'2024-12-18 06:42:28',NULL,'1'),(1813,'PROCESOS FERMENTATIVOS',4,2,3,4,'2024-12-18 06:42:28',NULL,'1'),(1814,'FISIOLOGÍA CELULAR Y TEJIDO',4,2,3,4,'2024-12-18 06:42:28',NULL,'1'),(1815,'INMUNOLOGÍA',4,2,3,4,'2024-12-18 06:42:28',NULL,'1'),(1816,'BIOLOGÍA MOLECULAR I',4,2,3,4,'2024-12-18 06:42:28',NULL,'1'),(1817,'BIOQUÍMICA II',4,2,3,4,'2024-12-18 06:42:28',NULL,'1'),(1818,'TECNOLOGÍA ENZIMÁTICA',4,2,3,4,'2024-12-18 06:42:28',NULL,'1'),(1819,'ANÁLISIS CLÍNICOS',4,2,3,4,'2024-12-18 06:42:28',NULL,'1'),(1820,'INGLÉS IV',4,2,3,4,'2024-12-18 06:42:28',NULL,'1'),(1821,'MANTENIMIENTO A PROCESOS DE MANUFACTURA',5,2,15,5,'2024-12-18 06:42:28',NULL,'1'),(1822,'COSTOS DE MANUFACTURA',6,2,4,4,'2024-12-18 06:42:28',NULL,'1'),(1823,'PLANEACIÓN DE LA PRODUCCIÓN',7,2,4,4,'2024-12-18 06:42:28',NULL,'1'),(1824,'MERCADOTECNÍA DE LA MODA',4,2,4,4,'2024-12-18 06:42:28',NULL,'1'),(1825,'PATRONAJE POR COMPUTADORA',6,2,4,4,'2024-12-18 06:42:28',NULL,'1'),(1826,'FORMACIÓN SOCIOCULTURAL IV',3,2,4,4,'2024-12-18 06:42:28',NULL,'1'),(1827,'INGLÉS IV',4,2,4,4,'2024-12-18 06:42:28',NULL,'1'),(1828,'INGLÉS IV',4,2,12,4,'2024-12-18 06:42:28',NULL,'1'),(1829,'MERCADOTECNÍA DE SERVICIOS GASTRONOMICOS',4,2,12,4,'2024-12-18 06:42:28',NULL,'1'),(1830,'FUNDAMENTOS DE VITIVINICULTURA',4,2,12,4,'2024-12-18 06:42:28',NULL,'1'),(1831,'AUTOMATIZACIÓN Y ROBÓTICA',5,2,15,5,'2024-12-18 06:42:28',NULL,'1'),(1832,'REPOSTERÍA',7,2,12,4,'2024-12-18 06:42:28',NULL,'1'),(1833,'INTEGRADORA I',2,2,12,4,'2024-12-18 06:42:28',NULL,'1'),(1834,'FRANCES I',6,2,12,4,'2024-12-18 06:42:28',NULL,'1'),(1835,'FORMACIÓN SOCIOCULTURAL IV',3,2,12,4,'2024-12-18 06:42:28',NULL,'1'),(1836,'INGLÉS IV',4,2,15,4,'2024-12-18 06:42:29',NULL,'1'),(1837,'CÁLCULO INTEGRAL',4,2,15,4,'2024-12-18 06:42:29',NULL,'1'),(1838,'ESTRUCTURA Y PROPIEDADES DE LOS MATERIALES',3,2,15,4,'2024-12-18 06:42:29',NULL,'1'),(1839,'EXPRESIÓN ORAL Y ESCRITA II',5,2,15,5,'2024-12-18 06:42:29',NULL,'1'),(1840,'REDES DE SERVICIOS INDUSTRIALES',3,2,15,4,'2024-12-18 06:42:29',NULL,'1'),(1841,'ELECTRÓNICA DIGITAL',4,2,15,4,'2024-12-18 06:42:29',NULL,'1'),(1842,'PRINCIPIOS DE PROGRAMACIÓN',3,2,15,4,'2024-12-18 06:42:29',NULL,'1'),(1843,'SISTEMAS NEUMÁTICOS E HIDRÁULICOS',7,2,15,4,'2024-12-18 06:42:29',NULL,'1'),(1844,'FORMACIÓN SOCIOCULTURAL III',2,2,15,4,'2024-12-18 06:42:29',NULL,'1'),(1845,'INGLÉS IV',4,2,16,4,'2024-12-18 06:42:29',NULL,'1'),(1846,'CÁLCULO INTEGRAL',4,2,16,4,'2024-12-18 06:42:29',NULL,'1'),(1847,'ESTRUCTURA Y PROPIEDADES DE LOS MATERIALES',3,2,16,4,'2024-12-18 06:42:29',NULL,'1'),(1848,'INSTRUMENTACIÓN INDUSTRIAL',4,2,16,4,'2024-12-18 06:42:29',NULL,'1'),(1849,'MATEMÁTICAS PARA INGENIERÍA II',5,2,15,8,'2024-12-18 06:42:29',NULL,'1'),(1850,'DISPOSITIVOS DIGITALES',3,2,16,4,'2024-12-18 06:42:29',NULL,'1'),(1851,'LENGUAJE DE PROGRAMACIÓN',4,2,16,4,'2024-12-18 06:42:29',NULL,'1'),(1852,'TÉCNICAS TPM Y RCM',5,2,15,8,'2024-12-18 06:42:29',NULL,'1'),(1853,'FORMACIÓN SOCIOCULTURAL',3,2,16,4,'2024-12-18 06:42:29',NULL,'1'),(1854,'PROGRAMACIÓN DE VIDEOJUEGOS I',6,2,13,7,'2024-12-18 06:42:29',NULL,'1'),(1855,'PRODUCCIÓN DE EFECTOS VISUALES',3,2,13,7,'2024-12-18 06:42:29',NULL,'1'),(1856,'ADMINISTRACIÓN DEL TIEMPO',3,2,13,7,'2024-12-18 06:42:29',NULL,'1'),(1857,'INGLÉS IV',4,2,19,4,'2024-12-18 06:42:29',NULL,'1'),(1858,'BASE DE DATOS PARA NEGOCIOS DIGITALES',6,2,13,8,'2024-12-18 06:42:29',NULL,'1'),(1859,'PROGRAMACIÓN PARA ENTORNOS VIRTUALES',6,2,13,8,'2024-12-18 06:42:30',NULL,'1'),(1860,'PROGRAMACIÓN DE VIDEOJUEGOS II',3,2,13,8,'2024-12-18 06:42:30',NULL,'1'),(1861,'EMPRENDIMIENTO DIGITAL',3,2,13,8,'2024-12-18 06:42:30',NULL,'1'),(1862,'PLANEACIÓN Y ORGANIZACIÓN DEL TRABAJO',3,2,13,8,'2024-12-18 06:42:30',NULL,'1'),(1863,'GESTIÓN AMBIENTAL',5,2,15,8,'2024-12-18 06:42:30',NULL,'1'),(1864,'PROYECTOS TECNÓLOGICOS Y DE SERVICIO',5,2,15,10,'2024-12-18 06:42:30',NULL,'1'),(1865,'ANALÍTICA DE DATOS PARA NEGOCIOS DIGITALES',6,2,13,9,'2024-12-18 06:42:30',NULL,'1'),(1866,'CIBERSEGURIDAD APLICADA A LOS NEGOCIOS DIGITALES',4,2,13,9,'2024-12-18 06:42:30',NULL,'1'),(1867,'GESTIÓN DE PROYECTOS I',4,2,13,9,'2024-12-18 06:42:30',NULL,'1'),(1868,'DIRECCIÓN DE EQUIPOS DE ALTO RENDIMIENTO',2,2,13,9,'2024-12-18 06:42:30',NULL,'1'),(1869,'INGLÉS I',5,2,16,1,'2024-12-18 06:42:30',NULL,'1'),(1870,'SERVICIOS FINANCIEROS COMPLEMENTARIOS',3,2,2,5,'2024-12-18 06:42:30',NULL,'1'),(1871,'PROYECTOS DE EMPRENDIMIENTO SOCIAL',4,2,2,5,'2024-12-18 06:42:30',NULL,'1'),(1872,'EVALUACIÓN FINANCIERA',7,2,2,5,'2024-12-18 06:42:30',NULL,'1'),(1873,'COMUNICACIÓN Y HABILIDADES DIGITALES',5,2,16,1,'2024-12-18 06:42:30',NULL,'1'),(1874,'INTEGRADORA II',2,2,2,5,'2024-12-18 06:42:30',NULL,'1'),(1875,'METODOLOGÍA DE LA PROGRAMACIÓN',5,2,16,1,'2024-12-18 06:42:30',NULL,'1'),(1876,'INGLÉS V',4,2,2,5,'2024-12-18 06:42:30',NULL,'1'),(1877,'INTEGRADORA II',2,2,3,5,'2024-12-18 06:42:30',NULL,'1'),(1878,'METROLOGÍA',5,2,16,1,'2024-12-18 06:42:30',NULL,'1'),(1879,'INGLÉS II',5,2,16,2,'2024-12-18 06:42:30',NULL,'1'),(1880,'PROBABILIDAD Y ESTÁDISTICA',5,2,16,2,'2024-12-18 06:42:30',NULL,'1'),(1881,'INGLÉS III',5,2,16,3,'2024-12-18 06:42:30',NULL,'1'),(1882,'ELECTRÓNICA ANALOGICA Y POTENCIA',6,2,16,3,'2024-12-18 06:42:31','2025-04-10 18:37:49','1'),(1883,'FORMACIÓN SOCIOCULTURAL',3,2,3,5,'2024-12-18 06:42:31',NULL,'1'),(1884,'INGLÉS V',4,2,3,5,'2024-12-18 06:42:31',NULL,'1'),(1885,'CALIDAD EN LA INDUSTRIA DEL VESTIDO',6,2,4,5,'2024-12-18 06:42:31',NULL,'1'),(1886,'SISTEMAS DE CONFECCIÓN INDUSTRIAL',6,2,4,5,'2024-12-18 06:42:31','2025-01-10 10:07:36','1'),(1887,'PROCESOS DE MANUFACTURA',7,2,4,5,'2024-12-18 06:42:31',NULL,'1'),(1888,'ELEMENTOS MECÁNICOS',5,2,16,3,'2024-12-18 06:42:31',NULL,'1'),(1889,'INTEGRADORA II',2,2,4,5,'2024-12-18 06:42:31',NULL,'1'),(1890,'ANÁLISIS DE CIRCUITOS ELÉCTRICOS',5,2,16,4,'2024-12-18 06:42:31',NULL,'1'),(1891,'INGLÉS V',4,2,4,5,'2024-12-18 06:42:31',NULL,'1'),(1892,'CÁLCULO INTEGRAL',4,2,9,5,'2024-12-18 06:42:31',NULL,'1'),(1893,'CALIDAD DE LA ENERGÍA',6,2,9,5,'2024-12-18 06:42:31',NULL,'1'),(1894,'INSTALACIONES Y ALUMBRADO',6,2,9,5,'2024-12-18 06:42:31',NULL,'1'),(1895,'ADMINISTRACIÓN DE PROYECTOS',3,2,9,5,'2024-12-18 06:42:31',NULL,'1'),(1896,'AUTOMATIZACIÓN Y CONTROL DE LA DEMANDA',4,2,9,5,'2024-12-18 06:42:31',NULL,'1'),(1897,'INTEGRADORA II',2,2,9,5,'2024-12-18 06:42:31',NULL,'1'),(1898,'DISPOSITIVOS ANALÓGICOS',5,2,16,4,'2024-12-18 06:42:31',NULL,'1'),(1899,'INGLÉS V',4,2,9,5,'2024-12-18 06:42:31',NULL,'1'),(1900,'CÁLCULO INTEGRAL',4,2,10,5,'2024-12-18 06:42:31',NULL,'1'),(1901,'SEGURIDAD INDUSTRIAL',3,2,10,5,'2024-12-18 06:42:31',NULL,'1'),(1902,'PROGRAMACIÓN VISUAL',5,2,16,5,'2024-12-18 06:42:31',NULL,'1'),(1903,'INTEGRACIÓN DE SISTEMAS AUTOMÁTICOS',5,2,16,5,'2024-12-18 06:42:31',NULL,'1'),(1904,'ADMINISTRACIÓN DE PROYECTOS',3,2,10,5,'2024-12-18 06:42:32',NULL,'1'),(1905,'ADQUISICIÓN DE DATOS',3,2,10,5,'2024-12-18 06:42:32',NULL,'1'),(1906,'INTEGRADORA II',2,2,10,5,'2024-12-18 06:42:32',NULL,'1'),(1907,'MICROCONTROLADORES',5,2,16,5,'2024-12-18 06:42:32',NULL,'1'),(1908,'INGLÉS V',4,2,10,5,'2024-12-18 06:42:32',NULL,'1'),(1909,'CÁLCULO INTEGRAL',4,2,11,5,'2024-12-18 06:42:32',NULL,'1'),(1910,'FUNDAMENTOS DE INSTRUMENTACIÓN VIRTUAL',5,2,16,5,'2024-12-18 06:42:32',NULL,'1'),(1911,'GESTIÓN DE PROYECTOS EN ENERGÍAS RENOVABLES',4,2,11,5,'2024-12-18 06:42:32',NULL,'1'),(1912,'MANTENIMIENTO A SISTEMAS DE TURBOGENERACIÓN',6,2,11,5,'2024-12-18 06:42:32','2025-01-15 14:12:38','1'),(1913,'IMPACTO AMBIENTAL DE LA TURBOGENERACIÓN',4,2,11,5,'2024-12-18 06:42:32',NULL,'1'),(1914,'INTEGRADORA II',2,2,11,5,'2024-12-18 06:42:32',NULL,'1'),(1915,'EXPRESIÓN ORAL Y ESCRITA',5,2,16,5,'2024-12-18 06:42:32',NULL,'1'),(1916,'INGLÉS V',4,2,11,5,'2024-12-18 06:42:32',NULL,'1'),(1917,'MÉTODOS Y TÉCNICAS DE INVESTIGACIÓN APLICADAS A LA GASTRONOMÍA',4,2,12,5,'2024-12-18 06:42:32',NULL,'1'),(1918,'INGLÉS V',4,2,12,5,'2024-12-18 06:42:32',NULL,'1'),(1919,'INSTRUMENTACIÓN VIRTUAL',5,2,16,7,'2024-12-18 06:42:32',NULL,'1'),(1920,'MÁQUINAS TÉRMICAS',3,2,15,5,'2024-12-18 06:42:32',NULL,'1'),(1921,'ELECTRICIDAD INDUSTRIAL',5,2,16,7,'2024-12-18 06:42:32',NULL,'1'),(1922,'MATEMÁTICAS PARA INGENIERÍA II',5,2,16,8,'2024-12-18 06:42:32',NULL,'1'),(1923,'INGENIERÍA DE MATERIALES',3,2,15,5,'2024-12-18 06:42:32',NULL,'1'),(1924,'INTEGRADORA II',2,2,15,5,'2024-12-18 06:42:32',NULL,'1'),(1925,'CONTROL DE MOTORES II',5,2,16,8,'2024-12-18 06:42:32',NULL,'1'),(1926,'FORMACIÓN SOCIOCULTURAL IV',3,2,15,5,'2024-12-18 06:42:32',NULL,'1'),(1927,'INGLÉS V',4,2,15,5,'2024-12-18 06:42:33',NULL,'1'),(1928,'INGLÉS V',4,2,16,5,'2024-12-18 06:42:33',NULL,'1'),(1929,'INTEGRADORA II',2,2,16,5,'2024-12-18 06:42:33',NULL,'1'),(1930,'FUNDAMENTOS DE ROBÓTICA INDUSTRIAL',5,2,16,9,'2024-12-18 06:42:33',NULL,'1'),(1931,'CONTROL LÓGICO AVANZADO',5,2,16,10,'2024-12-18 06:42:33',NULL,'1'),(1932,'INGLÉS I',5,2,3,1,'2024-12-18 06:42:33',NULL,'1'),(1933,'QUÍMICA INORGÁNICA',5,2,3,1,'2024-12-18 06:42:33',NULL,'1'),(1934,'SISTEMAS DE CONTROL',4,2,16,5,'2024-12-18 06:42:33',NULL,'1'),(1935,'COMUNICACIÓN Y HABILIDADES DIGITALES',5,2,3,1,'2024-12-18 06:42:33',NULL,'1'),(1936,'INGLÉS IV',4,2,23,4,'2024-12-18 06:42:33',NULL,'1'),(1937,'ANIMACIÓN DIGITAL AVANZADA',5,2,13,7,'2024-12-18 06:42:33',NULL,'1'),(1938,'MATEMÁTICAS PARA INGENIERÍA II',5,2,13,9,'2024-12-18 06:42:33',NULL,'1'),(1939,'QUÍMICA ANALITICA',5,2,3,2,'2024-12-18 06:42:33',NULL,'1'),(1940,'INGLÉS IX',4,2,13,10,'2024-12-18 06:42:33',NULL,'1'),(1941,'PROBABILIDAD Y ESTADÍSTICA',5,2,3,2,'2024-12-18 06:42:33',NULL,'1'),(1942,'INTELIGENCIA DE NEGOCIOS',6,2,13,10,'2024-12-18 06:42:33',NULL,'1'),(1943,'PROGRAMACIÓN DE APLICACIONES WEB PROGRESIVAS',7,2,13,10,'2024-12-18 06:42:33',NULL,'1'),(1944,'INGLÉS II',5,2,3,2,'2024-12-18 06:42:33',NULL,'1'),(1945,'INTEGRADORA',2,2,13,10,'2024-12-18 06:42:33',NULL,'1'),(1946,'GESTIÓN DE PROYECTOS II',4,2,13,10,'2024-12-18 06:42:33',NULL,'1'),(1947,'NEGOCIACIÓN EMPRESARIAL',2,2,13,10,'2024-12-18 06:42:33',NULL,'1'),(1948,'LEAN SERVICE',0,2,27,2,'2024-12-18 06:42:33',NULL,'1'),(1949,'TERMODINÁMICA Y FISICOQUÍMICA',5,2,3,3,'2024-12-18 06:42:33','2025-04-10 10:16:53','1'),(1950,'INDUTRIS 4.0',0,2,27,2,'2024-12-18 06:42:33',NULL,'1'),(1951,'EVALUACIÓN DE SERVICIOS GASTRONOMICOS',3,2,12,5,'2024-12-18 06:42:33',NULL,'1'),(1952,'CONFORMACIÓN DE MENÚS',8,2,12,5,'2024-12-18 06:42:33',NULL,'1'),(1953,'INGLÉS III',5,2,3,3,'2024-12-18 06:42:34',NULL,'1'),(1954,'INTEGRADORA II',2,2,12,5,'2024-12-18 06:42:34',NULL,'1'),(1955,'FRANCES II',4,2,12,5,'2024-12-18 06:42:34',NULL,'1'),(1956,'PROCESOS ALIMENTARIOS',5,2,3,5,'2024-12-18 06:42:34',NULL,'1'),(1957,'MATEMÁTICAS PARA INGENIERÍA I',4,2,3,7,'2024-12-18 06:42:34',NULL,'1'),(1958,'BIOLOGÍA MOLECULAR II',5,2,3,5,'2024-12-18 06:42:34',NULL,'1'),(1959,'ANÁLISIS INSTRUMENTAL',2,2,3,7,'2024-12-18 06:42:34',NULL,'1'),(1960,'SEGURIDAD E HIGIENE',2,2,3,7,'2024-12-18 06:42:34',NULL,'1'),(1961,'ADMINISTRACIÓN Y CONTABILIDAD',2,2,3,7,'2024-12-18 06:42:34',NULL,'1'),(1962,'TERMODINÁMICA APLICADA',3,2,3,7,'2024-12-18 06:42:34',NULL,'1'),(1963,'ADMINISTRACIÓN DEL TIEMPO',3,2,3,7,'2024-12-18 06:42:34',NULL,'1'),(1964,'INGLÉS VI',4,2,3,7,'2024-12-18 06:42:34',NULL,'1'),(1965,'FÍSICA DE FIBRAS',6,2,4,7,'2024-12-18 06:42:34',NULL,'1'),(1966,'MATERIALES Y ADITAMIENTOS PARA EL DISEÑO',3,2,4,7,'2024-12-18 06:42:34',NULL,'1'),(1967,'DISEÑO DE TELAS',6,2,4,7,'2024-12-18 06:42:34',NULL,'1'),(1968,'MODELADO SOBRE MANIQUÍ',3,2,4,7,'2024-12-18 06:42:34',NULL,'1'),(1969,'ADMINISTRACIÓN DEL TIEMPO',3,2,4,7,'2024-12-18 06:42:34',NULL,'1'),(1970,'INGLÉS VI',4,2,4,7,'2024-12-18 06:42:34',NULL,'1'),(1971,'COCINA MEXICANA I',6,2,12,7,'2024-12-18 06:42:34',NULL,'1'),(1972,'PROCESOS AGROPECUARIOS',5,2,3,5,'2024-12-18 06:42:34',NULL,'1'),(1973,'ADMINISTRACIÓN DE PROCESOS GASTRONÓMICOS',4,2,12,7,'2024-12-18 06:42:34',NULL,'1'),(1974,'BEBIDAS DESTILADAS MEXICANAS',3,2,12,7,'2024-12-18 06:42:34',NULL,'1'),(1975,'ADMINISTRACIÓN DEL TIEMPO',3,2,12,7,'2024-12-18 06:42:34',NULL,'1'),(1976,'INGLÉS VI',4,2,12,7,'2024-12-18 06:42:35',NULL,'1'),(1977,'MATEMÁTICAS PARA INGENIERÍA I',4,2,26,7,'2024-12-18 06:42:35',NULL,'1'),(1978,'FÍSICA PARA INGENIERÍA',4,2,26,7,'2024-12-18 06:42:35',NULL,'1'),(1979,'ANÁLISIS Y ADQUISICIÓN DE DATOS',4,2,26,7,'2024-12-18 06:42:35',NULL,'1'),(1980,'ADMINISTRACIÓN DE NEGOCIOS',4,2,26,7,'2024-12-18 06:42:35',NULL,'1'),(1981,'ADMINISTRACIÓN DEL TIEMPO',3,2,26,7,'2024-12-18 06:42:35',NULL,'1'),(1982,'DIRECCIÓN DE EQUIPO DE ALTO RENDIMIENTO',2,2,26,7,'2024-12-18 06:42:35',NULL,'1'),(1983,'INGLÉS VI',4,2,26,7,'2024-12-18 06:42:35',NULL,'1'),(1984,'ÉTICA PROFESIONAL',0,2,27,2,'2024-12-18 06:42:35',NULL,'1'),(1985,'CÓMPUTO EN LA NUBE II',0,2,27,2,'2024-12-18 06:42:35',NULL,'1'),(1986,'PROCESO DE LA SALUD',5,2,3,5,'2024-12-18 06:42:35',NULL,'1'),(1987,'PROPIEDAD INDUSTRIAL',0,2,27,5,'2024-12-18 06:42:35',NULL,'1'),(1988,'ROBÓTICA',0,2,27,5,'2024-12-18 06:42:35',NULL,'1'),(1989,'CIBERSEGURIDAD',0,2,27,5,'2024-12-18 06:42:35',NULL,'1'),(1990,'MATEMÁTICAS PARA INGENIERÍA I',4,2,15,7,'2024-12-18 06:42:35',NULL,'1'),(1991,'FÍSICA PARA INGENIERÍA',4,2,15,7,'2024-12-18 06:42:35',NULL,'1'),(1992,'PROTOCOLO DE OPERACIÓN Y MANTENIMIENTO',3,2,15,7,'2024-12-18 06:42:35',NULL,'1'),(1993,'TRIBOLOGÍA',4,2,15,7,'2024-12-18 06:42:35',NULL,'1'),(1994,'PLANEACIÓN Y ORGANIZACIÓN DEL TRABAJO',3,2,15,7,'2024-12-18 06:42:35',NULL,'1'),(1995,'ADMINISTRACIÓN DEL TIEMPO',3,2,15,7,'2024-12-18 06:42:35',NULL,'1'),(1996,'INGLÉS VI',4,2,15,7,'2024-12-18 06:42:35',NULL,'1'),(1997,'MATEMÁTICAS PARA INGENIERÍA I',4,2,16,7,'2024-12-18 06:42:35',NULL,'1'),(1998,'FÍSICA PARA INGENIERÍA',4,2,16,7,'2024-12-18 06:42:35',NULL,'1'),(1999,'EXPRESIÓN ORAL Y ESCRITA II',5,2,3,5,'2024-12-18 06:42:35',NULL,'1'),(2000,'OPERACIONES UNITARIAS I',5,2,3,7,'2024-12-18 06:42:35',NULL,'1'),(2001,'ADMINISTRACIÓN DEL TIEMPO',3,2,16,7,'2024-12-18 06:42:36',NULL,'1'),(2002,'INGLÉS VI',4,2,16,7,'2024-12-18 06:42:36',NULL,'1'),(2003,'DESARROLLO DE PROYECTOS TECNOLÓGICOS III',0,2,27,5,'2024-12-18 06:42:36',NULL,'1'),(2004,'DESARROLLO HUMANO Y VALORES',4,2,18,1,'2024-12-18 06:42:36',NULL,'1'),(2005,'FUNDAMENTOS DE REDES',4,2,18,1,'2024-12-18 06:42:36',NULL,'1'),(2006,'MATEMÁTICAS PARA INGENIERÍA II',5,2,3,8,'2024-12-18 06:42:36',NULL,'1'),(2007,'FUNDAMENTOS DE PROGRAMACION',4,2,18,1,'2024-12-18 06:42:36',NULL,'1'),(2008,'FUNDAMENTOS MATEMÁTICOS',7,2,18,1,'2024-12-18 06:42:36',NULL,'1'),(2009,'FÍSICA',6,2,18,1,'2024-12-18 06:42:36',NULL,'1'),(2010,'DISEÑOS EXPERIMENTALES',5,2,3,9,'2024-12-18 06:42:36',NULL,'1'),(2011,'ANÁLISIS FISICOQUÍMICOS Y MICROBIOLÓGICOS',3,2,3,8,'2024-12-18 06:42:36',NULL,'1'),(2012,'OPERACIONES UNITARIAS II',4,2,3,8,'2024-12-18 06:42:36',NULL,'1'),(2013,'DESARROLLO SUSTENTABLE',2,2,3,8,'2024-12-18 06:42:36',NULL,'1'),(2014,'FENÓMENOS DE TRANSPORTE',4,2,3,8,'2024-12-18 06:42:36',NULL,'1'),(2015,'PLANEACIÓN Y ORGANIZACIÓN DEL TRABAJO',3,2,3,8,'2024-12-18 06:42:36',NULL,'1'),(2016,'INGLÉS VII',4,2,3,8,'2024-12-18 06:42:36',NULL,'1'),(2017,'PATRONAJE Y GRADUACIÓN DIGITAL',6,2,4,8,'2024-12-18 06:42:36',NULL,'1'),(2018,'INGENIERÍA DEL PRODUCTO',4,2,4,8,'2024-12-18 06:42:36',NULL,'1'),(2019,'EMPRENDIMIENTO',3,2,4,8,'2024-12-18 06:42:36',NULL,'1'),(2020,'PLANEACIÓN Y ORGANIZACIÓN DEL TRABAJO',3,2,4,8,'2024-12-18 06:42:36',NULL,'1'),(2021,'INGLÉS VII',4,2,4,8,'2024-12-18 06:42:36',NULL,'1'),(2022,'INGENIERÍA DE MENÚ',4,2,12,8,'2024-12-18 06:42:36',NULL,'1'),(2023,'PLANEACIÓN Y ORGANIZACIÓN DEL TRABAJO',3,2,12,8,'2024-12-18 06:42:36',NULL,'1'),(2024,'COCINA MEXICANA II',6,2,12,8,'2024-12-18 06:42:36',NULL,'1'),(2025,'COCINA EUROPEA',8,2,12,8,'2024-12-18 06:42:36',NULL,'1'),(2026,'INGLÉS VII',4,2,12,8,'2024-12-18 06:42:36',NULL,'1'),(2027,'CÁLCULO DIFERENCIAL',6,2,18,2,'2024-12-18 06:42:36',NULL,'1'),(2028,'HABILIDADES SOCIO EMOCIONALES Y MANEJO DE CONFLICTOS',4,2,18,2,'2024-12-18 06:42:37','2025-01-08 12:20:54','1'),(2029,'INGENIERÍA ECONÓMICA',4,2,26,8,'2024-12-18 06:42:37',NULL,'1'),(2030,'AIRE ACONDICIONADO Y REFRIGERACIÓN',4,2,26,8,'2024-12-18 06:42:37',NULL,'1'),(2031,'PLANEACIÓN Y ORGANIZACIÓN DEL TRABAJO',3,2,26,8,'2024-12-18 06:42:37',NULL,'1'),(2032,'INGLÉS VII',4,2,26,8,'2024-12-18 06:42:37',NULL,'1'),(2033,'CÁLCULO INTEGRAL',4,2,18,3,'2024-12-18 06:42:37',NULL,'1'),(2034,'DESARROLLO DEL PENSAMIENTO Y TOMA DE DECISIONES',4,2,18,3,'2024-12-18 06:42:37',NULL,'1'),(2035,'PROYECTO INTEGRADOR I',4,2,18,3,'2024-12-18 06:42:37',NULL,'1'),(2036,'PROGRAMACION ORIENTADA A OBJETOS',7,2,18,3,'2024-12-18 06:42:37',NULL,'1'),(2037,'TOPICOS DE CALIDAD PARA EL DISEÑO DE SOFTWARE',6,2,18,3,'2024-12-18 06:42:37',NULL,'1'),(2038,'INGLÉS IX',4,2,22,10,'2024-12-18 06:42:37',NULL,'1'),(2039,'COMUNICACIÓN Y HABILIDADES DIGITALES',5,2,18,1,'2024-12-18 06:42:37',NULL,'1'),(2040,'INGLÉS V',4,2,19,5,'2024-12-18 06:42:37',NULL,'1'),(2041,'ENSAYOS DESTRUCTIVOS',4,2,15,8,'2024-12-18 06:42:37',NULL,'1'),(2042,'INTEGRADORA I',2,2,15,8,'2024-12-18 06:42:37',NULL,'1'),(2043,'PROBABILIDAD Y ESTADÍSTICA',5,2,18,2,'2024-12-18 06:42:37',NULL,'1'),(2044,'INGLÉS VII',4,2,15,8,'2024-12-18 06:42:37',NULL,'1'),(2045,'PROGRAMACION ESTRUCTURADA',5,2,18,2,'2024-12-18 06:42:37',NULL,'1'),(2046,'MECÁNICA PARA LA AUTOMATIZACIÓN',4,2,16,8,'2024-12-18 06:42:37',NULL,'1'),(2047,'CONMUTACION Y ENRUTAMIENTO DE REDES',5,2,18,2,'2024-12-18 06:42:37',NULL,'1'),(2048,'DISEÑO ASISTIDO POR COMPUTADORA',4,2,16,8,'2024-12-18 06:42:37',NULL,'1'),(2049,'PLANEACIÓN Y ORGANIZACIÓN DEL TRABAJO',3,2,16,8,'2024-12-18 06:42:37',NULL,'1'),(2050,'INGLÉS VII',4,2,16,8,'2024-12-18 06:42:37',NULL,'1'),(2051,'SISTEMAS OPERATIVOS',5,2,18,2,'2024-12-18 06:42:37',NULL,'1'),(2052,'INGLÉS V',4,2,23,5,'2024-12-18 06:42:37',NULL,'1'),(2053,'BASE DE DATOS',5,2,18,3,'2024-12-18 06:42:37','2025-04-10 10:14:51','1'),(2054,'ESTANDÁRES Y MÉTRICAS PARA EL DESARROLLO DE SOFTWARE',3,2,19,4,'2024-12-18 06:42:38',NULL,'1'),(2055,'PRINCIPIOS PARA IOT',4,2,19,4,'2024-12-18 06:42:38',NULL,'1'),(2056,'DISEÑO DE APPS',4,2,19,4,'2024-12-18 06:42:38',NULL,'1'),(2057,'INFORMÁTICA PARA INGENIEROS',4,2,3,9,'2024-12-18 06:42:38',NULL,'1'),(2058,'INGENIERÍA DE PROYECTOS',4,2,3,9,'2024-12-18 06:42:38',NULL,'1'),(2059,'INTEGRADORA I',2,2,3,9,'2024-12-18 06:42:38',NULL,'1'),(2060,'ESTRUCTURA DE DATOS APLICADAS',6,2,19,4,'2024-12-18 06:42:38',NULL,'1'),(2061,'OPTATIVA I',4,2,3,9,'2024-12-18 06:42:38',NULL,'1'),(2062,'DIRECCIÓN DE EQUIPO DE ALTO RENDIMIENTO',2,2,3,9,'2024-12-18 06:42:38',NULL,'1'),(2063,'INGLÉS VIII',4,2,3,9,'2024-12-18 06:42:38',NULL,'1'),(2064,'QUÍMICA PARA ACABADOS TEXTILES',6,2,4,9,'2024-12-18 06:42:38',NULL,'1'),(2065,'INGENIERÍA ECONÓMICA',3,2,4,9,'2024-12-18 06:42:38',NULL,'1'),(2066,'MÁQUINARIA TEXTIL',3,2,4,9,'2024-12-18 06:42:38',NULL,'1'),(2067,'APLICACIONES WEB ORIENTADA A SERVICIOS',7,2,19,4,'2024-12-18 06:42:38',NULL,'1'),(2068,'MODA SOSTENIBLE',2,2,4,9,'2024-12-18 06:42:38',NULL,'1'),(2069,'DIRECCIÓN DE EQUIPOS DE ALTO RENDIMIENTO',2,2,4,9,'2024-12-18 06:42:38',NULL,'1'),(2070,'INGLÉS VIII',4,2,4,9,'2024-12-18 06:42:38',NULL,'1'),(2071,'CONTABILIDAD',4,2,12,9,'2024-12-18 06:42:38',NULL,'1'),(2072,'COCINA ASIÁTICA',8,2,12,9,'2024-12-18 06:42:38',NULL,'1'),(2073,'CONCEPTOS GASTRONOMICOS',3,2,12,9,'2024-12-18 06:42:38',NULL,'1'),(2074,'MIXOLOGÍA',4,2,12,9,'2024-12-18 06:42:38',NULL,'1'),(2075,'DIRECCIÓN DE EQUIPOS DE ALTO RENDIMIENTO',2,2,12,9,'2024-12-18 06:42:38',NULL,'1'),(2076,'INGLÉS VIII',4,2,12,9,'2024-12-18 06:42:39',NULL,'1'),(2077,'EVALUACIÓN Y MEJORA PARA EL DESARROLLO DE SOFTWARE',4,2,19,4,'2024-12-18 06:42:39',NULL,'1'),(2078,'FORMACIÓN SOCIOCULTURAL',3,2,19,4,'2024-12-18 06:42:39',NULL,'1'),(2079,'INNOVACIÓN TECNOLÓGICA',3,2,26,9,'2024-12-18 06:42:39',NULL,'1'),(2080,'MODELADO DE SISTEMAS EN ENERGÍAS RENOVABLES',4,2,26,9,'2024-12-18 06:42:39',NULL,'1'),(2081,'OPTATIVA I',4,2,26,9,'2024-12-18 06:42:39','2025-04-10 10:29:01','1'),(2082,'INGLÉS VIII',4,2,26,9,'2024-12-18 06:42:39',NULL,'1'),(2083,'APLICACIÓNES DE IOT',6,2,19,5,'2024-12-18 06:42:39',NULL,'1'),(2084,'DESARROLLO MÓVIL MULTIPLATAFORMA',7,2,19,5,'2024-12-18 06:42:39',NULL,'1'),(2085,'INTEGRADORA II',2,2,19,5,'2024-12-18 06:42:39',NULL,'1'),(2086,'BASES DE DATOS PARA CÓMPUTO EN LA NUBE',6,2,19,5,'2024-12-18 06:42:39',NULL,'1'),(2087,'INGLÉS VI',4,2,22,7,'2024-12-18 06:42:39',NULL,'1'),(2088,'APLICACIONES WEB PARA 14.0',5,2,19,5,'2024-12-18 06:42:39',NULL,'1'),(2089,'ADMINISTRACIÓN ESTRATÉGICA PARA MANTENIMIENTO',6,2,15,9,'2024-12-18 06:42:39',NULL,'1'),(2090,'MANTENIMIENTO PREDICTIVO MECÁNICO',6,2,15,9,'2024-12-18 06:42:39',NULL,'1'),(2091,'SISTEMAS AUTOMATIZADOS Y REDES INDUSTRIALES',7,2,15,9,'2024-12-18 06:42:39',NULL,'1'),(2092,'DIRECCIÓN DE EQUIPOS DE ALTO RENDIMIENTO',2,2,15,9,'2024-12-18 06:42:39',NULL,'1'),(2093,'INGLÉS VIII',4,2,15,9,'2024-12-18 06:42:39',NULL,'1'),(2094,'CONTROL AUTOMÁTICO',6,2,16,9,'2024-12-18 06:42:39',NULL,'1'),(2095,'INGENIERÍA DE PROYECTOS',4,2,16,9,'2024-12-18 06:42:39',NULL,'1'),(2096,'SISTEMAS MECÁNICOS II',4,2,16,9,'2024-12-18 06:42:39',NULL,'1'),(2097,'EXPRESIÓN ORAL Y ESCRITA II',5,2,19,5,'2024-12-18 06:42:39',NULL,'1'),(2098,'DIRECCIÓN DE EQUIPOS DE ALTO RENDIMIENTO',2,2,16,9,'2024-12-18 06:42:40',NULL,'1'),(2099,'INGLÉS VIII',4,2,16,9,'2024-12-18 06:42:40',NULL,'1'),(2100,'INGLÉS VI',4,2,13,7,'2024-12-18 06:42:40',NULL,'1'),(2101,'MODELADO DIGITAL',6,2,23,4,'2024-12-18 06:42:40',NULL,'1'),(2102,'DESARROLLO DE APLICACIONES DE REALIDAD AUMENTADA',6,2,23,4,'2024-12-18 06:42:40',NULL,'1'),(2103,'FRAMEWORKS DE DESARROLLO WEB',6,2,23,4,'2024-12-18 06:42:40',NULL,'1'),(2104,'FORMACIÓN SOCIOCULTURAL IV',3,2,23,4,'2024-12-18 06:42:40',NULL,'1'),(2105,'INGLÉS VII',4,2,22,8,'2024-12-18 06:42:40',NULL,'1'),(2106,'BIOLOGÍA MOLECULAR',4,2,3,10,'2024-12-18 06:42:40',NULL,'1'),(2107,'INGENIERÍA DE LAS FERMENTACIONES',4,2,3,10,'2024-12-18 06:42:40',NULL,'1'),(2108,'INTEGRADORA II',2,2,3,10,'2024-12-18 06:42:40',NULL,'1'),(2109,'BIOINGENIERÍA APLICADA',4,2,3,10,'2024-12-18 06:42:40',NULL,'1'),(2110,'LEGISLACIÓN',2,2,3,10,'2024-12-18 06:42:40',NULL,'1'),(2111,'OPTATIVA II',3,2,3,10,'2024-12-18 06:42:40',NULL,'1'),(2112,'NEGOCIACIÓN EMPRESARIAL',2,2,3,10,'2024-12-18 06:42:40',NULL,'1'),(2113,'INGLÉS IX',4,2,3,10,'2024-12-18 06:42:40',NULL,'1'),(2114,'SIMULACIÓN 3D',4,2,4,10,'2024-12-18 06:42:40',NULL,'1'),(2115,'NORMATIVIDAD TEXTIL Y DE CONFECCIÓN',3,2,4,10,'2024-12-18 06:42:40',NULL,'1'),(2116,'INNOVACIÓN TEXTIL',4,2,4,10,'2024-12-18 06:42:40',NULL,'1'),(2117,'INTEGRADORA',2,2,4,10,'2024-12-18 06:42:40',NULL,'1'),(2118,'DISEÑO DE MODA',6,2,4,10,'2024-12-18 06:42:40',NULL,'1'),(2119,'NEGOCIACIÓN EMPRESARIAL',2,2,4,10,'2024-12-18 06:42:40',NULL,'1'),(2120,'INGLÉS IX',4,2,4,10,'2024-12-18 06:42:40',NULL,'1'),(2121,'INGLÉS IX',4,2,12,10,'2024-12-18 06:42:40',NULL,'1'),(2122,'ANÁLISIS E INTERPRETACIÓN FINANCIERA',4,2,12,10,'2024-12-18 06:42:40',NULL,'1'),(2123,'COCINA CONTEMPORANEA',6,2,12,10,'2024-12-18 06:42:41',NULL,'1'),(2124,'GESTIÓN DE LA CALIDAD EN ESTABLECIMIENTOS DE ALIMENTOS Y BEBIDAS',3,2,12,10,'2024-12-18 06:42:41',NULL,'1'),(2125,'DESARROLLO DE NEGOCIOS GASTRONÓMICOS',4,2,12,10,'2024-12-18 06:42:41',NULL,'1'),(2126,'INTEGRADORA',2,2,12,10,'2024-12-18 06:42:41',NULL,'1'),(2127,'NEGOCIACIÓN EMPRESARIAL',2,2,12,10,'2024-12-18 06:42:41',NULL,'1'),(2128,'ANIMACIÓN 3D',6,2,23,5,'2024-12-18 06:42:41',NULL,'1'),(2129,'DESARROLLO DE APLICACIONES DE REALIDAD VIRTUAL',6,2,23,5,'2024-12-18 06:42:41',NULL,'1'),(2130,'LEGISLACIÓN Y FINANCIAMIENTO AMBIENTAL',4,2,26,10,'2024-12-18 06:42:41',NULL,'1'),(2131,'INTEGRADORA',2,2,26,10,'2024-12-18 06:42:41',NULL,'1'),(2132,'SISTEMAS HIBRIDOS EÓLICO SOLAR INTERCONECTADOS A LA RED',3,2,26,10,'2024-12-18 06:42:41',NULL,'1'),(2133,'NEGOCIACIÓN EMPRESARIAL',2,2,26,10,'2024-12-18 06:42:41',NULL,'1'),(2134,'INGLÉS IX',4,2,26,10,'2024-12-18 06:42:41',NULL,'1'),(2135,'DESARROLLO DE APLICACIONES PARA NEGOCIOS DIGITALES',7,2,23,5,'2024-12-18 06:42:41',NULL,'1'),(2136,'INTEGRADORA II',2,2,23,5,'2024-12-18 06:42:41',NULL,'1'),(2137,'PROBABILIDAD Y ESTADÍSTICA',5,2,23,4,'2024-12-18 06:42:41',NULL,'1'),(2138,'ADMINISTRACIÓN DE PROYECTOS',5,2,23,4,'2024-12-18 06:42:41',NULL,'1'),(2139,'PRODUCCIÓN AUDIOVISUAL',5,2,23,5,'2024-12-18 06:42:41',NULL,'1'),(2140,'EXPRESIÓN ORALY ESCRITA II',5,2,23,5,'2024-12-18 06:42:41',NULL,'1'),(2141,'INGLÉS IX',4,2,15,10,'2024-12-18 06:42:41',NULL,'1'),(2142,'ENSAYOS NO DESTRUCTIVOS',6,2,15,10,'2024-12-18 06:42:41',NULL,'1'),(2143,'VISUALIZACIÓN Y CONTROL DE PROCESOS',6,2,15,10,'2024-12-18 06:42:41',NULL,'1'),(2144,'INTEGRADORA II',2,2,15,10,'2024-12-18 06:42:41',NULL,'1'),(2145,'INGLÉS VII',4,2,13,8,'2024-12-18 06:42:41',NULL,'1'),(2146,'NEGOCIACIÓN EMPRESARIAL',2,2,15,10,'2024-12-18 06:42:41',NULL,'1'),(2147,'INGLÉS IX',4,2,16,10,'2024-12-18 06:42:41',NULL,'1'),(2148,'SISTEMAS DE MANUFACTURA FLEXIBLE',6,2,16,10,'2024-12-18 06:42:42',NULL,'1'),(2149,'ADMINISTRACIÓN DE PROYECTOS DE TI',3,2,22,9,'2024-12-18 06:42:42',NULL,'1'),(2150,'DISPOSITIVOS DIGITALES PROGRAMABLES',6,2,16,10,'2024-12-18 06:42:42',NULL,'1'),(2151,'INTEGRADORA III',2,2,16,10,'2024-12-18 06:42:42',NULL,'1'),(2152,'NEGOCIACIÓN EMPRESARIAL',2,2,16,10,'2024-12-18 06:42:42',NULL,'1'),(2153,'ARQUITECTURA DE SOFTWARE',5,2,22,7,'2024-12-18 06:42:42',NULL,'1'),(2154,'DESARROLLO WEB INTEGRAL',6,2,22,9,'2024-12-18 06:42:42',NULL,'1'),(2155,'MATEMÁTICAS PARA INGENIERÍA II',5,2,22,8,'2024-12-18 06:42:42',NULL,'1'),(2156,'DIRECCIÓN DE EQUIPOS DE ALTO RENDIMIENTO',2,2,22,9,'2024-12-18 06:42:42',NULL,'1'),(2157,'INGLÉS VIII',4,2,13,9,'2024-12-18 06:42:42',NULL,'1'),(2158,'ADMINISTRACIÓN DE BASES DE DATOS',5,2,22,8,'2024-12-18 06:42:42',NULL,'1'),(2159,'EXTRACCIÓN DE CONOCIMIENTOS EN BASES DE DATOS',5,2,22,9,'2024-12-18 06:42:42',NULL,'1'),(2160,'FÍSICA',6,2,28,2,'2024-12-18 06:42:42',NULL,'1'),(2161,'CÁLCULO DIFERENCIAL',6,2,28,2,'2024-12-18 06:42:42',NULL,'1'),(2162,'INGLÉS II',5,2,28,2,'2024-12-18 06:42:42',NULL,'1'),(2163,'PROBABILIDAD Y ESTADÍSTICA',5,2,28,2,'2024-12-18 06:42:42',NULL,'1'),(2164,'HABILIDADES SOCIO EMOCIONALES Y MANEJO DE CONFLICTOS',4,2,28,2,'2024-12-18 06:42:42','2025-01-08 12:21:02','1'),(2165,'DIBUJO TÉCNICO',4,2,28,2,'2024-12-18 06:42:42',NULL,'1'),(2166,'CIRCUITOS ELÉCTRICOS',5,2,28,2,'2024-12-18 06:42:42',NULL,'1'),(2167,'DESARROLLO PARA DISPOSITIVOS INTELIGENTES',5,2,22,9,'2024-12-18 06:42:42',NULL,'1'),(2168,'INGLÉS VIII',4,2,22,9,'2024-12-18 06:42:42',NULL,'1'),(2169,'GESTIÓN DEL PROCESO DE DESARROLLO DE SOFTWARE',4,2,22,10,'2024-12-18 06:42:42',NULL,'1'),(2170,'APLICACIONES WEB PROGRESIVAS',3,2,22,10,'2024-12-18 06:42:43',NULL,'1'),(2171,'INTEGRADORA',2,2,22,10,'2024-12-18 06:42:43',NULL,'1'),(2172,'DESARROLLO MÓVIL INTEGRAL',6,2,22,10,'2024-12-18 06:42:43',NULL,'1'),(2173,'CREACIÓN DE VIDEOJUEGOS',4,2,22,10,'2024-12-18 06:42:43',NULL,'1'),(2174,'NEGOCIACIÓN EMPRESARIAL',2,2,22,10,'2024-12-18 06:42:43',NULL,'1'),(2175,'INGLES III',5,2,28,3,NULL,'2025-04-09 22:48:40',NULL),(2176,'DESARROLLO DEL PENSAMIENTO Y TOMA DE DECISIONES',4,2,28,3,NULL,'2025-04-09 22:48:30',NULL),(2177,'CÁLCULO INTEGRAL',4,2,28,3,NULL,'2025-04-09 22:49:34',NULL),(2178,'MOTORES ELECTRICOS',5,2,28,3,NULL,'2025-04-09 22:50:18',NULL),(2179,'ELECTRONICA ANALOGICA',7,2,28,3,NULL,'2025-04-09 22:51:51',NULL),(2180,'SISTEMAS MECANICOS',6,2,28,3,NULL,'2025-04-09 22:52:00',NULL),(2181,'PROYECTO INTEGRADOR I',4,2,28,3,NULL,'2025-04-09 22:52:49',NULL),(2182,'SEMINARIO I',2,2,17,3,NULL,'2025-04-10 09:34:40',NULL),(2183,'INTERNET DE LAS COSAS',5,2,17,3,NULL,NULL,NULL),(2184,'SISTEMAS DE EMPRESAR',4,2,17,3,NULL,NULL,NULL),(2185,'COMUNICACIONES DIGITALES',5,2,17,3,NULL,NULL,NULL);

--
-- Table structure for table `teacher_availability`
--

CREATE TABLE `teacher_availability` (
  `id` int NOT NULL AUTO_INCREMENT,
  `teacher_id` int NOT NULL,
  `day_of_week` enum('Lunes','Martes','Miércoles','Jueves','Viernes','Sábado','Domingo') CHARACTER SET utf8mb4 COLLATE utf8mb4_spanish_ci NOT NULL,
  `start_time` time NOT NULL,
  `end_time` time NOT NULL,
  `fyh_creacion` datetime DEFAULT CURRENT_TIMESTAMP,
  `fyh_actualizacion` datetime DEFAULT CURRENT_TIMESTAMP ON UPDATE CURRENT_TIMESTAMP,
  PRIMARY KEY (`id`),
  KEY `teacher_id` (`teacher_id`),
  CONSTRAINT `teacher_availability_ibfk_1` FOREIGN KEY (`teacher_id`) REFERENCES `teachers` (`teacher_id`) ON DELETE CASCADE ON UPDATE CASCADE
) ENGINE=InnoDB AUTO_INCREMENT=358 DEFAULT CHARSET=utf8mb4 COLLATE=utf8mb4_spanish_ci;

--
-- Dumping data for table `teacher_availability`
--

INSERT INTO `teacher_availability` VALUES (1,134,'Lunes','07:00:00','15:00:00','2025-04-10 10:04:04','2025-04-10 10:04:04'),(2,134,'Martes','07:00:00','15:00:00','2025-04-10 10:04:04','2025-04-10 10:04:04'),(3,134,'Miércoles','07:00:00','15:00:00','2025-04-10 10:04:04','2025-04-10 10:04:04'),(4,134,'Jueves','07:00:00','15:00:00','2025-04-10 10:04:04','2025-04-10 10:04:04'),(5,134,'Viernes','07:00:00','15:00:00','2025-04-10 10:04:04','2025-04-10 10:04:04'),(6,14,'Lunes','07:00:00','15:00:00','2025-04-10 10:04:09','2025-04-10 10:04:09'),(7,14,'Martes','07:00:00','15:00:00','2025-04-10 10:04:09','2025-04-10 10:04:09'),(8,14,'Miércoles','07:00:00','15:00:00','2025-04-10 10:04:09','2025-04-10 10:04:09'),(9,14,'Jueves','07:00:00','15:00:00','2025-04-10 10:04:09','2025-04-10 10:04:09'),(10,14,'Viernes','07:00:00','15:00:00','2025-04-10 10:04:09','2025-04-10 10:04:09'),(16,18,'Lunes','07:00:00','15:00:00','2025-04-10 10:05:38','2025-04-10 10:05:38'),(17,18,'Martes','07:00:00','15:00:00','2025-04-10 10:05:38','2025-04-10 10:05:38'),(18,18,'Miércoles','07:00:00','15:00:00','2025-04-10 10:05:38','2025-04-10 10:05:38'),(19,18,'Jueves','07:00:00','15:00:00','2025-04-10 10:05:38','2025-04-10 10:05:38'),(20,18,'Viernes','07:00:00','15:00:00','2025-04-10 10:05:38','2025-04-10 10:05:38'),(21,7,'Lunes','07:00:00','15:00:00','2025-04-10 10:05:42','2025-04-10 10:05:42'),(22,7,'Martes','07:00:00','15:00:00','2025-04-10 10:05:42','2025-04-10 10:05:42'),(23,7,'Miércoles','07:00:00','15:00:00','2025-04-10 10:05:42','2025-04-10 10:05:42'),(24,7,'Jueves','07:00:00','15:00:00','2025-04-10 10:05:42','2025-04-10 10:05:42'),(25,7,'Viernes','07:00:00','15:00:00','2025-04-10 10:05:42','2025-04-10 10:05:42'),(31,109,'Lunes','08:00:00','16:00:00','2025-04-10 10:09:30','2025-04-10 10:09:30'),(32,109,'Martes','08:00:00','16:00:00','2025-04-10 10:09:30','2025-04-10 10:09:30'),(33,109,'Miércoles','08:00:00','16:00:00','2025-04-10 10:09:30','2025-04-10 10:09:30'),(34,109,'Jueves','08:00:00','16:00:00','2025-04-10 10:09:30','2025-04-10 10:09:30'),(35,109,'Viernes','08:00:00','16:00:00','2025-04-10 10:09:30','2025-04-10 10:09:30'),(36,78,'Lunes','07:00:00','15:00:00','2025-04-10 10:11:28','2025-04-10 10:11:28'),(37,78,'Martes','07:00:00','15:00:00','2025-04-10 10:11:28','2025-04-10 10:11:28'),(38,78,'Miércoles','07:00:00','15:00:00','2025-04-10 10:11:28','2025-04-10 10:11:28'),(39,78,'Jueves','07:00:00','15:00:00','2025-04-10 10:11:28','2025-04-10 10:11:28'),(40,78,'Viernes','07:00:00','15:00:00','2025-04-10 10:11:28','2025-04-10 10:11:28'),(46,98,'Lunes','07:00:00','15:00:00','2025-04-10 10:15:19','2025-04-10 10:15:19'),(47,98,'Martes','07:00:00','15:00:00','2025-04-10 10:15:19','2025-04-10 10:15:19'),(48,98,'Miércoles','07:00:00','15:00:00','2025-04-10 10:15:19','2025-04-10 10:15:19'),(49,98,'Jueves','07:00:00','15:00:00','2025-04-10 10:15:19','2025-04-10 10:15:19'),(50,98,'Viernes','07:00:00','15:00:00','2025-04-10 10:15:19','2025-04-10 10:15:19'),(61,150,'Lunes','07:00:00','15:00:00','2025-04-10 10:36:29','2025-04-10 10:36:29'),(62,150,'Martes','07:00:00','15:00:00','2025-04-10 10:36:29','2025-04-10 10:36:29'),(63,150,'Miércoles','07:00:00','15:00:00','2025-04-10 10:36:29','2025-04-10 10:36:29'),(64,150,'Jueves','07:00:00','15:00:00','2025-04-10 10:36:29','2025-04-10 10:36:29'),(65,150,'Viernes','07:00:00','15:00:00','2025-04-10 10:36:29','2025-04-10 10:36:29'),(71,120,'Lunes','08:00:00','16:00:00','2025-04-10 10:45:17','2025-04-10 10:45:17'),(72,120,'Martes','08:00:00','16:00:00','2025-04-10 10:45:17','2025-04-10 10:45:17'),(73,120,'Miércoles','08:00:00','16:00:00','2025-04-10 10:45:17','2025-04-10 10:45:17'),(74,120,'Jueves','08:00:00','16:00:00','2025-04-10 10:45:17','2025-04-10 10:45:17'),(75,120,'Viernes','08:00:00','16:00:00','2025-04-10 10:45:17','2025-04-10 10:45:17'),(76,132,'Lunes','07:00:00','14:00:00','2025-04-10 10:47:02','2025-04-10 10:47:02'),(77,132,'Martes','07:00:00','14:00:00','2025-04-10 10:47:02','2025-04-10 10:47:02'),(78,132,'Miércoles','07:00:00','14:00:00','2025-04-10 10:47:02','2025-04-10 10:47:02'),(79,132,'Jueves','07:00:00','14:00:00','2025-04-10 10:47:02','2025-04-10 10:47:02'),(80,132,'Viernes','07:00:00','14:00:00','2025-04-10 10:47:02','2025-04-10 10:47:02'),(81,132,'Sábado','08:00:00','13:00:00','2025-04-10 10:47:02','2025-04-10 10:47:02'),(87,106,'Lunes','07:00:00','15:00:00','2025-04-10 10:49:42','2025-04-10 10:49:42'),(88,106,'Martes','07:00:00','14:00:00','2025-04-10 10:49:42','2025-04-10 10:49:42'),(89,106,'Miércoles','07:00:00','13:00:00','2025-04-10 10:49:42','2025-04-10 10:49:42'),(90,106,'Jueves','07:00:00','16:00:00','2025-04-10 10:49:42','2025-04-10 10:49:42'),(91,106,'Viernes','07:00:00','17:00:00','2025-04-10 10:49:42','2025-04-10 10:49:42'),(92,99,'Lunes','07:00:00','15:00:00','2025-04-10 11:04:24','2025-04-10 11:04:24'),(93,99,'Martes','07:00:00','15:00:00','2025-04-10 11:04:24','2025-04-10 11:04:24'),(94,99,'Miércoles','07:00:00','15:00:00','2025-04-10 11:04:24','2025-04-10 11:04:24'),(95,99,'Jueves','07:00:00','15:00:00','2025-04-10 11:04:24','2025-04-10 11:04:24'),(96,99,'Viernes','07:00:00','15:00:00','2025-04-10 11:04:24','2025-04-10 11:04:24'),(111,17,'Lunes','08:00:00','16:00:00','2025-04-10 11:16:20','2025-04-10 11:16:20'),(112,17,'Martes','08:00:00','16:00:00','2025-04-10 11:16:20','2025-04-10 11:16:20'),(113,17,'Miércoles','08:00:00','16:00:00','2025-04-10 11:16:20','2025-04-10 11:16:20'),(114,17,'Jueves','08:00:00','16:00:00','2025-04-10 11:16:20','2025-04-10 11:16:20'),(115,17,'Viernes','09:00:00','17:00:00','2025-04-10 11:16:20','2025-04-10 11:16:20'),(121,42,'Lunes','07:00:00','14:00:00','2025-04-10 11:50:55','2025-04-10 11:50:55'),(122,42,'Martes','07:00:00','14:00:00','2025-04-10 11:50:55','2025-04-10 11:50:55'),(123,42,'Miércoles','07:00:00','14:00:00','2025-04-10 11:50:55','2025-04-10 11:50:55'),(124,42,'Jueves','07:00:00','14:00:00','2025-04-10 11:50:55','2025-04-10 11:50:55'),(125,42,'Viernes','07:00:00','14:00:00','2025-04-10 11:50:55','2025-04-10 11:50:55'),(126,136,'Lunes','07:00:00','15:00:00','2025-04-10 11:51:52','2025-04-10 11:51:52'),(127,136,'Martes','07:00:00','15:00:00','2025-04-10 11:51:52','2025-04-10 11:51:52'),(128,136,'Miércoles','07:00:00','15:00:00','2025-04-10 11:51:52','2025-04-10 11:51:52'),(129,136,'Jueves','07:00:00','15:00:00','2025-04-10 11:51:52','2025-04-10 11:51:52'),(130,136,'Viernes','07:00:00','15:00:00','2025-04-10 11:51:52','2025-04-10 11:51:52'),(131,123,'Lunes','07:00:00','16:00:00','2025-04-10 11:54:31','2025-04-10 11:54:31'),(132,123,'Martes','11:00:00','19:00:00','2025-04-10 11:54:31','2025-04-10 11:54:31'),(133,123,'Miércoles','12:00:00','19:00:00','2025-04-10 11:54:31','2025-04-10 11:54:31'),(134,123,'Jueves','12:00:00','19:00:00','2025-04-10 11:54:31','2025-04-10 11:54:31'),(135,123,'Viernes','07:00:00','16:00:00','2025-04-10 11:54:31','2025-04-10 11:54:31'),(136,19,'Lunes','07:00:00','15:00:00','2025-04-10 12:02:53','2025-04-10 12:02:53'),(137,19,'Martes','07:00:00','15:00:00','2025-04-10 12:02:53','2025-04-10 12:02:53'),(138,19,'Miércoles','07:00:00','15:00:00','2025-04-10 12:02:53','2025-04-10 12:02:53'),(139,19,'Jueves','07:00:00','15:00:00','2025-04-10 12:02:53','2025-04-10 12:02:53'),(140,19,'Viernes','07:00:00','15:00:00','2025-04-10 12:02:53','2025-04-10 12:02:53'),(166,2,'Lunes','07:00:00','15:00:00','2025-04-10 12:43:10','2025-04-10 12:43:10'),(167,2,'Martes','11:00:00','19:00:00','2025-04-10 12:43:10','2025-04-10 12:43:10'),(168,2,'Miércoles','11:00:00','19:00:00','2025-04-10 12:43:10','2025-04-10 12:43:10'),(169,2,'Jueves','10:00:00','18:00:00','2025-04-10 12:43:10','2025-04-10 12:43:10'),(170,2,'Lunes','07:00:00','15:00:00','2025-04-10 12:43:10','2025-04-10 12:43:10'),(171,9,'Lunes','12:00:00','20:00:00','2025-04-10 12:46:07','2025-04-10 12:46:07'),(172,9,'Martes','12:00:00','20:00:00','2025-04-10 12:46:07','2025-04-10 12:46:07'),(173,9,'Miércoles','12:00:00','20:00:00','2025-04-10 12:46:07','2025-04-10 12:46:07'),(174,9,'Jueves','12:00:00','20:00:00','2025-04-10 12:46:07','2025-04-10 12:46:07'),(175,9,'Viernes','12:00:00','20:00:00','2025-04-10 12:46:07','2025-04-10 12:46:07'),(176,97,'Lunes','12:00:00','20:00:00','2025-04-10 12:54:50','2025-04-10 12:54:50'),(177,97,'Martes','12:00:00','20:00:00','2025-04-10 12:54:50','2025-04-10 12:54:50'),(178,97,'Miércoles','12:00:00','20:00:00','2025-04-10 12:54:50','2025-04-10 12:54:50'),(179,97,'Jueves','12:00:00','20:00:00','2025-04-10 12:54:50','2025-04-10 12:54:50'),(180,97,'Viernes','12:00:00','20:00:00','2025-04-10 12:54:50','2025-04-10 12:54:50'),(181,32,'Lunes','07:00:00','15:00:00','2025-04-10 13:07:28','2025-04-10 13:07:28'),(182,32,'Martes','07:00:00','15:00:00','2025-04-10 13:07:28','2025-04-10 13:07:28'),(183,32,'Miércoles','07:00:00','15:00:00','2025-04-10 13:07:28','2025-04-10 13:07:28'),(184,32,'Jueves','07:00:00','15:00:00','2025-04-10 13:07:28','2025-04-10 13:07:28'),(185,32,'Viernes','07:00:00','15:00:00','2025-04-10 13:07:28','2025-04-10 13:07:28'),(186,60,'Lunes','08:00:00','16:00:00','2025-04-10 13:48:50','2025-04-10 13:48:50'),(187,60,'Martes','08:00:00','16:00:00','2025-04-10 13:48:50','2025-04-10 13:48:50'),(188,60,'Jueves','08:00:00','16:00:00','2025-04-10 13:48:50','2025-04-10 13:48:50'),(189,60,'Viernes','08:00:00','16:00:00','2025-04-10 13:48:50','2025-04-10 13:48:50'),(190,60,'Miércoles','08:00:00','16:00:00','2025-04-10 13:48:50','2025-04-10 13:48:50'),(197,10,'Lunes','12:00:00','20:00:00','2025-04-11 09:19:44','2025-04-11 09:19:44'),(198,10,'Martes','12:00:00','20:00:00','2025-04-11 09:19:44','2025-04-11 09:19:44'),(199,10,'Miércoles','12:00:00','20:00:00','2025-04-11 09:19:44','2025-04-11 09:19:44'),(200,10,'Jueves','12:00:00','20:00:00','2025-04-11 09:19:44','2025-04-11 09:19:44'),(201,10,'Viernes','12:00:00','20:00:00','2025-04-11 09:19:44','2025-04-11 09:19:44'),(202,10,'Lunes','12:00:00','20:00:00','2025-04-11 09:19:44','2025-04-11 09:19:44'),(207,81,'Martes','09:00:00','17:00:00','2025-04-11 09:25:21','2025-04-11 09:25:21'),(208,81,'Miércoles','09:00:00','17:00:00','2025-04-11 09:25:21','2025-04-11 09:25:21'),(209,81,'Jueves','09:00:00','17:00:00','2025-04-11 09:25:21','2025-04-11 09:25:21'),(210,81,'Viernes','09:00:00','17:00:00','2025-04-11 09:25:21','2025-04-11 09:25:21'),(211,81,'Lunes','09:00:00','17:00:00','2025-04-11 09:25:21','2025-04-11 09:25:21'),(221,38,'Lunes','09:00:00','17:00:00','2025-04-11 09:41:01','2025-04-11 09:41:01'),(222,38,'Martes','09:00:00','17:00:00','2025-04-11 09:41:01','2025-04-11 09:41:01'),(223,38,'Miércoles','09:00:00','17:00:00','2025-04-11 09:41:01','2025-04-11 09:41:01'),(224,38,'Jueves','09:00:00','17:00:00','2025-04-11 09:41:01','2025-04-11 09:41:01'),(225,38,'Viernes','09:00:00','17:00:00','2025-04-11 09:41:01','2025-04-11 09:41:01'),(231,39,'Lunes','07:00:00','15:00:00','2025-04-11 09:44:44','2025-04-11 09:44:44'),(232,39,'Martes','07:00:00','15:00:00','2025-04-11 09:44:44','2025-04-11 09:44:44'),(233,39,'Miércoles','07:00:00','15:00:00','2025-04-11 09:44:44','2025-04-11 09:44:44'),(234,39,'Jueves','07:00:00','15:00:00','2025-04-11 09:44:44','2025-04-11 09:44:44'),(235,39,'Viernes','07:00:00','15:00:00','2025-04-11 09:44:44','2025-04-11 09:44:44'),(236,101,'Lunes','08:00:00','16:00:00','2025-04-11 09:46:37','2025-04-11 09:46:37'),(237,101,'Martes','08:00:00','16:00:00','2025-04-11 09:46:37','2025-04-11 09:46:37'),(238,101,'Miércoles','08:00:00','16:00:00','2025-04-11 09:46:37','2025-04-11 09:46:37'),(239,101,'Jueves','08:00:00','16:00:00','2025-04-11 09:46:37','2025-04-11 09:46:37'),(240,101,'Viernes','08:00:00','16:00:00','2025-04-11 09:46:37','2025-04-11 09:46:37'),(241,95,'Lunes','08:00:00','16:00:00','2025-04-11 09:48:00','2025-04-11 09:48:00'),(242,95,'Martes','08:00:00','16:00:00','2025-04-11 09:48:00','2025-04-11 09:48:00'),(243,95,'Miércoles','08:00:00','16:00:00','2025-04-11 09:48:00','2025-04-11 09:48:00'),(244,95,'Jueves','08:00:00','16:00:00','2025-04-11 09:48:00','2025-04-11 09:48:00'),(245,95,'Viernes','08:00:00','16:00:00','2025-04-11 09:48:00','2025-04-11 09:48:00'),(246,76,'Lunes','07:00:00','15:00:00','2025-04-11 09:49:11','2025-04-11 09:49:11'),(247,76,'Martes','07:00:00','15:00:00','2025-04-11 09:49:11','2025-04-11 09:49:11'),(248,76,'Miércoles','07:00:00','15:00:00','2025-04-11 09:49:11','2025-04-11 09:49:11'),(249,76,'Jueves','07:00:00','15:00:00','2025-04-11 09:49:11','2025-04-11 09:49:11'),(250,76,'Viernes','07:00:00','15:00:00','2025-04-11 09:49:11','2025-04-11 09:49:11'),(251,125,'Lunes','07:00:00','15:00:00','2025-04-11 09:55:37','2025-04-11 09:55:37'),(252,125,'Martes','07:00:00','15:00:00','2025-04-11 09:55:37','2025-04-11 09:55:37'),(253,125,'Miércoles','07:00:00','15:00:00','2025-04-11 09:55:37','2025-04-11 09:55:37'),(254,125,'Jueves','07:00:00','15:00:00','2025-04-11 09:55:37','2025-04-11 09:55:37'),(255,125,'Viernes','07:00:00','15:00:00','2025-04-11 09:55:37','2025-04-11 09:55:37'),(266,131,'Lunes','07:00:00','15:00:00','2025-04-11 10:07:41','2025-04-11 10:07:41'),(267,131,'Martes','07:00:00','15:00:00','2025-04-11 10:07:41','2025-04-11 10:07:41'),(268,131,'Miércoles','07:00:00','15:00:00','2025-04-11 10:07:41','2025-04-11 10:07:41'),(269,131,'Jueves','07:00:00','15:00:00','2025-04-11 10:07:41','2025-04-11 10:07:41'),(270,131,'Viernes','07:00:00','15:00:00','2025-04-11 10:07:41','2025-04-11 10:07:41'),(271,131,'Sábado','07:00:00','15:00:00','2025-04-11 10:07:41','2025-04-11 10:07:41'),(272,90,'Lunes','13:00:00','15:00:00','2025-04-11 10:11:17','2025-04-11 10:11:17'),(273,90,'Martes','07:00:00','15:00:00','2025-04-11 10:11:17','2025-04-11 10:11:17'),(274,90,'Miércoles','07:00:00','15:00:00','2025-04-11 10:11:17','2025-04-11 10:11:17'),(275,90,'Jueves','07:00:00','15:00:00','2025-04-11 10:11:17','2025-04-11 10:11:17'),(276,90,'Viernes','07:00:00','15:00:00','2025-04-11 10:11:17','2025-04-11 10:11:17'),(282,89,'Lunes','07:00:00','15:00:00','2025-04-11 10:18:14','2025-04-11 10:18:14'),(283,89,'Miércoles','07:00:00','15:00:00','2025-04-11 10:18:14','2025-04-11 10:18:14'),(284,89,'Jueves','07:00:00','15:00:00','2025-04-11 10:18:14','2025-04-11 10:18:14'),(285,89,'Viernes','12:00:00','20:00:00','2025-04-11 10:18:14','2025-04-11 10:18:14'),(286,89,'Sábado','07:00:00','15:00:00','2025-04-11 10:18:14','2025-04-11 10:18:14'),(287,142,'Lunes','07:00:00','15:00:00','2025-04-11 10:19:34','2025-04-11 10:19:34'),(288,142,'Martes','08:00:00','16:00:00','2025-04-11 10:19:34','2025-04-11 10:19:34'),(289,142,'Miércoles','08:00:00','16:00:00','2025-04-11 10:19:34','2025-04-11 10:19:34'),(290,142,'Jueves','07:00:00','15:00:00','2025-04-11 10:19:34','2025-04-11 10:19:34'),(291,142,'Viernes','07:00:00','15:00:00','2025-04-11 10:19:34','2025-04-11 10:19:34'),(297,11,'Lunes','07:00:00','15:00:00','2025-04-11 10:28:47','2025-04-11 10:28:47'),(298,11,'Martes','07:00:00','15:00:00','2025-04-11 10:28:47','2025-04-11 10:28:47'),(299,11,'Miércoles','07:00:00','15:00:00','2025-04-11 10:28:47','2025-04-11 10:28:47'),(300,11,'Jueves','07:00:00','15:00:00','2025-04-11 10:28:47','2025-04-11 10:28:47'),(301,11,'Viernes','07:00:00','15:00:00','2025-04-11 10:28:47','2025-04-11 10:28:47'),(302,108,'Lunes','07:00:00','17:00:00','2025-04-11 10:28:48','2025-04-11 10:28:48'),(303,108,'Martes','07:00:00','15:00:00','2025-04-11 10:28:48','2025-04-11 10:28:48'),(304,108,'Miércoles','07:00:00','15:00:00','2025-04-11 10:28:48','2025-04-11 10:28:48'),(305,108,'Jueves','07:00:00','15:00:00','2025-04-11 10:28:48','2025-04-11 10:28:48'),(306,108,'Viernes','07:00:00','15:00:00','2025-04-11 10:28:48','2025-04-11 10:28:48'),(307,130,'Lunes','07:00:00','15:00:00','2025-04-11 10:42:28','2025-04-11 10:42:28'),(308,130,'Martes','07:00:00','15:00:00','2025-04-11 10:42:28','2025-04-11 10:42:28'),(309,130,'Miércoles','07:00:00','15:00:00','2025-04-11 10:42:28','2025-04-11 10:42:28'),(310,130,'Jueves','07:00:00','15:00:00','2025-04-11 10:42:28','2025-04-11 10:42:28'),(311,130,'Viernes','07:00:00','15:00:00','2025-04-11 10:42:28','2025-04-11 10:42:28'),(312,122,'Lunes','07:00:00','15:00:00','2025-04-11 10:44:12','2025-04-11 10:44:12'),(313,122,'Martes','07:00:00','15:00:00','2025-04-11 10:44:12','2025-04-11 10:44:12'),(314,122,'Miércoles','07:00:00','15:00:00','2025-04-11 10:44:12','2025-04-11 10:44:12'),(315,122,'Jueves','07:00:00','15:00:00','2025-04-11 10:44:12','2025-04-11 10:44:12'),(316,122,'Viernes','07:00:00','15:00:00','2025-04-11 10:44:12','2025-04-11 10:44:12'),(317,21,'Lunes','08:00:00','16:00:00','2025-04-11 10:48:01','2025-04-11 10:48:01'),(318,21,'Martes','08:00:00','16:00:00','2025-04-11 10:48:01','2025-04-11 10:48:01'),(319,21,'Miércoles','08:00:00','16:00:00','2025-04-11 10:48:01','2025-04-11 10:48:01'),(320,21,'Jueves','08:00:00','16:00:00','2025-04-11 10:48:01','2025-04-11 10:48:01'),(321,21,'Viernes','08:00:00','16:00:00','2025-04-11 10:48:01','2025-04-11 10:48:01'),(322,77,'Lunes','07:00:00','15:00:00','2025-04-11 10:52:51','2025-04-11 10:52:51'),(323,77,'Martes','07:00:00','15:00:00','2025-04-11 10:52:51','2025-04-11 10:52:51'),(324,77,'Miércoles','07:00:00','15:00:00','2025-04-11 10:52:51','2025-04-11 10:52:51'),(325,77,'Jueves','07:00:00','15:00:00','2025-04-11 10:52:51','2025-04-11 10:52:51'),(326,77,'Viernes','07:00:00','15:00:00','2025-04-11 10:52:51','2025-04-11 10:52:51'),(327,44,'Lunes','07:00:00','15:00:00','2025-04-11 10:59:19','2025-04-11 10:59:19'),(328,44,'Martes','07:00:00','15:00:00','2025-04-11 10:59:19','2025-04-11 10:59:19'),(329,44,'Miércoles','07:00:00','15:00:00','2025-04-11 10:59:19','2025-04-11 10:59:19'),(330,44,'Jueves','07:00:00','15:00:00','2025-04-11 10:59:19','2025-04-11 10:59:19'),(331,44,'Viernes','07:00:00','15:00:00','2025-04-11 10:59:19','2025-04-11 10:59:19'),(332,104,'Lunes','12:00:00','20:00:00','2025-04-11 11:18:37','2025-04-11 11:18:37'),(333,104,'Martes','12:00:00','20:00:00','2025-04-11 11:18:37','2025-04-11 11:18:37'),(334,104,'Miércoles','12:00:00','20:00:00','2025-04-11 11:18:37','2025-04-11 11:18:37'),(335,104,'Jueves','12:00:00','20:00:00','2025-04-11 11:18:37','2025-04-11 11:18:37'),(336,104,'Viernes','12:00:00','20:00:00','2025-04-11 11:18:37','2025-04-11 11:18:37'),(337,149,'Lunes','08:00:00','16:00:00','2025-04-11 11:20:26','2025-04-11 11:20:26'),(338,149,'Martes','08:00:00','16:00:00','2025-04-11 11:20:26','2025-04-11 11:20:26'),(339,149,'Miércoles','08:00:00','16:00:00','2025-04-11 11:20:26','2025-04-11 11:20:26'),(340,149,'Jueves','08:00:00','16:00:00','2025-04-11 11:20:26','2025-04-11 11:20:26'),(341,149,'Viernes','08:00:00','16:00:00','2025-04-11 11:20:26','2025-04-11 11:20:26'),(342,82,'Lunes','08:00:00','15:00:00','2025-04-11 11:27:40','2025-04-11 11:27:40'),(343,82,'Martes','08:00:00','15:00:00','2025-04-11 11:27:40','2025-04-11 11:27:40'),(344,82,'Miércoles','08:00:00','15:00:00','2025-04-11 11:27:40','2025-04-11 11:27:40'),(345,82,'Jueves','08:00:00','15:00:00','2025-04-11 11:27:40','2025-04-11 11:27:40'),(346,82,'Viernes','08:00:00','15:00:00','2025-04-11 11:27:40','2025-04-11 11:27:40'),(347,82,'Sábado','09:00:00','14:00:00','2025-04-11 11:27:40','2025-04-11 11:27:40'),(348,155,'Lunes','07:00:00','15:00:00','2025-04-11 11:33:14','2025-04-11 11:33:14'),(349,155,'Martes','07:00:00','15:00:00','2025-04-11 11:33:14','2025-04-11 11:33:14'),(350,155,'Miércoles','07:00:00','15:00:00','2025-04-11 11:33:14','2025-04-11 11:33:14'),(351,155,'Jueves','07:00:00','15:00:00','2025-04-11 11:33:14','2025-04-11 11:33:14'),(352,155,'Viernes','07:00:00','15:00:00','2025-04-11 11:33:14','2025-04-11 11:33:14'),(353,56,'Martes','08:00:00','16:00:00','2025-04-11 11:48:09','2025-04-11 11:48:09'),(354,56,'Miércoles','08:00:00','16:00:00','2025-04-11 11:48:09','2025-04-11 11:48:09'),(355,56,'Jueves','08:00:00','16:00:00','2025-04-11 11:48:09','2025-04-11 11:48:09'),(356,56,'Viernes','08:00:00','16:00:00','2025-04-11 11:48:09','2025-04-11 11:48:09'),(357,56,'Sábado','08:00:00','16:00:00','2025-04-11 11:48:09','2025-04-11 11:48:09');

--
-- Table structure for table `teacher_groups`
--

CREATE TABLE `teacher_groups` (
  `teacher_group_id` int NOT NULL AUTO_INCREMENT,
  `teacher_id` int NOT NULL,
  `group_id` int NOT NULL,
  `fyh_creacion` datetime DEFAULT CURRENT_TIMESTAMP,
  PRIMARY KEY (`teacher_group_id`),
  KEY `teacher_id` (`teacher_id`),
  KEY `group_id` (`group_id`),
  CONSTRAINT `teacher_groups_ibfk_1` FOREIGN KEY (`teacher_id`) REFERENCES `teachers` (`teacher_id`) ON DELETE CASCADE,
  CONSTRAINT `teacher_groups_ibfk_2` FOREIGN KEY (`group_id`) REFERENCES `groups` (`group_id`) ON DELETE CASCADE
) ENGINE=InnoDB DEFAULT CHARSET=utf8mb4 COLLATE=utf8mb4_spanish_ci;

--
-- Dumping data for table `teacher_groups`
--


--
-- Table structure for table `teacher_program_term`
--

CREATE TABLE `teacher_program_term` (
  `teacher_program_term_id` int NOT NULL AUTO_INCREMENT,
  `teacher_id` int DEFAULT NULL,
  `program_id` int DEFAULT NULL,
  `term_id` int DEFAULT NULL,
  `fyh_creacion` datetime DEFAULT NULL,
  `fyh_actualizacion` datetime DEFAULT NULL,
  `estado` varchar(11) CHARACTER SET utf8mb4 COLLATE utf8mb4_spanish_ci DEFAULT NULL,
  PRIMARY KEY (`teacher_program_term_id`),
  KEY `fk_teacher_program` (`teacher_id`),
  KEY `fk_program_term` (`program_id`),
  KEY `fk_term_program` (`term_id`),
  CONSTRAINT `fk_program_term` FOREIGN KEY (`program_id`) REFERENCES `programs` (`program_id`),
  CONSTRAINT `fk_teacher_program` FOREIGN KEY (`teacher_id`) REFERENCES `teachers` (`teacher_id`),
  CONSTRAINT `fk_term_program` FOREIGN KEY (`term_id`) REFERENCES `terms` (`term_id`)
) ENGINE=InnoDB AUTO_INCREMENT=2983 DEFAULT CHARSET=utf8mb4 COLLATE=utf8mb4_spanish_ci;

--
-- Dumping data for table `teacher_program_term`
--

INSERT INTO `teacher_program_term` VALUES (280,117,12,NULL,'2024-12-06 11:13:39',NULL,'ACTIVO'),(322,157,4,NULL,'2024-12-06 11:39:47',NULL,'ACTIVO'),(444,107,1,NULL,'2024-12-06 12:03:35',NULL,'ACTIVO'),(445,107,2,NULL,'2024-12-06 12:03:35',NULL,'ACTIVO'),(446,107,3,NULL,'2024-12-06 12:03:35',NULL,'ACTIVO'),(447,107,4,NULL,'2024-12-06 12:03:35',NULL,'ACTIVO'),(448,107,5,NULL,'2024-12-06 12:03:35',NULL,'ACTIVO'),(449,107,6,NULL,'2024-12-06 12:03:35',NULL,'ACTIVO'),(450,107,7,NULL,'2024-12-06 12:03:35',NULL,'ACTIVO'),(451,107,8,NULL,'2024-12-06 12:03:35',NULL,'ACTIVO'),(452,107,9,NULL,'2024-12-06 12:03:35',NULL,'ACTIVO'),(453,107,10,NULL,'2024-12-06 12:03:35',NULL,'ACTIVO'),(454,107,11,NULL,'2024-12-06 12:03:35',NULL,'ACTIVO'),(455,107,12,NULL,'2024-12-06 12:03:35',NULL,'ACTIVO'),(456,107,13,NULL,'2024-12-06 12:03:35',NULL,'ACTIVO'),(457,107,14,NULL,'2024-12-06 12:03:35',NULL,'ACTIVO'),(458,107,15,NULL,'2024-12-06 12:03:35',NULL,'ACTIVO'),(459,107,16,NULL,'2024-12-06 12:03:35',NULL,'ACTIVO'),(460,107,17,NULL,'2024-12-06 12:03:35',NULL,'ACTIVO'),(461,107,18,NULL,'2024-12-06 12:03:35',NULL,'ACTIVO'),(462,107,19,NULL,'2024-12-06 12:03:35',NULL,'ACTIVO'),(463,107,20,NULL,'2024-12-06 12:03:35',NULL,'ACTIVO'),(464,107,21,NULL,'2024-12-06 12:03:35',NULL,'ACTIVO'),(465,107,22,NULL,'2024-12-06 12:03:35',NULL,'ACTIVO'),(466,107,23,NULL,'2024-12-06 12:03:35',NULL,'ACTIVO'),(467,107,24,NULL,'2024-12-06 12:03:35',NULL,'ACTIVO'),(468,107,25,NULL,'2024-12-06 12:03:35',NULL,'ACTIVO'),(469,107,26,NULL,'2024-12-06 12:03:35',NULL,'ACTIVO'),(931,128,12,NULL,'2024-12-06 12:51:46',NULL,'ACTIVO'),(932,91,12,NULL,'2024-12-06 12:54:15',NULL,'ACTIVO'),(1066,126,1,NULL,'2024-12-06 13:47:08',NULL,'ACTIVO'),(1067,126,2,NULL,'2024-12-06 13:47:08',NULL,'ACTIVO'),(1068,126,3,NULL,'2024-12-06 13:47:08',NULL,'ACTIVO'),(1069,126,4,NULL,'2024-12-06 13:47:08',NULL,'ACTIVO'),(1070,126,5,NULL,'2024-12-06 13:47:08',NULL,'ACTIVO'),(1071,126,6,NULL,'2024-12-06 13:47:08',NULL,'ACTIVO'),(1072,126,7,NULL,'2024-12-06 13:47:08',NULL,'ACTIVO'),(1073,126,8,NULL,'2024-12-06 13:47:08',NULL,'ACTIVO'),(1074,126,9,NULL,'2024-12-06 13:47:08',NULL,'ACTIVO'),(1075,126,10,NULL,'2024-12-06 13:47:08',NULL,'ACTIVO'),(1076,126,11,NULL,'2024-12-06 13:47:08',NULL,'ACTIVO'),(1077,126,12,NULL,'2024-12-06 13:47:08',NULL,'ACTIVO'),(1078,126,13,NULL,'2024-12-06 13:47:08',NULL,'ACTIVO'),(1079,126,14,NULL,'2024-12-06 13:47:08',NULL,'ACTIVO'),(1080,126,15,NULL,'2024-12-06 13:47:08',NULL,'ACTIVO'),(1081,126,16,NULL,'2024-12-06 13:47:08',NULL,'ACTIVO'),(1082,126,17,NULL,'2024-12-06 13:47:08',NULL,'ACTIVO'),(1083,126,18,NULL,'2024-12-06 13:47:08',NULL,'ACTIVO'),(1084,126,19,NULL,'2024-12-06 13:47:08',NULL,'ACTIVO'),(1085,126,21,NULL,'2024-12-06 13:47:08',NULL,'ACTIVO'),(1086,126,22,NULL,'2024-12-06 13:47:08',NULL,'ACTIVO'),(1087,126,23,NULL,'2024-12-06 13:47:08',NULL,'ACTIVO'),(1088,126,24,NULL,'2024-12-06 13:47:08',NULL,'ACTIVO'),(1089,126,25,NULL,'2024-12-06 13:47:08',NULL,'ACTIVO'),(1090,126,26,NULL,'2024-12-06 13:47:08',NULL,'ACTIVO'),(1194,68,1,NULL,'2024-12-06 13:51:28',NULL,'ACTIVO'),(1195,68,2,NULL,'2024-12-06 13:51:28',NULL,'ACTIVO'),(1196,68,3,NULL,'2024-12-06 13:51:28',NULL,'ACTIVO'),(1197,68,4,NULL,'2024-12-06 13:51:28',NULL,'ACTIVO'),(1198,68,5,NULL,'2024-12-06 13:51:28',NULL,'ACTIVO'),(1199,68,6,NULL,'2024-12-06 13:51:28',NULL,'ACTIVO'),(1200,68,7,NULL,'2024-12-06 13:51:28',NULL,'ACTIVO'),(1201,68,8,NULL,'2024-12-06 13:51:28',NULL,'ACTIVO'),(1202,68,9,NULL,'2024-12-06 13:51:28',NULL,'ACTIVO'),(1203,68,10,NULL,'2024-12-06 13:51:28',NULL,'ACTIVO'),(1204,68,11,NULL,'2024-12-06 13:51:28',NULL,'ACTIVO'),(1205,68,12,NULL,'2024-12-06 13:51:28',NULL,'ACTIVO'),(1206,68,13,NULL,'2024-12-06 13:51:28',NULL,'ACTIVO'),(1207,68,14,NULL,'2024-12-06 13:51:28',NULL,'ACTIVO'),(1208,68,15,NULL,'2024-12-06 13:51:28',NULL,'ACTIVO'),(1209,68,16,NULL,'2024-12-06 13:51:28',NULL,'ACTIVO'),(1210,68,17,NULL,'2024-12-06 13:51:28',NULL,'ACTIVO'),(1211,68,18,NULL,'2024-12-06 13:51:28',NULL,'ACTIVO'),(1212,68,19,NULL,'2024-12-06 13:51:28',NULL,'ACTIVO'),(1213,68,20,NULL,'2024-12-06 13:51:28',NULL,'ACTIVO'),(1214,68,21,NULL,'2024-12-06 13:51:28',NULL,'ACTIVO'),(1215,68,22,NULL,'2024-12-06 13:51:28',NULL,'ACTIVO'),(1216,68,23,NULL,'2024-12-06 13:51:28',NULL,'ACTIVO'),(1217,68,24,NULL,'2024-12-06 13:51:28',NULL,'ACTIVO'),(1218,68,25,NULL,'2024-12-06 13:51:28',NULL,'ACTIVO'),(1219,68,26,NULL,'2024-12-06 13:51:28',NULL,'ACTIVO'),(1298,103,13,NULL,'2024-12-12 12:49:06',NULL,'ACTIVO'),(1299,103,17,NULL,'2024-12-12 12:49:06',NULL,'ACTIVO'),(1300,103,18,NULL,'2024-12-12 12:49:06',NULL,'ACTIVO'),(1301,103,19,NULL,'2024-12-12 12:49:06',NULL,'ACTIVO'),(1302,103,20,NULL,'2024-12-12 12:49:06',NULL,'ACTIVO'),(1303,103,21,NULL,'2024-12-12 12:49:06',NULL,'ACTIVO'),(1304,103,22,NULL,'2024-12-12 12:49:06',NULL,'ACTIVO'),(1305,103,23,NULL,'2024-12-12 12:49:06',NULL,'ACTIVO'),(1377,140,13,NULL,'2024-12-13 13:28:05',NULL,'ACTIVO'),(1378,140,17,NULL,'2024-12-13 13:28:05',NULL,'ACTIVO'),(1379,140,18,NULL,'2024-12-13 13:28:05',NULL,'ACTIVO'),(1380,140,19,NULL,'2024-12-13 13:28:05',NULL,'ACTIVO'),(1381,140,20,NULL,'2024-12-13 13:28:05',NULL,'ACTIVO'),(1382,140,21,NULL,'2024-12-13 13:28:05',NULL,'ACTIVO'),(1383,140,22,NULL,'2024-12-13 13:28:05',NULL,'ACTIVO'),(1384,140,23,NULL,'2024-12-13 13:28:05',NULL,'ACTIVO'),(1487,29,12,NULL,'2024-12-18 09:21:01',NULL,'ACTIVO'),(1819,67,14,NULL,'2024-12-18 10:54:34',NULL,'ACTIVO'),(1820,67,3,NULL,'2024-12-18 10:54:34',NULL,'ACTIVO'),(1845,74,3,NULL,'2024-12-18 10:56:39',NULL,'ACTIVO'),(1846,86,3,NULL,'2024-12-18 10:56:58',NULL,'ACTIVO'),(1847,59,3,NULL,'2024-12-18 10:57:17',NULL,'ACTIVO'),(1878,94,15,NULL,'2024-12-18 11:10:00',NULL,'ACTIVO'),(1879,94,16,NULL,'2024-12-18 11:10:00',NULL,'ACTIVO'),(1938,33,4,NULL,'2024-12-18 12:28:28',NULL,'ACTIVO'),(1939,33,13,NULL,'2024-12-18 12:28:28',NULL,'ACTIVO'),(1940,33,17,NULL,'2024-12-18 12:28:28',NULL,'ACTIVO'),(1941,33,18,NULL,'2024-12-18 12:28:28',NULL,'ACTIVO'),(1942,33,19,NULL,'2024-12-18 12:28:28',NULL,'ACTIVO'),(1943,33,20,NULL,'2024-12-18 12:28:28',NULL,'ACTIVO'),(1944,33,21,NULL,'2024-12-18 12:28:28',NULL,'ACTIVO'),(1945,33,22,NULL,'2024-12-18 12:28:28',NULL,'ACTIVO'),(1946,33,23,NULL,'2024-12-18 12:28:28',NULL,'ACTIVO'),(1947,33,27,NULL,'2024-12-18 12:28:28',NULL,'ACTIVO'),(1966,93,13,NULL,'2024-12-18 12:51:08',NULL,'ACTIVO'),(1967,93,17,NULL,'2024-12-18 12:51:08',NULL,'ACTIVO'),(1968,93,18,NULL,'2024-12-18 12:51:08',NULL,'ACTIVO'),(1969,93,19,NULL,'2024-12-18 12:51:08',NULL,'ACTIVO'),(1970,93,20,NULL,'2024-12-18 12:51:08',NULL,'ACTIVO'),(1971,93,21,NULL,'2024-12-18 12:51:08',NULL,'ACTIVO'),(1972,93,22,NULL,'2024-12-18 12:51:08',NULL,'ACTIVO'),(1973,93,23,NULL,'2024-12-18 12:51:08',NULL,'ACTIVO'),(1974,93,27,NULL,'2024-12-18 12:51:08',NULL,'ACTIVO'),(1984,167,13,NULL,'2024-12-18 12:56:28',NULL,'ACTIVO'),(1985,167,17,NULL,'2024-12-18 12:56:28',NULL,'ACTIVO'),(1986,167,18,NULL,'2024-12-18 12:56:28',NULL,'ACTIVO'),(1987,167,19,NULL,'2024-12-18 12:56:28',NULL,'ACTIVO'),(1988,167,20,NULL,'2024-12-18 12:56:28',NULL,'ACTIVO'),(1989,167,21,NULL,'2024-12-18 12:56:28',NULL,'ACTIVO'),(1990,167,22,NULL,'2024-12-18 12:56:28',NULL,'ACTIVO'),(1991,167,23,NULL,'2024-12-18 12:56:28',NULL,'ACTIVO'),(1992,167,27,NULL,'2024-12-18 12:56:28',NULL,'ACTIVO'),(1993,55,1,NULL,'2024-12-19 10:18:21',NULL,'ACTIVO'),(1994,55,2,NULL,'2024-12-19 10:18:21',NULL,'ACTIVO'),(1995,55,4,NULL,'2024-12-19 10:18:21',NULL,'ACTIVO'),(1996,55,14,NULL,'2024-12-19 10:18:21',NULL,'ACTIVO'),(1997,88,3,NULL,'2024-12-19 10:28:37',NULL,'ACTIVO'),(2000,12,1,NULL,'2024-12-19 10:37:11',NULL,'ACTIVO'),(2001,12,2,NULL,'2024-12-19 10:37:11',NULL,'ACTIVO'),(2002,12,13,NULL,'2024-12-19 10:37:11',NULL,'ACTIVO'),(2003,12,18,NULL,'2024-12-19 10:37:11',NULL,'ACTIVO'),(2004,12,19,NULL,'2024-12-19 10:37:11',NULL,'ACTIVO'),(2005,12,20,NULL,'2024-12-19 10:37:11',NULL,'ACTIVO'),(2006,12,21,NULL,'2024-12-19 10:37:11',NULL,'ACTIVO'),(2007,12,22,NULL,'2024-12-19 10:37:11',NULL,'ACTIVO'),(2008,12,23,NULL,'2024-12-19 10:37:11',NULL,'ACTIVO'),(2009,8,5,NULL,'2024-12-19 10:40:27',NULL,'ACTIVO'),(2010,8,6,NULL,'2024-12-19 10:40:27',NULL,'ACTIVO'),(2011,8,7,NULL,'2024-12-19 10:40:27',NULL,'ACTIVO'),(2012,8,8,NULL,'2024-12-19 10:40:27',NULL,'ACTIVO'),(2013,8,9,NULL,'2024-12-19 10:40:27',NULL,'ACTIVO'),(2014,8,10,NULL,'2024-12-19 10:40:27',NULL,'ACTIVO'),(2015,8,11,NULL,'2024-12-19 10:40:27',NULL,'ACTIVO'),(2016,8,24,NULL,'2024-12-19 10:40:27',NULL,'ACTIVO'),(2017,8,25,NULL,'2024-12-19 10:40:27',NULL,'ACTIVO'),(2018,8,26,NULL,'2024-12-19 10:40:27',NULL,'ACTIVO'),(2019,8,15,NULL,'2024-12-19 10:40:27',NULL,'ACTIVO'),(2057,41,15,NULL,'2024-12-19 11:15:22',NULL,'ACTIVO'),(2058,41,16,NULL,'2024-12-19 11:15:22',NULL,'ACTIVO'),(2059,41,3,NULL,'2024-12-19 11:15:22',NULL,'ACTIVO'),(2060,73,1,NULL,'2024-12-19 11:16:16',NULL,'ACTIVO'),(2061,73,2,NULL,'2024-12-19 11:16:16',NULL,'ACTIVO'),(2062,73,12,NULL,'2024-12-19 11:16:16',NULL,'ACTIVO'),(2063,73,3,NULL,'2024-12-19 11:16:16',NULL,'ACTIVO'),(2064,73,13,NULL,'2024-12-19 11:16:16',NULL,'ACTIVO'),(2065,73,18,NULL,'2024-12-19 11:16:16',NULL,'ACTIVO'),(2066,73,19,NULL,'2024-12-19 11:16:16',NULL,'ACTIVO'),(2067,73,20,NULL,'2024-12-19 11:16:16',NULL,'ACTIVO'),(2068,73,21,NULL,'2024-12-19 11:16:16',NULL,'ACTIVO'),(2069,73,22,NULL,'2024-12-19 11:16:16',NULL,'ACTIVO'),(2070,73,23,NULL,'2024-12-19 11:16:16',NULL,'ACTIVO'),(2071,145,13,NULL,'2024-12-19 11:18:39',NULL,'ACTIVO'),(2072,145,18,NULL,'2024-12-19 11:18:39',NULL,'ACTIVO'),(2073,145,19,NULL,'2024-12-19 11:18:39',NULL,'ACTIVO'),(2074,145,20,NULL,'2024-12-19 11:18:39',NULL,'ACTIVO'),(2075,145,21,NULL,'2024-12-19 11:18:39',NULL,'ACTIVO'),(2076,145,22,NULL,'2024-12-19 11:18:39',NULL,'ACTIVO'),(2077,145,23,NULL,'2024-12-19 11:18:39',NULL,'ACTIVO'),(2078,158,4,NULL,'2024-12-19 11:39:32',NULL,'ACTIVO'),(2079,158,12,NULL,'2024-12-19 11:39:32',NULL,'ACTIVO'),(2080,158,16,NULL,'2024-12-19 11:39:32',NULL,'ACTIVO'),(2081,138,1,NULL,'2024-12-19 11:49:04',NULL,'ACTIVO'),(2082,138,2,NULL,'2024-12-19 11:49:04',NULL,'ACTIVO'),(2083,138,4,NULL,'2024-12-19 11:49:04',NULL,'ACTIVO'),(2084,138,28,NULL,'2024-12-19 11:49:04',NULL,'ACTIVO'),(2085,138,14,NULL,'2024-12-19 11:49:04',NULL,'ACTIVO'),(2086,138,5,NULL,'2024-12-19 11:49:04',NULL,'ACTIVO'),(2087,138,6,NULL,'2024-12-19 11:49:04',NULL,'ACTIVO'),(2088,138,7,NULL,'2024-12-19 11:49:04',NULL,'ACTIVO'),(2089,138,8,NULL,'2024-12-19 11:49:04',NULL,'ACTIVO'),(2090,138,9,NULL,'2024-12-19 11:49:04',NULL,'ACTIVO'),(2091,138,10,NULL,'2024-12-19 11:49:04',NULL,'ACTIVO'),(2092,138,11,NULL,'2024-12-19 11:49:04',NULL,'ACTIVO'),(2093,138,24,NULL,'2024-12-19 11:49:04',NULL,'ACTIVO'),(2094,138,25,NULL,'2024-12-19 11:49:04',NULL,'ACTIVO'),(2095,138,26,NULL,'2024-12-19 11:49:04',NULL,'ACTIVO'),(2096,138,12,NULL,'2024-12-19 11:49:04',NULL,'ACTIVO'),(2097,138,3,NULL,'2024-12-19 11:49:04',NULL,'ACTIVO'),(2098,138,13,NULL,'2024-12-19 11:49:04',NULL,'ACTIVO'),(2099,138,18,NULL,'2024-12-19 11:49:04',NULL,'ACTIVO'),(2100,138,19,NULL,'2024-12-19 11:49:04',NULL,'ACTIVO'),(2101,138,20,NULL,'2024-12-19 11:49:04',NULL,'ACTIVO'),(2102,138,21,NULL,'2024-12-19 11:49:04',NULL,'ACTIVO'),(2103,138,22,NULL,'2024-12-19 11:49:04',NULL,'ACTIVO'),(2104,138,23,NULL,'2024-12-19 11:49:04',NULL,'ACTIVO'),(2106,5,1,NULL,'2024-12-19 11:56:51',NULL,'ACTIVO'),(2107,5,2,NULL,'2024-12-19 11:56:51',NULL,'ACTIVO'),(2108,5,12,NULL,'2024-12-19 11:56:51',NULL,'ACTIVO'),(2151,85,13,NULL,'2024-12-19 12:14:36',NULL,'ACTIVO'),(2152,85,18,NULL,'2024-12-19 12:14:36',NULL,'ACTIVO'),(2153,85,19,NULL,'2024-12-19 12:14:36',NULL,'ACTIVO'),(2154,85,20,NULL,'2024-12-19 12:14:36',NULL,'ACTIVO'),(2155,85,21,NULL,'2024-12-19 12:14:36',NULL,'ACTIVO'),(2156,85,22,NULL,'2024-12-19 12:14:36',NULL,'ACTIVO'),(2157,85,23,NULL,'2024-12-19 12:14:36',NULL,'ACTIVO'),(2159,147,16,NULL,'2024-12-19 12:16:25',NULL,'ACTIVO'),(2207,6,4,NULL,'2024-12-19 12:27:44',NULL,'ACTIVO'),(2208,6,28,NULL,'2024-12-19 12:27:44',NULL,'ACTIVO'),(2209,6,5,NULL,'2024-12-19 12:27:44',NULL,'ACTIVO'),(2210,6,6,NULL,'2024-12-19 12:27:44',NULL,'ACTIVO'),(2211,6,7,NULL,'2024-12-19 12:27:44',NULL,'ACTIVO'),(2212,6,8,NULL,'2024-12-19 12:27:44',NULL,'ACTIVO'),(2213,6,9,NULL,'2024-12-19 12:27:44',NULL,'ACTIVO'),(2214,6,10,NULL,'2024-12-19 12:27:44',NULL,'ACTIVO'),(2215,6,11,NULL,'2024-12-19 12:27:44',NULL,'ACTIVO'),(2216,6,24,NULL,'2024-12-19 12:27:44',NULL,'ACTIVO'),(2217,6,25,NULL,'2024-12-19 12:27:44',NULL,'ACTIVO'),(2218,6,26,NULL,'2024-12-19 12:27:44',NULL,'ACTIVO'),(2219,6,12,NULL,'2024-12-19 12:27:44',NULL,'ACTIVO'),(2220,6,13,NULL,'2024-12-19 12:27:44',NULL,'ACTIVO'),(2221,6,18,NULL,'2024-12-19 12:27:44',NULL,'ACTIVO'),(2222,6,19,NULL,'2024-12-19 12:27:44',NULL,'ACTIVO'),(2223,6,20,NULL,'2024-12-19 12:27:44',NULL,'ACTIVO'),(2224,6,21,NULL,'2024-12-19 12:27:44',NULL,'ACTIVO'),(2225,6,22,NULL,'2024-12-19 12:27:44',NULL,'ACTIVO'),(2226,6,23,NULL,'2024-12-19 12:27:44',NULL,'ACTIVO'),(2228,46,12,NULL,'2024-12-19 12:44:27',NULL,'ACTIVO'),(2229,20,1,NULL,'2024-12-19 12:44:36',NULL,'ACTIVO'),(2230,20,2,NULL,'2024-12-19 12:44:36',NULL,'ACTIVO'),(2231,20,4,NULL,'2024-12-19 12:44:36',NULL,'ACTIVO'),(2232,20,28,NULL,'2024-12-19 12:44:36',NULL,'ACTIVO'),(2233,20,14,NULL,'2024-12-19 12:44:36',NULL,'ACTIVO'),(2234,20,5,NULL,'2024-12-19 12:44:36',NULL,'ACTIVO'),(2235,20,6,NULL,'2024-12-19 12:44:36',NULL,'ACTIVO'),(2236,20,7,NULL,'2024-12-19 12:44:36',NULL,'ACTIVO'),(2237,20,8,NULL,'2024-12-19 12:44:36',NULL,'ACTIVO'),(2238,20,9,NULL,'2024-12-19 12:44:36',NULL,'ACTIVO'),(2239,20,10,NULL,'2024-12-19 12:44:36',NULL,'ACTIVO'),(2240,20,11,NULL,'2024-12-19 12:44:36',NULL,'ACTIVO'),(2241,20,24,NULL,'2024-12-19 12:44:36',NULL,'ACTIVO'),(2242,20,25,NULL,'2024-12-19 12:44:36',NULL,'ACTIVO'),(2243,20,26,NULL,'2024-12-19 12:44:36',NULL,'ACTIVO'),(2244,20,12,NULL,'2024-12-19 12:44:36',NULL,'ACTIVO'),(2245,20,15,NULL,'2024-12-19 12:44:36',NULL,'ACTIVO'),(2246,20,16,NULL,'2024-12-19 12:44:36',NULL,'ACTIVO'),(2247,20,3,NULL,'2024-12-19 12:44:36',NULL,'ACTIVO'),(2248,20,13,NULL,'2024-12-19 12:44:36',NULL,'ACTIVO'),(2249,20,18,NULL,'2024-12-19 12:44:36',NULL,'ACTIVO'),(2250,20,19,NULL,'2024-12-19 12:44:36',NULL,'ACTIVO'),(2251,20,20,NULL,'2024-12-19 12:44:36',NULL,'ACTIVO'),(2252,20,21,NULL,'2024-12-19 12:44:36',NULL,'ACTIVO'),(2253,20,22,NULL,'2024-12-19 12:44:36',NULL,'ACTIVO'),(2254,20,23,NULL,'2024-12-19 12:44:36',NULL,'ACTIVO'),(2255,49,5,NULL,'2024-12-19 12:55:55',NULL,'ACTIVO'),(2256,49,6,NULL,'2024-12-19 12:55:55',NULL,'ACTIVO'),(2257,49,7,NULL,'2024-12-19 12:55:55',NULL,'ACTIVO'),(2258,49,8,NULL,'2024-12-19 12:55:55',NULL,'ACTIVO'),(2259,49,9,NULL,'2024-12-19 12:55:55',NULL,'ACTIVO'),(2260,49,10,NULL,'2024-12-19 12:55:55',NULL,'ACTIVO'),(2261,49,11,NULL,'2024-12-19 12:55:55',NULL,'ACTIVO'),(2262,49,24,NULL,'2024-12-19 12:55:55',NULL,'ACTIVO'),(2263,49,25,NULL,'2024-12-19 12:55:55',NULL,'ACTIVO'),(2264,49,26,NULL,'2024-12-19 12:55:55',NULL,'ACTIVO'),(2265,49,12,NULL,'2024-12-19 12:55:55',NULL,'ACTIVO'),(2266,49,15,NULL,'2024-12-19 12:55:55',NULL,'ACTIVO'),(2267,49,16,NULL,'2024-12-19 12:55:55',NULL,'ACTIVO'),(2268,49,13,NULL,'2024-12-19 12:55:55',NULL,'ACTIVO'),(2269,49,18,NULL,'2024-12-19 12:55:55',NULL,'ACTIVO'),(2270,49,19,NULL,'2024-12-19 12:55:55',NULL,'ACTIVO'),(2271,49,20,NULL,'2024-12-19 12:55:55',NULL,'ACTIVO'),(2272,49,21,NULL,'2024-12-19 12:55:55',NULL,'ACTIVO'),(2273,49,22,NULL,'2024-12-19 12:55:55',NULL,'ACTIVO'),(2274,49,23,NULL,'2024-12-19 12:55:55',NULL,'ACTIVO'),(2275,133,4,NULL,'2024-12-19 13:12:43',NULL,'ACTIVO'),(2276,133,28,NULL,'2024-12-19 13:12:43',NULL,'ACTIVO'),(2277,133,5,NULL,'2024-12-19 13:12:43',NULL,'ACTIVO'),(2278,133,6,NULL,'2024-12-19 13:12:43',NULL,'ACTIVO'),(2279,133,7,NULL,'2024-12-19 13:12:43',NULL,'ACTIVO'),(2280,133,8,NULL,'2024-12-19 13:12:43',NULL,'ACTIVO'),(2281,133,9,NULL,'2024-12-19 13:12:43',NULL,'ACTIVO'),(2282,133,10,NULL,'2024-12-19 13:12:43',NULL,'ACTIVO'),(2283,133,11,NULL,'2024-12-19 13:12:43',NULL,'ACTIVO'),(2284,133,24,NULL,'2024-12-19 13:12:43',NULL,'ACTIVO'),(2285,133,25,NULL,'2024-12-19 13:12:43',NULL,'ACTIVO'),(2286,133,26,NULL,'2024-12-19 13:12:43',NULL,'ACTIVO'),(2287,133,15,NULL,'2024-12-19 13:12:43',NULL,'ACTIVO'),(2288,133,3,NULL,'2024-12-19 13:12:43',NULL,'ACTIVO'),(2289,153,1,NULL,'2024-12-19 13:14:35',NULL,'ACTIVO'),(2290,153,2,NULL,'2024-12-19 13:14:35',NULL,'ACTIVO'),(2291,153,4,NULL,'2024-12-19 13:14:35',NULL,'ACTIVO'),(2292,153,28,NULL,'2024-12-19 13:14:35',NULL,'ACTIVO'),(2293,153,14,NULL,'2024-12-19 13:14:35',NULL,'ACTIVO'),(2294,153,5,NULL,'2024-12-19 13:14:35',NULL,'ACTIVO'),(2295,153,6,NULL,'2024-12-19 13:14:35',NULL,'ACTIVO'),(2296,153,7,NULL,'2024-12-19 13:14:35',NULL,'ACTIVO'),(2297,153,8,NULL,'2024-12-19 13:14:35',NULL,'ACTIVO'),(2298,153,9,NULL,'2024-12-19 13:14:35',NULL,'ACTIVO'),(2299,153,10,NULL,'2024-12-19 13:14:35',NULL,'ACTIVO'),(2300,153,11,NULL,'2024-12-19 13:14:35',NULL,'ACTIVO'),(2301,153,24,NULL,'2024-12-19 13:14:35',NULL,'ACTIVO'),(2302,153,25,NULL,'2024-12-19 13:14:35',NULL,'ACTIVO'),(2303,153,26,NULL,'2024-12-19 13:14:35',NULL,'ACTIVO'),(2304,153,12,NULL,'2024-12-19 13:14:35',NULL,'ACTIVO'),(2305,153,15,NULL,'2024-12-19 13:14:35',NULL,'ACTIVO'),(2306,153,16,NULL,'2024-12-19 13:14:35',NULL,'ACTIVO'),(2307,153,3,NULL,'2024-12-19 13:14:35',NULL,'ACTIVO'),(2308,153,13,NULL,'2024-12-19 13:14:35',NULL,'ACTIVO'),(2309,153,18,NULL,'2024-12-19 13:14:35',NULL,'ACTIVO'),(2310,153,19,NULL,'2024-12-19 13:14:35',NULL,'ACTIVO'),(2311,153,20,NULL,'2024-12-19 13:14:35',NULL,'ACTIVO'),(2312,153,21,NULL,'2024-12-19 13:14:35',NULL,'ACTIVO'),(2313,153,22,NULL,'2024-12-19 13:14:35',NULL,'ACTIVO'),(2314,153,23,NULL,'2024-12-19 13:14:35',NULL,'ACTIVO'),(2315,115,4,NULL,'2024-12-19 13:28:35',NULL,'ACTIVO'),(2316,48,4,NULL,'2024-12-19 13:50:39',NULL,'ACTIVO'),(2317,48,5,NULL,'2024-12-19 13:50:39',NULL,'ACTIVO'),(2318,48,6,NULL,'2024-12-19 13:50:39',NULL,'ACTIVO'),(2319,48,7,NULL,'2024-12-19 13:50:39',NULL,'ACTIVO'),(2320,48,8,NULL,'2024-12-19 13:50:39',NULL,'ACTIVO'),(2321,48,9,NULL,'2024-12-19 13:50:39',NULL,'ACTIVO'),(2322,48,10,NULL,'2024-12-19 13:50:39',NULL,'ACTIVO'),(2323,48,11,NULL,'2024-12-19 13:50:39',NULL,'ACTIVO'),(2324,48,24,NULL,'2024-12-19 13:50:39',NULL,'ACTIVO'),(2325,48,25,NULL,'2024-12-19 13:50:39',NULL,'ACTIVO'),(2326,48,26,NULL,'2024-12-19 13:50:39',NULL,'ACTIVO'),(2327,48,15,NULL,'2024-12-19 13:50:39',NULL,'ACTIVO'),(2328,48,16,NULL,'2024-12-19 13:50:39',NULL,'ACTIVO'),(2329,66,1,NULL,'2024-12-19 14:01:39',NULL,'ACTIVO'),(2330,66,2,NULL,'2024-12-19 14:01:39',NULL,'ACTIVO'),(2331,66,4,NULL,'2024-12-19 14:01:39',NULL,'ACTIVO'),(2332,66,28,NULL,'2024-12-19 14:01:39',NULL,'ACTIVO'),(2333,66,14,NULL,'2024-12-19 14:01:39',NULL,'ACTIVO'),(2334,66,5,NULL,'2024-12-19 14:01:39',NULL,'ACTIVO'),(2335,66,6,NULL,'2024-12-19 14:01:39',NULL,'ACTIVO'),(2336,66,7,NULL,'2024-12-19 14:01:39',NULL,'ACTIVO'),(2337,66,8,NULL,'2024-12-19 14:01:39',NULL,'ACTIVO'),(2338,66,9,NULL,'2024-12-19 14:01:39',NULL,'ACTIVO'),(2339,66,10,NULL,'2024-12-19 14:01:39',NULL,'ACTIVO'),(2340,66,11,NULL,'2024-12-19 14:01:39',NULL,'ACTIVO'),(2341,66,24,NULL,'2024-12-19 14:01:39',NULL,'ACTIVO'),(2342,66,25,NULL,'2024-12-19 14:01:39',NULL,'ACTIVO'),(2343,66,26,NULL,'2024-12-19 14:01:39',NULL,'ACTIVO'),(2344,66,12,NULL,'2024-12-19 14:01:39',NULL,'ACTIVO'),(2345,66,15,NULL,'2024-12-19 14:01:39',NULL,'ACTIVO'),(2346,66,16,NULL,'2024-12-19 14:01:39',NULL,'ACTIVO'),(2347,66,3,NULL,'2024-12-19 14:01:39',NULL,'ACTIVO'),(2348,66,13,NULL,'2024-12-19 14:01:39',NULL,'ACTIVO'),(2349,66,18,NULL,'2024-12-19 14:01:39',NULL,'ACTIVO'),(2350,66,19,NULL,'2024-12-19 14:01:39',NULL,'ACTIVO'),(2351,66,20,NULL,'2024-12-19 14:01:39',NULL,'ACTIVO'),(2352,66,21,NULL,'2024-12-19 14:01:39',NULL,'ACTIVO'),(2353,66,22,NULL,'2024-12-19 14:01:39',NULL,'ACTIVO'),(2354,66,23,NULL,'2024-12-19 14:01:39',NULL,'ACTIVO'),(2355,52,4,NULL,'2024-12-19 14:06:09',NULL,'ACTIVO'),(2356,72,1,NULL,'2024-12-19 14:11:26',NULL,'ACTIVO'),(2357,72,2,NULL,'2024-12-19 14:11:26',NULL,'ACTIVO'),(2358,72,4,NULL,'2024-12-19 14:11:26',NULL,'ACTIVO'),(2359,72,12,NULL,'2024-12-19 14:11:26',NULL,'ACTIVO'),(2360,72,15,NULL,'2024-12-19 14:11:26',NULL,'ACTIVO'),(2361,72,16,NULL,'2024-12-19 14:11:26',NULL,'ACTIVO'),(2362,72,3,NULL,'2024-12-19 14:11:26',NULL,'ACTIVO'),(2363,72,13,NULL,'2024-12-19 14:11:26',NULL,'ACTIVO'),(2364,72,18,NULL,'2024-12-19 14:11:26',NULL,'ACTIVO'),(2365,72,19,NULL,'2024-12-19 14:11:26',NULL,'ACTIVO'),(2366,72,20,NULL,'2024-12-19 14:11:26',NULL,'ACTIVO'),(2367,72,21,NULL,'2024-12-19 14:11:26',NULL,'ACTIVO'),(2368,72,22,NULL,'2024-12-19 14:11:26',NULL,'ACTIVO'),(2369,72,23,NULL,'2024-12-19 14:11:26',NULL,'ACTIVO'),(2370,65,12,NULL,'2024-12-19 14:17:31',NULL,'ACTIVO'),(2397,80,4,NULL,'2024-12-19 14:35:02',NULL,'ACTIVO'),(2398,80,12,NULL,'2024-12-19 14:35:02',NULL,'ACTIVO'),(2399,80,15,NULL,'2024-12-19 14:35:02',NULL,'ACTIVO'),(2400,80,16,NULL,'2024-12-19 14:35:02',NULL,'ACTIVO'),(2401,80,3,NULL,'2024-12-19 14:35:02',NULL,'ACTIVO'),(2402,80,13,NULL,'2024-12-19 14:35:02',NULL,'ACTIVO'),(2403,80,18,NULL,'2024-12-19 14:35:02',NULL,'ACTIVO'),(2404,80,19,NULL,'2024-12-19 14:35:02',NULL,'ACTIVO'),(2405,80,20,NULL,'2024-12-19 14:35:02',NULL,'ACTIVO'),(2406,80,21,NULL,'2024-12-19 14:35:02',NULL,'ACTIVO'),(2407,80,22,NULL,'2024-12-19 14:35:02',NULL,'ACTIVO'),(2408,80,23,NULL,'2024-12-19 14:35:02',NULL,'ACTIVO'),(2409,143,1,NULL,'2024-12-19 14:52:35',NULL,'ACTIVO'),(2410,143,2,NULL,'2024-12-19 14:52:35',NULL,'ACTIVO'),(2411,143,14,NULL,'2024-12-19 14:52:35',NULL,'ACTIVO'),(2412,143,5,NULL,'2024-12-19 14:52:35',NULL,'ACTIVO'),(2413,143,6,NULL,'2024-12-19 14:52:35',NULL,'ACTIVO'),(2414,143,7,NULL,'2024-12-19 14:52:35',NULL,'ACTIVO'),(2415,143,8,NULL,'2024-12-19 14:52:35',NULL,'ACTIVO'),(2416,143,9,NULL,'2024-12-19 14:52:35',NULL,'ACTIVO'),(2417,143,10,NULL,'2024-12-19 14:52:35',NULL,'ACTIVO'),(2418,143,11,NULL,'2024-12-19 14:52:35',NULL,'ACTIVO'),(2419,143,24,NULL,'2024-12-19 14:52:35',NULL,'ACTIVO'),(2420,143,25,NULL,'2024-12-19 14:52:35',NULL,'ACTIVO'),(2421,143,26,NULL,'2024-12-19 14:52:35',NULL,'ACTIVO'),(2422,143,12,NULL,'2024-12-19 14:52:35',NULL,'ACTIVO'),(2423,143,15,NULL,'2024-12-19 14:52:35',NULL,'ACTIVO'),(2424,143,16,NULL,'2024-12-19 14:52:35',NULL,'ACTIVO'),(2425,143,3,NULL,'2024-12-19 14:52:35',NULL,'ACTIVO'),(2426,143,13,NULL,'2024-12-19 14:52:35',NULL,'ACTIVO'),(2427,143,18,NULL,'2024-12-19 14:52:35',NULL,'ACTIVO'),(2428,143,19,NULL,'2024-12-19 14:52:35',NULL,'ACTIVO'),(2429,143,20,NULL,'2024-12-19 14:52:35',NULL,'ACTIVO'),(2430,143,21,NULL,'2024-12-19 14:52:35',NULL,'ACTIVO'),(2431,143,22,NULL,'2024-12-19 14:52:35',NULL,'ACTIVO'),(2432,143,23,NULL,'2024-12-19 14:52:35',NULL,'ACTIVO'),(2433,31,28,NULL,'2024-12-19 15:46:36',NULL,'ACTIVO'),(2434,31,5,NULL,'2024-12-19 15:46:36',NULL,'ACTIVO'),(2435,31,6,NULL,'2024-12-19 15:46:36',NULL,'ACTIVO'),(2436,31,7,NULL,'2024-12-19 15:46:36',NULL,'ACTIVO'),(2437,31,8,NULL,'2024-12-19 15:46:36',NULL,'ACTIVO'),(2438,31,9,NULL,'2024-12-19 15:46:36',NULL,'ACTIVO'),(2439,31,10,NULL,'2024-12-19 15:46:36',NULL,'ACTIVO'),(2440,31,11,NULL,'2024-12-19 15:46:36',NULL,'ACTIVO'),(2441,31,24,NULL,'2024-12-19 15:46:36',NULL,'ACTIVO'),(2442,31,25,NULL,'2024-12-19 15:46:36',NULL,'ACTIVO'),(2443,31,26,NULL,'2024-12-19 15:46:36',NULL,'ACTIVO'),(2444,31,3,NULL,'2024-12-19 15:46:36',NULL,'ACTIVO'),(2445,31,13,NULL,'2024-12-19 15:46:36',NULL,'ACTIVO'),(2446,31,18,NULL,'2024-12-19 15:46:36',NULL,'ACTIVO'),(2447,31,19,NULL,'2024-12-19 15:46:36',NULL,'ACTIVO'),(2448,31,20,NULL,'2024-12-19 15:46:36',NULL,'ACTIVO'),(2449,31,21,NULL,'2024-12-19 15:46:36',NULL,'ACTIVO'),(2450,31,22,NULL,'2024-12-19 15:46:36',NULL,'ACTIVO'),(2451,31,23,NULL,'2024-12-19 15:46:36',NULL,'ACTIVO'),(2482,28,13,NULL,'2025-01-06 19:38:22',NULL,'ACTIVO'),(2483,28,18,NULL,'2025-01-06 19:38:22',NULL,'ACTIVO'),(2484,28,19,NULL,'2025-01-06 19:38:22',NULL,'ACTIVO'),(2485,28,20,NULL,'2025-01-06 19:38:22',NULL,'ACTIVO'),(2486,28,21,NULL,'2025-01-06 19:38:22',NULL,'ACTIVO'),(2487,28,22,NULL,'2025-01-06 19:38:22',NULL,'ACTIVO'),(2488,28,23,NULL,'2025-01-06 19:38:22',NULL,'ACTIVO'),(2499,173,5,NULL,'2025-01-09 12:33:53',NULL,'ACTIVO'),(2500,173,6,NULL,'2025-01-09 12:33:53',NULL,'ACTIVO'),(2501,173,7,NULL,'2025-01-09 12:33:53',NULL,'ACTIVO'),(2502,173,8,NULL,'2025-01-09 12:33:53',NULL,'ACTIVO'),(2503,173,9,NULL,'2025-01-09 12:33:53',NULL,'ACTIVO'),(2504,173,10,NULL,'2025-01-09 12:33:53',NULL,'ACTIVO'),(2505,173,11,NULL,'2025-01-09 12:33:53',NULL,'ACTIVO'),(2506,173,24,NULL,'2025-01-09 12:33:53',NULL,'ACTIVO'),(2507,173,25,NULL,'2025-01-09 12:33:53',NULL,'ACTIVO'),(2508,173,26,NULL,'2025-01-09 12:33:53',NULL,'ACTIVO'),(2520,174,4,NULL,'2025-01-10 10:03:00',NULL,'ACTIVO'),(2521,184,15,NULL,'2025-01-10 12:06:21',NULL,'ACTIVO'),(2522,184,16,NULL,'2025-01-10 12:06:21',NULL,'ACTIVO'),(2525,148,15,NULL,'2025-01-10 12:23:02',NULL,'ACTIVO'),(2526,148,16,NULL,'2025-01-10 12:23:02',NULL,'ACTIVO'),(2529,25,15,NULL,'2025-01-10 12:32:51',NULL,'ACTIVO'),(2530,25,16,NULL,'2025-01-10 12:32:51',NULL,'ACTIVO'),(2531,63,4,NULL,'2025-01-10 13:22:10',NULL,'ACTIVO'),(2532,63,15,NULL,'2025-01-10 13:22:10',NULL,'ACTIVO'),(2533,63,16,NULL,'2025-01-10 13:22:10',NULL,'ACTIVO'),(2534,63,13,NULL,'2025-01-10 13:22:10',NULL,'ACTIVO'),(2535,63,18,NULL,'2025-01-10 13:22:10',NULL,'ACTIVO'),(2536,63,19,NULL,'2025-01-10 13:22:10',NULL,'ACTIVO'),(2537,63,20,NULL,'2025-01-10 13:22:10',NULL,'ACTIVO'),(2538,63,21,NULL,'2025-01-10 13:22:10',NULL,'ACTIVO'),(2539,63,22,NULL,'2025-01-10 13:22:10',NULL,'ACTIVO'),(2540,63,23,NULL,'2025-01-10 13:22:10',NULL,'ACTIVO'),(2541,64,14,NULL,'2025-01-10 13:24:28',NULL,'ACTIVO'),(2542,64,12,NULL,'2025-01-10 13:24:28',NULL,'ACTIVO'),(2543,64,13,NULL,'2025-01-10 13:24:28',NULL,'ACTIVO'),(2544,64,18,NULL,'2025-01-10 13:24:28',NULL,'ACTIVO'),(2545,64,19,NULL,'2025-01-10 13:24:28',NULL,'ACTIVO'),(2546,64,20,NULL,'2025-01-10 13:24:28',NULL,'ACTIVO'),(2547,64,21,NULL,'2025-01-10 13:24:28',NULL,'ACTIVO'),(2548,64,22,NULL,'2025-01-10 13:24:28',NULL,'ACTIVO'),(2549,64,23,NULL,'2025-01-10 13:24:28',NULL,'ACTIVO'),(2568,165,1,NULL,'2025-01-10 13:41:14',NULL,'ACTIVO'),(2569,165,2,NULL,'2025-01-10 13:41:14',NULL,'ACTIVO'),(2570,165,5,NULL,'2025-01-10 13:41:14',NULL,'ACTIVO'),(2571,165,6,NULL,'2025-01-10 13:41:14',NULL,'ACTIVO'),(2572,165,7,NULL,'2025-01-10 13:41:14',NULL,'ACTIVO'),(2573,165,8,NULL,'2025-01-10 13:41:14',NULL,'ACTIVO'),(2574,165,9,NULL,'2025-01-10 13:41:14',NULL,'ACTIVO'),(2575,165,10,NULL,'2025-01-10 13:41:14',NULL,'ACTIVO'),(2576,165,11,NULL,'2025-01-10 13:41:14',NULL,'ACTIVO'),(2577,165,24,NULL,'2025-01-10 13:41:14',NULL,'ACTIVO'),(2578,165,25,NULL,'2025-01-10 13:41:14',NULL,'ACTIVO'),(2579,165,26,NULL,'2025-01-10 13:41:14',NULL,'ACTIVO'),(2580,165,12,NULL,'2025-01-10 13:41:14',NULL,'ACTIVO'),(2581,165,15,NULL,'2025-01-10 13:41:14',NULL,'ACTIVO'),(2582,165,16,NULL,'2025-01-10 13:41:14',NULL,'ACTIVO'),(2584,180,4,NULL,'2025-01-10 14:01:01',NULL,'ACTIVO'),(2585,119,4,NULL,'2025-01-10 14:04:22',NULL,'ACTIVO'),(2586,119,14,NULL,'2025-01-10 14:04:22',NULL,'ACTIVO'),(2587,119,12,NULL,'2025-01-10 14:04:22',NULL,'ACTIVO'),(2588,119,3,NULL,'2025-01-10 14:04:22',NULL,'ACTIVO'),(2589,119,13,NULL,'2025-01-10 14:04:22',NULL,'ACTIVO'),(2590,119,18,NULL,'2025-01-10 14:04:22',NULL,'ACTIVO'),(2591,119,19,NULL,'2025-01-10 14:04:22',NULL,'ACTIVO'),(2592,119,20,NULL,'2025-01-10 14:04:22',NULL,'ACTIVO'),(2593,119,21,NULL,'2025-01-10 14:04:22',NULL,'ACTIVO'),(2594,119,22,NULL,'2025-01-10 14:04:22',NULL,'ACTIVO'),(2595,119,23,NULL,'2025-01-10 14:04:22',NULL,'ACTIVO'),(2596,151,5,NULL,'2025-01-10 14:12:12',NULL,'ACTIVO'),(2597,151,6,NULL,'2025-01-10 14:12:12',NULL,'ACTIVO'),(2598,151,7,NULL,'2025-01-10 14:12:12',NULL,'ACTIVO'),(2599,151,8,NULL,'2025-01-10 14:12:12',NULL,'ACTIVO'),(2600,151,9,NULL,'2025-01-10 14:12:12',NULL,'ACTIVO'),(2601,151,10,NULL,'2025-01-10 14:12:12',NULL,'ACTIVO'),(2602,151,11,NULL,'2025-01-10 14:12:12',NULL,'ACTIVO'),(2603,151,24,NULL,'2025-01-10 14:12:12',NULL,'ACTIVO'),(2604,151,25,NULL,'2025-01-10 14:12:12',NULL,'ACTIVO'),(2605,151,26,NULL,'2025-01-10 14:12:12',NULL,'ACTIVO'),(2606,151,12,NULL,'2025-01-10 14:12:12',NULL,'ACTIVO'),(2607,151,3,NULL,'2025-01-10 14:12:12',NULL,'ACTIVO'),(2608,151,13,NULL,'2025-01-10 14:12:12',NULL,'ACTIVO'),(2609,151,18,NULL,'2025-01-10 14:12:12',NULL,'ACTIVO'),(2610,151,19,NULL,'2025-01-10 14:12:12',NULL,'ACTIVO'),(2611,151,20,NULL,'2025-01-10 14:12:12',NULL,'ACTIVO'),(2612,151,21,NULL,'2025-01-10 14:12:12',NULL,'ACTIVO'),(2613,151,22,NULL,'2025-01-10 14:12:12',NULL,'ACTIVO'),(2614,151,23,NULL,'2025-01-10 14:12:12',NULL,'ACTIVO'),(2617,181,4,NULL,'2025-01-10 14:16:14',NULL,'ACTIVO'),(2619,34,1,NULL,'2025-01-10 14:22:22',NULL,'ACTIVO'),(2620,34,2,NULL,'2025-01-10 14:22:22',NULL,'ACTIVO'),(2621,34,4,NULL,'2025-01-10 14:22:22',NULL,'ACTIVO'),(2622,34,28,NULL,'2025-01-10 14:22:22',NULL,'ACTIVO'),(2623,34,14,NULL,'2025-01-10 14:22:22',NULL,'ACTIVO'),(2624,34,5,NULL,'2025-01-10 14:22:22',NULL,'ACTIVO'),(2625,34,6,NULL,'2025-01-10 14:22:22',NULL,'ACTIVO'),(2626,34,7,NULL,'2025-01-10 14:22:22',NULL,'ACTIVO'),(2627,34,8,NULL,'2025-01-10 14:22:22',NULL,'ACTIVO'),(2628,34,9,NULL,'2025-01-10 14:22:22',NULL,'ACTIVO'),(2629,34,10,NULL,'2025-01-10 14:22:22',NULL,'ACTIVO'),(2630,34,11,NULL,'2025-01-10 14:22:22',NULL,'ACTIVO'),(2631,34,24,NULL,'2025-01-10 14:22:22',NULL,'ACTIVO'),(2632,34,25,NULL,'2025-01-10 14:22:22',NULL,'ACTIVO'),(2633,34,26,NULL,'2025-01-10 14:22:22',NULL,'ACTIVO'),(2634,34,12,NULL,'2025-01-10 14:22:22',NULL,'ACTIVO'),(2635,34,15,NULL,'2025-01-10 14:22:22',NULL,'ACTIVO'),(2636,34,16,NULL,'2025-01-10 14:22:22',NULL,'ACTIVO'),(2637,34,17,NULL,'2025-01-10 14:22:22',NULL,'ACTIVO'),(2638,34,27,NULL,'2025-01-10 14:22:22',NULL,'ACTIVO'),(2639,34,3,NULL,'2025-01-10 14:22:22',NULL,'ACTIVO'),(2640,34,13,NULL,'2025-01-10 14:22:22',NULL,'ACTIVO'),(2641,34,18,NULL,'2025-01-10 14:22:22',NULL,'ACTIVO'),(2642,34,19,NULL,'2025-01-10 14:22:22',NULL,'ACTIVO'),(2643,34,20,NULL,'2025-01-10 14:22:22',NULL,'ACTIVO'),(2644,34,21,NULL,'2025-01-10 14:22:22',NULL,'ACTIVO'),(2645,34,22,NULL,'2025-01-10 14:22:22',NULL,'ACTIVO'),(2646,34,23,NULL,'2025-01-10 14:22:22',NULL,'ACTIVO'),(2654,45,12,NULL,'2025-01-10 14:32:14',NULL,'ACTIVO'),(2655,182,15,NULL,'2025-01-10 14:41:05',NULL,'ACTIVO'),(2656,182,3,NULL,'2025-01-10 14:41:05',NULL,'ACTIVO'),(2658,186,12,NULL,'2025-01-10 14:59:24',NULL,'ACTIVO'),(2659,186,15,NULL,'2025-01-10 14:59:24',NULL,'ACTIVO'),(2660,186,16,NULL,'2025-01-10 14:59:24',NULL,'ACTIVO'),(2661,186,3,NULL,'2025-01-10 14:59:24',NULL,'ACTIVO'),(2662,186,13,NULL,'2025-01-10 14:59:24',NULL,'ACTIVO'),(2663,186,18,NULL,'2025-01-10 14:59:24',NULL,'ACTIVO'),(2664,186,19,NULL,'2025-01-10 14:59:24',NULL,'ACTIVO'),(2665,186,20,NULL,'2025-01-10 14:59:24',NULL,'ACTIVO'),(2666,186,21,NULL,'2025-01-10 14:59:24',NULL,'ACTIVO'),(2667,186,22,NULL,'2025-01-10 14:59:24',NULL,'ACTIVO'),(2668,186,23,NULL,'2025-01-10 14:59:24',NULL,'ACTIVO'),(2669,163,28,NULL,'2025-01-10 15:11:46',NULL,'ACTIVO'),(2670,163,5,NULL,'2025-01-10 15:11:46',NULL,'ACTIVO'),(2671,163,6,NULL,'2025-01-10 15:11:46',NULL,'ACTIVO'),(2672,163,7,NULL,'2025-01-10 15:11:46',NULL,'ACTIVO'),(2673,163,8,NULL,'2025-01-10 15:11:46',NULL,'ACTIVO'),(2674,163,9,NULL,'2025-01-10 15:11:46',NULL,'ACTIVO'),(2675,163,10,NULL,'2025-01-10 15:11:46',NULL,'ACTIVO'),(2676,163,11,NULL,'2025-01-10 15:11:46',NULL,'ACTIVO'),(2677,163,24,NULL,'2025-01-10 15:11:46',NULL,'ACTIVO'),(2678,163,25,NULL,'2025-01-10 15:11:46',NULL,'ACTIVO'),(2679,163,26,NULL,'2025-01-10 15:11:46',NULL,'ACTIVO'),(2680,163,15,NULL,'2025-01-10 15:11:46',NULL,'ACTIVO'),(2681,163,16,NULL,'2025-01-10 15:11:46',NULL,'ACTIVO'),(2682,163,13,NULL,'2025-01-10 15:11:46',NULL,'ACTIVO'),(2683,163,18,NULL,'2025-01-10 15:11:46',NULL,'ACTIVO'),(2684,163,19,NULL,'2025-01-10 15:11:46',NULL,'ACTIVO'),(2685,163,20,NULL,'2025-01-10 15:11:46',NULL,'ACTIVO'),(2686,163,21,NULL,'2025-01-10 15:11:46',NULL,'ACTIVO'),(2687,163,22,NULL,'2025-01-10 15:11:46',NULL,'ACTIVO'),(2688,163,23,NULL,'2025-01-10 15:11:46',NULL,'ACTIVO'),(2689,127,12,NULL,'2025-01-10 15:18:33',NULL,'ACTIVO'),(2690,179,28,NULL,'2025-01-10 15:23:18',NULL,'ACTIVO'),(2691,179,5,NULL,'2025-01-10 15:23:18',NULL,'ACTIVO'),(2692,179,6,NULL,'2025-01-10 15:23:18',NULL,'ACTIVO'),(2693,179,7,NULL,'2025-01-10 15:23:18',NULL,'ACTIVO'),(2694,179,8,NULL,'2025-01-10 15:23:18',NULL,'ACTIVO'),(2695,179,9,NULL,'2025-01-10 15:23:18',NULL,'ACTIVO'),(2696,179,10,NULL,'2025-01-10 15:23:18',NULL,'ACTIVO'),(2697,179,11,NULL,'2025-01-10 15:23:18',NULL,'ACTIVO'),(2698,179,24,NULL,'2025-01-10 15:23:18',NULL,'ACTIVO'),(2699,179,25,NULL,'2025-01-10 15:23:18',NULL,'ACTIVO'),(2700,179,26,NULL,'2025-01-10 15:23:18',NULL,'ACTIVO'),(2701,179,13,NULL,'2025-01-10 15:23:18',NULL,'ACTIVO'),(2702,179,18,NULL,'2025-01-10 15:23:18',NULL,'ACTIVO'),(2703,179,19,NULL,'2025-01-10 15:23:18',NULL,'ACTIVO'),(2704,179,20,NULL,'2025-01-10 15:23:18',NULL,'ACTIVO'),(2705,179,21,NULL,'2025-01-10 15:23:18',NULL,'ACTIVO'),(2706,179,22,NULL,'2025-01-10 15:23:18',NULL,'ACTIVO'),(2707,179,23,NULL,'2025-01-10 15:23:18',NULL,'ACTIVO'),(2708,187,1,NULL,'2025-01-10 15:35:58',NULL,'ACTIVO'),(2709,187,2,NULL,'2025-01-10 15:35:58',NULL,'ACTIVO'),(2710,187,4,NULL,'2025-01-10 15:35:58',NULL,'ACTIVO'),(2711,187,28,NULL,'2025-01-10 15:35:58',NULL,'ACTIVO'),(2712,187,5,NULL,'2025-01-10 15:35:58',NULL,'ACTIVO'),(2713,187,6,NULL,'2025-01-10 15:35:58',NULL,'ACTIVO'),(2714,187,7,NULL,'2025-01-10 15:35:58',NULL,'ACTIVO'),(2715,187,8,NULL,'2025-01-10 15:35:58',NULL,'ACTIVO'),(2716,187,9,NULL,'2025-01-10 15:35:58',NULL,'ACTIVO'),(2717,187,10,NULL,'2025-01-10 15:35:58',NULL,'ACTIVO'),(2718,187,11,NULL,'2025-01-10 15:35:58',NULL,'ACTIVO'),(2719,187,24,NULL,'2025-01-10 15:35:58',NULL,'ACTIVO'),(2720,187,25,NULL,'2025-01-10 15:35:58',NULL,'ACTIVO'),(2721,187,26,NULL,'2025-01-10 15:35:58',NULL,'ACTIVO'),(2722,187,12,NULL,'2025-01-10 15:35:58',NULL,'ACTIVO'),(2723,187,15,NULL,'2025-01-10 15:35:58',NULL,'ACTIVO'),(2724,187,16,NULL,'2025-01-10 15:35:58',NULL,'ACTIVO'),(2725,187,3,NULL,'2025-01-10 15:35:58',NULL,'ACTIVO'),(2726,187,13,NULL,'2025-01-10 15:35:58',NULL,'ACTIVO'),(2727,187,18,NULL,'2025-01-10 15:35:58',NULL,'ACTIVO'),(2728,187,19,NULL,'2025-01-10 15:35:58',NULL,'ACTIVO'),(2729,187,20,NULL,'2025-01-10 15:35:58',NULL,'ACTIVO'),(2730,187,21,NULL,'2025-01-10 15:35:58',NULL,'ACTIVO'),(2731,187,22,NULL,'2025-01-10 15:35:58',NULL,'ACTIVO'),(2732,187,23,NULL,'2025-01-10 15:35:58',NULL,'ACTIVO'),(2734,23,4,NULL,'2025-01-10 16:40:24',NULL,'ACTIVO'),(2735,23,12,NULL,'2025-01-10 16:40:24',NULL,'ACTIVO'),(2736,23,16,NULL,'2025-01-10 16:40:24',NULL,'ACTIVO'),(2737,23,13,NULL,'2025-01-10 16:40:24',NULL,'ACTIVO'),(2738,23,18,NULL,'2025-01-10 16:40:24',NULL,'ACTIVO'),(2739,23,19,NULL,'2025-01-10 16:40:24',NULL,'ACTIVO'),(2740,23,20,NULL,'2025-01-10 16:40:24',NULL,'ACTIVO'),(2741,23,21,NULL,'2025-01-10 16:40:24',NULL,'ACTIVO'),(2742,23,22,NULL,'2025-01-10 16:40:24',NULL,'ACTIVO'),(2743,23,23,NULL,'2025-01-10 16:40:24',NULL,'ACTIVO'),(2745,188,15,NULL,'2025-01-10 17:20:22',NULL,'ACTIVO'),(2746,188,16,NULL,'2025-01-10 17:20:22',NULL,'ACTIVO'),(2747,188,3,NULL,'2025-01-10 17:20:22',NULL,'ACTIVO'),(2748,189,4,NULL,'2025-01-10 17:27:22',NULL,'ACTIVO'),(2749,189,3,NULL,'2025-01-10 17:27:22',NULL,'ACTIVO'),(2750,57,12,NULL,'2025-01-10 17:29:06',NULL,'ACTIVO'),(2752,177,12,NULL,'2025-01-10 17:38:29',NULL,'ACTIVO'),(2753,176,12,NULL,'2025-01-10 18:10:28',NULL,'ACTIVO'),(2755,192,4,NULL,'2025-01-13 15:28:14',NULL,'ACTIVO'),(2756,192,12,NULL,'2025-01-13 15:28:14',NULL,'ACTIVO'),(2759,193,4,NULL,'2025-01-14 11:10:38',NULL,'ACTIVO'),(2760,193,12,NULL,'2025-01-14 11:10:38',NULL,'ACTIVO'),(2761,193,16,NULL,'2025-01-14 11:10:38',NULL,'ACTIVO'),(2762,194,14,NULL,'2025-01-15 13:00:12',NULL,'ACTIVO'),(2763,172,14,NULL,'2025-01-22 15:32:31',NULL,'ACTIVO'),(2764,195,1,NULL,'2025-02-20 12:35:09',NULL,'ACTIVO'),(2765,195,2,NULL,'2025-02-20 12:35:09',NULL,'ACTIVO'),(2766,195,28,NULL,'2025-02-20 12:35:09',NULL,'ACTIVO'),(2767,195,5,NULL,'2025-02-20 12:35:09',NULL,'ACTIVO'),(2768,195,6,NULL,'2025-02-20 12:35:09',NULL,'ACTIVO'),(2769,195,7,NULL,'2025-02-20 12:35:09',NULL,'ACTIVO'),(2770,195,8,NULL,'2025-02-20 12:35:09',NULL,'ACTIVO'),(2771,195,9,NULL,'2025-02-20 12:35:09',NULL,'ACTIVO'),(2772,195,10,NULL,'2025-02-20 12:35:09',NULL,'ACTIVO'),(2773,195,11,NULL,'2025-02-20 12:35:09',NULL,'ACTIVO'),(2774,195,24,NULL,'2025-02-20 12:35:09',NULL,'ACTIVO'),(2775,195,25,NULL,'2025-02-20 12:35:09',NULL,'ACTIVO'),(2776,195,26,NULL,'2025-02-20 12:35:09',NULL,'ACTIVO'),(2799,134,3,NULL,'2025-04-10 10:04:04',NULL,'ACTIVO'),(2800,14,15,NULL,'2025-04-10 10:04:09',NULL,'ACTIVO'),(2801,14,16,NULL,'2025-04-10 10:04:09',NULL,'ACTIVO'),(2813,18,28,NULL,'2025-04-10 10:05:38',NULL,'ACTIVO'),(2814,18,5,NULL,'2025-04-10 10:05:38',NULL,'ACTIVO'),(2815,18,6,NULL,'2025-04-10 10:05:38',NULL,'ACTIVO'),(2816,18,7,NULL,'2025-04-10 10:05:38',NULL,'ACTIVO'),(2817,18,8,NULL,'2025-04-10 10:05:38',NULL,'ACTIVO'),(2818,18,9,NULL,'2025-04-10 10:05:38',NULL,'ACTIVO'),(2819,18,10,NULL,'2025-04-10 10:05:38',NULL,'ACTIVO'),(2820,18,11,NULL,'2025-04-10 10:05:38',NULL,'ACTIVO'),(2821,18,24,NULL,'2025-04-10 10:05:38',NULL,'ACTIVO'),(2822,18,25,NULL,'2025-04-10 10:05:38',NULL,'ACTIVO'),(2823,18,26,NULL,'2025-04-10 10:05:38',NULL,'ACTIVO'),(2824,7,15,NULL,'2025-04-10 10:05:42',NULL,'ACTIVO'),(2825,7,16,NULL,'2025-04-10 10:05:42',NULL,'ACTIVO'),(2827,109,13,NULL,'2025-04-10 10:09:30',NULL,'ACTIVO'),(2828,109,18,NULL,'2025-04-10 10:09:30',NULL,'ACTIVO'),(2829,109,19,NULL,'2025-04-10 10:09:30',NULL,'ACTIVO'),(2830,109,20,NULL,'2025-04-10 10:09:30',NULL,'ACTIVO'),(2831,109,21,NULL,'2025-04-10 10:09:30',NULL,'ACTIVO'),(2832,109,22,NULL,'2025-04-10 10:09:30',NULL,'ACTIVO'),(2833,109,23,NULL,'2025-04-10 10:09:30',NULL,'ACTIVO'),(2834,78,15,NULL,'2025-04-10 10:11:28',NULL,'ACTIVO'),(2835,78,16,NULL,'2025-04-10 10:11:28',NULL,'ACTIVO'),(2843,98,12,NULL,'2025-04-10 10:15:19',NULL,'ACTIVO'),(2853,150,15,NULL,'2025-04-10 10:36:29',NULL,'ACTIVO'),(2854,150,16,NULL,'2025-04-10 10:36:29',NULL,'ACTIVO'),(2856,120,4,NULL,'2025-04-10 10:45:17',NULL,'ACTIVO'),(2857,132,4,NULL,'2025-04-10 10:47:02',NULL,'ACTIVO'),(2859,106,12,NULL,'2025-04-10 10:49:42',NULL,'ACTIVO'),(2860,99,17,NULL,'2025-04-10 11:04:24',NULL,'ACTIVO'),(2861,99,27,NULL,'2025-04-10 11:04:24',NULL,'ACTIVO'),(2862,99,13,NULL,'2025-04-10 11:04:24',NULL,'ACTIVO'),(2863,99,18,NULL,'2025-04-10 11:04:24',NULL,'ACTIVO'),(2864,99,19,NULL,'2025-04-10 11:04:24',NULL,'ACTIVO'),(2865,99,20,NULL,'2025-04-10 11:04:24',NULL,'ACTIVO'),(2866,99,21,NULL,'2025-04-10 11:04:24',NULL,'ACTIVO'),(2867,99,22,NULL,'2025-04-10 11:04:24',NULL,'ACTIVO'),(2868,99,23,NULL,'2025-04-10 11:04:24',NULL,'ACTIVO'),(2872,17,4,NULL,'2025-04-10 11:16:20',NULL,'ACTIVO'),(2874,136,17,NULL,'2025-04-10 11:51:52',NULL,'ACTIVO'),(2875,136,27,NULL,'2025-04-10 11:51:52',NULL,'ACTIVO'),(2876,136,13,NULL,'2025-04-10 11:51:52',NULL,'ACTIVO'),(2877,136,18,NULL,'2025-04-10 11:51:52',NULL,'ACTIVO'),(2878,136,19,NULL,'2025-04-10 11:51:52',NULL,'ACTIVO'),(2879,136,20,NULL,'2025-04-10 11:51:52',NULL,'ACTIVO'),(2880,136,21,NULL,'2025-04-10 11:51:52',NULL,'ACTIVO'),(2881,136,22,NULL,'2025-04-10 11:51:52',NULL,'ACTIVO'),(2882,136,23,NULL,'2025-04-10 11:51:52',NULL,'ACTIVO'),(2883,19,12,NULL,'2025-04-10 12:02:53',NULL,'ACTIVO'),(2886,81,3,NULL,'2025-04-11 09:25:21',NULL,'ACTIVO'),(2889,38,15,NULL,'2025-04-11 09:41:01',NULL,'ACTIVO'),(2890,38,16,NULL,'2025-04-11 09:41:01',NULL,'ACTIVO'),(2891,39,15,NULL,'2025-04-11 09:44:44',NULL,'ACTIVO'),(2892,39,16,NULL,'2025-04-11 09:44:44',NULL,'ACTIVO'),(2893,101,15,NULL,'2025-04-11 09:46:37',NULL,'ACTIVO'),(2894,101,16,NULL,'2025-04-11 09:46:37',NULL,'ACTIVO'),(2895,95,12,NULL,'2025-04-11 09:48:00',NULL,'ACTIVO'),(2896,76,13,NULL,'2025-04-11 09:49:11',NULL,'ACTIVO'),(2897,76,18,NULL,'2025-04-11 09:49:11',NULL,'ACTIVO'),(2898,76,19,NULL,'2025-04-11 09:49:11',NULL,'ACTIVO'),(2899,76,20,NULL,'2025-04-11 09:49:11',NULL,'ACTIVO'),(2900,76,21,NULL,'2025-04-11 09:49:11',NULL,'ACTIVO'),(2901,76,22,NULL,'2025-04-11 09:49:11',NULL,'ACTIVO'),(2902,76,23,NULL,'2025-04-11 09:49:11',NULL,'ACTIVO'),(2903,125,12,NULL,'2025-04-11 09:55:37',NULL,'ACTIVO'),(2904,131,15,NULL,'2025-04-11 10:07:41',NULL,'ACTIVO'),(2905,131,16,NULL,'2025-04-11 10:07:41',NULL,'ACTIVO'),(2907,89,28,NULL,'2025-04-11 10:18:14',NULL,'ACTIVO'),(2908,89,5,NULL,'2025-04-11 10:18:14',NULL,'ACTIVO'),(2909,89,6,NULL,'2025-04-11 10:18:14',NULL,'ACTIVO'),(2910,89,7,NULL,'2025-04-11 10:18:14',NULL,'ACTIVO'),(2911,89,8,NULL,'2025-04-11 10:18:14',NULL,'ACTIVO'),(2912,89,9,NULL,'2025-04-11 10:18:14',NULL,'ACTIVO'),(2913,89,10,NULL,'2025-04-11 10:18:14',NULL,'ACTIVO'),(2914,89,11,NULL,'2025-04-11 10:18:14',NULL,'ACTIVO'),(2915,89,24,NULL,'2025-04-11 10:18:14',NULL,'ACTIVO'),(2916,89,25,NULL,'2025-04-11 10:18:14',NULL,'ACTIVO'),(2917,89,26,NULL,'2025-04-11 10:18:14',NULL,'ACTIVO'),(2918,142,12,NULL,'2025-04-11 10:19:34',NULL,'ACTIVO'),(2922,11,15,NULL,'2025-04-11 10:28:47',NULL,'ACTIVO'),(2923,11,16,NULL,'2025-04-11 10:28:47',NULL,'ACTIVO'),(2924,130,28,NULL,'2025-04-11 10:42:28',NULL,'ACTIVO'),(2925,130,5,NULL,'2025-04-11 10:42:28',NULL,'ACTIVO'),(2926,130,6,NULL,'2025-04-11 10:42:28',NULL,'ACTIVO'),(2927,130,7,NULL,'2025-04-11 10:42:28',NULL,'ACTIVO'),(2928,130,8,NULL,'2025-04-11 10:42:28',NULL,'ACTIVO'),(2929,130,9,NULL,'2025-04-11 10:42:28',NULL,'ACTIVO'),(2930,130,10,NULL,'2025-04-11 10:42:28',NULL,'ACTIVO'),(2931,130,11,NULL,'2025-04-11 10:42:28',NULL,'ACTIVO'),(2932,130,24,NULL,'2025-04-11 10:42:28',NULL,'ACTIVO'),(2933,130,25,NULL,'2025-04-11 10:42:28',NULL,'ACTIVO'),(2934,130,26,NULL,'2025-04-11 10:42:28',NULL,'ACTIVO'),(2935,122,12,NULL,'2025-04-11 10:44:12',NULL,'ACTIVO'),(2936,21,4,NULL,'2025-04-11 10:48:01',NULL,'ACTIVO'),(2937,21,5,NULL,'2025-04-11 10:48:01',NULL,'ACTIVO'),(2938,21,6,NULL,'2025-04-11 10:48:01',NULL,'ACTIVO'),(2939,21,7,NULL,'2025-04-11 10:48:01',NULL,'ACTIVO'),(2940,21,8,NULL,'2025-04-11 10:48:01',NULL,'ACTIVO'),(2941,21,9,NULL,'2025-04-11 10:48:01',NULL,'ACTIVO'),(2942,21,10,NULL,'2025-04-11 10:48:01',NULL,'ACTIVO'),(2943,21,11,NULL,'2025-04-11 10:48:01',NULL,'ACTIVO'),(2944,21,24,NULL,'2025-04-11 10:48:01',NULL,'ACTIVO'),(2945,21,25,NULL,'2025-04-11 10:48:01',NULL,'ACTIVO'),(2946,21,26,NULL,'2025-04-11 10:48:01',NULL,'ACTIVO'),(2947,21,3,NULL,'2025-04-11 10:48:01',NULL,'ACTIVO'),(2948,77,13,NULL,'2025-04-11 10:52:51',NULL,'ACTIVO'),(2949,77,18,NULL,'2025-04-11 10:52:51',NULL,'ACTIVO'),(2950,77,19,NULL,'2025-04-11 10:52:51',NULL,'ACTIVO'),(2951,77,20,NULL,'2025-04-11 10:52:51',NULL,'ACTIVO'),(2952,77,21,NULL,'2025-04-11 10:52:51',NULL,'ACTIVO'),(2953,77,22,NULL,'2025-04-11 10:52:51',NULL,'ACTIVO'),(2954,77,23,NULL,'2025-04-11 10:52:51',NULL,'ACTIVO'),(2955,44,12,NULL,'2025-04-11 10:59:19',NULL,'ACTIVO'),(2956,104,13,NULL,'2025-04-11 11:18:37',NULL,'ACTIVO'),(2957,104,18,NULL,'2025-04-11 11:18:37',NULL,'ACTIVO'),(2958,104,19,NULL,'2025-04-11 11:18:37',NULL,'ACTIVO'),(2959,104,20,NULL,'2025-04-11 11:18:37',NULL,'ACTIVO'),(2960,104,21,NULL,'2025-04-11 11:18:37',NULL,'ACTIVO'),(2961,104,22,NULL,'2025-04-11 11:18:37',NULL,'ACTIVO'),(2962,104,23,NULL,'2025-04-11 11:18:37',NULL,'ACTIVO'),(2963,149,3,NULL,'2025-04-11 11:20:26',NULL,'ACTIVO'),(2964,82,12,NULL,'2025-04-11 11:27:40',NULL,'ACTIVO'),(2965,155,13,NULL,'2025-04-11 11:33:14',NULL,'ACTIVO'),(2966,155,18,NULL,'2025-04-11 11:33:14',NULL,'ACTIVO'),(2967,155,19,NULL,'2025-04-11 11:33:14',NULL,'ACTIVO'),(2968,155,20,NULL,'2025-04-11 11:33:14',NULL,'ACTIVO'),(2969,155,21,NULL,'2025-04-11 11:33:14',NULL,'ACTIVO'),(2970,155,22,NULL,'2025-04-11 11:33:14',NULL,'ACTIVO'),(2971,155,23,NULL,'2025-04-11 11:33:14',NULL,'ACTIVO'),(2972,56,28,NULL,'2025-04-11 11:48:09',NULL,'ACTIVO'),(2973,56,5,NULL,'2025-04-11 11:48:09',NULL,'ACTIVO'),(2974,56,6,NULL,'2025-04-11 11:48:09',NULL,'ACTIVO'),(2975,56,7,NULL,'2025-04-11 11:48:09',NULL,'ACTIVO'),(2976,56,8,NULL,'2025-04-11 11:48:09',NULL,'ACTIVO'),(2977,56,9,NULL,'2025-04-11 11:48:09',NULL,'ACTIVO'),(2978,56,10,NULL,'2025-04-11 11:48:09',NULL,'ACTIVO'),(2979,56,11,NULL,'2025-04-11 11:48:09',NULL,'ACTIVO'),(2980,56,24,NULL,'2025-04-11 11:48:09',NULL,'ACTIVO'),(2981,56,25,NULL,'2025-04-11 11:48:09',NULL,'ACTIVO'),(2982,56,26,NULL,'2025-04-11 11:48:09',NULL,'ACTIVO');

--
-- Table structure for table `teacher_subjects`
--

CREATE TABLE `teacher_subjects` (
  `teacher_subject_id` int NOT NULL AUTO_INCREMENT,
  `teacher_id` int DEFAULT NULL,
  `subject_id` int DEFAULT NULL,
  `group_id` int DEFAULT NULL,
  `fyh_creacion` datetime DEFAULT NULL,
  `fyh_actualizacion` datetime DEFAULT NULL,
  `estado` varchar(11) CHARACTER SET utf8mb4 COLLATE utf8mb4_spanish_ci DEFAULT NULL,
  PRIMARY KEY (`teacher_subject_id`),
  KEY `teacher_id` (`teacher_id`),
  KEY `subject_id` (`subject_id`),
  KEY `fk_group_teacher_subject` (`group_id`),
  CONSTRAINT `fk_group_teacher_subject` FOREIGN KEY (`group_id`) REFERENCES `groups` (`group_id`) ON DELETE CASCADE ON UPDATE CASCADE,
  CONSTRAINT `teacher_subjects_ibfk_1` FOREIGN KEY (`teacher_id`) REFERENCES `teachers` (`teacher_id`) ON DELETE CASCADE ON UPDATE CASCADE,
  CONSTRAINT `teacher_subjects_ibfk_2` FOREIGN KEY (`subject_id`) REFERENCES `subjects` (`subject_id`) ON DELETE CASCADE ON UPDATE CASCADE
) ENGINE=InnoDB AUTO_INCREMENT=1446 DEFAULT CHARSET=utf8mb4 COLLATE=utf8mb4_spanish_ci;

--
-- Dumping data for table `teacher_subjects`
--

INSERT INTO `teacher_subjects` VALUES (1178,120,2064,1061,'2025-04-10 10:09:56','2025-04-10 10:09:56',NULL),(1183,120,2064,1062,'2025-04-10 10:18:11','2025-04-10 10:18:11',NULL),(1197,120,1811,1055,'2025-04-10 10:35:20','2025-04-10 10:35:20',NULL),(1198,98,1786,1073,'2025-04-10 10:35:31','2025-04-10 10:35:31',NULL),(1199,120,1811,1057,'2025-04-10 10:35:46','2025-04-10 10:35:46',NULL),(1200,98,1786,1074,'2025-04-10 10:36:04','2025-04-10 10:36:04',NULL),(1201,98,1786,1075,'2025-04-10 10:36:19','2025-04-10 10:36:19',NULL),(1202,98,2074,1089,'2025-04-10 10:36:38','2025-04-10 10:36:38',NULL),(1203,98,2074,1090,'2025-04-10 10:36:54','2025-04-10 10:36:54',NULL),(1211,132,1772,1055,'2025-04-10 10:47:27','2025-04-10 10:47:27',NULL),(1212,132,1772,1056,'2025-04-10 10:48:59','2025-04-10 10:48:59',NULL),(1213,132,2065,1061,'2025-04-10 10:50:15','2025-04-10 10:50:15',NULL),(1217,132,1684,1062,'2025-04-10 10:51:28','2025-04-10 10:51:28',NULL),(1230,123,2024,1088,'2025-04-10 11:09:08','2025-04-10 11:09:08',NULL),(1232,17,1773,1055,'2025-04-10 11:19:16','2025-04-10 11:19:16',NULL),(1233,17,1773,1057,'2025-04-10 11:19:47','2025-04-10 11:19:47',NULL),(1234,17,1886,1058,'2025-04-10 11:20:36','2025-04-10 11:20:36',NULL),(1235,17,1771,1055,'2025-04-10 11:20:57','2025-04-10 11:20:57',NULL),(1250,42,2066,1061,'2025-04-10 11:40:55','2025-04-10 11:40:55',NULL),(1251,42,2068,1061,'2025-04-10 11:40:55','2025-04-10 11:40:55',NULL),(1255,123,1783,1077,'2025-04-10 11:46:01','2025-04-10 11:46:01',NULL),(1261,42,2066,1062,'2025-04-10 11:51:27','2025-04-10 11:51:27',NULL),(1262,42,2068,1062,'2025-04-10 11:51:27','2025-04-10 11:51:27',NULL),(1263,42,1773,1056,'2025-04-10 11:53:43','2025-04-10 11:53:43',NULL),(1264,42,1771,1056,'2025-04-10 11:53:43','2025-04-10 11:53:43',NULL),(1266,123,1783,1075,'2025-04-10 11:56:23','2025-04-10 11:56:23',NULL),(1267,19,1952,1081,'2025-04-10 12:03:13','2025-04-10 12:03:13',NULL),(1268,NULL,1741,1069,'2025-04-10 12:03:14','2025-04-10 12:03:14',NULL),(1269,NULL,2079,1069,'2025-04-10 12:03:39','2025-04-10 12:03:39',NULL),(1270,19,1783,1074,'2025-04-10 12:03:40','2025-04-10 12:03:40',NULL),(1271,NULL,1781,1065,'2025-04-10 12:03:56','2025-04-10 12:03:56',NULL),(1272,NULL,2181,1071,'2025-04-10 12:04:08','2025-04-10 12:04:08',NULL),(1273,19,2074,1091,'2025-04-10 12:04:19','2025-04-10 12:04:19',NULL),(1274,106,1784,1073,'2025-04-10 12:08:02','2025-04-10 12:08:02',NULL),(1275,106,1784,1074,'2025-04-10 12:08:19','2025-04-10 12:08:19',NULL),(1276,106,1784,1075,'2025-04-10 12:08:31','2025-04-10 12:08:31',NULL),(1277,106,1784,1076,'2025-04-10 12:08:45','2025-04-10 12:08:45',NULL),(1278,106,1784,1077,'2025-04-10 12:09:30','2025-04-10 12:09:30',NULL),(1279,106,1784,1078,'2025-04-10 12:10:06','2025-04-10 12:10:06',NULL),(1280,106,1784,1079,'2025-04-10 12:10:21','2025-04-10 12:10:21',NULL),(1281,2,1772,1057,'2025-04-10 12:20:20','2025-04-10 12:20:20',NULL),(1282,2,1684,1061,'2025-04-10 12:21:26','2025-04-10 12:21:26',NULL),(1284,2,1887,1058,'2025-04-10 12:43:27','2025-04-10 12:43:27',NULL),(1285,2,2065,1062,'2025-04-10 12:45:48','2025-04-10 12:45:48',NULL),(1286,9,1783,1079,'2025-04-10 12:46:38','2025-04-10 12:46:38',NULL),(1287,9,1783,1078,'2025-04-10 12:46:52','2025-04-10 12:46:52',NULL),(1289,97,1786,1076,'2025-04-10 12:55:21','2025-04-10 12:55:21',NULL),(1290,97,1786,1077,'2025-04-10 12:55:47','2025-04-10 12:55:47',NULL),(1291,97,1786,1078,'2025-04-10 12:56:01','2025-04-10 12:56:01',NULL),(1292,97,2074,1092,'2025-04-10 12:58:48','2025-04-10 12:58:48',NULL),(1293,97,1786,1079,'2025-04-10 13:02:08','2025-04-10 13:02:08',NULL),(1295,134,2010,1110,'2025-04-10 13:38:06','2025-04-10 13:38:06',NULL),(1296,134,2010,1111,'2025-04-10 13:38:17','2025-04-10 13:38:17',NULL),(1297,134,1949,1104,'2025-04-10 13:38:32','2025-04-10 13:38:32',NULL),(1298,134,1949,1105,'2025-04-10 13:38:43','2025-04-10 13:38:43',NULL),(1299,60,2061,1110,'2025-04-10 13:39:57','2025-04-10 13:39:57',NULL),(1300,60,2061,1111,'2025-04-10 13:40:09','2025-04-10 13:40:09',NULL),(1301,60,1764,1104,'2025-04-10 13:41:51','2025-04-10 13:41:51',NULL),(1302,60,2013,1109,'2025-04-10 13:42:14','2025-04-10 13:42:14',NULL),(1303,60,2061,1112,'2025-04-10 13:49:03','2025-04-10 13:49:03',NULL),(1304,60,2059,1112,'2025-04-10 13:49:22','2025-04-10 13:49:22',NULL),(1305,9,1788,1077,'2025-04-10 15:29:25','2025-04-10 15:29:25',NULL),(1306,32,1788,1073,'2025-04-11 09:07:21','2025-04-11 09:07:21',NULL),(1307,32,1788,1074,'2025-04-11 09:07:38','2025-04-11 09:07:38',NULL),(1308,136,2053,1115,'2025-04-11 09:07:41','2025-04-11 09:07:41',NULL),(1309,32,1788,1075,'2025-04-11 09:07:58','2025-04-11 09:07:58',NULL),(1310,32,1788,1076,'2025-04-11 09:08:15','2025-04-11 09:08:15',NULL),(1311,32,1788,1078,'2025-04-11 09:08:34','2025-04-11 09:08:34',NULL),(1312,136,2053,1116,'2025-04-11 09:11:28','2025-04-11 09:11:28',NULL),(1313,136,1865,1127,'2025-04-11 09:11:56','2025-04-11 09:11:56',NULL),(1314,136,2149,1125,'2025-04-11 09:12:20','2025-04-11 09:12:20',NULL),(1315,81,1765,1104,'2025-04-11 09:23:19','2025-04-11 09:23:19',NULL),(1316,81,1765,1105,'2025-04-11 09:23:40','2025-04-11 09:23:40',NULL),(1317,81,1768,1105,'2025-04-11 09:23:57','2025-04-11 09:23:57',NULL),(1318,10,2073,1089,'2025-04-11 09:26:17','2025-04-11 09:26:17',NULL),(1319,10,2073,1090,'2025-04-11 09:26:32','2025-04-11 09:26:32',NULL),(1320,10,2073,1091,'2025-04-11 09:26:47','2025-04-11 09:26:47',NULL),(1321,10,2073,1092,'2025-04-11 09:27:12','2025-04-11 09:27:12',NULL),(1322,NULL,2083,1119,'2025-04-11 09:27:17','2025-04-11 09:27:17',NULL),(1323,NULL,2159,1125,'2025-04-11 09:27:36','2025-04-11 09:27:36',NULL),(1324,150,1802,1098,'2025-04-11 09:31:23','2025-04-11 09:31:23',NULL),(1325,150,1802,1099,'2025-04-11 09:31:42','2025-04-11 09:31:42',NULL),(1326,150,2048,1101,'2025-04-11 09:32:03','2025-04-11 09:32:03',NULL),(1327,150,1801,1094,'2025-04-11 09:33:04','2025-04-11 09:33:04',NULL),(1328,NULL,1787,1078,'2025-04-11 09:33:31','2025-04-11 09:33:31',NULL),(1329,NULL,1766,1104,'2025-04-11 09:33:31','2025-04-11 09:33:31',NULL),(1330,150,1801,1134,'2025-04-11 09:34:26','2025-04-11 09:34:26',NULL),(1331,10,1726,1072,'2025-04-11 09:39:39','2025-04-11 09:39:39',NULL),(1332,38,1800,1098,'2025-04-11 09:41:36','2025-04-11 09:41:36',NULL),(1333,38,1800,1099,'2025-04-11 09:41:49','2025-04-11 09:41:49',NULL),(1334,10,1788,1079,'2025-04-11 09:42:06','2025-04-11 09:42:06',NULL),(1335,38,2091,1096,'2025-04-11 09:42:33','2025-04-11 09:42:33',NULL),(1336,18,1741,1069,'2025-04-11 09:45:39','2025-04-11 09:45:39',NULL),(1337,18,2079,1069,'2025-04-11 09:45:51','2025-04-11 09:45:51',NULL),(1338,18,2181,1071,'2025-04-11 09:46:14','2025-04-11 09:46:14',NULL),(1339,101,1792,1094,'2025-04-11 09:47:31','2025-04-11 09:47:31',NULL),(1340,101,1792,1134,'2025-04-11 09:47:54','2025-04-11 09:47:54',NULL),(1341,101,1882,1098,'2025-04-11 09:48:56','2025-04-11 09:48:56',NULL),(1342,101,1882,1099,'2025-04-11 09:49:11','2025-04-11 09:49:11',NULL),(1343,95,2071,1089,'2025-04-11 09:49:24','2025-04-11 09:49:24',NULL),(1344,95,2071,1090,'2025-04-11 09:49:44','2025-04-11 09:49:44',NULL),(1345,95,2071,1091,'2025-04-11 09:49:57','2025-04-11 09:49:57',NULL),(1346,95,2071,1092,'2025-04-11 09:50:22','2025-04-11 09:50:22',NULL),(1347,95,1917,1081,'2025-04-11 09:50:49','2025-04-11 09:50:49',NULL),(1348,39,2046,1101,'2025-04-11 09:51:39','2025-04-11 09:51:39',NULL),(1349,39,1925,1101,'2025-04-11 09:51:39','2025-04-11 09:51:39',NULL),(1350,39,1930,1102,'2025-04-11 09:51:57','2025-04-11 09:51:57',NULL),(1351,39,2094,1102,'2025-04-11 09:51:57','2025-04-11 09:51:57',NULL),(1352,18,2180,1071,'2025-04-11 09:53:30','2025-04-11 09:53:30',NULL),(1353,18,1781,1065,'2025-04-11 09:53:50','2025-04-11 09:53:50',NULL),(1354,125,2075,1089,'2025-04-11 09:58:21','2025-04-11 09:58:21',NULL),(1355,125,2075,1090,'2025-04-11 09:58:47','2025-04-11 09:58:47',NULL),(1356,125,2075,1091,'2025-04-11 09:59:08','2025-04-11 09:59:08',NULL),(1357,125,2075,1092,'2025-04-11 09:59:24','2025-04-11 09:59:24',NULL),(1358,125,1951,1081,'2025-04-11 09:59:46','2025-04-11 09:59:46',NULL),(1359,125,2023,1088,'2025-04-11 10:00:01','2025-04-11 10:00:01',NULL),(1360,125,1723,1072,'2025-04-11 10:00:32','2025-04-11 10:00:32',NULL),(1361,NULL,1954,1081,'2025-04-11 10:00:54','2025-04-11 10:00:54',NULL),(1362,76,2159,1126,'2025-04-11 10:01:29','2025-04-11 10:01:29',NULL),(1363,76,2083,1119,'2025-04-11 10:02:02','2025-04-11 10:02:02',NULL),(1364,76,2159,1125,'2025-04-11 10:02:33','2025-04-11 10:02:33',NULL),(1365,76,2184,1118,'2025-04-11 10:02:55','2025-04-11 10:02:55',NULL),(1366,90,1766,1105,'2025-04-11 10:05:13','2025-04-11 10:05:13',NULL),(1367,90,1766,1104,'2025-04-11 10:06:00','2025-04-11 10:06:00',NULL),(1368,90,2015,1109,'2025-04-11 10:06:49','2025-04-11 10:06:49',NULL),(1369,90,2062,1110,'2025-04-11 10:07:14','2025-04-11 10:07:14',NULL),(1370,90,2062,1111,'2025-04-11 10:07:27','2025-04-11 10:07:27',NULL),(1371,90,2062,1112,'2025-04-11 10:07:40','2025-04-11 10:07:40',NULL),(1372,131,1793,1094,'2025-04-11 10:10:00','2025-04-11 10:10:00',NULL),(1373,7,1797,1098,'2025-04-11 10:10:46','2025-04-11 10:10:46',NULL),(1374,131,2092,1096,'2025-04-11 10:11:33','2025-04-11 10:11:33',NULL),(1375,7,1922,1101,'2025-04-11 10:12:29','2025-04-11 10:12:29',NULL),(1376,142,1787,1073,'2025-04-11 10:13:55','2025-04-11 10:13:55',NULL),(1377,NULL,1787,1074,'2025-04-11 10:14:38','2025-04-11 10:14:38',NULL),(1378,125,1785,1073,'2025-04-11 10:16:20','2025-04-11 10:16:20',NULL),(1379,7,1790,1094,'2025-04-11 10:16:33','2025-04-11 10:16:33',NULL),(1380,7,2089,1096,'2025-04-11 10:16:58','2025-04-11 10:16:58',NULL),(1381,131,1888,1098,'2025-04-11 10:17:03','2025-04-11 10:17:03',NULL),(1382,89,1779,1065,'2025-04-11 10:18:47','2025-04-11 10:18:47',NULL),(1383,89,1747,1070,'2025-04-11 10:19:21','2025-04-11 10:19:21',NULL),(1384,89,2081,1070,'2025-04-11 10:19:46','2025-04-11 10:19:46',NULL),(1385,NULL,1768,1104,'2025-04-11 10:20:49','2025-04-11 10:20:49',NULL),(1386,142,1787,1075,'2025-04-11 10:20:56','2025-04-11 10:20:56',NULL),(1387,131,1888,1099,'2025-04-11 10:22:08','2025-04-11 10:22:08',NULL),(1388,89,1747,1069,'2025-04-11 10:23:20','2025-04-11 10:23:20',NULL),(1389,7,1790,1134,'2025-04-11 10:25:55','2025-04-11 10:25:55',NULL),(1390,131,2096,1102,'2025-04-11 10:26:44','2025-04-11 10:26:44',NULL),(1391,108,1764,1105,'2025-04-11 10:29:15','2025-04-11 10:29:15',NULL),(1392,108,1768,1104,'2025-04-11 10:29:30','2025-04-11 10:29:30',NULL),(1393,99,2047,1114,'2025-04-11 10:30:07','2025-04-11 10:30:07',NULL),(1394,NULL,2059,1110,'2025-04-11 10:30:10','2025-04-11 10:30:10',NULL),(1395,108,2059,1111,'2025-04-11 10:30:25','2025-04-11 10:30:25',NULL),(1396,99,1866,1127,'2025-04-11 10:30:30','2025-04-11 10:30:30',NULL),(1397,108,2058,1110,'2025-04-11 10:30:39','2025-04-11 10:30:39',NULL),(1398,99,1867,1127,'2025-04-11 10:30:48','2025-04-11 10:30:48',NULL),(1399,108,2058,1111,'2025-04-11 10:30:53','2025-04-11 10:30:53',NULL),(1400,99,2149,1126,'2025-04-11 10:31:07','2025-04-11 10:31:07',NULL),(1401,99,1806,1124,'2025-04-11 10:31:25','2025-04-11 10:31:25',NULL),(1402,11,2090,1096,'2025-04-11 10:31:35','2025-04-11 10:31:35',NULL),(1403,142,1787,1079,'2025-04-11 10:36:43','2025-04-11 10:36:43',NULL),(1404,11,1794,1094,'2025-04-11 10:36:53','2025-04-11 10:36:53',NULL),(1405,NULL,1791,1094,'2025-04-11 10:37:32','2025-04-11 10:37:32',NULL),(1406,130,1778,1065,'2025-04-11 10:43:17','2025-04-11 10:43:17',NULL),(1407,130,2178,1071,'2025-04-11 10:43:43','2025-04-11 10:43:43',NULL),(1408,130,2179,1071,'2025-04-11 10:44:09','2025-04-11 10:44:09',NULL),(1409,11,2095,1102,'2025-04-11 10:44:58','2025-04-11 10:44:58',NULL),(1410,122,2072,1089,'2025-04-11 10:46:13','2025-04-11 10:46:13',NULL),(1411,122,2072,1091,'2025-04-11 10:47:13','2025-04-11 10:47:13',NULL),(1412,21,2059,1110,'2025-04-11 10:50:25','2025-04-11 10:50:25',NULL),(1413,NULL,1768,1104,'2025-04-11 10:52:11','2025-04-11 10:52:11',NULL),(1414,77,2035,1115,'2025-04-11 10:53:15','2025-04-11 10:53:15',NULL),(1415,77,2035,1116,'2025-04-11 10:54:00','2025-04-11 10:54:00',NULL),(1416,77,2035,1117,'2025-04-11 10:54:21','2025-04-11 10:54:21',NULL),(1417,77,2085,1119,'2025-04-11 10:54:56','2025-04-11 10:54:56',NULL),(1418,122,1769,1081,'2025-04-11 10:55:15','2025-04-11 10:55:15',NULL),(1419,77,2028,1114,'2025-04-11 10:55:19','2025-04-11 10:55:19',NULL),(1420,21,2012,1109,'2025-04-11 10:56:16','2025-04-11 10:56:16',NULL),(1421,21,2014,1109,'2025-04-11 10:57:40','2025-04-11 10:57:40',NULL),(1422,44,1725,1072,'2025-04-11 11:00:01','2025-04-11 11:00:01',NULL),(1423,130,2080,1069,'2025-04-11 11:06:16','2025-04-11 11:06:16',NULL),(1424,21,2010,1112,'2025-04-11 11:08:09','2025-04-11 11:08:09',NULL),(1425,21,2058,1112,'2025-04-11 11:08:23','2025-04-11 11:08:23',NULL),(1426,44,1783,1076,'2025-04-11 11:17:52','2025-04-11 11:17:52',NULL),(1427,44,1954,1081,'2025-04-11 11:21:56','2025-04-11 11:21:56',NULL),(1428,149,2011,1109,'2025-04-11 11:22:26','2025-04-11 11:22:26',NULL),(1429,11,2049,1101,'2025-04-11 11:23:04','2025-04-11 11:23:04',NULL),(1430,11,2098,1102,'2025-04-11 11:23:47','2025-04-11 11:23:47',NULL),(1431,NULL,2057,1110,'2025-04-11 11:24:08','2025-04-11 11:24:08',NULL),(1432,NULL,2057,1111,'2025-04-11 11:24:22','2025-04-11 11:24:22',NULL),(1433,NULL,2057,1112,'2025-04-11 11:24:39','2025-04-11 11:24:39',NULL),(1434,NULL,1791,1094,'2025-04-11 11:26:12','2025-04-11 11:26:12',NULL),(1435,82,1955,1081,'2025-04-11 11:28:02','2025-04-11 11:28:02',NULL),(1436,82,1762,1074,'2025-04-11 11:28:16','2025-04-11 11:28:16',NULL),(1437,82,1762,1075,'2025-04-11 11:28:31','2025-04-11 11:28:31',NULL),(1438,82,1762,1076,'2025-04-11 11:28:41','2025-04-11 11:28:41',NULL),(1439,104,2051,1114,'2025-04-11 11:31:30','2025-04-11 11:31:30',NULL),(1440,104,2037,1115,'2025-04-11 11:31:48','2025-04-11 11:31:48',NULL),(1441,104,2037,1117,'2025-04-11 11:32:07','2025-04-11 11:32:07',NULL),(1442,155,2045,1114,'2025-04-11 11:46:48','2025-04-11 11:46:48',NULL),(1443,155,2034,1115,'2025-04-11 11:47:22','2025-04-11 11:47:22',NULL),(1444,155,2034,1116,'2025-04-11 11:47:36','2025-04-11 11:47:36',NULL),(1445,155,2034,1117,'2025-04-11 11:47:55','2025-04-11 11:47:55',NULL);

--
-- Table structure for table `teachers`
--

CREATE TABLE `teachers` (
  `teacher_id` int NOT NULL AUTO_INCREMENT,
  `teacher_name` varchar(100) CHARACTER SET utf8mb4 COLLATE utf8mb4_spanish_ci NOT NULL,
  `puesto` varchar(100) CHARACTER SET utf8mb4 COLLATE utf8mb4_spanish_ci DEFAULT NULL,
  `hours` int DEFAULT '0',
  `specialization_area` varchar(255) CHARACTER SET utf8mb4 COLLATE utf8mb4_spanish_ci DEFAULT NULL,
  `specialization_program_id` int DEFAULT NULL,
  `program_id` int DEFAULT NULL,
  `area` varchar(255) CHARACTER SET utf8mb4 COLLATE utf8mb4_spanish_ci DEFAULT NULL,
  `clasificacion` varchar(100) CHARACTER SET utf8mb4 COLLATE utf8mb4_spanish_ci DEFAULT NULL,
  `fyh_creacion` datetime DEFAULT NULL,
  `fyh_actualizacion` datetime DEFAULT NULL,
  `estado` varchar(11) CHARACTER SET utf8mb4 COLLATE utf8mb4_spanish_ci DEFAULT NULL,
  PRIMARY KEY (`teacher_id`),
  KEY `program_id` (`program_id`),
  KEY `specialization_program_id` (`specialization_program_id`),
  KEY `area` (`area`),
  CONSTRAINT `teachers_ibfk_1` FOREIGN KEY (`program_id`) REFERENCES `programs` (`program_id`),
  CONSTRAINT `teachers_ibfk_2` FOREIGN KEY (`specialization_program_id`) REFERENCES `programs` (`program_id`),
  CONSTRAINT `teachers_ibfk_3` FOREIGN KEY (`area`) REFERENCES `programs` (`area`) ON UPDATE CASCADE
) ENGINE=InnoDB AUTO_INCREMENT=196 DEFAULT CHARSET=utf8mb4 COLLATE=utf8mb4_spanish_ci;

--
-- Dumping data for table `teachers`
--

INSERT INTO `teachers` VALUES (2,'JESUS EDUARDO RODRÍGUEZ GUTIÉRREZ','PROFESOR DE ASIGNATURA B',21,NULL,NULL,NULL,NULL,'PTC','2024-11-21 01:15:50','2025-04-10 12:45:48','1'),(3,'MARCOS ENRIQUE PACHECO CEDEÑO','TÉCNICO ACADÉMICO C',0,NULL,NULL,NULL,'TI','TA','2024-11-21 01:15:50','2025-01-23 16:31:09','1'),(4,'MARINA JOSEFINA TAPIA MERLO','PROFESOR DE ASIGNATURA B',0,NULL,NULL,NULL,'MAI','PA','2024-11-21 01:15:50','2025-01-09 12:44:55','1'),(5,'ROCIO GONZALEZ SANCHEZ','PROFESOR DE ASIGNATURA B',0,NULL,NULL,NULL,'GST','PA','2024-11-21 01:15:50','2025-01-08 12:58:54','1'),(6,'ADRIAN BOLAÑOS LOPEZ','PROFESOR DE ASIGNATURA B',0,NULL,NULL,NULL,'DMI','PA','2024-11-21 01:15:50','2024-12-19 12:48:44','1'),(7,'JOSE GERARDO TORRES RENDON','PROFESOR TITULAR C',23,NULL,NULL,NULL,'MAI','PTC','2024-11-21 01:15:50','2025-04-11 10:25:55','1'),(8,'AGUSTIN DE LA TORRE TORRES','PROFESOR DE ASIGNATURA B',0,NULL,NULL,NULL,'MAI','PA','2024-11-21 01:15:50','2024-12-19 11:13:57','1'),(9,'DANIEL CONTRERAS ESTRADA','PROFESOR ASOCIADO C',20,NULL,NULL,NULL,'GST','PTC','2024-11-21 01:15:50','2025-04-10 15:29:25','1'),(10,'VICTOR HUGO GARCIA CAZARES','PROFESOR ASOCIADO C',20,NULL,NULL,NULL,'GST','PTC','2024-11-21 01:15:50','2025-04-11 09:42:06','1'),(11,'FRANCISCO JAVIER MAURICIO FUENTES','PROFESOR ASOCIADO C',19,NULL,NULL,NULL,'MAI','PTC','2024-11-21 01:15:50','2025-04-11 11:23:47','1'),(12,'JOAQUIN COLIN SOTO','PROFESOR TITULAR C',0,NULL,NULL,NULL,'TI','PTC','2024-11-21 01:15:50','2025-01-08 12:40:15','1'),(13,'MAGDA FERNANDA TORRES RENERO','PROFESOR DE ASIGNATURA B',0,NULL,NULL,NULL,NULL,'DETERMINADO','2024-11-21 01:15:50',NULL,'1'),(14,'DANTE GARCIA GARCIA','PROFESOR ASOCIADO C',0,NULL,NULL,NULL,'MAI','PTC','2024-11-21 01:15:50','2025-04-11 11:30:39','1'),(15,'EDGAR JONATHAN TALAVERA ZAMORA','PROFESOR DE ASIGNATURA B',0,NULL,NULL,NULL,NULL,'PA','2024-11-21 01:15:50','2025-01-23 16:29:07','1'),(16,'SALVADOR ROJAS VILLANUEVA','TÉCNICO ACADÉMICO C',0,NULL,NULL,NULL,'QMBT','TA','2024-11-21 01:15:50','2025-01-23 16:28:53','1'),(17,'ADRIANA CALDERON MARTINEZ','PROFESOR ASOCIADO C',20,NULL,NULL,NULL,'DMI','PTC','2024-11-21 01:15:50','2025-04-10 11:20:57','1'),(18,'MIGUEL BARRAGAN BUENO','PROFESOR TITULAR C',22,NULL,NULL,NULL,'ERV','PTC','2024-11-21 01:15:50','2025-04-11 09:53:50','1'),(19,'JAIME FABIAN GONZALEZ FIGUEROA','PROFESOR ASOCIADO C',20,NULL,NULL,NULL,'GST','PTC','2024-11-21 01:15:50','2025-04-10 12:04:19','1'),(20,'YOHATZIN LARA GOMEZ','PROFESOR DE ASIGNATURA B',0,NULL,NULL,NULL,NULL,'PA','2024-11-21 01:15:50','2024-12-19 13:01:56','1'),(21,'HOMERO SILVA NUÑEZ','PROFESOR ASOCIADO C',19,NULL,NULL,NULL,'QMBT','PTC','2024-11-21 01:15:50','2025-04-11 11:08:23','1'),(22,'EDGAR EDUARDO TAPIA SILVA','PROFESOR ASOCIADO C',0,NULL,NULL,NULL,'MAI','PTC','2024-11-21 01:15:50','2025-01-13 12:42:38','1'),(23,'CAROLINA CARRILLO LOPEZ','PROFESOR DE ASIGNATURA B',0,NULL,NULL,NULL,NULL,'PA','2024-11-21 01:15:50','2025-01-10 16:43:45','1'),(24,'ERIC BETANCOURT GASCA','TÉCNICO ACADÉMICO C',0,NULL,NULL,NULL,'TI','PA','2024-11-21 01:15:51','2025-01-09 10:25:12','1'),(25,'JOSE ARTURO MORALES TINOCO','TÉCNICO ACADÉMICO A',0,NULL,NULL,NULL,'MAI','TA','2024-11-21 01:15:51','2025-01-10 12:32:51','1'),(26,'HUMBERTO JECSAN LEON ACOSTA','PROFESOR DE ASIGNATURA B',0,NULL,NULL,NULL,NULL,'PTC','2024-11-21 01:15:51','2024-12-13 13:39:05','1'),(27,'JOSE ALFREDO GAMIÑO ORTIZ','PROFESOR DE ASIGNATURA B',0,NULL,NULL,NULL,NULL,'PA','2024-11-21 01:15:51','2025-04-09 14:27:18','1'),(28,'GERARDO CHAVEZ HERNANDEZ','PROFESOR ASOCIADO C',0,NULL,NULL,NULL,'TI','PTC','2024-11-21 01:15:51','2025-01-06 19:38:22','1'),(29,'HEBER LEOPOLDO MANZO FERNANDEZ','PROFESOR ASOCIADO C',0,NULL,NULL,NULL,'GST','PTC','2024-11-21 01:15:51','2024-12-18 09:21:01','1'),(30,'CESAR ADRIAN GOMEZ CORREA','TÉCNICO ACADÉMICO A',0,NULL,NULL,NULL,'QMBT','TA','2024-11-21 01:15:51','2024-12-13 13:45:18','1'),(31,'JOSE ISRAEL RODRIGUEZ FLORES','PROFESOR DE ASIGNATURA B',0,NULL,NULL,NULL,'ERV','PA','2024-11-21 01:15:51','2024-12-19 15:46:36','1'),(32,'VICTOR MANUEL CHAVEZ OROZCO','PROFESOR ASOCIADO C',20,NULL,NULL,NULL,'GST','PTC','2024-11-21 01:15:51','2025-04-11 09:08:34','1'),(33,'MARIA DEL CARMEN SOLORIO RAYA','PROFESOR TITULAR A',0,NULL,NULL,NULL,'TI','PTC','2024-11-21 01:15:51','2024-12-18 12:39:33','1'),(34,'MARCO ANTONIO BELMAN ARGUELLO','PROFESOR DE ASIGNATURA B',0,NULL,NULL,NULL,NULL,'PA','2024-11-21 01:15:51','2025-01-10 15:44:20','1'),(36,'ALMA NAYELY MERCADO GOMEZ','TÉCNICO ACADÉMICO A',0,NULL,NULL,NULL,'TI','SIGO','2024-11-21 01:15:51',NULL,'1'),(37,'FRIDA CAROLINA GUIDO GONZALEZ','PROFESOR DE ASIGNATURA B',0,NULL,NULL,NULL,'TI','PA','2024-11-21 01:15:51','2025-01-23 16:30:17','1'),(38,'JUAN CARLOS CAMPOS VILLAFUERTE','PROFESOR ASOCIADO C',21,NULL,NULL,NULL,'MAI','PTC','2024-11-21 01:15:51','2025-04-11 09:42:33','1'),(39,'JULIO CESAR HERNANDEZ RAMIREZ','PROFESOR TITULAR B',20,NULL,NULL,NULL,'MAI','PTC','2024-11-21 01:15:51','2025-04-11 09:51:57','1'),(40,'SALVADOR VAZQUEZ RANGEL','PROFESOR DE ASIGNATURA B',0,NULL,NULL,NULL,NULL,'DETERMINADO','2024-11-21 01:15:51',NULL,'1'),(41,'LAURA PEREZ PAZOS','PROFESOR DE ASIGNATURA B',0,NULL,NULL,NULL,'TI','PA','2024-11-21 01:15:51','2025-01-09 13:38:54','1'),(42,'GRISELDA YUNUEN VILLA GARCIA','PROFESOR ASOCIADO C',20,NULL,NULL,NULL,'DMI','PTC','2024-11-21 01:15:51','2025-04-10 11:53:43','1'),(43,'ERICK MOISÉS ZARCO MORALES','PROFESOR DE ASIGNATURA B',0,NULL,NULL,NULL,NULL,'PA','2024-11-21 01:15:51','2025-01-23 16:18:54','1'),(44,'OSCAR VAZQUEZ GARCIA','PROFESOR ASOCIADO C',18,NULL,NULL,NULL,'GST','PTC','2024-11-21 01:15:51','2025-04-11 11:21:56','1'),(45,'JOSE FERNANDO LINARES FACIO','PROFESOR DE ASIGNATURA B',0,NULL,NULL,NULL,NULL,'PA','2024-11-21 01:15:51','2025-01-10 17:19:11','1'),(46,'KARLA IVONNE RODRIGUEZ SOLORZANO','PROFESOR DE ASIGNATURA B',0,NULL,NULL,NULL,NULL,'PA','2024-11-21 01:15:51','2024-12-19 14:26:38','1'),(47,'GABRIEL GUZMAN RODRIGUEZ','PROFESOR DE ASIGNATURA B',0,NULL,NULL,NULL,NULL,'DETERMINADO','2024-11-21 01:15:51',NULL,'1'),(48,'EZEQUIEL FARIAS ARRIAGA','TÉCNICO ACADÉMICO A',0,NULL,NULL,NULL,'MAI','PA','2024-11-21 01:15:51','2024-12-19 14:29:35','1'),(49,'JUAN GHALEB SANCHEZ LOPEZ','PROFESOR DE ASIGNATURA B',0,NULL,NULL,NULL,'TI','PA','2024-11-21 01:15:51','2024-12-19 15:32:25','1'),(50,'ANGEL ABRAHAM GUTIERREZ GARCIA ROJAS','PROFESOR DE ASIGNATURA B',0,NULL,NULL,NULL,NULL,'PA','2024-11-21 01:15:51','2025-01-23 16:28:20','1'),(52,'MAGNOLIA GISELA CHAVEZ HERNANDEZ','PROFESOR DE ASIGNATURA B',0,NULL,NULL,NULL,'DMI','PA','2024-11-21 01:15:51','2024-12-19 14:11:00','1'),(53,'GRICELDA RODRIGUEZ ROBLEDO','PROFESOR TITULAR C',0,NULL,NULL,NULL,'TI','PTC','2024-11-21 01:15:51','2024-12-18 12:01:34','1'),(54,'ANGELICA CECILIA JIMENEZ ALVAREZ','TÉCNICO ACADÉMICO B',0,NULL,NULL,NULL,'DMI','TA','2024-11-21 01:15:51','2024-12-13 13:24:53','1'),(55,'YUNUHEN ANAYD ESTRADA BARRIGA','PROFESOR DE ASIGNATURA B',0,NULL,NULL,NULL,'TI','PA','2024-11-21 01:15:51','2024-12-19 10:20:03','1'),(56,'CARLOS FERNANDO LOPEZ BUCIO','PROFESOR ASOCIADO C',0,NULL,NULL,NULL,'ERV','PTC','2024-11-21 01:15:51','2025-04-11 11:48:09','1'),(57,'HECTOR RODRIGUEZ VARGAS','PROFESOR DE ASIGNATURA B',0,NULL,NULL,NULL,NULL,'PA','2024-11-21 01:15:51','2025-01-10 17:29:06','1'),(58,'FLORINDA RANGEL BETANCOURT','TÉCNICO ACADÉMICO A',0,NULL,NULL,NULL,'DMI','TA','2024-11-21 01:15:51','2024-12-13 13:27:44','1'),(59,'ISAIAS NEGRA JIMENEZ','PROFESOR ASOCIADO C',0,NULL,NULL,NULL,'QMBT','PTC','2024-11-21 01:15:51','2024-12-18 10:57:17','1'),(60,'DAVID GARCIA HERNANDEZ','PROFESOR TITULAR B',20,NULL,NULL,NULL,'QMBT','PTC','2024-11-21 01:15:51','2025-04-10 13:49:22','1'),(61,'EMANUEL LOPEZ MARTINEZ','PROFESOR DE ASIGNATURA B',0,NULL,NULL,NULL,NULL,'PA','2024-11-21 01:15:51','2024-12-13 13:39:16','1'),(62,'GIOVANNA CORTEZ MIRANDA','PROFESOR DE ASIGNATURA B',0,NULL,NULL,NULL,'TI','PA','2024-11-21 01:15:51','2025-01-06 15:39:19','1'),(63,'JUAN JOSE BERMUDEZ CAMILLE','PROFESOR DE ASIGNATURA B',0,NULL,NULL,NULL,NULL,'PA','2024-11-21 01:15:51','2025-01-10 14:17:06','1'),(64,'ELENA PÉREZ CAMPOS','PROFESOR DE ASIGNATURA B',0,NULL,NULL,NULL,NULL,'PA','2024-11-21 01:15:51','2025-01-10 13:57:54','1'),(65,'MACARIO AMBRIZ VALENCIA','PROFESOR DE ASIGNATURA B',0,NULL,NULL,NULL,NULL,'PA','2024-11-21 01:15:51','2025-01-09 10:53:54','1'),(66,'MARIA VERONICA ALVAREZ RIOS','PROFESOR DE ASIGNATURA B',0,NULL,NULL,NULL,'MEC','PA','2024-11-21 01:15:51','2025-01-09 14:21:36','1'),(67,'ANA PATRICIA OROZCO ORTIZ','PROFESOR ASOCIADO C',0,NULL,NULL,NULL,'QMBT','PTC','2024-11-21 01:15:51','2024-12-18 11:31:13','1'),(68,'TSITSIKI MARTINEZ HERNANDEZ','PROFESOR DE ASIGNATURA B',0,NULL,NULL,NULL,NULL,'PA','2024-11-21 01:15:51','2025-01-10 17:28:24','1'),(69,'ALBERTO GARDUÑO SALAZAR','TÉCNICO ACADÉMICO B',0,NULL,NULL,NULL,'TI','TA','2024-11-21 01:15:51','2025-01-09 11:57:00','1'),(70,'LUIS ALBERTO GUTIERREZ GARCIA','TÉCNICO ACADÉMICO C',0,NULL,NULL,NULL,'TI','TA','2024-11-21 01:15:51','2024-12-13 13:41:53','1'),(71,'MOISES ORTIZ RODRIGUEZ','TÉCNICO ACADÉMICO B',0,NULL,NULL,NULL,NULL,'PA','2024-11-21 01:15:52','2024-12-13 13:42:33','1'),(72,'LINDA CITLALLI CERDAN MAYEN','PROFESOR DE ASIGNATURA B',0,NULL,NULL,NULL,NULL,'PA','2024-11-21 01:15:52','2025-01-05 20:27:06','1'),(73,'FRANCISCO JAVIER FRIAS CORREA','PROFESOR DE ASIGNATURA B',0,NULL,NULL,NULL,'GST','PA','2024-11-21 01:15:52','2024-12-19 11:16:16','1'),(74,'GERARDO MALDONADO VIDAL','PROFESOR TITULAR B',0,NULL,NULL,NULL,'QMBT','PTC','2024-11-21 01:15:52','2024-12-18 13:39:28','1'),(75,'AGUSTIN IVAN CABEZAS AGUILAR','TÉCNICO ACADÉMICO B',0,NULL,NULL,NULL,'QMBT','TA','2024-11-21 01:15:52','2024-12-13 13:45:29','1'),(76,'JOSE LUIS CENDEJAS VALDEZ','PROFESOR TITULAR C',20,NULL,NULL,NULL,'TI','PTC','2024-11-21 01:15:52','2025-04-11 10:02:55','1'),(77,'ALMA LILIA GONZALEZ ASPERA','PROFESOR TITULAR C',18,NULL,NULL,NULL,'TI','PTC','2024-11-21 01:15:52','2025-04-11 10:55:19','1'),(78,'JOSE LUIS CAMPOS VILLAFUERTE','PROFESOR TITULAR C',0,NULL,NULL,NULL,'MAI','PTC','2024-11-21 01:15:52','2025-04-10 10:11:28','1'),(80,'ALEJANDRO ALVAREZ','PROFESOR DE ASIGNATURA B',0,NULL,NULL,NULL,'MEC','PA','2024-11-21 01:15:52','2024-12-19 15:45:16','1'),(81,'MARIO JAVIER GUTIERREZ FERNANDEZ','PROFESOR ASOCIADO C',20,NULL,NULL,NULL,'QMBT','PTC','2024-11-21 01:15:52','2025-04-11 09:25:21','1'),(82,'FROYLAN ZAMORA SANCHEZ','PROFESOR ASOCIADO C',19,NULL,NULL,NULL,'GST','PTC','2024-11-21 01:15:52','2025-04-11 11:28:41','1'),(83,'JUAN ROBERTO AGUILAR GARCIA','TÉCNICO ACADÉMICO A',0,NULL,NULL,NULL,'TI','TA','2024-11-21 01:15:52','2024-12-13 13:54:54','1'),(84,'CRISTOPHER EMANUELL CERVANTEZ DIAZ','TÉCNICO ACADÉMICO A',0,NULL,NULL,NULL,NULL,'TA','2024-11-21 01:15:52','2025-01-10 13:18:17','1'),(85,'OSHIN ESMERALDA ESQUIVEL GASPAR','PROFESOR DE ASIGNATURA B',0,NULL,NULL,NULL,'TI','PA','2024-11-21 01:15:52','2025-01-09 12:56:25','1'),(86,'ALMA TERESA MIRANDA QUIROZ','PROFESOR TITULAR C',0,NULL,NULL,NULL,'QMBT','PTC','2024-11-21 01:15:52','2024-12-18 11:50:07','1'),(87,'JOSE FRANCISCO CARRILLO MASTACHE','TÉCNICO ACADÉMICO A',0,NULL,NULL,NULL,'TI','TA','2024-11-21 01:15:52','2024-12-13 13:59:33','1'),(88,'JUAN CARLOS LOPEZ LOPEZ','PROFESOR DE ASIGNATURA B',0,NULL,NULL,NULL,'QMBT','PA','2024-11-21 01:15:52','2025-01-09 15:35:33','1'),(89,'BENJAMIN COLIN RICO','PROFESOR ASOCIADO C',20,NULL,NULL,NULL,'ERV','PTC','2024-11-21 01:15:52','2025-04-11 10:23:20','1'),(90,'LETICIA ARGUELLO CORREA','PROFESOR TITULAR B',17,NULL,NULL,NULL,'QMBT','PTC','2024-11-21 01:15:52','2025-04-11 10:11:17','1'),(91,'BARAQUIEL CHAVEZ RODRIGUEZ','TÉCNICO ACADÉMICO A',0,NULL,NULL,NULL,'GST','TA','2024-11-21 01:15:52','2024-12-06 12:54:15','1'),(92,'GILBERTO ALEJANDRO ROMERO PEDRAZA','PROFESOR ASOCIADO C',0,NULL,NULL,NULL,'TI','PTC','2024-11-21 01:15:52','2024-12-13 14:58:23','1'),(93,'MARIA ELENA BENITEZ RAMIREZ','PROFESOR TITULAR B',0,NULL,NULL,NULL,'TI','PTC','2024-11-21 01:15:52','2025-01-13 15:50:18','1'),(94,'JORGE HERNANDEZ CALZADA','PROFESOR TITULAR B',0,NULL,NULL,NULL,'MAI','PTC','2024-11-21 01:15:52','2025-01-09 12:19:55','1'),(95,'BERENICE CEJA GUZMAN','PROFESOR TITULAR B',20,NULL,NULL,NULL,'GST','PTC','2024-11-21 01:15:52','2025-04-11 09:50:49','1'),(96,'MARIO FERNANDEZ GUZMAN','PROFESOR DE ASIGNATURA B',0,NULL,NULL,NULL,'QMBT','PTC','2024-11-21 01:15:52','2024-12-13 14:06:37','1'),(97,'RICARDO LEON SOLORZANO','PROFESOR ASOCIADO C',20,NULL,NULL,NULL,'GST','PTC','2024-11-21 01:15:52','2025-04-10 13:02:08','1'),(98,'ALFREDO EMMANUEL HERNANDEZ DUARTE','PROFESOR ASOCIADO C',20,NULL,NULL,NULL,'GST','PTC','2024-11-21 01:15:52','2025-04-10 10:36:54','1'),(99,'ROSARIO HERNANDEZ CALDERON','PROFESOR TITULAR A',19,NULL,NULL,NULL,'TI','PTC','2024-11-21 01:15:52','2025-04-11 10:31:25','1'),(100,'ALBERTO ALVAREZ ZAMUDIO','PROFESOR DE ASIGNATURA B',0,NULL,NULL,NULL,'TI','SIGO','2024-11-21 01:15:52',NULL,'1'),(101,'VICTOR HUGO ZALAPA MEDINA','PROFESOR TITULAR C',24,NULL,NULL,NULL,'MAI','PTC','2024-11-21 01:15:52','2025-04-11 09:49:11','1'),(102,'DEYANIRA MARTINEZ RODRIGUEZ','PROFESOR DE ASIGNATURA B',0,NULL,NULL,NULL,'TI','PA','2024-11-21 01:15:52','2025-01-09 09:29:36','1'),(103,'HUGO JESUS PACHECO ALVEZ','PROFESOR DE ASIGNATURA B',0,NULL,NULL,NULL,NULL,'TA','2024-11-21 01:15:52','2024-12-12 12:49:06','1'),(104,'OMAR ORDOÑEZ TOLEDO','PROFESOR TITULAR C',17,NULL,NULL,NULL,'TI','PTC','2024-11-21 01:15:52','2025-04-11 11:32:07','1'),(105,'MARTIN CASTILLEJOS CARDENAS','TÉCNICO ACADÉMICO A',0,NULL,NULL,NULL,'ERV','TA','2024-11-21 01:15:52','2025-01-23 16:24:35','1'),(106,'ZACARIAS ESAU TORRES OLGUIN','PROFESOR ASOCIADO C',21,NULL,NULL,NULL,'GST','PTC','2024-11-21 01:15:52','2025-04-10 12:10:21','1'),(107,'CAROLINA MATEO MEJIA','PROFESOR DE ASIGNATURA B',0,NULL,NULL,NULL,'GST','PA','2024-11-21 01:15:52','2024-12-06 12:03:35','1'),(108,'NORMA GARCIA MONTAÑEZ','PROFESOR TITULAR B',20,NULL,NULL,NULL,'QMBT','PTC','2024-11-21 01:15:52','2025-04-11 10:48:51','1'),(109,'LETICIA RUBICELA RODRIGUEZ RUIZ','PROFESOR TITULAR C',0,NULL,NULL,NULL,'TI','PTC','2024-11-21 01:15:52','2025-04-10 10:09:30','1'),(111,'ROXANA COLIN AVILES','PROFESOR DE ASIGNATURA B',0,NULL,NULL,NULL,'QMBT','INDETERMINADO','2024-11-21 01:15:52','2025-01-10 14:21:42','1'),(112,'AMBAR RODRIGUEZ MILLAN','PROFESOR DE ASIGNATURA B',0,NULL,NULL,NULL,NULL,'PA','2024-11-21 01:15:52','2025-01-23 16:29:46','1'),(113,'JUAN CARLOS ANDRADE ORTIZ','TÉCNICO ACADÉMICO C',0,NULL,NULL,NULL,'TI','TA','2024-11-21 01:15:52','2024-12-13 13:46:34','1'),(114,'NELSON CROZBY PADILLA ALVAREZ','TÉCNICO ACADÉMICO C',0,NULL,NULL,NULL,'TI','SIGO','2024-11-21 01:15:52',NULL,'1'),(115,'CLAUDIA BARCENAS CORTES','PROFESOR DE ASIGNATURA B',0,NULL,NULL,NULL,NULL,'PA','2024-11-21 01:15:52','2024-12-19 13:45:34','1'),(116,'RAQUEL SARAHI RODRIGUEZ ANGULO','PROFESOR DE ASIGNATURA B',0,NULL,NULL,NULL,NULL,'PA','2024-11-21 01:15:52','2025-01-23 16:29:26','1'),(117,'JOSE EDUARDO VALDES DUEÑAS','TÉCNICO ACADÉMICO A',0,NULL,NULL,NULL,'GST','PA','2024-11-21 01:15:52','2025-01-09 09:35:05','1'),(118,'RAFAEL AYALA ZAMUDIO','TÉCNICO ACADÉMICO A',0,NULL,NULL,NULL,'MAI','TA','2024-11-21 01:15:52','2025-01-23 16:30:45','1'),(119,'DIANA ITZEL SALINAS AGUILAR','PROFESOR DE ASIGNATURA B',0,NULL,NULL,NULL,NULL,'PA','2024-11-21 01:15:52','2025-01-10 18:42:28','1'),(120,'JOSE OSCAR HERNANDEZ BAUTISTA','PROFESOR TITULAR B',20,NULL,NULL,NULL,'DMI','PTC','2024-11-21 01:15:52','2025-04-10 10:45:17','1'),(122,'IDRI SANTILLAN FUENTES','PROFESOR ASOCIADO C',21,NULL,NULL,NULL,'GST','PTC','2024-11-21 01:15:53','2025-04-11 10:55:15','1'),(123,'MARIO EDMUNDO MONTAÑO PEREZ','PROFESOR ASOCIADO C',22,NULL,NULL,NULL,'GST','PTC','2024-11-21 01:15:53','2025-04-10 11:56:23','1'),(124,'MAURICIO GUZMAN TAPIA','PROFESOR TITULAR C',0,NULL,NULL,NULL,'MAI','PTC','2024-11-21 01:15:53','2025-01-13 12:42:25','1'),(125,'HUGO VARGAS LOPEZ','PROFESOR ASOCIADO C',21,NULL,NULL,NULL,'GST','PTC','2024-11-21 01:15:53','2025-04-11 10:16:20','1'),(126,'EKATERINA SANDOVAL FLORES','TÉCNICO ACADÉMICO A',0,NULL,NULL,NULL,'GST','PA','2024-11-21 01:15:53','2025-01-09 15:47:29','1'),(127,'JAQUELINE SANCHEZ NUÑEZ','PROFESOR DE ASIGNATURA B',0,NULL,NULL,NULL,NULL,'PA','2024-11-21 01:15:53','2025-01-10 16:57:42','1'),(128,'BERENICE VARGAS SALGADO','TÉCNICO ACADÉMICO A',0,NULL,NULL,NULL,'GST','TA','2024-11-21 01:15:53','2025-01-09 10:06:10','1'),(129,'WILEBALDO RODRIGUEZ SAENZ','TÉCNICO ACADÉMICO C',0,NULL,NULL,NULL,'TI','TECNOLOGÍAS DE LA INFORMACIÓN','2024-11-21 01:15:53','2025-01-09 13:14:08','1'),(130,'ARMANDO MOLINA MORENO','PROFESOR ASOCIADO C',22,NULL,NULL,NULL,'ERV','PTC','2024-11-21 01:15:53','2025-04-11 11:06:16','1'),(131,'EDGAR OCTAVIO GARCIA CASTRO','PROFESOR ASOCIADO C',23,NULL,NULL,NULL,'MAI','PTC','2024-11-21 01:15:53','2025-04-11 10:26:44','1'),(132,'ARTURO CALDERON CASTRO','PROFESOR TITULAR A',20,NULL,NULL,NULL,'DMI','PTC','2024-11-21 01:15:53','2025-04-10 10:51:28','1'),(133,'ZENAIDA ANDRADE ORTIZ','PROFESOR DE ASIGNATURA B',0,NULL,NULL,NULL,'QMBT','PA','2024-11-21 01:15:53','2024-12-19 15:01:04','1'),(134,'SILVIA LILIANA BUCIO LOPEZ','PROFESOR TITULAR C',20,NULL,NULL,NULL,'QMBT','PTC','2024-11-21 01:15:53','2025-04-10 13:38:43','1'),(135,'MARIA JAZMIN LOPEZ RIVERA','TÉCNICO ACADÉMICO A',0,NULL,NULL,NULL,'MEC','MECATRÓNICA','2024-11-21 01:15:53',NULL,'1'),(136,'GUSTAVO ABRAHAM VANEGAS CONTRERAS','PROFESOR TITULAR C',19,NULL,NULL,NULL,'TI','PTC','2024-11-21 01:15:53','2025-04-11 09:12:20','1'),(137,'JOSE CERVANTES CORONADO','TÉCNICO ACADÉMICO C',0,NULL,NULL,NULL,'MAI','MANTENIMIENTO INDUSTRIAL','2024-11-21 01:15:53',NULL,'1'),(138,'JOSE LUIS CALVILLO BANDA','PROFESOR DE ASIGNATURA B',0,NULL,NULL,NULL,'GST','PA','2024-11-21 01:15:53','2024-12-19 15:21:10','1'),(139,'MARCELA ALVAREZ VIVANCO','PROFESOR TITULAR B',0,NULL,NULL,NULL,'TI','PTC','2024-11-21 01:15:53','2024-12-18 12:24:34','1'),(140,'GRACIELA ISOLINA MARTINEZ AVILA','PROFESOR TITULAR C',0,NULL,NULL,NULL,'TI','PTC','2024-11-21 01:15:53','2024-12-18 11:37:07','1'),(142,'HUGO MORA ALCARAZ','PROFESOR ASOCIADO C',21,NULL,NULL,NULL,'GST','PTC','2024-11-21 01:15:53','2025-04-11 10:36:43','1'),(143,'ANTONIO ORTIZ GARCILAZO','PROFESOR DE ASIGNATURA B',0,NULL,NULL,NULL,'MEC','PA','2024-11-21 01:15:53','2025-01-09 14:34:54','1'),(144,'LUISA KARINA SERRANO ORTIZ','PROFESOR DE ASIGNATURA B',0,NULL,NULL,NULL,NULL,'DETERMINADO','2024-11-21 01:15:53',NULL,'1'),(145,'JULIO CESAR CORREA TORRES','PROFESOR DE ASIGNATURA B',0,NULL,NULL,NULL,'TI','PA','2024-11-21 01:15:53','2025-01-09 15:05:23','1'),(146,'BENJAMIN ORTEGA GOMEZ','PROFESOR DE ASIGNATURA B',0,NULL,NULL,NULL,NULL,'CULTURA Y DEPORTES','2024-11-21 01:15:53',NULL,'1'),(147,'JONATAN JOEL SALAZAR AYALA','PROFESOR DE ASIGNATURA B',0,NULL,NULL,NULL,'MEC','PA','2024-11-21 01:15:53','2024-12-19 12:20:44','1'),(148,'FRANCISCO CORTES ARREDONDO','TÉCNICO ACADÉMICO A',0,NULL,NULL,NULL,'MAI','TA','2024-11-21 01:15:53','2025-01-10 12:27:05','1'),(149,'VANIA MARILYN MARIN RANGEL','PROFESOR ASOCIADO C',3,NULL,NULL,NULL,'QMBT','PTC','2024-11-21 01:15:53','2025-04-11 11:46:10','1'),(150,'MIGUEL ANGEL ACUÑA LOPEZ','PROFESOR TITULAR C',22,NULL,NULL,NULL,'TI','PTC','2024-11-21 01:15:53','2025-04-11 09:34:26','1'),(151,'JORGE ARTURO MEJIA BARAJAS','PROFESOR DE ASIGNATURA B',0,NULL,NULL,NULL,NULL,'PA','2024-11-21 01:15:53','2025-01-10 14:15:36','1'),(152,'JUSTO ROMAN ROMERO ROMERO','TÉCNICO ACADÉMICO A',0,NULL,NULL,NULL,'ERV','TA','2024-11-21 01:15:53','2025-01-23 16:30:01','1'),(153,'ROCIO COLIN MENDOZA','PROFESOR DE ASIGNATURA B',0,NULL,NULL,NULL,'ERV','PA','2024-11-21 01:15:53','2025-01-10 12:19:23','1'),(155,'OLGA LETICIA ROBLES GARCIA','PROFESOR TITULAR C',17,NULL,NULL,NULL,'TI','PTC','2024-11-21 01:15:53','2025-04-11 11:47:55','1'),(157,'MARIA ARACELI PEREZ ESCUTIA','TÉCNICO ACADÉMICO B',0,NULL,NULL,NULL,'DMI','PA','2024-11-21 01:15:53','2024-12-09 09:49:51','1'),(158,'EDITH SARAI RODRIGUEZ CALDERON','PROFESOR DE ASIGNATURA B',0,NULL,NULL,NULL,'GST','PA','2024-11-21 01:15:53','2024-12-19 15:25:05','1'),(159,'MANUEL ALVAREZ VIVANCO','PROFESOR DE ASIGNATURA B',0,NULL,NULL,NULL,'ERV','PA','2024-11-21 01:15:53','2024-12-19 12:13:15','1'),(160,'VICTOR DELFINO FERNÁNDEZ FLORES','PROFESOR DE ASIGNATURA B',0,NULL,NULL,NULL,NULL,'DETERMINADO','2024-11-21 01:15:53',NULL,'1'),(161,'ROSA ISELA GONZÁLEZ RAYA','PROFESOR DE ASIGNATURA B',0,NULL,NULL,NULL,NULL,'PA','2024-11-21 01:15:53','2025-04-08 23:46:59','1'),(162,'JUAN PABLO CHACÓN SAAVEDRA','PROFESOR DE ASIGNATURA B',0,NULL,NULL,NULL,NULL,'DETERMINADO','2024-11-21 01:15:53',NULL,'1'),(163,'JESÚS MEDINA MIRAMAR','PROFESOR DE ASIGNATURA B',0,NULL,NULL,NULL,NULL,'PA','2024-11-21 01:15:53','2025-01-10 17:53:04','1'),(165,'MARTHA YADIRA LEYVA GIL','PROFESOR DE ASIGNATURA B',0,NULL,NULL,NULL,NULL,'PA','2024-11-21 01:15:53','2025-01-10 15:20:40','1'),(166,'JONATHAN MORENO JARAMILLO',NULL,0,NULL,NULL,NULL,NULL,'PA','2024-12-06 11:14:53','2024-12-13 15:10:28','1'),(167,'PAULINA SOLORZANO SALGADO',NULL,0,NULL,NULL,NULL,NULL,'PTC','2024-12-06 11:45:01','2024-12-18 13:15:06','1'),(168,'DAMARIS ULAHI OLMOS MORFIN',NULL,0,NULL,NULL,NULL,NULL,'PA','2024-12-06 12:23:24','2024-12-13 15:08:27','1'),(169,'BARAQUIEL CHAVEZ RODRIGUEZ',NULL,0,NULL,NULL,NULL,NULL,NULL,'2024-12-06 12:52:25',NULL,'1'),(172,'JOSÉ EDUARDO MARTÍNEZ MENDOZA',NULL,0,NULL,NULL,NULL,NULL,'PTC','2024-12-30 13:40:44','2025-01-22 15:32:31','1'),(173,'LÓPEZ SALDAÑA GUSTAVO ADOLFO',NULL,0,NULL,NULL,NULL,NULL,'TA','2025-01-09 12:33:08','2025-01-23 12:17:30','1'),(174,'SUPLENCIA DMI 1',NULL,0,NULL,NULL,NULL,NULL,'PA','2025-01-10 10:02:47','2025-01-10 10:33:42','1'),(175,'SALVADOR ROJAS VILLANUEVA',NULL,0,NULL,NULL,NULL,NULL,NULL,'2025-01-10 10:30:15',NULL,'1'),(176,'KARLA FERNANDA LÓPEZ LÁZARO',NULL,0,NULL,NULL,NULL,NULL,'PA','2025-01-10 10:40:02','2025-01-10 18:16:41','1'),(177,'DIEGO ALEJANDRO ZURITA ANGELES',NULL,0,NULL,NULL,NULL,NULL,'PA','2025-01-10 10:42:05','2025-01-10 17:38:29','1'),(178,'ORLANDO SOTO ZAVALA',NULL,0,NULL,NULL,NULL,NULL,'PA','2025-01-10 11:06:36','2025-01-23 14:34:16','1'),(179,'YADIRA CALDERÓN DÍAZ',NULL,0,NULL,NULL,NULL,NULL,'PA','2025-01-10 11:12:42','2025-01-10 15:23:18','1'),(180,'ANDREA ALEJANDRA PATIÑO LECUONA',NULL,0,NULL,NULL,NULL,NULL,'PA','2025-01-10 11:14:57','2025-01-10 14:01:01','1'),(181,'JESUS RICARDO VILLA GARCÍA',NULL,0,NULL,NULL,NULL,NULL,'PA','2025-01-10 11:16:09','2025-01-10 14:16:14','1'),(182,'JULIO DAMIÁN ZUÑIGA RAMÍREZ',NULL,0,NULL,NULL,NULL,NULL,'PA','2025-01-10 11:32:23','2025-01-10 14:41:28','1'),(183,'JOSE LUIS CERNA',NULL,0,NULL,NULL,NULL,NULL,NULL,'2025-01-10 11:52:26',NULL,'1'),(184,'ROSA HIPOLITA GARCIA HERNANDEZ',NULL,0,NULL,NULL,NULL,NULL,'TA','2025-01-10 12:05:59','2025-01-10 12:11:27','1'),(186,'KARLA MIRELLE HERNANDEZ JACOBO',NULL,0,NULL,NULL,NULL,NULL,'PA','2025-01-10 14:49:26','2025-01-10 15:55:58','1'),(187,'CINTYA ARROYO ARROYO',NULL,0,NULL,NULL,NULL,NULL,'PA','2025-01-10 15:35:16','2025-01-10 17:41:50','1'),(188,'SOFIA JIMENEZ GONZALEZ',NULL,0,NULL,NULL,NULL,NULL,'PA','2025-01-10 16:59:36','2025-01-10 18:35:07','1'),(189,'MILTON GREGORIO CHAVEZ CARDENAS',NULL,0,NULL,NULL,NULL,NULL,'PTC','2025-01-10 17:26:51','2025-01-10 18:22:32','1'),(191,'MARIANA JIMENA GONZALEZ FIGUEROA',NULL,0,NULL,NULL,NULL,NULL,'PA','2025-01-10 18:34:13','2025-01-23 16:26:16','1'),(192,'SUPLENCIA INGLES 1',NULL,0,NULL,NULL,NULL,NULL,'PA','2025-01-13 15:27:53','2025-01-13 15:34:17','1'),(193,'JUAN PABLO GUTIERREZ MONTES',NULL,0,NULL,NULL,NULL,NULL,'PA','2025-01-13 15:34:39','2025-01-14 11:10:38','1'),(194,'ENFERMERO 2',NULL,0,NULL,NULL,NULL,NULL,'PA','2025-01-15 12:59:55','2025-01-15 13:00:42','1'),(195,'MARCOS ALEJANDRO LOPEZ ZAMUDIO',NULL,0,NULL,NULL,NULL,NULL,'PA','2025-02-20 12:34:44','2025-02-20 12:36:04','1');

--
-- Table structure for table `terms`
--

CREATE TABLE `terms` (
  `term_id` int NOT NULL AUTO_INCREMENT,
  `term_name` varchar(255) CHARACTER SET utf8mb4 COLLATE utf8mb4_spanish_ci NOT NULL,
  `fyh_creacion` datetime DEFAULT NULL,
  `fyh_actualizacion` datetime DEFAULT NULL,
  `estado` varchar(11) CHARACTER SET utf8mb4 COLLATE utf8mb4_spanish_ci DEFAULT NULL,
  PRIMARY KEY (`term_id`)
) ENGINE=InnoDB AUTO_INCREMENT=21 DEFAULT CHARSET=utf8mb4 COLLATE=utf8mb4_spanish_ci;

--
-- Dumping data for table `terms`
--

INSERT INTO `terms` VALUES (1,'1','2024-11-19 05:27:02',NULL,'1'),(2,'2','2024-11-19 05:27:02',NULL,'1'),(3,'3','2024-11-19 05:27:02',NULL,'1'),(4,'4','2024-11-19 05:27:02',NULL,'1'),(5,'5','2024-11-19 05:27:02',NULL,'1'),(6,'6','2024-11-19 05:27:02',NULL,'1'),(7,'7','2024-11-19 05:27:02',NULL,'1'),(8,'8','2024-11-19 05:27:02',NULL,'1'),(9,'9','2024-11-19 05:27:02',NULL,'1'),(10,'10','2024-11-19 05:27:02',NULL,'1'),(11,'11','2024-11-19 05:27:02',NULL,'1'),(12,'12','2024-11-19 05:27:02',NULL,'1'),(13,'13','2024-11-19 05:27:02',NULL,'1'),(14,'14','2024-11-19 05:27:02',NULL,'1'),(15,'15','2024-11-19 05:27:02',NULL,'1'),(16,'16','2024-11-19 05:27:02',NULL,'1'),(17,'17','2024-11-19 05:27:02',NULL,'1'),(18,'18','2024-11-19 05:27:02',NULL,'1'),(19,'19','2024-11-19 05:27:02',NULL,'1'),(20,'20','2024-11-19 05:27:02',NULL,'1');


