--
-- Host: localhost    Database: cargaHoraria
-- ------------------------------------------------------


--
-- Table structure for table `building_programs`
--

CREATE TABLE `building_programs` (
  `id` int NOT NULL AUTO_INCREMENT,
  `area` varchar(255) CHARACTER SET utf8mb4 COLLATE utf8mb4_spanish_ci DEFAULT NULL,
  `planta_alta` tinyint(1) NOT NULL DEFAULT '0',
  `planta_baja` tinyint(1) NOT NULL DEFAULT '0',
  `fyh_creacion` datetime DEFAULT NULL,
  `fyh_actualizacion` datetime DEFAULT NULL,
  `building_name` varchar(255) CHARACTER SET utf8mb4 COLLATE utf8mb4_spanish_ci DEFAULT NULL,
  PRIMARY KEY (`id`),
  KEY `area` (`area`),
  CONSTRAINT `building_programs_ibfk_2` FOREIGN KEY (`area`) REFERENCES `programs` (`area`) ON DELETE CASCADE ON UPDATE CASCADE
) ENGINE=InnoDB AUTO_INCREMENT=29 DEFAULT CHARSET=utf8mb4 COLLATE=utf8mb4_spanish_ci;

--
-- Dumping data for table `building_programs`
--

INSERT INTO `building_programs` VALUES (1,'MTI',1,1,NULL,NULL,'EDIFICIO-A'),(2,'DMI',1,1,NULL,NULL,'EDIFICIO-A'),(3,'AFC',1,1,NULL,NULL,'EDIFICIO-A'),(4,'ENF',1,1,NULL,NULL,'EDIFICIO-A'),(5,'QMBT',1,1,NULL,NULL,'EDIFICIO-B'),(6,'DMI',1,1,NULL,NULL,'EDIFICIO-B'),(7,'MAI',1,1,NULL,NULL,'EDIFICIO-B'),(8,'MEC',1,1,NULL,NULL,'EDIFICIO-B'),(9,'GST',1,1,NULL,NULL,'EDIFICIO-B'),(10,'ERV',0,1,NULL,NULL,'EDIFICIO-C'),(11,'DMI',0,1,NULL,NULL,'EDIFICIO-C'),(12,'MAI',0,1,NULL,NULL,'EDIFICIO-C'),(13,'MEC',0,1,NULL,NULL,'EDIFICIO-C'),(14,'AFC',0,1,NULL,NULL,'EDIFICIO-C'),(15,'QMBT',0,1,NULL,NULL,'EDIFICIO-C'),(16,'GST',1,1,NULL,NULL,'EDIFICIO-D'),(17,'MAI',1,1,NULL,NULL,'EDIFICIO-D'),(18,'MEC',1,1,NULL,NULL,'EDIFICIO-D'),(19,'ENF',1,1,NULL,NULL,'EDIFICIO-D'),(20,'ERV',1,0,NULL,NULL,'EDIFICIO-E'),(21,'MAI',1,0,NULL,NULL,'EDIFICIO-P1'),(22,'MEC',1,0,NULL,NULL,'EDIFICIO-P1'),(23,'ERV',1,0,NULL,NULL,'EDIFICIO-P1'),(24,'DMI',1,0,NULL,NULL,'EDIFICIO-P1'),(25,'QMBT',1,0,NULL,NULL,'EDIFICIO-P1'),(26,NULL,0,1,'2025-01-06 17:26:16',NULL,'Zinapécuaro'),(27,'GST',0,1,'2025-01-06 17:26:16',NULL,'Zinapécuaro'),(28,'GST',0,1,'2025-01-06 17:26:16',NULL,'Zinapécuaro');

--
-- Table structure for table `calendario_escolar`
--

CREATE TABLE `calendario_escolar` (
  `id` int NOT NULL AUTO_INCREMENT,
  `nombre_cuatrimestre` varchar(100) CHARACTER SET utf8mb4 COLLATE utf8mb4_spanish_ci NOT NULL,
  `fecha_inicio` date NOT NULL,
  `fecha_fin` date NOT NULL,
  `estado` enum('ACTIVO','INACTIVO') CHARACTER SET utf8mb4 COLLATE utf8mb4_spanish_ci DEFAULT 'ACTIVO',
  `fyh_creacion` datetime DEFAULT CURRENT_TIMESTAMP,
  `fyh_actualizacion` datetime DEFAULT CURRENT_TIMESTAMP ON UPDATE CURRENT_TIMESTAMP,
  PRIMARY KEY (`id`)
) ENGINE=InnoDB DEFAULT CHARSET=utf8mb4 COLLATE=utf8mb4_spanish_ci;

--
-- Dumping data for table `calendario_escolar`
--


--
-- Table structure for table `classroom_states`
--

CREATE TABLE `classroom_states` (
  `state_id` int NOT NULL AUTO_INCREMENT,
  `classroom_id` int NOT NULL,
  `state` enum('good-condition','medium-condition','bad-condition') CHARACTER SET utf8mb4 COLLATE utf8mb4_spanish_ci NOT NULL DEFAULT 'good-condition',
  `description` varchar(255) CHARACTER SET utf8mb4 COLLATE utf8mb4_spanish_ci DEFAULT NULL,
  `created_at` datetime DEFAULT CURRENT_TIMESTAMP,
  `updated_at` datetime DEFAULT CURRENT_TIMESTAMP ON UPDATE CURRENT_TIMESTAMP,
  PRIMARY KEY (`state_id`)
) ENGINE=InnoDB DEFAULT CHARSET=utf8mb4 COLLATE=utf8mb4_spanish_ci;

--
-- Dumping data for table `classroom_states`
--


--
-- Table structure for table `classrooms`
--

CREATE TABLE `classrooms` (
  `classroom_id` int NOT NULL AUTO_INCREMENT,
  `classroom_name` varchar(50) CHARACTER SET utf8mb4 COLLATE utf8mb4_spanish_ci NOT NULL,
  `capacity` int NOT NULL,
  `building` varchar(100) CHARACTER SET utf8mb4 COLLATE utf8mb4_spanish_ci NOT NULL,
  `floor` enum('ALTA','BAJA') CHARACTER SET utf8mb4 COLLATE utf8mb4_spanish_ci NOT NULL,
  `fyh_creacion` datetime DEFAULT NULL,
  `fyh_actualizacion` datetime DEFAULT NULL,
  `estado` varchar(11) CHARACTER SET utf8mb4 COLLATE utf8mb4_spanish_ci DEFAULT NULL,
  PRIMARY KEY (`classroom_id`)
) ENGINE=InnoDB AUTO_INCREMENT=69 DEFAULT CHARSET=utf8mb4 COLLATE=utf8mb4_spanish_ci;

--
-- Dumping data for table `classrooms`
--

INSERT INTO `classrooms` VALUES (1,'1',38,'EDIFICIO-A','BAJA','2024-11-19 05:27:03','2024-11-19 05:27:03','ACTIVO'),(2,'2',38,'EDIFICIO-A','BAJA','2024-11-19 05:27:03','2024-11-19 05:27:03','ACTIVO'),(3,'3',38,'EDIFICIO-A','BAJA','2024-11-19 05:27:03','2024-11-19 05:27:03','ACTIVO'),(4,'4',38,'EDIFICIO-A','BAJA','2024-11-19 05:27:03','2024-11-19 05:27:03','ACTIVO'),(5,'5',38,'EDIFICIO-A','BAJA','2024-11-19 05:27:03','2024-11-19 05:27:03','ACTIVO'),(6,'6',38,'EDIFICIO-A','BAJA','2024-11-19 05:27:03','2024-11-19 05:27:03','ACTIVO'),(7,'7',38,'EDIFICIO-A','BAJA','2024-11-19 05:27:03','2024-11-19 05:27:03','ACTIVO'),(8,'8',38,'EDIFICIO-A','BAJA','2024-11-19 05:27:03','2024-11-19 05:27:03','ACTIVO'),(9,'9',38,'EDIFICIO-A','BAJA','2024-11-19 05:27:03','2024-11-19 05:27:03','ACTIVO'),(10,'10',38,'EDIFICIO-A','ALTA','2024-11-19 05:27:03','2024-11-19 05:27:03','ACTIVO'),(11,'11',38,'EDIFICIO-A','ALTA','2024-11-19 05:27:03','2024-11-19 05:27:03','ACTIVO'),(12,'12',38,'EDIFICIO-A','ALTA','2024-11-19 05:27:03','2024-11-19 05:27:03','ACTIVO'),(13,'13',38,'EDIFICIO-A','ALTA','2024-11-19 05:27:03','2024-11-19 05:27:03','ACTIVO'),(14,'14',38,'EDIFICIO-A','ALTA','2024-11-19 05:27:03','2024-11-19 05:27:03','ACTIVO'),(15,'15',30,'EDIFICIO-A','ALTA','2024-11-19 05:27:03','2024-11-19 05:27:03','ACTIVO'),(16,'16',30,'EDIFICIO-A','ALTA','2024-11-19 05:27:03','2024-11-19 05:27:03','ACTIVO'),(17,'17',30,'EDIFICIO-A','ALTA','2024-11-19 05:27:03','2024-11-19 05:27:03','ACTIVO'),(18,'M',38,'EDIFICIO-A','ALTA','2024-11-19 05:27:03','2024-11-19 05:27:03','ACTIVO'),(19,'1',30,'EDIFICIO-B','BAJA','2024-11-19 05:27:03','2024-11-19 05:27:03','ACTIVO'),(20,'2',30,'EDIFICIO-B','BAJA','2024-11-19 05:27:03','2024-11-19 05:27:03','ACTIVO'),(21,'3',30,'EDIFICIO-B','BAJA','2024-11-19 05:27:03','2024-11-19 05:27:03','ACTIVO'),(22,'4',30,'EDIFICIO-B','BAJA','2024-11-19 05:27:03','2024-11-19 05:27:03','ACTIVO'),(23,'5',30,'EDIFICIO-B','BAJA','2024-11-19 05:27:03','2024-11-19 05:27:03','ACTIVO'),(24,'6',30,'EDIFICIO-B','BAJA','2024-11-19 05:27:03','2024-11-19 05:27:03','ACTIVO'),(25,'7',30,'EDIFICIO-B','BAJA','2024-11-19 05:27:03','2024-11-19 05:27:03','ACTIVO'),(26,'8',30,'EDIFICIO-B','ALTA','2024-11-19 05:27:03','2024-11-19 05:27:03','ACTIVO'),(27,'9',30,'EDIFICIO-B','ALTA','2024-11-19 05:27:03','2024-11-19 05:27:03','ACTIVO'),(28,'10',30,'EDIFICIO-B','ALTA','2024-11-19 05:27:03','2024-11-19 05:27:03','ACTIVO'),(29,'11',30,'EDIFICIO-B','ALTA','2024-11-19 05:27:03','2024-11-19 05:27:03','ACTIVO'),(30,'12',30,'EDIFICIO-B','ALTA','2024-11-19 05:27:03','2024-11-19 05:27:03','ACTIVO'),(31,'13',30,'EDIFICIO-B','ALTA','2024-11-19 05:27:03','2024-11-19 05:27:03','ACTIVO'),(32,'14',30,'EDIFICIO-B','ALTA','2024-11-19 05:27:03','2024-11-19 05:27:03','ACTIVO'),(33,'15',30,'EDIFICIO-B','ALTA','2024-11-19 05:27:03','2024-11-19 05:27:03','ACTIVO'),(34,'16',25,'EDIFICIO-B','ALTA','2024-11-19 05:27:03','2024-11-19 05:27:03','ACTIVO'),(35,'1',25,'EDIFICIO-C','BAJA','2024-11-19 05:27:03','2024-11-19 05:27:03','ACTIVO'),(36,'2',25,'EDIFICIO-C','BAJA','2024-11-19 05:27:03','2024-11-19 05:27:03','ACTIVO'),(37,'3',25,'EDIFICIO-C','BAJA','2024-11-19 05:27:03','2024-11-19 05:27:03','ACTIVO'),(38,'4',25,'EDIFICIO-C','BAJA','2024-11-19 05:27:03','2024-11-19 05:27:03','ACTIVO'),(39,'5',30,'EDIFICIO-C','BAJA','2024-11-19 05:27:03','2024-11-19 05:27:03','ACTIVO'),(40,'6',30,'EDIFICIO-C','BAJA','2024-11-19 05:27:03','2024-11-19 05:27:03','ACTIVO'),(41,'7',20,'EDIFICIO-C','BAJA','2024-11-19 05:27:03','2024-11-19 05:27:03','ACTIVO'),(42,'8',20,'EDIFICIO-C','BAJA','2024-11-19 05:27:03','2024-11-19 05:27:03','ACTIVO'),(43,'1',30,'EDIFICIO-D','BAJA','2024-11-19 05:27:03','2024-11-19 05:27:03','ACTIVO'),(44,'2',30,'EDIFICIO-D','BAJA','2024-11-19 05:27:03','2024-11-19 05:27:03','ACTIVO'),(45,'3',40,'EDIFICIO-D','BAJA','2024-11-19 05:27:03','2024-11-19 05:27:03','ACTIVO'),(46,'4',40,'EDIFICIO-D','BAJA','2024-11-19 05:27:03','2024-11-19 05:27:03','ACTIVO'),(47,'5',40,'EDIFICIO-D','BAJA','2024-11-19 05:27:03','2024-11-19 05:27:03','ACTIVO'),(48,'6',40,'EDIFICIO-D','BAJA','2024-11-19 05:27:03','2024-11-19 05:27:03','ACTIVO'),(49,'7',40,'EDIFICIO-D','BAJA','2024-11-19 05:27:03','2024-11-19 05:27:03','ACTIVO'),(50,'8',40,'EDIFICIO-D','BAJA','2024-11-19 05:27:03','2024-11-19 05:27:03','ACTIVO'),(51,'9',40,'EDIFICIO-D','BAJA','2024-11-19 05:27:03','2024-11-19 05:27:03','ACTIVO'),(52,'10',40,'EDIFICIO-D','ALTA','2024-11-19 05:27:03','2024-11-19 05:27:03','ACTIVO'),(53,'11',40,'EDIFICIO-D','ALTA','2024-11-19 05:27:03','2024-11-19 05:27:03','ACTIVO'),(54,'12',40,'EDIFICIO-D','ALTA','2024-11-19 05:27:03','2024-11-19 05:27:03','ACTIVO'),(55,'13',40,'EDIFICIO-D','ALTA','2024-11-19 05:27:03','2024-11-19 05:27:03','ACTIVO'),(56,'14',40,'EDIFICIO-D','ALTA','2024-11-19 05:27:03','2024-11-19 05:27:03','ACTIVO'),(57,'15',40,'EDIFICIO-D','ALTA','2024-11-19 05:27:03','2024-11-19 05:27:03','ACTIVO'),(58,'16',40,'EDIFICIO-D','ALTA','2024-11-19 05:27:03','2024-11-19 05:27:03','ACTIVO'),(59,'1',30,'EDIFICIO-E','ALTA','2024-11-19 05:27:03','2024-11-19 05:27:03','ACTIVO'),(60,'2',30,'EDIFICIO-E','ALTA','2024-11-19 05:27:03','2024-11-19 05:27:03','ACTIVO'),(61,'3',30,'EDIFICIO-E','ALTA','2024-11-19 05:27:03','2024-11-19 05:27:03','ACTIVO'),(62,'16',40,'P1','ALTA','2024-11-19 05:27:03','2024-11-19 05:27:03','ACTIVO'),(63,'17',40,'P1','ALTA','2024-11-19 05:27:03','2024-11-19 05:27:03','ACTIVO'),(64,'Zinapécuaro 1',50,'Zinapécuaro','BAJA','2025-01-06 17:27:27',NULL,'ACTIVO'),(65,'Zinapécuaro 2',50,'Zinapécuaro','BAJA','2025-01-06 17:27:43',NULL,'ACTIVO'),(66,'Zinapécuaro 3',50,'Zinapécuaro','BAJA','2025-01-06 17:28:02',NULL,'ACTIVO'),(67,'Zinapécuaro 4',50,'Zinapécuaro','BAJA','2025-01-06 17:28:10',NULL,'ACTIVO'),(68,'Zinapécuaro 5',50,'Zinapécuaro','BAJA','2025-01-10 10:17:54',NULL,'ACTIVO');

--
-- Table structure for table `configuracion_instituciones`
--

CREATE TABLE `configuracion_instituciones` (
  `id_config_institucion` int NOT NULL AUTO_INCREMENT,
  `nombre_institucion` varchar(255) CHARACTER SET utf8mb4 COLLATE utf8mb4_spanish_ci NOT NULL,
  `logo` varchar(255) CHARACTER SET utf8mb4 COLLATE utf8mb4_spanish_ci DEFAULT NULL,
  `direccion` varchar(255) CHARACTER SET utf8mb4 COLLATE utf8mb4_spanish_ci NOT NULL,
  `telefono` varchar(100) CHARACTER SET utf8mb4 COLLATE utf8mb4_spanish_ci DEFAULT NULL,
  `celular` varchar(100) CHARACTER SET utf8mb4 COLLATE utf8mb4_spanish_ci DEFAULT NULL,
  `correo` varchar(100) CHARACTER SET utf8mb4 COLLATE utf8mb4_spanish_ci DEFAULT NULL,
  `fyh_creacion` datetime DEFAULT NULL,
  `fyh_actualizacion` datetime DEFAULT NULL,
  `estado` varchar(11) CHARACTER SET utf8mb4 COLLATE utf8mb4_spanish_ci DEFAULT NULL,
  PRIMARY KEY (`id_config_institucion`)
) ENGINE=InnoDB AUTO_INCREMENT=2 DEFAULT CHARSET=utf8mb4 COLLATE=utf8mb4_spanish_ci;

--
-- Dumping data for table `configuracion_instituciones`
--

INSERT INTO `configuracion_instituciones` VALUES (1,'Universidad Tecnológica de Morelia','https://ut-morelia.edu.mx/wp-content/uploads/2022/05/Logo-UTM-Claro.png','Av. Vicepresidente Pino Suarez No. 750, Col. Ciudad Industrial, C.P. 58200, Morelia, Michoacán','4431135900','524431135900','informacion@ut-morelia.edu.mx','2023-12-28 20:29:10',NULL,'1');

--
-- Table structure for table `educational_levels`
--

CREATE TABLE `educational_levels` (
  `level_id` int NOT NULL AUTO_INCREMENT,
  `level_name` varchar(255) CHARACTER SET utf8mb4 COLLATE utf8mb4_spanish_ci NOT NULL,
  `group_id` int DEFAULT NULL,
  PRIMARY KEY (`level_id`),
  KEY `group_id` (`group_id`),
  CONSTRAINT `educational_levels_ibfk_1` FOREIGN KEY (`group_id`) REFERENCES `groups` (`group_id`) ON DELETE CASCADE
) ENGINE=InnoDB AUTO_INCREMENT=1121 DEFAULT CHARSET=utf8mb4 COLLATE=utf8mb4_spanish_ci;

--
-- Dumping data for table `educational_levels`
--

INSERT INTO `educational_levels` VALUES (1,'TSU',NULL),(2,'LICENCIATURA',NULL),(3,'MAESTRÍA',NULL),(1043,'TSU',1053),(1044,'TSU',1054),(1045,'TSU',1055),(1046,'TSU',1056),(1047,'TSU',1057),(1048,'TSU',1058),(1049,'TSU',1059),(1050,'TSU',1060),(1051,'LIC/ING',1061),(1052,'LIC/ING',1062),(1053,'TSU',1063),(1054,'TSU',1064),(1055,'TSU',1065),(1058,'TSU',1068),(1059,'LIC/ING',1069),(1060,'LIC/ING',1070),(1061,'TSU',1071),(1062,'TSU',1072),(1063,'TSU',1073),(1064,'TSU',1074),(1065,'TSU',1075),(1066,'TSU',1076),(1067,'TSU',1077),(1068,'TSU',1078),(1069,'TSU',1079),(1070,'TSU',1080),(1071,'TSU',1081),(1072,'TSU',1082),(1073,'TSU',1083),(1074,'TSU',1084),(1075,'TSU',1085),(1076,'TSU',1086),(1077,'TSU',1087),(1078,'LIC/ING',1088),(1079,'LIC/ING',1089),(1080,'LIC/ING',1090),(1081,'LIC/ING',1091),(1082,'LIC/ING',1092),(1083,'LIC/ING',1093),(1084,'TSU',1094),(1085,'TSU',1095),(1086,'LIC/ING',1096),(1087,'LIC/ING',1097),(1088,'TSU',1098),(1089,'TSU',1099),(1090,'TSU',1100),(1091,'LIC/ING',1101),(1092,'LIC/ING',1102),(1093,'LIC/ING',1103),(1094,'TSU',1104),(1095,'TSU',1105),(1096,'TSU',1106),(1097,'TSU',1107),(1098,'TSU',1108),(1099,'LIC/ING',1109),(1100,'LIC/ING',1110),(1101,'LIC/ING',1111),(1102,'LIC/ING',1112),(1103,'LIC/ING',1113),(1104,'TSU',1114),(1105,'TSU',1115),(1106,'TSU',1116),(1107,'TSU',1117),(1108,'MTRIA',1118),(1109,'TSU',1119),(1110,'MTRIA',1120),(1111,'TSU',1121),(1112,'TSU',1122),(1113,'TSU',1123),(1114,'LIC/ING',1124),(1115,'LIC/ING',1125),(1116,'LIC/ING',1126),(1117,'LIC/ING',1127),(1118,'LIC/ING',1128),(1119,'LIC/ING',1129),(1120,'TSU',1132);

--
-- Table structure for table `group_schedule_teacher`
--

CREATE TABLE `group_schedule_teacher` (
  `group_schedule_teacher_id` int NOT NULL AUTO_INCREMENT,
  `schedule_id` int NOT NULL,
  `teacher_id` int NOT NULL,
  `subject_id` int NOT NULL,
  `fyh_creacion` datetime DEFAULT CURRENT_TIMESTAMP,
  `fyh_actualizacion` datetime DEFAULT NULL ON UPDATE CURRENT_TIMESTAMP,
  `estado` varchar(11) CHARACTER SET utf8mb4 COLLATE utf8mb4_spanish_ci DEFAULT '1',
  PRIMARY KEY (`group_schedule_teacher_id`),
  KEY `schedule_id` (`schedule_id`),
  KEY `teacher_id` (`teacher_id`),
  KEY `subject_id` (`subject_id`),
  CONSTRAINT `group_schedule_teacher_ibfk_1` FOREIGN KEY (`schedule_id`) REFERENCES `schedules` (`schedule_id`) ON DELETE CASCADE,
  CONSTRAINT `group_schedule_teacher_ibfk_2` FOREIGN KEY (`teacher_id`) REFERENCES `teachers` (`teacher_id`) ON DELETE CASCADE,
  CONSTRAINT `group_schedule_teacher_ibfk_3` FOREIGN KEY (`subject_id`) REFERENCES `subjects` (`subject_id`) ON DELETE CASCADE
) ENGINE=InnoDB DEFAULT CHARSET=utf8mb4 COLLATE=utf8mb4_spanish_ci;

--
-- Dumping data for table `group_schedule_teacher`
--


--
-- Table structure for table `group_subjects`
--

CREATE TABLE `group_subjects` (
  `group_subject_id` int NOT NULL AUTO_INCREMENT,
  `group_id` int NOT NULL,
  `subject_id` int NOT NULL,
  `fyh_creacion` datetime DEFAULT CURRENT_TIMESTAMP,
  `fyh_actualizacion` datetime DEFAULT NULL ON UPDATE CURRENT_TIMESTAMP,
  `estado` varchar(11) CHARACTER SET utf8mb4 COLLATE utf8mb4_spanish_ci DEFAULT '1',
  PRIMARY KEY (`group_subject_id`),
  KEY `group_id` (`group_id`),
  KEY `subject_id` (`subject_id`),
  CONSTRAINT `group_subjects_ibfk_1` FOREIGN KEY (`group_id`) REFERENCES `groups` (`group_id`) ON DELETE CASCADE ON UPDATE CASCADE,
  CONSTRAINT `group_subjects_ibfk_2` FOREIGN KEY (`subject_id`) REFERENCES `subjects` (`subject_id`) ON DELETE CASCADE ON UPDATE CASCADE
) ENGINE=InnoDB AUTO_INCREMENT=2571 DEFAULT CHARSET=utf8mb4 COLLATE=utf8mb4_spanish_ci;

--
-- Dumping data for table `group_subjects`
--

INSERT INTO `group_subjects` VALUES (2175,1053,1649,'2025-04-08 21:15:05',NULL,'1'),(2176,1053,1651,'2025-04-08 21:15:05',NULL,'1'),(2177,1053,1756,'2025-04-08 21:15:05',NULL,'1'),(2178,1053,1758,'2025-04-08 21:15:05',NULL,'1'),(2179,1053,1759,'2025-04-08 21:15:05',NULL,'1'),(2180,1053,1760,'2025-04-08 21:15:05',NULL,'1'),(2181,1053,1761,'2025-04-08 21:15:05',NULL,'1'),(2182,1055,1672,'2025-04-08 21:15:05',NULL,'1'),(2183,1055,1770,'2025-04-08 21:15:05',NULL,'1'),(2184,1055,1771,'2025-04-08 21:15:05',NULL,'1'),(2185,1055,1772,'2025-04-08 21:15:05',NULL,'1'),(2186,1055,1773,'2025-04-08 21:15:05',NULL,'1'),(2187,1055,1810,'2025-04-08 21:15:05',NULL,'1'),(2188,1055,1811,'2025-04-08 21:15:05',NULL,'1'),(2189,1056,1672,'2025-04-08 21:15:05',NULL,'1'),(2190,1056,1770,'2025-04-08 21:15:05',NULL,'1'),(2191,1056,1771,'2025-04-08 21:15:05',NULL,'1'),(2192,1056,1772,'2025-04-08 21:15:05',NULL,'1'),(2193,1056,1773,'2025-04-08 21:15:05',NULL,'1'),(2194,1056,1810,'2025-04-08 21:15:05',NULL,'1'),(2195,1056,1811,'2025-04-08 21:15:05',NULL,'1'),(2196,1057,1672,'2025-04-08 21:15:05',NULL,'1'),(2197,1057,1770,'2025-04-08 21:15:05',NULL,'1'),(2198,1057,1771,'2025-04-08 21:15:05',NULL,'1'),(2199,1057,1772,'2025-04-08 21:15:05',NULL,'1'),(2200,1057,1773,'2025-04-08 21:15:05',NULL,'1'),(2201,1057,1810,'2025-04-08 21:15:05',NULL,'1'),(2202,1057,1811,'2025-04-08 21:15:05',NULL,'1'),(2203,1058,1679,'2025-04-08 21:15:05',NULL,'1'),(2204,1058,1680,'2025-04-08 21:15:05',NULL,'1'),(2205,1058,1885,'2025-04-08 21:15:05',NULL,'1'),(2206,1058,1886,'2025-04-08 21:15:05',NULL,'1'),(2207,1058,1887,'2025-04-08 21:15:05',NULL,'1'),(2208,1058,1889,'2025-04-08 21:15:05',NULL,'1'),(2209,1058,1891,'2025-04-08 21:15:05',NULL,'1'),(2210,1061,1684,'2025-04-08 21:15:06',NULL,'1'),(2211,1061,2064,'2025-04-08 21:15:06',NULL,'1'),(2212,1061,2065,'2025-04-08 21:15:06',NULL,'1'),(2213,1061,2066,'2025-04-08 21:15:06',NULL,'1'),(2214,1061,2068,'2025-04-08 21:15:06',NULL,'1'),(2215,1061,2069,'2025-04-08 21:15:06',NULL,'1'),(2216,1061,2070,'2025-04-08 21:15:06',NULL,'1'),(2217,1062,1684,'2025-04-08 21:15:06',NULL,'1'),(2218,1062,2064,'2025-04-08 21:15:06',NULL,'1'),(2219,1062,2065,'2025-04-08 21:15:06',NULL,'1'),(2220,1062,2066,'2025-04-08 21:15:06',NULL,'1'),(2221,1062,2068,'2025-04-08 21:15:06',NULL,'1'),(2222,1062,2069,'2025-04-08 21:15:06',NULL,'1'),(2223,1062,2070,'2025-04-08 21:15:06',NULL,'1'),(2238,1069,1741,'2025-04-08 21:15:06',NULL,'1'),(2239,1069,1747,'2025-04-08 21:15:06',NULL,'1'),(2240,1069,2079,'2025-04-08 21:15:06',NULL,'1'),(2241,1069,2080,'2025-04-08 21:15:06',NULL,'1'),(2242,1069,2081,'2025-04-08 21:15:06',NULL,'1'),(2243,1069,2082,'2025-04-08 21:15:06',NULL,'1'),(2244,1070,1741,'2025-04-08 21:15:06',NULL,'1'),(2245,1070,1747,'2025-04-08 21:15:06',NULL,'1'),(2246,1070,2079,'2025-04-08 21:15:07',NULL,'1'),(2247,1070,2080,'2025-04-08 21:15:07',NULL,'1'),(2248,1070,2081,'2025-04-08 21:15:07',NULL,'1'),(2249,1070,2082,'2025-04-08 21:15:07',NULL,'1'),(2250,1072,1721,'2025-04-08 21:15:07',NULL,'1'),(2251,1072,1722,'2025-04-08 21:15:07',NULL,'1'),(2252,1072,1723,'2025-04-08 21:15:07',NULL,'1'),(2253,1072,1724,'2025-04-08 21:15:07',NULL,'1'),(2254,1072,1725,'2025-04-08 21:15:07',NULL,'1'),(2255,1072,1726,'2025-04-08 21:15:07',NULL,'1'),(2256,1072,1757,'2025-04-08 21:15:07',NULL,'1'),(2257,1073,1762,'2025-04-08 21:15:07',NULL,'1'),(2258,1073,1783,'2025-04-08 21:15:07',NULL,'1'),(2259,1073,1784,'2025-04-08 21:15:07',NULL,'1'),(2260,1073,1785,'2025-04-08 21:15:07',NULL,'1'),(2261,1073,1786,'2025-04-08 21:15:07',NULL,'1'),(2262,1073,1787,'2025-04-08 21:15:07',NULL,'1'),(2263,1073,1788,'2025-04-08 21:15:07',NULL,'1'),(2264,1074,1762,'2025-04-08 21:15:07',NULL,'1'),(2265,1074,1783,'2025-04-08 21:15:07',NULL,'1'),(2266,1074,1784,'2025-04-08 21:15:07',NULL,'1'),(2267,1074,1785,'2025-04-08 21:15:07',NULL,'1'),(2268,1074,1786,'2025-04-08 21:15:07',NULL,'1'),(2269,1074,1787,'2025-04-08 21:15:07',NULL,'1'),(2270,1074,1788,'2025-04-08 21:15:07',NULL,'1'),(2271,1075,1762,'2025-04-08 21:15:07',NULL,'1'),(2272,1075,1783,'2025-04-08 21:15:07',NULL,'1'),(2273,1075,1784,'2025-04-08 21:15:07',NULL,'1'),(2274,1075,1785,'2025-04-08 21:15:07',NULL,'1'),(2275,1075,1786,'2025-04-08 21:15:07',NULL,'1'),(2276,1075,1787,'2025-04-08 21:15:07',NULL,'1'),(2277,1075,1788,'2025-04-08 21:15:07',NULL,'1'),(2278,1076,1762,'2025-04-08 21:15:07',NULL,'1'),(2279,1076,1783,'2025-04-08 21:15:07',NULL,'1'),(2280,1076,1784,'2025-04-08 21:15:07',NULL,'1'),(2281,1076,1785,'2025-04-08 21:15:07',NULL,'1'),(2282,1076,1786,'2025-04-08 21:15:07',NULL,'1'),(2283,1076,1787,'2025-04-08 21:15:07',NULL,'1'),(2284,1076,1788,'2025-04-08 21:15:07',NULL,'1'),(2285,1077,1762,'2025-04-08 21:15:07',NULL,'1'),(2286,1077,1783,'2025-04-08 21:15:07',NULL,'1'),(2287,1077,1784,'2025-04-08 21:15:07',NULL,'1'),(2288,1077,1785,'2025-04-08 21:15:07',NULL,'1'),(2289,1077,1786,'2025-04-08 21:15:07',NULL,'1'),(2290,1077,1787,'2025-04-08 21:15:07',NULL,'1'),(2291,1077,1788,'2025-04-08 21:15:07',NULL,'1'),(2292,1078,1762,'2025-04-08 21:15:07',NULL,'1'),(2293,1078,1783,'2025-04-08 21:15:07',NULL,'1'),(2294,1078,1784,'2025-04-08 21:15:07',NULL,'1'),(2295,1078,1785,'2025-04-08 21:15:07',NULL,'1'),(2296,1078,1786,'2025-04-08 21:15:08',NULL,'1'),(2297,1078,1787,'2025-04-08 21:15:08',NULL,'1'),(2298,1078,1788,'2025-04-08 21:15:08',NULL,'1'),(2299,1079,1762,'2025-04-08 21:15:08',NULL,'1'),(2300,1079,1783,'2025-04-08 21:15:08',NULL,'1'),(2301,1079,1784,'2025-04-08 21:15:08',NULL,'1'),(2302,1079,1785,'2025-04-08 21:15:08',NULL,'1'),(2303,1079,1786,'2025-04-08 21:15:08',NULL,'1'),(2304,1079,1787,'2025-04-08 21:15:08',NULL,'1'),(2305,1079,1788,'2025-04-08 21:15:08',NULL,'1'),(2306,1080,1762,'2025-04-08 21:15:08',NULL,'1'),(2307,1080,1783,'2025-04-08 21:15:08',NULL,'1'),(2308,1080,1784,'2025-04-08 21:15:08',NULL,'1'),(2309,1080,1785,'2025-04-08 21:15:08',NULL,'1'),(2310,1080,1786,'2025-04-08 21:15:08',NULL,'1'),(2311,1080,1787,'2025-04-08 21:15:08',NULL,'1'),(2312,1080,1788,'2025-04-08 21:15:08',NULL,'1'),(2313,1081,1769,'2025-04-08 21:15:08',NULL,'1'),(2314,1081,1774,'2025-04-08 21:15:08',NULL,'1'),(2315,1081,1917,'2025-04-08 21:15:08',NULL,'1'),(2316,1081,1918,'2025-04-08 21:15:08',NULL,'1'),(2317,1081,1951,'2025-04-08 21:15:08',NULL,'1'),(2318,1081,1952,'2025-04-08 21:15:08',NULL,'1'),(2319,1081,1954,'2025-04-08 21:15:08',NULL,'1'),(2320,1081,1955,'2025-04-08 21:15:08',NULL,'1'),(2321,1088,2022,'2025-04-08 21:15:08',NULL,'1'),(2322,1088,2023,'2025-04-08 21:15:08',NULL,'1'),(2323,1088,2024,'2025-04-08 21:15:08',NULL,'1'),(2324,1088,2025,'2025-04-08 21:15:08',NULL,'1'),(2325,1088,2026,'2025-04-08 21:15:08',NULL,'1'),(2326,1089,2071,'2025-04-08 21:15:08',NULL,'1'),(2327,1089,2072,'2025-04-08 21:15:08',NULL,'1'),(2328,1089,2073,'2025-04-08 21:15:08',NULL,'1'),(2329,1089,2074,'2025-04-08 21:15:08',NULL,'1'),(2330,1089,2075,'2025-04-08 21:15:08',NULL,'1'),(2331,1089,2076,'2025-04-08 21:15:08',NULL,'1'),(2332,1090,2071,'2025-04-08 21:15:08',NULL,'1'),(2333,1090,2072,'2025-04-08 21:15:08',NULL,'1'),(2334,1090,2073,'2025-04-08 21:15:08',NULL,'1'),(2335,1090,2074,'2025-04-08 21:15:08',NULL,'1'),(2336,1090,2075,'2025-04-08 21:15:08',NULL,'1'),(2337,1090,2076,'2025-04-08 21:15:08',NULL,'1'),(2338,1091,2071,'2025-04-08 21:15:09',NULL,'1'),(2339,1091,2072,'2025-04-08 21:15:09',NULL,'1'),(2340,1091,2073,'2025-04-08 21:15:09',NULL,'1'),(2341,1091,2074,'2025-04-08 21:15:09',NULL,'1'),(2342,1091,2075,'2025-04-08 21:15:09',NULL,'1'),(2343,1091,2076,'2025-04-08 21:15:09',NULL,'1'),(2344,1092,2071,'2025-04-08 21:15:09',NULL,'1'),(2345,1092,2072,'2025-04-08 21:15:09',NULL,'1'),(2346,1092,2073,'2025-04-08 21:15:09',NULL,'1'),(2347,1092,2074,'2025-04-08 21:15:09',NULL,'1'),(2348,1092,2075,'2025-04-08 21:15:09',NULL,'1'),(2349,1092,2076,'2025-04-08 21:15:09',NULL,'1'),(2350,1093,2071,'2025-04-08 21:15:09',NULL,'1'),(2351,1093,2072,'2025-04-08 21:15:09',NULL,'1'),(2352,1093,2073,'2025-04-08 21:15:09',NULL,'1'),(2353,1093,2074,'2025-04-08 21:15:09',NULL,'1'),(2354,1093,2075,'2025-04-08 21:15:09',NULL,'1'),(2355,1093,2076,'2025-04-08 21:15:09',NULL,'1'),(2363,1095,1807,'2025-04-08 21:15:09',NULL,'1'),(2364,1095,1821,'2025-04-08 21:15:09',NULL,'1'),(2365,1095,1831,'2025-04-08 21:15:09',NULL,'1'),(2366,1095,1839,'2025-04-08 21:15:09',NULL,'1'),(2367,1095,1920,'2025-04-08 21:15:09',NULL,'1'),(2368,1095,1923,'2025-04-08 21:15:09',NULL,'1'),(2369,1095,1924,'2025-04-08 21:15:09',NULL,'1'),(2370,1095,1926,'2025-04-08 21:15:09',NULL,'1'),(2371,1095,1927,'2025-04-08 21:15:09',NULL,'1'),(2372,1096,2089,'2025-04-08 21:15:09',NULL,'1'),(2373,1096,2090,'2025-04-08 21:15:09',NULL,'1'),(2374,1096,2091,'2025-04-08 21:15:09',NULL,'1'),(2375,1096,2092,'2025-04-08 21:15:09',NULL,'1'),(2376,1096,2093,'2025-04-08 21:15:09',NULL,'1'),(2377,1098,1797,'2025-04-08 21:15:09',NULL,'1'),(2378,1098,1798,'2025-04-08 21:15:09',NULL,'1'),(2379,1098,1800,'2025-04-08 21:15:09',NULL,'1'),(2380,1098,1802,'2025-04-08 21:15:09',NULL,'1'),(2381,1098,1881,'2025-04-08 21:15:09',NULL,'1'),(2382,1098,1882,'2025-04-08 21:15:09',NULL,'1'),(2383,1098,1888,'2025-04-08 21:15:09',NULL,'1'),(2384,1099,1797,'2025-04-08 21:15:09',NULL,'1'),(2385,1099,1798,'2025-04-08 21:15:09',NULL,'1'),(2386,1099,1800,'2025-04-08 21:15:09',NULL,'1'),(2387,1099,1802,'2025-04-08 21:15:09',NULL,'1'),(2388,1099,1881,'2025-04-08 21:15:09',NULL,'1'),(2389,1099,1882,'2025-04-08 21:15:09',NULL,'1'),(2390,1099,1888,'2025-04-08 21:15:10',NULL,'1'),(2391,1101,1922,'2025-04-08 21:15:10',NULL,'1'),(2392,1101,1925,'2025-04-08 21:15:10',NULL,'1'),(2393,1101,2046,'2025-04-08 21:15:10',NULL,'1'),(2394,1101,2048,'2025-04-08 21:15:10',NULL,'1'),(2395,1101,2049,'2025-04-08 21:15:10',NULL,'1'),(2396,1101,2050,'2025-04-08 21:15:10',NULL,'1'),(2403,1104,1764,'2025-04-08 21:15:10',NULL,'1'),(2404,1104,1765,'2025-04-08 21:15:10',NULL,'1'),(2405,1104,1766,'2025-04-08 21:15:10',NULL,'1'),(2406,1104,1767,'2025-04-08 21:15:10',NULL,'1'),(2407,1104,1768,'2025-04-08 21:15:10',NULL,'1'),(2408,1104,1949,'2025-04-08 21:15:10',NULL,'1'),(2409,1104,1953,'2025-04-08 21:15:10',NULL,'1'),(2410,1105,1764,'2025-04-08 21:15:10',NULL,'1'),(2411,1105,1765,'2025-04-08 21:15:10',NULL,'1'),(2412,1105,1766,'2025-04-08 21:15:10',NULL,'1'),(2413,1105,1767,'2025-04-08 21:15:10',NULL,'1'),(2414,1105,1768,'2025-04-08 21:15:10',NULL,'1'),(2415,1105,1949,'2025-04-08 21:15:10',NULL,'1'),(2416,1105,1953,'2025-04-08 21:15:10',NULL,'1'),(2417,1109,2006,'2025-04-08 21:15:10',NULL,'1'),(2418,1109,2011,'2025-04-08 21:15:10',NULL,'1'),(2419,1109,2012,'2025-04-08 21:15:10',NULL,'1'),(2420,1109,2013,'2025-04-08 21:15:10',NULL,'1'),(2421,1109,2014,'2025-04-08 21:15:10',NULL,'1'),(2422,1109,2015,'2025-04-08 21:15:10',NULL,'1'),(2423,1109,2016,'2025-04-08 21:15:10',NULL,'1'),(2424,1110,2010,'2025-04-08 21:15:10',NULL,'1'),(2425,1110,2057,'2025-04-08 21:15:10',NULL,'1'),(2426,1110,2058,'2025-04-08 21:15:10',NULL,'1'),(2427,1110,2059,'2025-04-08 21:15:10',NULL,'1'),(2428,1110,2061,'2025-04-08 21:15:10',NULL,'1'),(2429,1110,2062,'2025-04-08 21:15:10',NULL,'1'),(2430,1110,2063,'2025-04-08 21:15:10',NULL,'1'),(2431,1111,2010,'2025-04-08 21:15:11',NULL,'1'),(2432,1111,2057,'2025-04-08 21:15:11',NULL,'1'),(2433,1111,2058,'2025-04-08 21:15:11',NULL,'1'),(2434,1111,2059,'2025-04-08 21:15:11',NULL,'1'),(2435,1111,2061,'2025-04-08 21:15:11',NULL,'1'),(2436,1111,2062,'2025-04-08 21:15:11',NULL,'1'),(2437,1111,2063,'2025-04-08 21:15:11',NULL,'1'),(2438,1112,2010,'2025-04-08 21:15:11',NULL,'1'),(2439,1112,2057,'2025-04-08 21:15:11',NULL,'1'),(2440,1112,2058,'2025-04-08 21:15:11',NULL,'1'),(2441,1112,2059,'2025-04-08 21:15:11',NULL,'1'),(2442,1112,2061,'2025-04-08 21:15:11',NULL,'1'),(2443,1112,2062,'2025-04-08 21:15:11',NULL,'1'),(2444,1112,2063,'2025-04-08 21:15:11',NULL,'1'),(2445,1114,1805,'2025-04-08 21:15:11',NULL,'1'),(2446,1114,2027,'2025-04-08 21:15:11',NULL,'1'),(2447,1114,2028,'2025-04-08 21:15:11',NULL,'1'),(2448,1114,2043,'2025-04-08 21:15:11',NULL,'1'),(2449,1114,2045,'2025-04-08 21:15:11',NULL,'1'),(2450,1114,2047,'2025-04-08 21:15:11',NULL,'1'),(2451,1114,2051,'2025-04-08 21:15:11',NULL,'1'),(2452,1115,1808,'2025-04-08 21:15:11',NULL,'1'),(2453,1115,2033,'2025-04-08 21:15:11',NULL,'1'),(2454,1115,2034,'2025-04-08 21:15:11',NULL,'1'),(2455,1115,2035,'2025-04-08 21:15:11',NULL,'1'),(2456,1115,2036,'2025-04-08 21:15:11',NULL,'1'),(2457,1115,2037,'2025-04-08 21:15:11',NULL,'1'),(2458,1115,2053,'2025-04-08 21:15:11',NULL,'1'),(2459,1116,1808,'2025-04-08 21:15:11',NULL,'1'),(2460,1116,2033,'2025-04-08 21:15:11',NULL,'1'),(2461,1116,2034,'2025-04-08 21:15:11',NULL,'1'),(2462,1116,2035,'2025-04-08 21:15:11',NULL,'1'),(2463,1116,2036,'2025-04-08 21:15:11',NULL,'1'),(2464,1116,2037,'2025-04-08 21:15:11',NULL,'1'),(2465,1116,2053,'2025-04-08 21:15:11',NULL,'1'),(2466,1117,1808,'2025-04-08 21:15:11',NULL,'1'),(2467,1117,2033,'2025-04-08 21:15:11',NULL,'1'),(2468,1117,2034,'2025-04-08 21:15:11',NULL,'1'),(2469,1117,2035,'2025-04-08 21:15:11',NULL,'1'),(2470,1117,2036,'2025-04-08 21:15:11',NULL,'1'),(2471,1117,2037,'2025-04-08 21:15:11',NULL,'1'),(2472,1117,2053,'2025-04-08 21:15:11',NULL,'1'),(2473,1119,2040,'2025-04-08 21:15:12',NULL,'1'),(2474,1119,2083,'2025-04-08 21:15:12',NULL,'1'),(2475,1119,2084,'2025-04-08 21:15:12',NULL,'1'),(2476,1119,2085,'2025-04-08 21:15:12',NULL,'1'),(2477,1119,2086,'2025-04-08 21:15:12',NULL,'1'),(2478,1119,2088,'2025-04-08 21:15:12',NULL,'1'),(2479,1119,2097,'2025-04-08 21:15:12',NULL,'1'),(2480,1124,1754,'2025-04-08 21:15:12',NULL,'1'),(2481,1124,1804,'2025-04-08 21:15:12',NULL,'1'),(2482,1124,1806,'2025-04-08 21:15:12',NULL,'1'),(2483,1124,2105,'2025-04-08 21:15:12',NULL,'1'),(2484,1124,2155,'2025-04-08 21:15:12',NULL,'1'),(2485,1124,2158,'2025-04-08 21:15:12',NULL,'1'),(2486,1125,2149,'2025-04-08 21:15:12',NULL,'1'),(2487,1125,2154,'2025-04-08 21:15:12',NULL,'1'),(2488,1125,2156,'2025-04-08 21:15:12',NULL,'1'),(2489,1125,2159,'2025-04-08 21:15:12',NULL,'1'),(2490,1125,2167,'2025-04-08 21:15:12',NULL,'1'),(2491,1125,2168,'2025-04-08 21:15:12',NULL,'1'),(2492,1126,2149,'2025-04-08 21:15:12',NULL,'1'),(2493,1126,2154,'2025-04-08 21:15:12',NULL,'1'),(2494,1126,2156,'2025-04-08 21:15:12',NULL,'1'),(2495,1126,2159,'2025-04-08 21:15:12',NULL,'1'),(2496,1126,2167,'2025-04-08 21:15:12',NULL,'1'),(2497,1126,2168,'2025-04-08 21:15:12',NULL,'1'),(2498,1127,1865,'2025-04-08 21:15:12',NULL,'1'),(2499,1127,1866,'2025-04-08 21:15:12',NULL,'1'),(2500,1127,1867,'2025-04-08 21:15:12',NULL,'1'),(2501,1127,1868,'2025-04-08 21:15:12',NULL,'1'),(2502,1127,1938,'2025-04-08 21:15:12',NULL,'1'),(2503,1127,2157,'2025-04-08 21:15:12',NULL,'1'),(2504,1132,1790,'2025-04-09 21:21:15',NULL,'1'),(2505,1132,1791,'2025-04-09 21:21:15',NULL,'1'),(2506,1132,1792,'2025-04-09 21:21:15',NULL,'1'),(2507,1132,1793,'2025-04-09 21:21:15',NULL,'1'),(2508,1132,1794,'2025-04-09 21:21:15',NULL,'1'),(2509,1132,1799,'2025-04-09 21:21:15',NULL,'1'),(2510,1132,1801,'2025-04-09 21:21:15',NULL,'1'),(2511,1094,1790,'2025-04-09 21:22:17',NULL,'1'),(2512,1094,1791,'2025-04-09 21:22:17',NULL,'1'),(2513,1094,1792,'2025-04-09 21:22:17',NULL,'1'),(2514,1094,1793,'2025-04-09 21:22:17',NULL,'1'),(2515,1094,1794,'2025-04-09 21:22:17',NULL,'1'),(2516,1094,1799,'2025-04-09 21:22:17',NULL,'1'),(2517,1094,1801,'2025-04-09 21:22:17',NULL,'1'),(2537,1065,1709,'2025-04-09 22:19:38',NULL,'1'),(2538,1065,1776,'2025-04-09 22:19:38',NULL,'1'),(2539,1065,1777,'2025-04-09 22:19:38',NULL,'1'),(2540,1065,1778,'2025-04-09 22:19:38',NULL,'1'),(2541,1065,1779,'2025-04-09 22:19:38',NULL,'1'),(2542,1065,1780,'2025-04-09 22:19:38',NULL,'1'),(2543,1065,1781,'2025-04-09 22:19:38',NULL,'1'),(2544,1071,2175,'2025-04-09 22:53:36',NULL,'1'),(2545,1071,2176,'2025-04-09 22:53:36',NULL,'1'),(2546,1071,2177,'2025-04-09 22:53:36',NULL,'1'),(2547,1071,2178,'2025-04-09 22:53:36',NULL,'1'),(2548,1071,2179,'2025-04-09 22:53:36',NULL,'1'),(2549,1071,2180,'2025-04-09 22:53:36',NULL,'1'),(2550,1071,2181,'2025-04-09 22:53:36',NULL,'1'),(2551,1063,1686,'2025-04-09 23:25:15',NULL,'1'),(2552,1063,1687,'2025-04-09 23:25:15',NULL,'1'),(2553,1063,1727,'2025-04-09 23:25:15',NULL,'1'),(2554,1063,1728,'2025-04-09 23:25:15',NULL,'1'),(2555,1063,1729,'2025-04-09 23:25:15',NULL,'1'),(2556,1063,1731,'2025-04-09 23:25:15',NULL,'1'),(2557,1063,1732,'2025-04-09 23:25:15',NULL,'1'),(2558,1064,1686,'2025-04-09 23:25:35',NULL,'1'),(2559,1064,1687,'2025-04-09 23:25:35',NULL,'1'),(2560,1064,1727,'2025-04-09 23:25:35',NULL,'1'),(2561,1064,1728,'2025-04-09 23:25:35',NULL,'1'),(2562,1064,1729,'2025-04-09 23:25:35',NULL,'1'),(2563,1064,1731,'2025-04-09 23:25:35',NULL,'1'),(2564,1064,1732,'2025-04-09 23:25:35',NULL,'1'),(2565,1102,1930,'2025-04-09 23:59:43',NULL,'1'),(2566,1102,2094,'2025-04-09 23:59:43',NULL,'1'),(2567,1102,2095,'2025-04-09 23:59:43',NULL,'1'),(2568,1102,2096,'2025-04-09 23:59:43',NULL,'1'),(2569,1102,2098,'2025-04-09 23:59:43',NULL,'1'),(2570,1102,2099,'2025-04-09 23:59:43',NULL,'1');

--
-- Table structure for table `groups`
--

CREATE TABLE `groups` (
  `group_id` int NOT NULL AUTO_INCREMENT,
  `group_name` varchar(255) CHARACTER SET utf8mb4 COLLATE utf8mb4_spanish_ci NOT NULL,
  `program_id` int DEFAULT NULL,
  `area` varchar(255) CHARACTER SET utf8mb4 COLLATE utf8mb4_spanish_ci DEFAULT NULL,
  `term_id` int DEFAULT NULL,
  `volume` int DEFAULT NULL,
  `turn_id` int DEFAULT NULL,
  `classroom_assigned` int DEFAULT NULL,
  `lab_assigned` int DEFAULT NULL,
  `fyh_creacion` datetime DEFAULT NULL,
  `fyh_actualizacion` datetime DEFAULT NULL,
  `estado` varchar(11) CHARACTER SET utf8mb4 COLLATE utf8mb4_spanish_ci DEFAULT NULL,
  PRIMARY KEY (`group_id`),
  KEY `program_id` (`program_id`),
  KEY `area` (`area`),
  KEY `term_id` (`term_id`),
  KEY `turn_id` (`turn_id`),
  KEY `classroom_assigned` (`classroom_assigned`),
  KEY `lab_assigned` (`lab_assigned`),
  CONSTRAINT `groups_ibfk_1` FOREIGN KEY (`program_id`) REFERENCES `programs` (`program_id`),
  CONSTRAINT `groups_ibfk_2` FOREIGN KEY (`area`) REFERENCES `programs` (`area`) ON UPDATE CASCADE,
  CONSTRAINT `groups_ibfk_3` FOREIGN KEY (`term_id`) REFERENCES `terms` (`term_id`),
  CONSTRAINT `groups_ibfk_4` FOREIGN KEY (`turn_id`) REFERENCES `shifts` (`shift_id`),
  CONSTRAINT `groups_ibfk_5` FOREIGN KEY (`classroom_assigned`) REFERENCES `classrooms` (`classroom_id`),
  CONSTRAINT `groups_ibfk_6` FOREIGN KEY (`lab_assigned`) REFERENCES `labs` (`lab_id`)
) ENGINE=InnoDB AUTO_INCREMENT=1133 DEFAULT CHARSET=utf8mb4 COLLATE=utf8mb4_spanish_ci;

--
-- Dumping data for table `groups`
--

INSERT INTO `groups` VALUES (1053,'AF-3A',1,'AFC',3,10,1,NULL,NULL,'2025-04-08 21:15:05',NULL,'1'),(1054,'AFC-6A',2,'AFC',6,11,1,NULL,NULL,'2025-04-08 21:15:05',NULL,'1'),(1055,'DMIP-3A',4,'DMI',3,25,1,NULL,NULL,'2025-04-08 21:15:05',NULL,'1'),(1056,'DMIP-3B',4,'DMI',3,25,1,NULL,NULL,'2025-04-08 21:15:05',NULL,'1'),(1057,'DMIP-3C',4,'DMI',3,25,2,NULL,NULL,'2025-04-08 21:15:05',NULL,'1'),(1058,'DMI-5A',4,'DMI',5,12,2,NULL,NULL,'2025-04-08 21:15:05',NULL,'1'),(1059,'DMI-6A',4,'DMI',6,28,1,NULL,NULL,'2025-04-08 21:15:05',NULL,'1'),(1060,'DMI-6B',4,'DMI',6,28,2,NULL,NULL,'2025-04-08 21:15:05',NULL,'1'),(1061,'IDMI-9A',4,'DMI',9,28,1,NULL,NULL,'2025-04-08 21:15:06',NULL,'1'),(1062,'IDMI-9B',4,'DMI',9,27,1,NULL,NULL,'2025-04-08 21:15:06',NULL,'1'),(1063,'ENF-2A',14,'ENF',2,26,1,23,NULL,'2025-04-08 21:15:06','2025-04-09 23:25:15','1'),(1064,'ENF-2B',14,'ENF',2,26,1,22,NULL,'2025-04-08 21:15:06','2025-04-09 23:25:35','1'),(1065,'ERV-3A',8,'ERV',3,19,1,NULL,NULL,'2025-04-08 21:15:06','2025-04-09 22:19:38','1'),(1068,'ERVT-6A',11,'ERV',6,16,1,NULL,NULL,'2025-04-08 21:15:06','2025-04-09 21:16:45','1'),(1069,'IERV-9A',26,'ERV',9,13,1,NULL,NULL,'2025-04-08 21:15:06',NULL,'1'),(1070,'IERV-9B',26,'ERV',9,14,2,NULL,NULL,'2025-04-08 21:15:06',NULL,'1'),(1071,'EMV-3A',28,'EMV',3,5,1,NULL,NULL,'2025-04-08 21:15:07','2025-04-09 22:53:36','1'),(1072,'GST-2A',12,'GST',2,27,1,NULL,NULL,'2025-04-08 21:15:07',NULL,'1'),(1073,'GST-3A',12,'GST',3,30,1,NULL,NULL,'2025-04-08 21:15:07',NULL,'1'),(1074,'GST-3B',12,'GST',3,27,1,NULL,NULL,'2025-04-08 21:15:07',NULL,'1'),(1075,'GST-3C',12,'GST',3,27,1,NULL,NULL,'2025-04-08 21:15:07',NULL,'1'),(1076,'GST-3D',12,'GST',3,33,1,NULL,NULL,'2025-04-08 21:15:07',NULL,'1'),(1077,'GST-3E',12,'GST',3,28,2,NULL,NULL,'2025-04-08 21:15:07',NULL,'1'),(1078,'GST-3F',12,'GST',3,25,2,NULL,NULL,'2025-04-08 21:15:07',NULL,'1'),(1079,'GST-3G',12,'GST',3,30,2,NULL,NULL,'2025-04-08 21:15:08',NULL,'1'),(1080,'GST-3Z',12,'GST',3,11,1,NULL,NULL,'2025-04-08 21:15:08',NULL,'1'),(1081,'GST-5A',12,'GST',5,28,1,NULL,NULL,'2025-04-08 21:15:08',NULL,'1'),(1082,'GST-6A',12,'GST',6,30,1,NULL,NULL,'2025-04-08 21:15:08',NULL,'1'),(1083,'GST-6B',12,'GST',6,30,1,NULL,NULL,'2025-04-08 21:15:08',NULL,'1'),(1084,'GST-6C',12,'GST',6,30,1,NULL,NULL,'2025-04-08 21:15:08',NULL,'1'),(1085,'GST-6D',12,'GST',6,30,2,NULL,NULL,'2025-04-08 21:15:08',NULL,'1'),(1086,'GST-6E',12,'GST',6,30,2,NULL,NULL,'2025-04-08 21:15:08',NULL,'1'),(1087,'GST-6Z',12,'GST',6,18,2,NULL,NULL,'2025-04-08 21:15:08',NULL,'1'),(1088,'LGST-8A',12,'GST',8,34,1,NULL,NULL,'2025-04-08 21:15:08',NULL,'1'),(1089,'LGST-9A',12,'GST',9,32,1,NULL,NULL,'2025-04-08 21:15:08',NULL,'1'),(1090,'LGST-9B',12,'GST',9,26,1,NULL,NULL,'2025-04-08 21:15:08',NULL,'1'),(1091,'LGST-9C',12,'GST',9,28,1,NULL,NULL,'2025-04-08 21:15:08',NULL,'1'),(1092,'LGST-9D',12,'GST',9,26,2,NULL,NULL,'2025-04-08 21:15:09',NULL,'1'),(1093,'LGST-9Z',12,'GST',9,11,1,NULL,NULL,'2025-04-08 21:15:09',NULL,'1'),(1094,'MAI-3A',15,'MAI',3,18,1,NULL,NULL,'2025-04-08 21:15:09','2025-04-09 21:22:17','1'),(1095,'MAI-5A',15,'MAI',5,20,1,NULL,NULL,'2025-04-08 21:15:09',NULL,'1'),(1096,'IMAI-9A',15,'MAI',9,22,1,NULL,NULL,'2025-04-08 21:15:09',NULL,'1'),(1097,'IMAI-11A',15,'MAI',11,7,1,NULL,NULL,'2025-04-08 21:15:09',NULL,'1'),(1098,'ATM-3A',16,'MEC',3,26,1,NULL,NULL,'2025-04-08 21:15:09',NULL,'1'),(1099,'ATM-3B',16,'MEC',3,15,2,NULL,NULL,'2025-04-08 21:15:09',NULL,'1'),(1100,'MEC-6A',16,'MEC',6,34,1,NULL,NULL,'2025-04-08 21:15:10',NULL,'1'),(1101,'IMEC-8A',16,'MEC',8,13,1,NULL,NULL,'2025-04-08 21:15:10',NULL,'1'),(1102,'IMEC-9A',16,'MEC',9,30,1,NULL,NULL,'2025-04-08 21:15:10','2025-04-09 23:59:43','1'),(1103,'IMEC-11A',16,'MEC',11,16,1,NULL,NULL,'2025-04-08 21:15:10',NULL,'1'),(1104,'BIO-3A',3,'QMBT',3,29,1,NULL,NULL,'2025-04-08 21:15:10',NULL,'1'),(1105,'BIO-3B',3,'QMBT',3,29,2,NULL,NULL,'2025-04-08 21:15:10',NULL,'1'),(1106,'QMBT-6A',3,'QMBT',6,22,1,NULL,NULL,'2025-04-08 21:15:10',NULL,'1'),(1107,'QMBT-6B',3,'QMBT',6,23,2,NULL,NULL,'2025-04-08 21:15:10',NULL,'1'),(1108,'QMBT-6Z',3,'QMBT',6,10,1,NULL,NULL,'2025-04-08 21:15:10',NULL,'1'),(1109,'IBIO-8A',3,'QMBT',8,14,1,NULL,NULL,'2025-04-08 21:15:10',NULL,'1'),(1110,'IBIO-9A',3,'QMBT',9,17,1,NULL,NULL,'2025-04-08 21:15:10',NULL,'1'),(1111,'IBIO-9B',3,'QMBT',9,17,1,NULL,NULL,'2025-04-08 21:15:11',NULL,'1'),(1112,'IBIO-9Z',3,'QMBT',9,6,1,NULL,NULL,'2025-04-08 21:15:11',NULL,'1'),(1113,'IBIO-11A',3,'QMBT',11,20,1,NULL,NULL,'2025-04-08 21:15:11',NULL,'1'),(1114,'TI-2A',18,'TI',2,17,2,NULL,NULL,'2025-04-08 21:15:11',NULL,'1'),(1115,'TI-3A',18,'TI',3,26,1,NULL,NULL,'2025-04-08 21:15:11',NULL,'1'),(1116,'TI-3B',18,'TI',3,33,1,NULL,NULL,'2025-04-08 21:15:11',NULL,'1'),(1117,'TI-3C',18,'TI',3,24,2,NULL,NULL,'2025-04-08 21:15:11',NULL,'1'),(1118,'MAIT-3A',27,NULL,3,15,1,NULL,NULL,'2025-04-08 21:15:11',NULL,'1'),(1119,'DSM-5A',19,'TI',5,21,1,NULL,NULL,'2025-04-08 21:15:11',NULL,'1'),(1120,'MAIT-6A',27,NULL,6,14,1,NULL,NULL,'2025-04-08 21:15:12',NULL,'1'),(1121,'DSM-6A',19,'TI',6,17,1,NULL,NULL,'2025-04-08 21:15:12',NULL,'1'),(1122,'DSM-6B',19,'TI',6,18,1,NULL,NULL,'2025-04-08 21:15:12',NULL,'1'),(1123,'EVND-6C',23,'TI',6,25,2,NULL,NULL,'2025-04-08 21:15:12',NULL,'1'),(1124,'IDSM-8A',22,'TI',8,13,1,NULL,NULL,'2025-04-08 21:15:12',NULL,'1'),(1125,'IDSM-9A',22,'TI',9,21,1,NULL,NULL,'2025-04-08 21:15:12',NULL,'1'),(1126,'IDSM-9B',22,'TI',9,29,1,NULL,NULL,'2025-04-08 21:15:12',NULL,'1'),(1127,'IEVND-9C',13,'TI',9,32,1,NULL,NULL,'2025-04-08 21:15:12',NULL,'1'),(1128,'IDSM-11A',22,'TI',11,13,1,NULL,NULL,'2025-04-08 21:15:12',NULL,'1'),(1129,'IEVND-11B',13,'TI',11,8,1,NULL,NULL,'2025-04-08 21:15:12',NULL,'1'),(1132,'MAI-3B',15,NULL,3,18,2,NULL,NULL,'2025-04-09 21:20:14','2025-04-09 21:21:15','1');

--
-- Table structure for table `labs`
--

CREATE TABLE `labs` (
  `lab_id` int NOT NULL AUTO_INCREMENT,
  `lab_name` varchar(100) CHARACTER SET utf8mb4 COLLATE utf8mb4_spanish_ci NOT NULL,
  `description` varchar(255) CHARACTER SET utf8mb4 COLLATE utf8mb4_spanish_ci DEFAULT NULL,
  `fyh_creacion` datetime DEFAULT NULL,
  `fyh_actualizacion` datetime DEFAULT NULL,
  `area` varchar(255) CHARACTER SET utf8mb4 COLLATE utf8mb4_spanish_ci DEFAULT NULL,
  PRIMARY KEY (`lab_id`)
) ENGINE=InnoDB AUTO_INCREMENT=39 DEFAULT CHARSET=utf8mb4 COLLATE=utf8mb4_spanish_ci;

--
-- Dumping data for table `labs`
--

INSERT INTO `labs` VALUES (1,'LABORATORIO AUTOMATIZACION Y CONTROL','ESPACIO PARA SISTEMAS DE AUTOMATIZACIÓN Y CONTROL INDUSTRIAL.','2024-11-19 05:27:02','2025-04-10 00:00:48','MAI,MEC'),(2,'LABORATORIO DE ALIMENTOS','Laboratorio para el procesamiento y análisis de alimentos.','2024-11-19 05:27:02','2024-12-15 08:43:57','QMBT'),(3,'LABORATORIO DE BEBIDAS','ESPACIO PARA LA PREPARACIÓN Y ESTUDIO DE BEBIDAS.','2024-11-19 05:27:02','2024-12-15 08:26:03','GST'),(4,'LABORATORIO DE COCINA CALIENTE 3 U079','LABORATORIO ESPECIALIZADO EN BIOTECNOLOGÍAS APLICADAS A ALIMENTOS.','2024-11-19 05:27:02','2024-12-15 08:29:13','GST'),(5,'LABORATORIO DE CIENCIAS BASICAS','ESPACIO PARA PRÁCTICAS EN CIENCIAS FUNDAMENTALES.','2024-11-19 05:27:02','2024-12-15 08:36:19','MAI,MEC'),(6,'LABORATORIO DE COCINA CALIENTE 1','ÁREA PARA PRÁCTICAS DE COCINA CALIENTE Y ELABORACIÓN  DE PLATOS.','2024-11-19 05:27:02','2024-12-15 08:29:22','GST'),(7,'LABORATORIO DE COCINA CALIENTE 2','LABORATORIO ADICIONAL PARA TÉCNICAS AVANZADAS DE COCINA CALIENTE.','2024-11-19 05:27:02','2024-12-15 08:29:28','GST'),(8,'LABORATORIO DE COMPUTO A1','LABORATORIO DE COMPUTO EQUIPADO PARA ENSEÑANZA DE INFORMATICA BASICA.','2024-11-19 05:27:02','2024-12-15 08:46:06','TI'),(9,'LABORATORIO DE COMPUTO A2','ESPACIO DE COMPUTO AVANZADO PARA APLICACIONES INFORMATICAS.','2024-11-19 05:27:02','2024-12-15 08:46:11','TI'),(10,'LABORATORIO DE COMPUTO B1','LABORATORIO DE TECNOLOGÍAS DE LA INFORMACIÓN Y COMPUTO.','2024-11-19 05:27:02','2024-12-15 08:46:17','TI'),(11,'LABORATORIO DE COMPUTO B2','ESPACIO PARA DESARROLLO DE SOFTWARE Y APLICACIONES COMPUTACIONALES.','2024-11-19 05:27:02','2024-12-15 08:46:25','TI'),(12,'LABORATORIO DE COMPUTO MULTIDIMENSIONAL','ESPACIO DESTINADO A ENTORNOS COMPUTACIONALES MULTIDIMENSIONALES.','2024-11-19 05:27:02','2024-12-18 16:44:35','EMV,ERV'),(13,'LABORATORIO DE CORTE Y CONFECCIÓN','LABORATORIO PARA LA PRÁCTICA DE CORTE Y CONFECCIÓN TEXTIL.','2024-11-19 05:27:02','2024-12-15 08:33:32','DMI'),(14,'LABORATORIO DE CULTIVO DE TEJIDOS','LABORATORIO PARA CULTIVO DE CELULAS Y TEJIDOS VEGETALES.','2024-11-19 05:27:02','2024-12-19 17:15:42','ENF,QMBT'),(15,'LABORATORIO DE DISEÑO Y PATRONAJE','ESPACIO PARA DISEÑO Y DESARROLLO DE PATRONES EN MODA.','2024-11-19 05:27:02','2024-12-15 08:32:59','DMI'),(16,'LABORATORIO DE ELECTRICA Y ELECTRÓNICA','LABORATORIO DE SISTEMAS ELÉCTRICOS Y ELETRÓNICOS.','2024-11-19 05:27:02','2024-12-18 16:55:13','EMV,ERV'),(17,'LABORATORIO DE ELECTRICA','ESPACIO DE ENSEÑANZA EN FUNDAMENTAS ELÉCTRICOS.','2024-11-19 05:27:02','2024-12-15 08:36:43','ERV,MAI,MEC'),(18,'LABORATORIO DE ELECTRÓNICA ANALÓGICA Y DIGITAL','ESPACIO PARA PRÁCTICAS EN ELECTRÓNICA ANALÓGICA Y DIGITAL.','2024-11-19 05:27:02','2024-12-15 08:41:36','MAI,MEC'),(19,'LABORATORIO DE ENERGIAS RENOVABLES','LABORATORIO ENFOCADO EN ENERGÍAS ALTERNATIVAS Y SOSTENIBLES.','2024-11-19 05:27:02','2024-12-15 08:34:44','ERV'),(20,'LABORATORIO DE IDIOMAS A','LABORATORIO DE IDIOMAS CON RECURSOS MULTIMEDIA.','2024-11-19 05:27:02','2024-12-15 08:30:02','AFC,DMI,ENF,ERV,GST,MAI,MEC,QMBT,TI'),(21,'LABORATORIO DE IDIOMAS B','ESPACIO PARA APRENDIZAJE DE IDIOMAS CON HERRAMIENTAS DIGITALES.','2024-11-19 05:27:02','2024-12-15 08:30:15','AFC,DMI,ENF,ERV,GST,MAI,MEC,QMBT,TI'),(22,'LABORATORIO DE CONTROL NUMERICO COMPUTARIZADO','LABORATORIO AVANZADO PARA PRÁCTICA DE IDIOMAS.','2024-11-19 05:27:02','2025-01-09 16:09:47','MAI,MEC'),(23,'LABORATORIO DE METAL-MECÁNICA','ÁREA PARA PRÁCTICAS DE METALURGIA Y MECANIZADO.','2024-11-19 05:27:02','2025-01-14 19:36:13','MAI'),(24,'LABORATORIO DE METROLOGÍA','LABORATORIO DE MEDICIÓN Y CALIBRACIÓN DE INSTRUMENTOS.','2024-11-19 05:27:02','2024-12-15 08:41:45','MAI,MEC'),(25,'LABORATORIO DE MICROBIOLOGÍA','ESPACIO PARA ANÁLISIS DE MICROORGANISMOS Y TÉCNICAS MICROBIOLÓGICAS.','2024-11-19 05:27:02','2024-12-15 08:41:56','QMBT'),(26,'LABORATORIO DE MULTIMEDIA','ESPACIO PARA CREACIÓN Y EDICIÓN DE CONTENIDO MULTIMEDIA.','2024-11-19 05:27:02','2024-12-15 08:46:36','TI'),(27,'LABORATORIO DE ELECTRONICA','LABORATORIO PARA ESTUDIO Y EXPERIMENTACIÓN EN ÓPTICA.','2024-11-19 05:27:02','2024-12-15 08:36:56','MAI'),(28,'LABORATORIO DE PANADERIA','ESPACIO PARA TÉCNICAS DE PANADERÍA Y RESPOSTERÍA BÁSICA.','2024-11-19 05:27:02','2024-12-15 08:29:01','GST'),(29,'LABORATORIO DE REDES DE CÓMPUTO','LABORATORIO PARA REDES DE COMPUTACIÓN Y ADMINISTRACIÓN DE SISTEMAS.','2024-11-19 05:27:02','2024-12-15 08:46:43','TI'),(30,'LABORATORIO DE REPOSTERIA','ESPACIO PARA LA ELABORACIÓN DE PRODUCTOS DE REPOSTERÍA AVANZADA.','2024-11-19 05:27:02','2024-12-15 08:28:50','GST'),(31,'LABORATORIO DE ROBOTICA EDUCATIVA, DISEÑO Y MANUFACTURA ADITIVA','LABORATORIO PARA ROBÓTICA Y FABRICACIÓN ADITIVA.','2024-11-19 05:27:02','2024-12-15 08:40:55','MEC'),(33,'LABORATORIO DE TEJIDOS Y BORDADOS','LABORATORIO PARA TÉCNICAS DE TEJIDO Y BORDADO.','2024-11-19 05:27:02','2024-12-15 08:33:10','DMI'),(34,'LABORATORIO DE TEÑIDO Y ESTAMPADO','ESPACIO PARA PRÁCTICAS DE TEÑIDO Y ESTAMPADO EN TEXTILES.','2024-11-19 05:27:02','2024-12-15 08:33:22','DMI'),(35,'LABORATORIO DE TERMODINÁMICA','LABORATORIO PARA ESTUDIOS EN PRINCIPIOS TERMODINÁMICOS.','2024-11-19 05:27:02','2024-12-18 16:56:05','EMV,ERV'),(36,'LABORATORIO QUIMICA ANALITICA','ESPACIO PARA ANÁLISIS QUÍMICO Y TÉCNICAS DE LABORATORIO.','2024-11-19 05:27:02','2024-12-15 08:43:49','QMBT'),(37,'LABORATORIO DE CONTROL DE MOTORES','','2025-01-09 16:12:36','2025-01-09 16:12:47','MAI,MEC'),(38,'LABORATORIO DE SOLDADURA','','2025-01-09 16:17:21','2025-01-09 16:18:45','MAI,MEC');

--
-- Table structure for table `login_attempts`
--

CREATE TABLE `login_attempts` (
  `id` int NOT NULL AUTO_INCREMENT,
  `email` varchar(255) CHARACTER SET utf8mb4 COLLATE utf8mb4_spanish_ci NOT NULL,
  `intentos` int DEFAULT '0',
  `intentos_fallidos` int DEFAULT '0',
  `bloqueo_activado` tinyint(1) DEFAULT '0',
  `marca_tiempo` timestamp NULL DEFAULT NULL,
  PRIMARY KEY (`id`),
  UNIQUE KEY `email` (`email`)
) ENGINE=InnoDB AUTO_INCREMENT=50 DEFAULT CHARSET=utf8mb4 COLLATE=utf8mb4_spanish_ci;

--
-- Dumping data for table `login_attempts`
--

INSERT INTO `login_attempts` VALUES (1,'admin@admin.com',0,0,0,'2025-02-17 19:30:53'),(2,'jonathan.moreno@ut-morelia.edu.mx',0,0,0,'2025-04-09 17:20:14'),(3,'esolache@ut-morelia.edu.mx',0,0,0,'2025-01-08 21:12:51'),(4,'rocio.gonzalez@ut-morelia.edu.mx',0,0,0,NULL),(5,'luis.gutierrez@ut-morelia.edu.mx',0,0,0,'2025-01-14 19:36:19'),(6,'mequihua@ut-morelia.edu.mx',0,0,0,'2025-01-14 21:03:34'),(7,'admin1@admin.com',0,0,0,'2024-12-02 17:15:22'),(8,'laura.vieyra@ut-morelia.edu.mx',0,0,0,'2025-04-10 03:55:40'),(9,'srangel@ut-morelia.edu.mx',0,0,0,'2025-04-08 19:53:27'),(10,'',2,2,0,'2024-12-13 19:17:38'),(11,'rosa.garcia@ut-morelia.edu.mx',0,0,0,'2025-01-07 14:55:30'),(12,'jorgerodriguez@ut-morelia.edu.mx',0,0,0,'2025-04-10 02:00:55'),(13,'jorgerodriguez@ut-moreliaedu.mx',6,6,0,'2024-12-13 02:24:54'),(14,'alberto.lucas@ut-morelia.edu.mx',0,0,0,'2025-01-23 19:22:10'),(15,'chef.mario.utm@gmail.com',0,0,0,NULL),(16,'chef..mario.utm@gmail.com',1,1,0,'2024-12-18 14:56:12'),(17,'gricelda.rodriguez@ut-morelia.edu.mx',0,0,0,NULL),(18,'jose.rodriguez@ut-morelia.edu.mx',2,2,0,'2025-04-10 03:16:19'),(19,'carlos.lopez@ut-morelia.edu.mx',0,0,0,NULL),(20,'julio.hernandez@ut-morelia.edu.mx',0,0,0,'2025-01-09 16:02:23'),(21,'mario.gutierrez@ut-morelia.edu.mx',0,0,0,NULL),(22,'dante.garcia@ut-morelia.edu.mx',0,0,0,'2025-01-10 18:00:31'),(23,'justo.romero@ut-morelia.edu.mx',1,1,0,'2024-12-18 17:39:24'),(24,'albeto.lucas@ut-morelia.edu.mx',1,1,0,'2024-12-18 18:13:24'),(25,'emilio@admin.com',0,0,0,NULL),(26,'observador@admin.com',0,0,0,'2025-01-06 20:34:49'),(27,'observador@adm.com',0,0,0,NULL),(28,'arturo.calderon@ut-morelia.edu.mx',0,0,0,'2025-03-20 18:35:47'),(29,'observador@admin.com.mx',0,0,0,NULL),(30,'jonathan.moreno@ut-morelia.eu.mx',0,0,0,NULL),(31,'rossy.biotec@gmail.com',0,0,0,NULL),(32,'mequihua@ut-morelia.edu.mx1234',0,0,0,NULL),(33,'jose.rodriguez@ut-morelia-edu.mx',0,0,0,NULL),(34,'erendira.solache@ut-morelia.edu.mx',1,1,0,'2025-01-08 21:21:12'),(35,'julio.hernanez.dcsi23011@uiim.edu.mx',0,0,0,NULL),(36,'rsrodriguez@ut-morelia.edu.mx',2,2,0,'2025-01-10 16:07:25'),(37,'dante.tutor@ut-morelia.edu.mx',1,1,0,'2025-01-10 18:09:05'),(38,'dante-garcia-garcia-17@hotmail.com',0,0,0,NULL),(39,'rocio.colin@ut-moreli.edu.mx',0,0,0,NULL),(40,'jmedina@ut-morelia.edu.mx',0,0,0,NULL),(41,'jose.rodrigez@ut-morelia.edu.mx',0,0,0,NULL),(42,'acalderonc@utmorelia.edu.mx',1,1,0,'2025-01-31 05:30:41'),(43,'esolache@u6t-morelia.edu.mx',0,0,0,NULL),(44,'lbggutierrez@gmail.com',0,0,0,NULL),(45,'jose.rodriguez@ut-morelia.edu',0,0,0,NULL),(46,'doragutierrez@ut-morelia.edu.mx',1,1,0,'2025-04-09 20:55:51'),(47,'garodriguez@ut-morelia.edu.mx',0,0,0,NULL),(48,'kypl.1605@gmail.com',0,0,0,NULL),(49,'kpenaloza@ut-morelia.edu.mx',0,0,0,NULL);

--
-- Table structure for table `manual_schedule_assignments`
--

CREATE TABLE `manual_schedule_assignments` (
  `assignment_id` int NOT NULL AUTO_INCREMENT,
  `schedule_id` int DEFAULT NULL,
  `subject_id` int DEFAULT NULL,
  `teacher_id` int DEFAULT NULL,
  `group_id` int DEFAULT NULL,
  `classroom_id` int DEFAULT NULL,
  `start_time` time DEFAULT NULL,
  `end_time` time DEFAULT NULL,
  `schedule_day` enum('Lunes','Martes','Miércoles','Jueves','Viernes','Sábado','Domingo') CHARACTER SET utf8mb4 COLLATE utf8mb4_spanish_ci DEFAULT NULL,
  `estado` varchar(11) CHARACTER SET utf8mb4 COLLATE utf8mb4_spanish_ci DEFAULT NULL,
  `fyh_creacion` datetime DEFAULT NULL,
  `fyh_actualizacion` datetime DEFAULT NULL,
  `tipo_espacio` varchar(50) CHARACTER SET utf8mb4 COLLATE utf8mb4_spanish_ci DEFAULT 'Aula',
  `lab1_assigned` tinyint(1) DEFAULT '0',
  `lab2_assigned` tinyint(1) DEFAULT '0',
  PRIMARY KEY (`assignment_id`),
  UNIQUE KEY `unique_manual_group_schedule` (`group_id`,`schedule_day`,`start_time`),
  KEY `schedule_id` (`schedule_id`),
  KEY `subject_id` (`subject_id`),
  KEY `teacher_id` (`teacher_id`),
  KEY `group_id` (`group_id`),
  KEY `classroom_id` (`classroom_id`)
) ENGINE=InnoDB AUTO_INCREMENT=631 DEFAULT CHARSET=utf8mb4 COLLATE=utf8mb4_spanish_ci;

--
-- Dumping data for table `manual_schedule_assignments`
--

INSERT INTO `manual_schedule_assignments` VALUES (1,NULL,1810,NULL,1055,NULL,'07:00:00','08:00:00','Lunes','activo','2025-04-09 22:08:06',NULL,'Laboratorio',15,0),(2,NULL,1810,NULL,1055,NULL,'08:00:00','09:00:00','Lunes','activo','2025-04-09 22:09:14',NULL,'Laboratorio',15,0),(3,NULL,1810,NULL,1055,NULL,'07:00:00','08:00:00','Miércoles','activo','2025-04-09 22:09:30',NULL,'Laboratorio',15,0),(4,NULL,1810,NULL,1055,NULL,'08:00:00','09:00:00','Miércoles','activo','2025-04-09 22:09:36',NULL,'Laboratorio',15,0),(5,NULL,1810,NULL,1055,NULL,'07:00:00','08:00:00','Viernes','activo','2025-04-09 22:09:46',NULL,'Laboratorio',15,0),(6,NULL,1810,NULL,1055,NULL,'08:00:00','09:00:00','Viernes','activo','2025-04-09 22:09:51',NULL,'Laboratorio',15,0),(7,NULL,1811,NULL,1055,NULL,'08:00:00','09:00:00','Martes','activo','2025-04-09 22:11:18',NULL,'Laboratorio',34,0),(8,NULL,1811,NULL,1055,NULL,'09:00:00','10:00:00','Martes','activo','2025-04-09 22:11:31',NULL,'Laboratorio',34,0),(9,NULL,1811,NULL,1055,NULL,'10:00:00','11:00:00','Miércoles','activo','2025-04-09 22:11:49',NULL,'Laboratorio',34,0),(10,NULL,1811,NULL,1055,NULL,'11:00:00','12:00:00','Miércoles','activo','2025-04-09 22:11:58',NULL,'Laboratorio',34,0),(11,NULL,1773,NULL,1055,NULL,'10:00:00','11:00:00','Martes','activo','2025-04-09 22:13:18',NULL,'Laboratorio',13,0),(12,NULL,1773,NULL,1055,NULL,'11:00:00','12:00:00','Martes','activo','2025-04-09 22:13:29',NULL,'Laboratorio',13,0),(13,NULL,1773,NULL,1055,NULL,'10:00:00','11:00:00','Viernes','activo','2025-04-09 22:13:49',NULL,'Laboratorio',13,0),(14,NULL,1773,NULL,1055,NULL,'11:00:00','12:00:00','Viernes','activo','2025-04-09 22:13:57',NULL,'Laboratorio',13,0),(15,NULL,1773,NULL,1056,NULL,'07:00:00','08:00:00','Lunes','activo','2025-04-09 22:15:21',NULL,'Laboratorio',13,0),(16,NULL,1773,NULL,1056,NULL,'08:00:00','09:00:00','Lunes','activo','2025-04-09 22:15:28',NULL,'Laboratorio',13,0),(17,NULL,1773,NULL,1056,NULL,'08:00:00','09:00:00','Viernes','activo','2025-04-09 22:15:47',NULL,'Laboratorio',13,0),(18,NULL,1773,NULL,1056,NULL,'09:00:00','10:00:00','Viernes','activo','2025-04-09 22:15:53',NULL,'Laboratorio',13,0),(19,NULL,1810,NULL,1056,NULL,'12:00:00','13:00:00','Miércoles','activo','2025-04-09 22:16:50',NULL,'Laboratorio',15,0),(20,NULL,1810,NULL,1056,NULL,'13:00:00','14:00:00','Miércoles','activo','2025-04-09 22:17:00',NULL,'Laboratorio',15,0),(21,NULL,1810,NULL,1056,NULL,'10:00:00','11:00:00','Jueves','activo','2025-04-09 22:17:40',NULL,'Laboratorio',15,0),(22,NULL,1810,NULL,1056,NULL,'11:00:00','12:00:00','Jueves','activo','2025-04-09 22:17:50',NULL,'Laboratorio',15,0),(23,NULL,1810,NULL,1056,NULL,'12:00:00','13:00:00','Viernes','activo','2025-04-09 22:18:04',NULL,'Laboratorio',15,0),(24,NULL,1810,NULL,1056,NULL,'13:00:00','14:00:00','Viernes','activo','2025-04-09 22:18:14',NULL,'Laboratorio',15,0),(25,NULL,1811,NULL,1056,NULL,'12:00:00','13:00:00','Lunes','activo','2025-04-09 22:18:54',NULL,'Laboratorio',34,0),(26,NULL,1811,NULL,1056,NULL,'13:00:00','14:00:00','Lunes','activo','2025-04-09 22:19:05',NULL,'Laboratorio',34,0),(27,NULL,1811,NULL,1056,NULL,'12:00:00','13:00:00','Martes','activo','2025-04-09 22:19:15',NULL,'Laboratorio',34,0),(28,NULL,1811,NULL,1056,NULL,'13:00:00','14:00:00','Martes','activo','2025-04-09 22:19:19',NULL,'Laboratorio',34,0),(29,NULL,1811,NULL,1057,NULL,'14:00:00','15:00:00','Lunes','activo','2025-04-09 22:20:02',NULL,'Laboratorio',34,0),(30,NULL,1811,NULL,1057,NULL,'15:00:00','16:00:00','Lunes','activo','2025-04-09 22:20:08',NULL,'Laboratorio',34,0),(31,NULL,1811,NULL,1057,NULL,'14:00:00','15:00:00','Miércoles','activo','2025-04-09 22:20:25',NULL,'Laboratorio',34,0),(32,NULL,1811,NULL,1057,NULL,'15:00:00','16:00:00','Miércoles','activo','2025-04-09 22:20:30',NULL,'Laboratorio',34,0),(33,NULL,1810,NULL,1057,NULL,'12:00:00','13:00:00','Martes','activo','2025-04-09 22:21:15',NULL,'Laboratorio',15,0),(34,NULL,1810,NULL,1057,NULL,'13:00:00','14:00:00','Martes','activo','2025-04-09 22:21:27',NULL,'Laboratorio',15,0),(35,NULL,1810,NULL,1057,NULL,'12:00:00','13:00:00','Jueves','activo','2025-04-09 22:21:41',NULL,'Laboratorio',15,0),(36,NULL,1810,NULL,1057,NULL,'13:00:00','14:00:00','Jueves','activo','2025-04-09 22:21:45',NULL,'Laboratorio',15,0),(37,NULL,1810,NULL,1057,NULL,'14:00:00','15:00:00','Viernes','activo','2025-04-09 22:21:55',NULL,'Laboratorio',15,0),(38,NULL,1810,NULL,1057,NULL,'15:00:00','16:00:00','Viernes','activo','2025-04-09 22:22:02',NULL,'Laboratorio',15,0),(39,NULL,1773,NULL,1057,NULL,'12:00:00','13:00:00','Miércoles','activo','2025-04-09 22:24:11',NULL,'Laboratorio',13,0),(40,NULL,1773,NULL,1057,NULL,'13:00:00','14:00:00','Miércoles','activo','2025-04-09 22:24:36',NULL,'Laboratorio',13,0),(41,NULL,1773,NULL,1057,NULL,'12:00:00','13:00:00','Viernes','activo','2025-04-09 22:24:49',NULL,'Laboratorio',13,0),(42,NULL,1773,NULL,1057,NULL,'13:00:00','14:00:00','Viernes','activo','2025-04-09 22:24:53',NULL,'Laboratorio',13,0),(43,NULL,1765,NULL,1104,NULL,'09:00:00','10:00:00','Martes','activo','2025-04-09 22:25:36',NULL,'Laboratorio',25,0),(44,NULL,1765,NULL,1104,NULL,'10:00:00','11:00:00','Martes','activo','2025-04-09 22:25:41',NULL,'Laboratorio',25,0),(45,NULL,1765,NULL,1104,NULL,'11:00:00','12:00:00','Martes','activo','2025-04-09 22:25:47',NULL,'Laboratorio',25,0),(46,NULL,1765,NULL,1104,NULL,'12:00:00','13:00:00','Martes','activo','2025-04-09 22:25:54',NULL,'Laboratorio',25,0),(47,NULL,1889,NULL,1058,NULL,'12:00:00','13:00:00','Martes','activo','2025-04-09 22:27:38',NULL,'Laboratorio',13,0),(48,NULL,1889,NULL,1058,NULL,'13:00:00','14:00:00','Martes','activo','2025-04-09 22:27:46',NULL,'Laboratorio',13,0),(49,NULL,1765,NULL,1105,NULL,'13:00:00','14:00:00','Martes','activo','2025-04-09 22:28:21',NULL,'Laboratorio',25,0),(50,NULL,1765,NULL,1105,NULL,'14:00:00','15:00:00','Martes','activo','2025-04-09 22:28:26',NULL,'Laboratorio',25,0),(51,NULL,1765,NULL,1105,NULL,'15:00:00','16:00:00','Martes','activo','2025-04-09 22:28:30',NULL,'Laboratorio',25,0),(52,NULL,1765,NULL,1105,NULL,'16:00:00','17:00:00','Martes','activo','2025-04-09 22:28:35',NULL,'Laboratorio',25,0),(53,NULL,1679,NULL,1058,NULL,'12:00:00','13:00:00','Lunes','activo','2025-04-09 22:28:48',NULL,'Laboratorio',15,0),(54,NULL,1679,NULL,1058,NULL,'13:00:00','14:00:00','Lunes','activo','2025-04-09 22:28:54',NULL,'Laboratorio',15,0),(55,NULL,1679,NULL,1058,NULL,'14:00:00','15:00:00','Miércoles','activo','2025-04-09 22:29:10',NULL,'Laboratorio',15,0),(56,NULL,1679,NULL,1058,NULL,'15:00:00','16:00:00','Miércoles','activo','2025-04-09 22:29:15',NULL,'Laboratorio',15,0),(57,NULL,2011,NULL,1109,NULL,'09:00:00','10:00:00','Miércoles','activo','2025-04-09 22:29:21',NULL,'Laboratorio',25,0),(58,NULL,2011,NULL,1109,NULL,'10:00:00','11:00:00','Miércoles','activo','2025-04-09 22:29:24',NULL,'Laboratorio',25,0),(59,NULL,2011,NULL,1109,NULL,'11:00:00','12:00:00','Miércoles','activo','2025-04-09 22:29:28',NULL,'Laboratorio',25,0),(60,NULL,1679,NULL,1058,NULL,'15:00:00','16:00:00','Jueves','activo','2025-04-09 22:29:29',NULL,'Laboratorio',15,0),(61,NULL,1885,NULL,1058,NULL,'12:00:00','13:00:00','Miércoles','activo','2025-04-09 22:30:27',NULL,'Laboratorio',34,0),(62,NULL,1885,NULL,1058,NULL,'13:00:00','14:00:00','Miércoles','activo','2025-04-09 22:30:34',NULL,'Laboratorio',34,0),(63,NULL,1885,NULL,1058,NULL,'13:00:00','14:00:00','Jueves','activo','2025-04-09 22:30:44',NULL,'Laboratorio',34,0),(64,NULL,1885,NULL,1058,NULL,'14:00:00','15:00:00','Jueves','activo','2025-04-09 22:30:51',NULL,'Laboratorio',34,0),(65,NULL,1885,NULL,1058,NULL,'13:00:00','14:00:00','Viernes','activo','2025-04-09 22:31:00',NULL,'Laboratorio',34,0),(66,NULL,2061,NULL,1110,NULL,'09:00:00','10:00:00','Jueves','activo','2025-04-09 22:31:03',NULL,'Laboratorio',25,0),(67,NULL,1885,NULL,1058,NULL,'14:00:00','15:00:00','Viernes','activo','2025-04-09 22:31:06',NULL,'Laboratorio',34,0),(68,NULL,2061,NULL,1110,NULL,'10:00:00','11:00:00','Jueves','activo','2025-04-09 22:31:07',NULL,'Laboratorio',25,0),(69,NULL,2061,NULL,1111,NULL,'11:00:00','12:00:00','Jueves','activo','2025-04-09 22:31:20',NULL,'Laboratorio',25,0),(70,NULL,2061,NULL,1111,NULL,'12:00:00','13:00:00','Jueves','activo','2025-04-09 22:31:23',NULL,'Laboratorio',25,0),(71,NULL,2061,NULL,1112,NULL,'10:00:00','11:00:00','Viernes','activo','2025-04-09 22:31:40',NULL,'Laboratorio',25,0),(72,NULL,2061,NULL,1112,NULL,'11:00:00','12:00:00','Viernes','activo','2025-04-09 22:31:44',NULL,'Laboratorio',25,0),(73,NULL,2064,NULL,1061,NULL,'08:00:00','09:00:00','Lunes','activo','2025-04-09 22:32:03',NULL,'Laboratorio',34,0),(74,NULL,2064,NULL,1061,NULL,'09:00:00','10:00:00','Lunes','activo','2025-04-09 22:32:09',NULL,'Laboratorio',34,0),(75,NULL,2064,NULL,1061,NULL,'08:00:00','09:00:00','Miércoles','activo','2025-04-09 22:32:19',NULL,'Laboratorio',34,0),(76,NULL,1768,NULL,1104,NULL,'08:00:00','09:00:00','Jueves','activo','2025-04-09 22:32:21',NULL,'Laboratorio',2,0),(77,NULL,2064,NULL,1061,NULL,'09:00:00','10:00:00','Miércoles','activo','2025-04-09 22:32:24',NULL,'Laboratorio',34,0),(78,NULL,1768,NULL,1104,NULL,'09:00:00','10:00:00','Jueves','activo','2025-04-09 22:32:29',NULL,'Laboratorio',2,0),(79,NULL,1768,NULL,1104,NULL,'10:00:00','11:00:00','Jueves','activo','2025-04-09 22:32:32',NULL,'Laboratorio',2,0),(80,NULL,2064,NULL,1061,NULL,'09:00:00','10:00:00','Jueves','activo','2025-04-09 22:32:34',NULL,'Laboratorio',34,0),(81,NULL,2064,NULL,1061,NULL,'10:00:00','11:00:00','Jueves','activo','2025-04-09 22:32:44',NULL,'Laboratorio',34,0),(82,NULL,1768,NULL,1105,NULL,'11:00:00','12:00:00','Miércoles','activo','2025-04-09 22:32:45',NULL,'Laboratorio',2,0),(83,NULL,1768,NULL,1105,NULL,'12:00:00','13:00:00','Miércoles','activo','2025-04-09 22:32:49',NULL,'Laboratorio',2,0),(84,NULL,1768,NULL,1105,NULL,'13:00:00','14:00:00','Miércoles','activo','2025-04-09 22:32:52',NULL,'Laboratorio',2,0),(85,NULL,2010,NULL,1110,NULL,'12:00:00','13:00:00','Jueves','activo','2025-04-09 22:33:07',NULL,'Laboratorio',2,0),(86,NULL,2010,NULL,1110,NULL,'13:00:00','14:00:00','Jueves','activo','2025-04-09 22:33:11',NULL,'Laboratorio',2,0),(87,NULL,2068,NULL,1061,NULL,'10:00:00','11:00:00','Lunes','activo','2025-04-09 22:33:18',NULL,'Laboratorio',13,0),(88,NULL,2068,NULL,1061,NULL,'11:00:00','12:00:00','Lunes','activo','2025-04-09 22:33:25',NULL,'Laboratorio',13,0),(89,NULL,2010,NULL,1111,NULL,'10:00:00','11:00:00','Viernes','activo','2025-04-09 22:33:41',NULL,'Laboratorio',2,0),(90,NULL,2010,NULL,1111,NULL,'11:00:00','12:00:00','Viernes','activo','2025-04-09 22:33:45',NULL,'Laboratorio',2,0),(91,NULL,2066,NULL,1061,NULL,'10:00:00','11:00:00','Miércoles','activo','2025-04-09 22:33:51',NULL,'Laboratorio',13,0),(92,NULL,2010,NULL,1112,NULL,'08:00:00','09:00:00','Viernes','activo','2025-04-09 22:33:56',NULL,'Laboratorio',2,0),(93,NULL,2066,NULL,1061,NULL,'11:00:00','12:00:00','Miércoles','activo','2025-04-09 22:33:56',NULL,'Laboratorio',13,0),(94,NULL,2010,NULL,1112,NULL,'09:00:00','10:00:00','Viernes','activo','2025-04-09 22:33:59',NULL,'Laboratorio',2,0),(95,NULL,2066,NULL,1061,NULL,'11:00:00','12:00:00','Jueves','activo','2025-04-09 22:34:04',NULL,'Laboratorio',13,0),(96,NULL,1764,NULL,1104,NULL,'08:00:00','09:00:00','Miércoles','activo','2025-04-09 22:34:30',NULL,'Laboratorio',36,0),(97,NULL,1764,NULL,1104,NULL,'09:00:00','10:00:00','Miércoles','activo','2025-04-09 22:34:33',NULL,'Laboratorio',36,0),(98,NULL,1764,NULL,1105,NULL,'10:00:00','11:00:00','Jueves','activo','2025-04-09 22:34:45',NULL,'Laboratorio',36,0),(99,NULL,1764,NULL,1105,NULL,'11:00:00','12:00:00','Jueves','activo','2025-04-09 22:34:48',NULL,'Laboratorio',36,0),(100,NULL,2068,NULL,1062,NULL,'07:00:00','08:00:00','Miércoles','activo','2025-04-09 22:34:59',NULL,'Laboratorio',13,0),(101,NULL,2068,NULL,1062,NULL,'08:00:00','09:00:00','Miércoles','activo','2025-04-09 22:35:05',NULL,'Laboratorio',13,0),(102,NULL,2066,NULL,1062,NULL,'07:00:00','08:00:00','Jueves','activo','2025-04-09 22:35:18',NULL,'Laboratorio',13,0),(103,NULL,2066,NULL,1062,NULL,'08:00:00','09:00:00','Jueves','activo','2025-04-09 22:35:22',NULL,'Laboratorio',13,0),(104,NULL,2066,NULL,1062,NULL,'07:00:00','08:00:00','Viernes','activo','2025-04-09 22:35:27',NULL,'Laboratorio',13,0),(105,NULL,2064,NULL,1062,NULL,'10:00:00','11:00:00','Lunes','activo','2025-04-09 22:36:07',NULL,'Laboratorio',34,0),(106,NULL,2064,NULL,1062,NULL,'11:00:00','12:00:00','Lunes','activo','2025-04-09 22:36:10',NULL,'Laboratorio',34,0),(107,NULL,2064,NULL,1062,NULL,'10:00:00','11:00:00','Martes','activo','2025-04-09 22:36:19',NULL,'Laboratorio',34,0),(108,NULL,2064,NULL,1062,NULL,'11:00:00','12:00:00','Martes','activo','2025-04-09 22:36:23',NULL,'Laboratorio',34,0),(109,NULL,2064,NULL,1062,NULL,'09:00:00','10:00:00','Viernes','activo','2025-04-09 22:36:33',NULL,'Laboratorio',34,0),(110,NULL,2064,NULL,1062,NULL,'10:00:00','11:00:00','Viernes','activo','2025-04-09 22:36:39',NULL,'Laboratorio',34,0),(113,NULL,1731,NULL,1063,NULL,'09:00:00','10:00:00','Jueves','activo','2025-04-09 22:44:54',NULL,'Laboratorio',14,0),(114,NULL,1731,NULL,1063,NULL,'10:00:00','11:00:00','Jueves','activo','2025-04-09 22:44:59',NULL,'Laboratorio',14,0),(117,NULL,1731,NULL,1064,NULL,'09:00:00','10:00:00','Viernes','activo','2025-04-09 22:45:20',NULL,'Laboratorio',14,0),(118,NULL,1731,NULL,1064,NULL,'10:00:00','11:00:00','Viernes','activo','2025-04-09 22:45:23',NULL,'Laboratorio',14,0),(119,NULL,1886,NULL,1058,NULL,'14:00:00','15:00:00','Lunes','activo','2025-04-09 22:47:08',NULL,'Laboratorio',13,0),(120,NULL,1886,NULL,1058,NULL,'15:00:00','16:00:00','Lunes','activo','2025-04-09 22:47:17',NULL,'Laboratorio',13,0),(121,NULL,1886,NULL,1058,NULL,'14:00:00','15:00:00','Martes','activo','2025-04-09 22:47:23',NULL,'Laboratorio',13,0),(122,NULL,1886,NULL,1058,NULL,'15:00:00','16:00:00','Martes','activo','2025-04-09 22:47:27',NULL,'Laboratorio',13,0),(125,NULL,1886,NULL,1058,NULL,'15:00:00','16:00:00','Viernes','activo','2025-04-09 22:48:14',NULL,'Laboratorio',13,0),(126,NULL,1886,NULL,1058,NULL,'16:00:00','17:00:00','Viernes','activo','2025-04-09 22:48:19',NULL,'Laboratorio',13,0),(127,NULL,2154,NULL,1126,NULL,'09:00:00','10:00:00','Lunes','activo','2025-04-09 22:49:29',NULL,'Laboratorio',8,0),(128,NULL,2154,NULL,1126,NULL,'10:00:00','11:00:00','Lunes','activo','2025-04-09 22:49:32',NULL,'Laboratorio',8,0),(129,NULL,2154,NULL,1126,NULL,'09:00:00','10:00:00','Martes','activo','2025-04-09 22:49:42',NULL,'Laboratorio',8,0),(130,NULL,2154,NULL,1126,NULL,'10:00:00','11:00:00','Martes','activo','2025-04-09 22:49:45',NULL,'Laboratorio',8,0),(131,NULL,2154,NULL,1126,NULL,'10:00:00','11:00:00','Jueves','activo','2025-04-09 22:50:01',NULL,'Laboratorio',8,0),(133,NULL,2156,NULL,1126,NULL,'07:00:00','08:00:00','Viernes','activo','2025-04-09 22:50:14',NULL,'Laboratorio',8,0),(134,NULL,2156,NULL,1126,NULL,'08:00:00','09:00:00','Viernes','activo','2025-04-09 22:50:18',NULL,'Laboratorio',8,0),(135,NULL,1868,NULL,1127,NULL,'11:00:00','12:00:00','Lunes','activo','2025-04-09 22:50:55',NULL,'Laboratorio',8,0),(136,NULL,1868,NULL,1127,NULL,'12:00:00','13:00:00','Lunes','activo','2025-04-09 22:50:58',NULL,'Laboratorio',8,0),(137,NULL,1866,NULL,1127,NULL,'07:00:00','08:00:00','Jueves','activo','2025-04-09 22:51:11',NULL,'Laboratorio',8,0),(138,NULL,1866,NULL,1127,NULL,'08:00:00','09:00:00','Jueves','activo','2025-04-09 22:51:15',NULL,'Laboratorio',8,0),(139,NULL,1866,NULL,1127,NULL,'07:00:00','08:00:00','Martes','activo','2025-04-09 22:51:19',NULL,'Laboratorio',8,0),(140,NULL,1866,NULL,1127,NULL,'08:00:00','09:00:00','Martes','activo','2025-04-09 22:51:22',NULL,'Laboratorio',8,0),(141,NULL,2156,NULL,1125,NULL,'11:00:00','12:00:00','Martes','activo','2025-04-09 22:51:52',NULL,'Laboratorio',8,0),(142,NULL,2156,NULL,1125,NULL,'12:00:00','13:00:00','Martes','activo','2025-04-09 22:51:55',NULL,'Laboratorio',8,0),(143,NULL,2154,NULL,1125,NULL,'09:00:00','10:00:00','Miércoles','activo','2025-04-09 22:52:02',NULL,'Laboratorio',8,0),(144,NULL,2154,NULL,1125,NULL,'10:00:00','11:00:00','Miércoles','activo','2025-04-09 22:52:05',NULL,'Laboratorio',8,0),(145,NULL,2154,NULL,1125,NULL,'09:00:00','10:00:00','Jueves','activo','2025-04-09 22:52:17',NULL,'Laboratorio',8,0),(146,NULL,2154,NULL,1125,NULL,'09:00:00','10:00:00','Viernes','activo','2025-04-09 22:52:23',NULL,'Laboratorio',8,0),(147,NULL,2154,NULL,1125,NULL,'10:00:00','11:00:00','Viernes','activo','2025-04-09 22:52:27',NULL,'Laboratorio',8,0),(148,NULL,1806,NULL,1124,NULL,'11:00:00','12:00:00','Miércoles','activo','2025-04-09 22:52:57',NULL,'Laboratorio',8,0),(149,NULL,1806,NULL,1124,NULL,'12:00:00','13:00:00','Miércoles','activo','2025-04-09 22:53:01',NULL,'Laboratorio',8,0),(151,NULL,2179,NULL,1071,NULL,'08:00:00','09:00:00','Lunes','activo','2025-04-09 22:56:48','2025-04-09 22:58:35','Laboratorio',16,0),(152,NULL,2179,NULL,1071,NULL,'09:00:00','10:00:00','Lunes','activo','2025-04-09 22:56:52',NULL,'Laboratorio',16,0),(153,NULL,2047,NULL,1114,NULL,'13:00:00','14:00:00','Miércoles','activo','2025-04-09 22:56:53',NULL,'Laboratorio',8,0),(156,NULL,2047,NULL,1114,NULL,'12:00:00','13:00:00','Jueves','activo','2025-04-09 22:56:59',NULL,'Laboratorio',8,0),(157,NULL,2047,NULL,1114,NULL,'13:00:00','14:00:00','Jueves','activo','2025-04-09 22:57:02',NULL,'Laboratorio',8,0),(158,NULL,2047,NULL,1114,NULL,'11:00:00','12:00:00','Viernes','activo','2025-04-09 22:57:08',NULL,'Laboratorio',8,0),(159,NULL,2047,NULL,1114,NULL,'12:00:00','13:00:00','Viernes','activo','2025-04-09 22:57:12',NULL,'Laboratorio',8,0),(164,NULL,2083,NULL,1119,NULL,'11:00:00','12:00:00','Lunes','activo','2025-04-09 22:58:42',NULL,'Laboratorio',9,0),(165,NULL,2083,NULL,1119,NULL,'12:00:00','13:00:00','Lunes','activo','2025-04-09 22:58:45',NULL,'Laboratorio',9,0),(166,NULL,2083,NULL,1119,NULL,'11:00:00','12:00:00','Martes','activo','2025-04-09 22:58:49',NULL,'Laboratorio',9,0),(167,NULL,2083,NULL,1119,NULL,'12:00:00','13:00:00','Martes','activo','2025-04-09 22:58:52',NULL,'Laboratorio',9,0),(168,NULL,2083,NULL,1119,NULL,'11:00:00','12:00:00','Miércoles','activo','2025-04-09 22:58:56',NULL,'Laboratorio',9,0),(169,NULL,2179,NULL,1071,NULL,'10:00:00','11:00:00','Miércoles','activo','2025-04-09 22:59:18','2025-04-09 23:00:00','Laboratorio',16,0),(170,NULL,2053,NULL,1116,NULL,'13:00:00','14:00:00','Lunes','activo','2025-04-09 22:59:19',NULL,'Laboratorio',9,0),(171,NULL,2179,NULL,1071,NULL,'11:00:00','12:00:00','Miércoles','activo','2025-04-09 22:59:20','2025-04-09 23:00:02','Laboratorio',16,0),(172,NULL,2053,NULL,1116,NULL,'14:00:00','15:00:00','Lunes','activo','2025-04-09 22:59:22',NULL,'Laboratorio',9,0),(173,NULL,2053,NULL,1116,NULL,'13:00:00','14:00:00','Martes','activo','2025-04-09 22:59:25',NULL,'Laboratorio',9,0),(174,NULL,2178,NULL,1071,NULL,'11:00:00','12:00:00','Martes','activo','2025-04-09 22:59:27',NULL,'Laboratorio',16,0),(175,NULL,2053,NULL,1116,NULL,'14:00:00','15:00:00','Martes','activo','2025-04-09 22:59:31',NULL,'Laboratorio',9,0),(176,NULL,1865,NULL,1127,NULL,'09:00:00','10:00:00','Miércoles','activo','2025-04-09 23:00:07',NULL,'Laboratorio',9,0),(177,NULL,1865,NULL,1127,NULL,'10:00:00','11:00:00','Miércoles','activo','2025-04-09 23:00:11',NULL,'Laboratorio',9,0),(178,NULL,1865,NULL,1127,NULL,'09:00:00','10:00:00','Jueves','activo','2025-04-09 23:00:14',NULL,'Laboratorio',9,0),(179,NULL,2178,NULL,1071,NULL,'08:00:00','09:00:00','Jueves','activo','2025-04-09 23:00:16',NULL,'Laboratorio',16,0),(180,NULL,1865,NULL,1127,NULL,'10:00:00','11:00:00','Jueves','activo','2025-04-09 23:00:16',NULL,'Laboratorio',9,0),(181,NULL,2178,NULL,1071,NULL,'09:00:00','10:00:00','Jueves','activo','2025-04-09 23:00:18',NULL,'Laboratorio',16,0),(182,NULL,1865,NULL,1127,NULL,'09:00:00','10:00:00','Viernes','activo','2025-04-09 23:00:21',NULL,'Laboratorio',9,0),(183,NULL,1778,NULL,1065,NULL,'10:00:00','11:00:00','Lunes','activo','2025-04-09 23:00:36',NULL,'Laboratorio',16,0),(184,NULL,1778,NULL,1065,NULL,'11:00:00','12:00:00','Lunes','activo','2025-04-09 23:00:38',NULL,'Laboratorio',16,0),(185,NULL,1778,NULL,1065,NULL,'10:00:00','11:00:00','Jueves','activo','2025-04-09 23:00:50',NULL,'Laboratorio',16,0),(186,NULL,1778,NULL,1065,NULL,'11:00:00','12:00:00','Jueves','activo','2025-04-09 23:00:53',NULL,'Laboratorio',16,0),(187,NULL,1808,NULL,1115,NULL,'11:00:00','12:00:00','Lunes','activo','2025-04-09 23:01:00',NULL,'Laboratorio',20,0),(188,NULL,1808,NULL,1115,NULL,'11:00:00','12:00:00','Miércoles','activo','2025-04-09 23:01:05',NULL,'Laboratorio',20,0),(189,NULL,1808,NULL,1115,NULL,'11:00:00','12:00:00','Viernes','activo','2025-04-09 23:01:09',NULL,'Laboratorio',20,0),(190,NULL,1808,NULL,1116,NULL,'12:00:00','13:00:00','Lunes','activo','2025-04-09 23:01:22',NULL,'Laboratorio',20,0),(191,NULL,1808,NULL,1116,NULL,'12:00:00','13:00:00','Martes','activo','2025-04-09 23:01:25',NULL,'Laboratorio',20,0),(192,NULL,1808,NULL,1116,NULL,'12:00:00','13:00:00','Viernes','activo','2025-04-09 23:01:29',NULL,'Laboratorio',20,0),(193,NULL,2079,NULL,1069,NULL,'09:00:00','10:00:00','Martes','activo','2025-04-09 23:01:30',NULL,'Laboratorio',16,0),(194,NULL,2079,NULL,1069,NULL,'10:00:00','11:00:00','Martes','activo','2025-04-09 23:01:34',NULL,'Laboratorio',16,0),(195,NULL,2168,NULL,1125,NULL,'08:00:00','09:00:00','Martes','activo','2025-04-09 23:01:44',NULL,'Laboratorio',20,0),(196,NULL,2168,NULL,1125,NULL,'10:00:00','11:00:00','Jueves','activo','2025-04-09 23:01:50',NULL,'Laboratorio',20,0),(197,NULL,1779,NULL,1065,NULL,'10:00:00','11:00:00','Martes','activo','2025-04-09 23:02:39',NULL,'Laboratorio',35,0),(198,NULL,1779,NULL,1065,NULL,'11:00:00','12:00:00','Martes','activo','2025-04-09 23:02:43',NULL,'Laboratorio',35,0),(199,NULL,2040,NULL,1119,NULL,'12:00:00','13:00:00','Miércoles','activo','2025-04-09 23:02:45',NULL,'Laboratorio',20,0),(200,NULL,2040,NULL,1119,NULL,'11:00:00','12:00:00','Jueves','activo','2025-04-09 23:02:49',NULL,'Laboratorio',20,0),(201,NULL,1779,NULL,1065,NULL,'10:00:00','11:00:00','Miércoles','activo','2025-04-09 23:02:51',NULL,'Laboratorio',35,0),(202,NULL,1779,NULL,1065,NULL,'11:00:00','12:00:00','Miércoles','activo','2025-04-09 23:02:59',NULL,'Laboratorio',35,0),(203,NULL,1780,NULL,1065,NULL,'08:00:00','09:00:00','Jueves','activo','2025-04-09 23:03:09',NULL,'Laboratorio',35,0),(204,NULL,1780,NULL,1065,NULL,'09:00:00','10:00:00','Jueves','activo','2025-04-09 23:03:12',NULL,'Laboratorio',35,0),(205,NULL,2084,NULL,1119,NULL,'13:00:00','14:00:00','Martes','activo','2025-04-09 23:03:13',NULL,'Laboratorio',26,0),(206,NULL,2084,NULL,1119,NULL,'14:00:00','15:00:00','Martes','activo','2025-04-09 23:03:17',NULL,'Laboratorio',26,0),(207,NULL,1780,NULL,1065,NULL,'07:00:00','08:00:00','Viernes','activo','2025-04-09 23:03:18',NULL,'Laboratorio',35,0),(208,NULL,1780,NULL,1065,NULL,'08:00:00','09:00:00','Viernes','activo','2025-04-09 23:03:21',NULL,'Laboratorio',35,0),(209,NULL,2084,NULL,1119,NULL,'12:00:00','13:00:00','Jueves','activo','2025-04-09 23:03:43',NULL,'Laboratorio',26,0),(210,NULL,2084,NULL,1119,NULL,'13:00:00','14:00:00','Jueves','activo','2025-04-09 23:03:47',NULL,'Laboratorio',26,0),(211,NULL,1747,NULL,1069,NULL,'10:00:00','11:00:00','Lunes','activo','2025-04-09 23:03:51',NULL,'Laboratorio',19,0),(212,NULL,2084,NULL,1119,NULL,'11:00:00','12:00:00','Viernes','activo','2025-04-09 23:03:53',NULL,'Laboratorio',26,0),(213,NULL,1747,NULL,1069,NULL,'11:00:00','12:00:00','Lunes','activo','2025-04-09 23:03:53',NULL,'Laboratorio',19,0),(214,NULL,2084,NULL,1119,NULL,'12:00:00','13:00:00','Viernes','activo','2025-04-09 23:03:56',NULL,'Laboratorio',26,0),(215,NULL,1747,NULL,1069,NULL,'11:00:00','12:00:00','Martes','activo','2025-04-09 23:04:02',NULL,'Laboratorio',19,0),(217,NULL,2081,NULL,1069,NULL,'10:00:00','11:00:00','Miércoles','activo','2025-04-09 23:07:10',NULL,'Laboratorio',19,0),(218,NULL,2081,NULL,1069,NULL,'11:00:00','12:00:00','Miércoles','activo','2025-04-09 23:07:13',NULL,'Laboratorio',19,0),(219,NULL,2081,NULL,1069,NULL,'11:00:00','12:00:00','Jueves','activo','2025-04-09 23:07:17',NULL,'Laboratorio',19,0),(220,NULL,2180,NULL,1071,NULL,'07:00:00','08:00:00','Martes','activo','2025-04-09 23:07:36',NULL,'Laboratorio',19,0),(221,NULL,2180,NULL,1071,NULL,'08:00:00','09:00:00','Martes','activo','2025-04-09 23:07:42',NULL,'Laboratorio',19,0),(222,NULL,2180,NULL,1071,NULL,'07:00:00','08:00:00','Miércoles','activo','2025-04-09 23:07:46',NULL,'Laboratorio',19,0),(223,NULL,2180,NULL,1071,NULL,'07:00:00','08:00:00','Jueves','activo','2025-04-09 23:07:49',NULL,'Laboratorio',19,0),(224,NULL,2051,NULL,1114,NULL,'12:00:00','13:00:00','Lunes','activo','2025-04-09 23:08:00',NULL,'Laboratorio',29,0),(225,NULL,2051,NULL,1114,NULL,'13:00:00','14:00:00','Lunes','activo','2025-04-09 23:08:05',NULL,'Laboratorio',29,0),(226,NULL,2051,NULL,1114,NULL,'12:00:00','13:00:00','Martes','activo','2025-04-09 23:08:08',NULL,'Laboratorio',29,0),(227,NULL,2051,NULL,1114,NULL,'13:00:00','14:00:00','Martes','activo','2025-04-09 23:08:11',NULL,'Laboratorio',29,0),(228,NULL,1781,NULL,1065,NULL,'09:00:00','10:00:00','Viernes','activo','2025-04-09 23:08:15',NULL,'Laboratorio',19,0),(229,NULL,1781,NULL,1065,NULL,'10:00:00','11:00:00','Viernes','activo','2025-04-09 23:08:18',NULL,'Laboratorio',19,0),(230,NULL,1781,NULL,1065,NULL,'11:00:00','12:00:00','Viernes','activo','2025-04-09 23:08:21',NULL,'Laboratorio',19,0),(231,NULL,2086,NULL,1119,NULL,'08:00:00','09:00:00','Jueves','activo','2025-04-09 23:08:34',NULL,'Laboratorio',29,0),(232,NULL,2086,NULL,1119,NULL,'09:00:00','10:00:00','Jueves','activo','2025-04-09 23:08:37',NULL,'Laboratorio',29,0),(233,NULL,2086,NULL,1119,NULL,'08:00:00','09:00:00','Viernes','activo','2025-04-09 23:08:44',NULL,'Laboratorio',29,0),(234,NULL,2086,NULL,1119,NULL,'09:00:00','10:00:00','Viernes','activo','2025-04-09 23:08:47',NULL,'Laboratorio',29,0),(235,NULL,2080,NULL,1069,NULL,'08:00:00','09:00:00','Lunes','activo','2025-04-09 23:08:51',NULL,'Laboratorio',12,0),(236,NULL,2080,NULL,1069,NULL,'09:00:00','10:00:00','Lunes','activo','2025-04-09 23:08:55',NULL,'Laboratorio',12,0),(237,NULL,2080,NULL,1069,NULL,'08:00:00','09:00:00','Martes','activo','2025-04-09 23:09:00',NULL,'Laboratorio',12,0),(238,NULL,1804,NULL,1124,NULL,'10:00:00','11:00:00','Jueves','activo','2025-04-09 23:09:02',NULL,'Laboratorio',29,0),(241,NULL,1741,NULL,1069,NULL,'08:00:00','09:00:00','Miércoles','activo','2025-04-09 23:09:09',NULL,'Laboratorio',12,0),(242,NULL,1741,NULL,1069,NULL,'09:00:00','10:00:00','Miércoles','activo','2025-04-09 23:09:12',NULL,'Laboratorio',12,0),(243,NULL,1804,NULL,1124,NULL,'10:00:00','11:00:00','Viernes','activo','2025-04-09 23:09:15',NULL,'Laboratorio',29,0),(244,NULL,1741,NULL,1069,NULL,'09:00:00','10:00:00','Jueves','activo','2025-04-09 23:09:17',NULL,'Laboratorio',12,0),(245,NULL,1804,NULL,1124,NULL,'11:00:00','12:00:00','Viernes','activo','2025-04-09 23:09:19',NULL,'Laboratorio',29,0),(248,NULL,1804,NULL,1124,NULL,'11:00:00','12:00:00','Jueves','activo','2025-04-09 23:11:40',NULL,'Laboratorio',29,0),(249,NULL,1783,NULL,1075,NULL,'07:00:00','08:00:00','Lunes','activo','2025-04-09 23:11:59',NULL,'Laboratorio',6,0),(250,NULL,1783,NULL,1075,NULL,'08:00:00','09:00:00','Lunes','activo','2025-04-09 23:12:03',NULL,'Laboratorio',6,0),(251,NULL,2036,NULL,1115,NULL,'07:00:00','08:00:00','Lunes','activo','2025-04-09 23:12:03',NULL,'Laboratorio',21,0),(252,NULL,2036,NULL,1115,NULL,'08:00:00','09:00:00','Lunes','activo','2025-04-09 23:12:05',NULL,'Laboratorio',21,0),(253,NULL,1783,NULL,1075,NULL,'09:00:00','10:00:00','Lunes','activo','2025-04-09 23:12:06',NULL,'Laboratorio',6,0),(254,NULL,2036,NULL,1115,NULL,'07:00:00','08:00:00','Miércoles','activo','2025-04-09 23:12:13',NULL,'Laboratorio',21,0),(255,NULL,1783,NULL,1075,NULL,'13:00:00','14:00:00','Martes','activo','2025-04-09 23:12:15',NULL,'Laboratorio',6,0),(256,NULL,2036,NULL,1115,NULL,'08:00:00','09:00:00','Miércoles','activo','2025-04-09 23:12:16',NULL,'Laboratorio',21,0),(257,NULL,1783,NULL,1075,NULL,'14:00:00','15:00:00','Martes','activo','2025-04-09 23:12:18',NULL,'Laboratorio',6,0),(258,NULL,2036,NULL,1115,NULL,'07:00:00','08:00:00','Viernes','activo','2025-04-09 23:12:19',NULL,'Laboratorio',21,0),(259,NULL,1783,NULL,1075,NULL,'15:00:00','16:00:00','Martes','activo','2025-04-09 23:12:21',NULL,'Laboratorio',6,0),(260,NULL,2036,NULL,1115,NULL,'08:00:00','09:00:00','Viernes','activo','2025-04-09 23:12:22',NULL,'Laboratorio',21,0),(261,NULL,2036,NULL,1116,NULL,'10:00:00','11:00:00','Lunes','activo','2025-04-09 23:12:37',NULL,'Laboratorio',21,0),(262,NULL,2036,NULL,1116,NULL,'11:00:00','12:00:00','Lunes','activo','2025-04-09 23:12:40',NULL,'Laboratorio',21,0),(263,NULL,1788,NULL,1073,NULL,'10:00:00','11:00:00','Lunes','activo','2025-04-09 23:12:40',NULL,'Laboratorio',6,0),(264,NULL,2036,NULL,1116,NULL,'10:00:00','11:00:00','Martes','activo','2025-04-09 23:12:42',NULL,'Laboratorio',21,0),(265,NULL,1788,NULL,1073,NULL,'11:00:00','12:00:00','Lunes','activo','2025-04-09 23:12:43',NULL,'Laboratorio',6,0),(266,NULL,2036,NULL,1116,NULL,'11:00:00','12:00:00','Martes','activo','2025-04-09 23:12:45',NULL,'Laboratorio',21,0),(267,NULL,1788,NULL,1073,NULL,'12:00:00','13:00:00','Lunes','activo','2025-04-09 23:12:46',NULL,'Laboratorio',6,0),(268,NULL,2036,NULL,1116,NULL,'10:00:00','11:00:00','Jueves','activo','2025-04-09 23:12:48',NULL,'Laboratorio',21,0),(269,NULL,2036,NULL,1116,NULL,'11:00:00','12:00:00','Jueves','activo','2025-04-09 23:12:50',NULL,'Laboratorio',21,0),(270,NULL,1783,NULL,1073,NULL,'10:00:00','11:00:00','Miércoles','activo','2025-04-09 23:12:53',NULL,'Laboratorio',6,0),(271,NULL,1783,NULL,1073,NULL,'11:00:00','12:00:00','Miércoles','activo','2025-04-09 23:12:56',NULL,'Laboratorio',6,0),(272,NULL,1783,NULL,1073,NULL,'12:00:00','13:00:00','Miércoles','activo','2025-04-09 23:12:58',NULL,'Laboratorio',6,0),(273,NULL,1783,NULL,1073,NULL,'12:00:00','13:00:00','Jueves','activo','2025-04-09 23:13:07',NULL,'Laboratorio',6,0),(274,NULL,1783,NULL,1073,NULL,'13:00:00','14:00:00','Jueves','activo','2025-04-09 23:13:10',NULL,'Laboratorio',6,0),(275,NULL,1783,NULL,1073,NULL,'14:00:00','15:00:00','Jueves','activo','2025-04-09 23:13:14',NULL,'Laboratorio',6,0),(276,NULL,2036,NULL,1117,NULL,'13:00:00','14:00:00','Martes','activo','2025-04-09 23:13:18',NULL,'Laboratorio',21,0),(277,NULL,2036,NULL,1117,NULL,'14:00:00','15:00:00','Martes','activo','2025-04-09 23:13:21',NULL,'Laboratorio',21,0),(278,NULL,2036,NULL,1117,NULL,'11:00:00','12:00:00','Miércoles','activo','2025-04-09 23:13:26',NULL,'Laboratorio',21,0),(279,NULL,2036,NULL,1117,NULL,'12:00:00','13:00:00','Miércoles','activo','2025-04-09 23:13:29',NULL,'Laboratorio',21,0),(280,NULL,2072,NULL,1090,NULL,'07:00:00','08:00:00','Martes','activo','2025-04-09 23:13:32',NULL,'Laboratorio',6,0),(281,NULL,2036,NULL,1117,NULL,'11:00:00','12:00:00','Viernes','activo','2025-04-09 23:13:34',NULL,'Laboratorio',21,0),(282,NULL,2072,NULL,1090,NULL,'08:00:00','09:00:00','Martes','activo','2025-04-09 23:13:35',NULL,'Laboratorio',6,0),(283,NULL,2036,NULL,1117,NULL,'12:00:00','13:00:00','Viernes','activo','2025-04-09 23:13:37',NULL,'Laboratorio',21,0),(284,NULL,2072,NULL,1090,NULL,'09:00:00','10:00:00','Martes','activo','2025-04-09 23:13:38',NULL,'Laboratorio',6,0),(285,NULL,1783,NULL,1077,NULL,'13:00:00','14:00:00','Lunes','activo','2025-04-09 23:14:07',NULL,'Laboratorio',6,0),(286,NULL,1783,NULL,1077,NULL,'14:00:00','15:00:00','Lunes','activo','2025-04-09 23:14:10',NULL,'Laboratorio',6,0),(287,NULL,1783,NULL,1077,NULL,'15:00:00','16:00:00','Lunes','activo','2025-04-09 23:14:14',NULL,'Laboratorio',6,0),(288,NULL,2159,NULL,1126,NULL,'07:00:00','08:00:00','Lunes','activo','2025-04-09 23:14:16',NULL,'Laboratorio',10,0),(289,NULL,1783,NULL,1077,NULL,'13:00:00','14:00:00','Miércoles','activo','2025-04-09 23:14:18',NULL,'Laboratorio',6,0),(290,NULL,2159,NULL,1126,NULL,'08:00:00','09:00:00','Lunes','activo','2025-04-09 23:14:19',NULL,'Laboratorio',10,0),(291,NULL,1783,NULL,1077,NULL,'14:00:00','15:00:00','Miércoles','activo','2025-04-09 23:14:21',NULL,'Laboratorio',6,0),(292,NULL,2159,NULL,1126,NULL,'07:00:00','08:00:00','Martes','activo','2025-04-09 23:14:22',NULL,'Laboratorio',10,0),(293,NULL,1783,NULL,1077,NULL,'15:00:00','16:00:00','Miércoles','activo','2025-04-09 23:14:23',NULL,'Laboratorio',6,0),(294,NULL,2159,NULL,1126,NULL,'08:00:00','09:00:00','Martes','activo','2025-04-09 23:14:24',NULL,'Laboratorio',10,0),(295,NULL,2159,NULL,1126,NULL,'07:00:00','08:00:00','Miércoles','activo','2025-04-09 23:14:27',NULL,'Laboratorio',10,0),(296,NULL,1788,NULL,1077,NULL,'16:00:00','17:00:00','Viernes','activo','2025-04-09 23:14:36',NULL,'Laboratorio',6,0),(297,NULL,1788,NULL,1077,NULL,'17:00:00','18:00:00','Viernes','activo','2025-04-09 23:14:40',NULL,'Laboratorio',6,0),(298,NULL,2159,NULL,1125,NULL,'09:00:00','10:00:00','Lunes','activo','2025-04-09 23:14:42',NULL,'Laboratorio',10,0),(299,NULL,1788,NULL,1077,NULL,'18:00:00','19:00:00','Viernes','activo','2025-04-09 23:14:43',NULL,'Laboratorio',6,0),(300,NULL,2159,NULL,1125,NULL,'10:00:00','11:00:00','Lunes','activo','2025-04-09 23:14:46',NULL,'Laboratorio',10,0),(301,NULL,2159,NULL,1125,NULL,'09:00:00','10:00:00','Martes','activo','2025-04-09 23:14:49',NULL,'Laboratorio',10,0),(302,NULL,2159,NULL,1125,NULL,'10:00:00','11:00:00','Martes','activo','2025-04-09 23:14:51',NULL,'Laboratorio',10,0),(303,NULL,2159,NULL,1125,NULL,'08:00:00','09:00:00','Miércoles','activo','2025-04-09 23:14:55',NULL,'Laboratorio',10,0),(304,NULL,1952,NULL,1081,NULL,'10:00:00','11:00:00','Martes','activo','2025-04-09 23:15:05','2025-04-09 23:16:44','Laboratorio',6,0),(305,NULL,1952,NULL,1081,NULL,'11:00:00','12:00:00','Martes','activo','2025-04-09 23:15:08','2025-04-09 23:16:48','Laboratorio',6,0),(306,NULL,1952,NULL,1081,NULL,'12:00:00','13:00:00','Martes','activo','2025-04-09 23:15:10','2025-04-09 23:16:53','Laboratorio',6,0),(307,NULL,2037,NULL,1115,NULL,'12:00:00','13:00:00','Lunes','activo','2025-04-09 23:15:12',NULL,'Laboratorio',10,0),(308,NULL,2037,NULL,1115,NULL,'13:00:00','14:00:00','Lunes','activo','2025-04-09 23:15:14',NULL,'Laboratorio',10,0),(309,NULL,2037,NULL,1115,NULL,'13:00:00','14:00:00','Martes','activo','2025-04-09 23:15:23',NULL,'Laboratorio',10,0),(310,NULL,2037,NULL,1115,NULL,'14:00:00','15:00:00','Martes','activo','2025-04-09 23:15:25',NULL,'Laboratorio',10,0),(311,NULL,1783,NULL,1079,NULL,'17:00:00','18:00:00','Martes','activo','2025-04-09 23:15:27',NULL,'Laboratorio',6,0),(312,NULL,1783,NULL,1079,NULL,'18:00:00','19:00:00','Martes','activo','2025-04-09 23:15:29',NULL,'Laboratorio',6,0),(313,NULL,1783,NULL,1079,NULL,'19:00:00','20:00:00','Martes','activo','2025-04-09 23:15:33',NULL,'Laboratorio',6,0),(314,NULL,1783,NULL,1079,NULL,'17:00:00','18:00:00','Miércoles','activo','2025-04-09 23:15:37',NULL,'Laboratorio',6,0),(315,NULL,1783,NULL,1079,NULL,'18:00:00','19:00:00','Miércoles','activo','2025-04-09 23:15:40',NULL,'Laboratorio',6,0),(316,NULL,1783,NULL,1079,NULL,'19:00:00','20:00:00','Miércoles','activo','2025-04-09 23:15:43',NULL,'Laboratorio',6,0),(317,NULL,2037,NULL,1117,NULL,'17:00:00','18:00:00','Lunes','activo','2025-04-09 23:15:49',NULL,'Laboratorio',10,0),(318,NULL,2037,NULL,1117,NULL,'18:00:00','19:00:00','Lunes','activo','2025-04-09 23:15:53',NULL,'Laboratorio',10,0),(319,NULL,2037,NULL,1117,NULL,'17:00:00','18:00:00','Miércoles','activo','2025-04-09 23:15:57',NULL,'Laboratorio',10,0),(320,NULL,2037,NULL,1117,NULL,'18:00:00','19:00:00','Miércoles','activo','2025-04-09 23:16:00',NULL,'Laboratorio',10,0),(321,NULL,1867,NULL,1127,NULL,'11:00:00','12:00:00','Martes','activo','2025-04-09 23:16:26',NULL,'Laboratorio',10,0),(322,NULL,1867,NULL,1127,NULL,'12:00:00','13:00:00','Martes','activo','2025-04-09 23:16:29',NULL,'Laboratorio',10,0),(323,NULL,2035,NULL,1115,NULL,'09:00:00','10:00:00','Miércoles','activo','2025-04-09 23:16:46',NULL,'Laboratorio',10,0),(324,NULL,2035,NULL,1115,NULL,'10:00:00','11:00:00','Miércoles','activo','2025-04-09 23:16:48',NULL,'Laboratorio',10,0),(325,NULL,2037,NULL,1116,NULL,'12:00:00','13:00:00','Miércoles','activo','2025-04-09 23:17:07',NULL,'Laboratorio',10,0),(326,NULL,2037,NULL,1116,NULL,'13:00:00','14:00:00','Miércoles','activo','2025-04-09 23:17:09',NULL,'Laboratorio',10,0),(327,NULL,2037,NULL,1116,NULL,'12:00:00','13:00:00','Jueves','activo','2025-04-09 23:17:12',NULL,'Laboratorio',10,0),(328,NULL,2037,NULL,1116,NULL,'13:00:00','14:00:00','Jueves','activo','2025-04-09 23:17:15',NULL,'Laboratorio',10,0),(329,NULL,2035,NULL,1116,NULL,'09:00:00','10:00:00','Viernes','activo','2025-04-09 23:17:23',NULL,'Laboratorio',10,0),(330,NULL,1783,NULL,1074,NULL,'07:00:00','08:00:00','Miércoles','activo','2025-04-09 23:17:26',NULL,'Laboratorio',6,0),(331,NULL,2035,NULL,1116,NULL,'10:00:00','11:00:00','Viernes','activo','2025-04-09 23:17:27',NULL,'Laboratorio',10,0),(332,NULL,1783,NULL,1074,NULL,'08:00:00','09:00:00','Miércoles','activo','2025-04-09 23:17:28',NULL,'Laboratorio',6,0),(333,NULL,1783,NULL,1074,NULL,'09:00:00','10:00:00','Miércoles','activo','2025-04-09 23:17:31',NULL,'Laboratorio',6,0),(334,NULL,1783,NULL,1074,NULL,'09:00:00','10:00:00','Jueves','activo','2025-04-09 23:17:36',NULL,'Laboratorio',6,0),(335,NULL,1783,NULL,1074,NULL,'10:00:00','11:00:00','Jueves','activo','2025-04-09 23:17:39',NULL,'Laboratorio',6,0),(336,NULL,1783,NULL,1074,NULL,'11:00:00','12:00:00','Jueves','activo','2025-04-09 23:17:42',NULL,'Laboratorio',6,0),(337,NULL,2158,NULL,1124,NULL,'08:00:00','09:00:00','Lunes','activo','2025-04-09 23:17:50',NULL,'Laboratorio',11,0),(338,NULL,2158,NULL,1124,NULL,'09:00:00','10:00:00','Lunes','activo','2025-04-09 23:17:53',NULL,'Laboratorio',11,0),(339,NULL,2158,NULL,1124,NULL,'08:00:00','09:00:00','Miércoles','activo','2025-04-09 23:17:57',NULL,'Laboratorio',11,0),(340,NULL,1783,NULL,1080,NULL,'08:00:00','09:00:00','Viernes','activo','2025-04-09 23:17:59',NULL,'Laboratorio',6,0),(341,NULL,2158,NULL,1124,NULL,'09:00:00','10:00:00','Miércoles','activo','2025-04-09 23:18:00',NULL,'Laboratorio',11,0),(342,NULL,1783,NULL,1080,NULL,'09:00:00','10:00:00','Viernes','activo','2025-04-09 23:18:05',NULL,'Laboratorio',6,0),(343,NULL,1783,NULL,1080,NULL,'10:00:00','11:00:00','Viernes','activo','2025-04-09 23:18:08',NULL,'Laboratorio',6,0),(344,NULL,1783,NULL,1080,NULL,'11:00:00','12:00:00','Viernes','activo','2025-04-09 23:18:11',NULL,'Laboratorio',6,0),(345,NULL,2053,NULL,1115,NULL,'11:00:00','12:00:00','Martes','activo','2025-04-09 23:18:13',NULL,'Laboratorio',11,0),(346,NULL,1783,NULL,1080,NULL,'12:00:00','13:00:00','Viernes','activo','2025-04-09 23:18:13',NULL,'Laboratorio',6,0),(347,NULL,1788,NULL,1080,NULL,'13:00:00','14:00:00','Viernes','activo','2025-04-09 23:18:20',NULL,'Laboratorio',6,0),(348,NULL,1788,NULL,1080,NULL,'14:00:00','15:00:00','Viernes','activo','2025-04-09 23:18:23',NULL,'Laboratorio',6,0),(349,NULL,1788,NULL,1080,NULL,'15:00:00','16:00:00','Viernes','activo','2025-04-09 23:18:26',NULL,'Laboratorio',6,0),(350,NULL,1721,NULL,1072,NULL,'07:00:00','08:00:00','Lunes','activo','2025-04-09 23:18:56',NULL,'Laboratorio',7,0),(351,NULL,1721,NULL,1072,NULL,'08:00:00','09:00:00','Lunes','activo','2025-04-09 23:18:59',NULL,'Laboratorio',7,0),(352,NULL,1721,NULL,1072,NULL,'09:00:00','10:00:00','Lunes','activo','2025-04-09 23:19:02',NULL,'Laboratorio',7,0),(353,NULL,1721,NULL,1072,NULL,'10:00:00','11:00:00','Martes','activo','2025-04-09 23:19:07',NULL,'Laboratorio',7,0),(354,NULL,1721,NULL,1072,NULL,'11:00:00','12:00:00','Martes','activo','2025-04-09 23:19:10',NULL,'Laboratorio',7,0),(355,NULL,1721,NULL,1072,NULL,'12:00:00','13:00:00','Martes','activo','2025-04-09 23:19:12',NULL,'Laboratorio',7,0),(356,NULL,1788,NULL,1074,NULL,'10:00:00','11:00:00','Lunes','activo','2025-04-09 23:19:29',NULL,'Laboratorio',7,0),(357,NULL,1788,NULL,1074,NULL,'11:00:00','12:00:00','Lunes','activo','2025-04-09 23:19:32',NULL,'Laboratorio',7,0),(358,NULL,1788,NULL,1074,NULL,'12:00:00','13:00:00','Lunes','activo','2025-04-09 23:19:35',NULL,'Laboratorio',7,0),(359,NULL,1783,NULL,1076,NULL,'07:00:00','08:00:00','Martes','activo','2025-04-09 23:20:02',NULL,'Laboratorio',7,0),(360,NULL,1783,NULL,1076,NULL,'08:00:00','09:00:00','Martes','activo','2025-04-09 23:20:04',NULL,'Laboratorio',7,0),(361,NULL,1783,NULL,1076,NULL,'09:00:00','10:00:00','Martes','activo','2025-04-09 23:20:07',NULL,'Laboratorio',7,0),(362,NULL,1783,NULL,1076,NULL,'07:00:00','08:00:00','Jueves','activo','2025-04-09 23:20:10',NULL,'Laboratorio',7,0),(363,NULL,1783,NULL,1076,NULL,'08:00:00','09:00:00','Jueves','activo','2025-04-09 23:20:13',NULL,'Laboratorio',7,0),(364,NULL,1783,NULL,1076,NULL,'09:00:00','10:00:00','Jueves','activo','2025-04-09 23:20:15',NULL,'Laboratorio',7,0),(365,NULL,1788,NULL,1078,NULL,'14:00:00','15:00:00','Lunes','activo','2025-04-09 23:20:32',NULL,'Laboratorio',7,0),(366,NULL,1788,NULL,1078,NULL,'15:00:00','16:00:00','Lunes','activo','2025-04-09 23:20:35',NULL,'Laboratorio',7,0),(367,NULL,1788,NULL,1078,NULL,'16:00:00','17:00:00','Lunes','activo','2025-04-09 23:20:37',NULL,'Laboratorio',7,0),(368,NULL,1783,NULL,1078,NULL,'14:00:00','15:00:00','Martes','activo','2025-04-09 23:20:42',NULL,'Laboratorio',7,0),(369,NULL,1783,NULL,1078,NULL,'15:00:00','16:00:00','Martes','activo','2025-04-09 23:20:45',NULL,'Laboratorio',7,0),(370,NULL,1783,NULL,1078,NULL,'16:00:00','17:00:00','Martes','activo','2025-04-09 23:20:48',NULL,'Laboratorio',7,0),(371,NULL,1783,NULL,1078,NULL,'13:00:00','14:00:00','Miércoles','activo','2025-04-09 23:20:53',NULL,'Laboratorio',7,0),(372,NULL,1783,NULL,1078,NULL,'14:00:00','15:00:00','Miércoles','activo','2025-04-09 23:20:56',NULL,'Laboratorio',7,0),(373,NULL,1783,NULL,1078,NULL,'15:00:00','16:00:00','Miércoles','activo','2025-04-09 23:20:59',NULL,'Laboratorio',7,0),(374,NULL,2053,NULL,1115,NULL,'12:00:00','13:00:00','Martes','activo','2025-04-09 23:21:19',NULL,'Laboratorio',11,0),(375,NULL,2025,NULL,1088,NULL,'07:00:00','08:00:00','Miércoles','activo','2025-04-09 23:21:20',NULL,'Laboratorio',7,0),(376,NULL,2025,NULL,1088,NULL,'08:00:00','09:00:00','Miércoles','activo','2025-04-09 23:21:23',NULL,'Laboratorio',7,0),(377,NULL,2025,NULL,1088,NULL,'09:00:00','10:00:00','Miércoles','activo','2025-04-09 23:21:25',NULL,'Laboratorio',7,0),(378,NULL,2053,NULL,1115,NULL,'13:00:00','14:00:00','Jueves','activo','2025-04-09 23:21:26',NULL,'Laboratorio',11,0),(379,NULL,2025,NULL,1088,NULL,'10:00:00','11:00:00','Miércoles','activo','2025-04-09 23:21:28',NULL,'Laboratorio',7,0),(380,NULL,2053,NULL,1115,NULL,'14:00:00','15:00:00','Jueves','activo','2025-04-09 23:21:29',NULL,'Laboratorio',11,0),(381,NULL,2025,NULL,1088,NULL,'11:00:00','12:00:00','Miércoles','activo','2025-04-09 23:21:31',NULL,'Laboratorio',7,0),(382,NULL,2025,NULL,1088,NULL,'12:00:00','13:00:00','Miércoles','activo','2025-04-09 23:21:33',NULL,'Laboratorio',7,0),(383,NULL,2024,NULL,1088,NULL,'07:00:00','08:00:00','Viernes','activo','2025-04-09 23:21:36',NULL,'Laboratorio',7,0),(384,NULL,2024,NULL,1088,NULL,'08:00:00','09:00:00','Viernes','activo','2025-04-09 23:21:39',NULL,'Laboratorio',7,0),(385,NULL,2024,NULL,1088,NULL,'09:00:00','10:00:00','Viernes','activo','2025-04-09 23:21:43',NULL,'Laboratorio',7,0),(386,NULL,2024,NULL,1088,NULL,'10:00:00','11:00:00','Viernes','activo','2025-04-09 23:22:15',NULL,'Laboratorio',7,0),(387,NULL,2024,NULL,1088,NULL,'11:00:00','12:00:00','Viernes','activo','2025-04-09 23:22:18',NULL,'Laboratorio',7,0),(388,NULL,2024,NULL,1088,NULL,'12:00:00','13:00:00','Viernes','activo','2025-04-09 23:22:21',NULL,'Laboratorio',7,0),(389,NULL,2072,NULL,1090,NULL,'10:00:00','11:00:00','Jueves','activo','2025-04-09 23:22:37',NULL,'Laboratorio',7,0),(390,NULL,2072,NULL,1090,NULL,'11:00:00','12:00:00','Jueves','activo','2025-04-09 23:22:40',NULL,'Laboratorio',7,0),(391,NULL,2072,NULL,1090,NULL,'12:00:00','13:00:00','Jueves','activo','2025-04-09 23:22:42',NULL,'Laboratorio',7,0),(392,NULL,2072,NULL,1092,NULL,'17:00:00','18:00:00','Jueves','activo','2025-04-09 23:22:58',NULL,'Laboratorio',7,0),(393,NULL,2072,NULL,1092,NULL,'18:00:00','19:00:00','Jueves','activo','2025-04-09 23:23:01',NULL,'Laboratorio',7,0),(394,NULL,2072,NULL,1092,NULL,'19:00:00','20:00:00','Jueves','activo','2025-04-09 23:23:05',NULL,'Laboratorio',7,0),(395,NULL,2072,NULL,1092,NULL,'17:00:00','18:00:00','Viernes','activo','2025-04-09 23:23:10',NULL,'Laboratorio',7,0),(396,NULL,2072,NULL,1092,NULL,'18:00:00','19:00:00','Viernes','activo','2025-04-09 23:23:13',NULL,'Laboratorio',7,0),(397,NULL,2072,NULL,1092,NULL,'19:00:00','20:00:00','Viernes','activo','2025-04-09 23:23:16',NULL,'Laboratorio',7,0),(398,NULL,2072,NULL,1093,NULL,'08:00:00','09:00:00','Sábado','activo','2025-04-09 23:23:46',NULL,'Laboratorio',7,0),(399,NULL,2072,NULL,1093,NULL,'09:00:00','10:00:00','Sábado','activo','2025-04-09 23:23:49',NULL,'Laboratorio',7,0),(400,NULL,2072,NULL,1093,NULL,'10:00:00','11:00:00','Sábado','activo','2025-04-09 23:23:52',NULL,'Laboratorio',7,0),(401,NULL,2072,NULL,1093,NULL,'11:00:00','12:00:00','Sábado','activo','2025-04-09 23:23:55',NULL,'Laboratorio',7,0),(402,NULL,2072,NULL,1093,NULL,'12:00:00','13:00:00','Sábado','activo','2025-04-09 23:23:57',NULL,'Laboratorio',7,0),(403,NULL,2072,NULL,1093,NULL,'13:00:00','14:00:00','Sábado','activo','2025-04-09 23:24:00',NULL,'Laboratorio',7,0),(404,NULL,2074,NULL,1093,NULL,'14:00:00','15:00:00','Sábado','activo','2025-04-09 23:24:05',NULL,'Laboratorio',7,0),(405,NULL,2074,NULL,1093,NULL,'15:00:00','16:00:00','Sábado','activo','2025-04-09 23:24:10',NULL,'Laboratorio',7,0),(406,NULL,2074,NULL,1093,NULL,'16:00:00','17:00:00','Sábado','activo','2025-04-09 23:24:14',NULL,'Laboratorio',7,0),(407,NULL,1952,NULL,1081,NULL,'07:00:00','08:00:00','Lunes','activo','2025-04-09 23:25:28',NULL,'Laboratorio',4,0),(408,NULL,1952,NULL,1081,NULL,'08:00:00','09:00:00','Lunes','activo','2025-04-09 23:25:31',NULL,'Laboratorio',4,0),(409,NULL,1952,NULL,1081,NULL,'09:00:00','10:00:00','Lunes','activo','2025-04-09 23:25:34',NULL,'Laboratorio',4,0),(410,NULL,1788,NULL,1075,NULL,'10:00:00','11:00:00','Lunes','activo','2025-04-09 23:25:44',NULL,'Laboratorio',4,0),(411,NULL,1788,NULL,1075,NULL,'11:00:00','12:00:00','Lunes','activo','2025-04-09 23:25:46',NULL,'Laboratorio',4,0),(412,NULL,1788,NULL,1075,NULL,'12:00:00','13:00:00','Lunes','activo','2025-04-09 23:25:48',NULL,'Laboratorio',4,0),(413,NULL,1788,NULL,1079,NULL,'14:00:00','15:00:00','Lunes','activo','2025-04-09 23:26:03',NULL,'Laboratorio',4,0),(414,NULL,1788,NULL,1079,NULL,'15:00:00','16:00:00','Lunes','activo','2025-04-09 23:26:05',NULL,'Laboratorio',4,0),(415,NULL,1788,NULL,1079,NULL,'16:00:00','17:00:00','Lunes','activo','2025-04-09 23:26:07',NULL,'Laboratorio',4,0),(416,NULL,1788,NULL,1076,NULL,'09:00:00','10:00:00','Viernes','activo','2025-04-09 23:26:22',NULL,'Laboratorio',4,0),(417,NULL,1788,NULL,1076,NULL,'10:00:00','11:00:00','Viernes','activo','2025-04-09 23:26:25',NULL,'Laboratorio',4,0),(418,NULL,1788,NULL,1076,NULL,'11:00:00','12:00:00','Viernes','activo','2025-04-09 23:26:28',NULL,'Laboratorio',4,0),(419,NULL,2072,NULL,1089,NULL,'08:00:00','09:00:00','Miércoles','activo','2025-04-09 23:26:57',NULL,'Laboratorio',4,0),(420,NULL,2072,NULL,1089,NULL,'09:00:00','10:00:00','Miércoles','activo','2025-04-09 23:27:00',NULL,'Laboratorio',4,0),(421,NULL,2072,NULL,1089,NULL,'10:00:00','11:00:00','Miércoles','activo','2025-04-09 23:27:03',NULL,'Laboratorio',4,0),(422,NULL,2072,NULL,1089,NULL,'08:00:00','09:00:00','Jueves','activo','2025-04-09 23:27:06',NULL,'Laboratorio',4,0),(423,NULL,2072,NULL,1089,NULL,'09:00:00','10:00:00','Jueves','activo','2025-04-09 23:27:09',NULL,'Laboratorio',4,0),(424,NULL,2072,NULL,1089,NULL,'10:00:00','11:00:00','Jueves','activo','2025-04-09 23:27:11',NULL,'Laboratorio',4,0),(425,NULL,2072,NULL,1091,NULL,'12:00:00','13:00:00','Miércoles','activo','2025-04-09 23:29:17',NULL,'Laboratorio',4,0),(426,NULL,2072,NULL,1091,NULL,'13:00:00','14:00:00','Miércoles','activo','2025-04-09 23:29:19',NULL,'Laboratorio',4,0),(427,NULL,2072,NULL,1091,NULL,'14:00:00','15:00:00','Miércoles','activo','2025-04-09 23:29:23',NULL,'Laboratorio',4,0),(428,NULL,2072,NULL,1091,NULL,'12:00:00','13:00:00','Jueves','activo','2025-04-09 23:29:26',NULL,'Laboratorio',4,0),(429,NULL,2072,NULL,1091,NULL,'13:00:00','14:00:00','Jueves','activo','2025-04-09 23:29:29',NULL,'Laboratorio',4,0),(430,NULL,2072,NULL,1091,NULL,'14:00:00','15:00:00','Jueves','activo','2025-04-09 23:29:31',NULL,'Laboratorio',4,0),(431,NULL,1731,NULL,1063,23,'07:00:00','08:00:00','Lunes','activo','2025-04-09 23:29:32',NULL,'Aula',NULL,0),(432,NULL,1731,NULL,1063,23,'08:00:00','09:00:00','Lunes','activo','2025-04-09 23:29:44',NULL,'Aula',NULL,0),(433,NULL,1731,NULL,1063,23,'07:00:00','08:00:00','Miércoles','activo','2025-04-09 23:29:52',NULL,'Aula',NULL,0),(434,NULL,1731,NULL,1063,23,'08:00:00','09:00:00','Miércoles','activo','2025-04-09 23:29:55',NULL,'Aula',NULL,0),(435,NULL,1786,NULL,1073,NULL,'12:00:00','13:00:00','Martes','activo','2025-04-09 23:29:58',NULL,'Laboratorio',3,0),(436,NULL,1786,NULL,1073,NULL,'13:00:00','14:00:00','Martes','activo','2025-04-09 23:30:01',NULL,'Laboratorio',3,0),(437,NULL,1786,NULL,1073,NULL,'14:00:00','15:00:00','Martes','activo','2025-04-09 23:30:03',NULL,'Laboratorio',3,0),(438,NULL,1786,NULL,1079,NULL,'17:00:00','18:00:00','Lunes','activo','2025-04-09 23:30:23',NULL,'Laboratorio',3,0),(439,NULL,1786,NULL,1079,NULL,'18:00:00','19:00:00','Lunes','activo','2025-04-09 23:30:25',NULL,'Laboratorio',3,0),(440,NULL,1786,NULL,1079,NULL,'19:00:00','20:00:00','Lunes','activo','2025-04-09 23:30:28',NULL,'Laboratorio',3,0),(442,NULL,1786,NULL,1078,NULL,'17:00:00','18:00:00','Martes','activo','2025-04-09 23:30:58',NULL,'Laboratorio',3,0),(444,NULL,1786,NULL,1078,NULL,'18:00:00','19:00:00','Martes','activo','2025-04-09 23:31:01',NULL,'Laboratorio',3,0),(445,NULL,1786,NULL,1078,NULL,'19:00:00','20:00:00','Martes','activo','2025-04-09 23:31:04',NULL,'Laboratorio',3,0),(448,NULL,1786,NULL,1077,NULL,'17:00:00','18:00:00','Jueves','activo','2025-04-09 23:31:15',NULL,'Laboratorio',3,0),(449,NULL,1786,NULL,1077,NULL,'18:00:00','19:00:00','Jueves','activo','2025-04-09 23:31:18',NULL,'Laboratorio',3,0),(450,NULL,1786,NULL,1077,NULL,'19:00:00','20:00:00','Jueves','activo','2025-04-09 23:31:22',NULL,'Laboratorio',3,0),(451,NULL,1786,NULL,1075,NULL,'12:00:00','13:00:00','Miércoles','activo','2025-04-09 23:31:33','2025-04-09 23:32:04','Laboratorio',3,0),(452,NULL,1786,NULL,1075,NULL,'13:00:00','14:00:00','Miércoles','activo','2025-04-09 23:32:10',NULL,'Laboratorio',3,0),(453,NULL,1786,NULL,1075,NULL,'14:00:00','15:00:00','Miércoles','activo','2025-04-09 23:32:13',NULL,'Laboratorio',3,0),(454,NULL,1786,NULL,1074,NULL,'12:00:00','13:00:00','Jueves','activo','2025-04-09 23:32:28',NULL,'Laboratorio',3,0),(455,NULL,1786,NULL,1074,NULL,'13:00:00','14:00:00','Jueves','activo','2025-04-09 23:32:30',NULL,'Laboratorio',3,0),(456,NULL,1786,NULL,1074,NULL,'14:00:00','15:00:00','Jueves','activo','2025-04-09 23:32:33',NULL,'Laboratorio',3,0),(457,NULL,1786,NULL,1076,NULL,'12:00:00','13:00:00','Viernes','activo','2025-04-09 23:32:53',NULL,'Laboratorio',3,0),(458,NULL,1786,NULL,1076,NULL,'13:00:00','14:00:00','Viernes','activo','2025-04-09 23:32:59',NULL,'Laboratorio',3,0),(459,NULL,1786,NULL,1076,NULL,'14:00:00','15:00:00','Viernes','activo','2025-04-09 23:33:02',NULL,'Laboratorio',3,0),(460,NULL,1786,NULL,1080,NULL,'14:00:00','15:00:00','Sábado','activo','2025-04-09 23:33:16',NULL,'Laboratorio',3,0),(461,NULL,1786,NULL,1080,NULL,'15:00:00','16:00:00','Sábado','activo','2025-04-09 23:33:19',NULL,'Laboratorio',3,0),(462,NULL,1786,NULL,1080,NULL,'16:00:00','17:00:00','Sábado','activo','2025-04-09 23:33:22',NULL,'Laboratorio',3,0),(463,NULL,2074,NULL,1090,NULL,'09:00:00','10:00:00','Lunes','activo','2025-04-09 23:33:38',NULL,'Laboratorio',3,0),(464,NULL,2074,NULL,1090,NULL,'10:00:00','11:00:00','Lunes','activo','2025-04-09 23:33:41',NULL,'Laboratorio',3,0),(465,NULL,2074,NULL,1090,NULL,'11:00:00','12:00:00','Lunes','activo','2025-04-09 23:33:43',NULL,'Laboratorio',3,0),(466,NULL,2074,NULL,1089,NULL,'09:00:00','10:00:00','Martes','activo','2025-04-09 23:33:54',NULL,'Laboratorio',3,0),(467,NULL,2074,NULL,1089,NULL,'10:00:00','11:00:00','Martes','activo','2025-04-09 23:33:57',NULL,'Laboratorio',3,0),(468,NULL,2074,NULL,1089,NULL,'11:00:00','12:00:00','Martes','activo','2025-04-09 23:34:03',NULL,'Laboratorio',3,0),(471,NULL,2074,NULL,1091,NULL,'09:00:00','10:00:00','Viernes','activo','2025-04-09 23:35:23',NULL,'Laboratorio',3,0),(472,NULL,2074,NULL,1091,NULL,'10:00:00','11:00:00','Viernes','activo','2025-04-09 23:35:28',NULL,'Laboratorio',3,0),(473,NULL,2074,NULL,1091,NULL,'11:00:00','12:00:00','Viernes','activo','2025-04-09 23:35:33',NULL,'Laboratorio',3,0),(474,NULL,1686,NULL,1063,NULL,'12:00:00','13:00:00','Martes','activo','2025-04-09 23:35:40',NULL,'Laboratorio',14,0),(475,NULL,1686,NULL,1063,NULL,'13:00:00','14:00:00','Martes','activo','2025-04-09 23:35:43',NULL,'Laboratorio',14,0),(476,NULL,1686,NULL,1064,NULL,'12:00:00','13:00:00','Miércoles','activo','2025-04-09 23:35:59',NULL,'Laboratorio',14,0),(477,NULL,1686,NULL,1064,NULL,'13:00:00','14:00:00','Miércoles','activo','2025-04-09 23:36:01',NULL,'Laboratorio',14,0),(478,NULL,2074,NULL,1092,NULL,'17:00:00','18:00:00','Miércoles','activo','2025-04-09 23:36:19',NULL,'Laboratorio',3,0),(479,NULL,2074,NULL,1092,NULL,'18:00:00','19:00:00','Miércoles','activo','2025-04-09 23:36:29',NULL,'Laboratorio',3,0),(480,NULL,2074,NULL,1092,NULL,'19:00:00','20:00:00','Miércoles','activo','2025-04-09 23:36:40',NULL,'Laboratorio',3,0),(489,NULL,1729,NULL,1063,23,'09:00:00','10:00:00','Martes','activo','2025-04-09 23:37:33',NULL,'Aula',NULL,0),(490,NULL,1729,NULL,1063,23,'10:00:00','11:00:00','Martes','activo','2025-04-09 23:37:36',NULL,'Aula',NULL,0),(492,NULL,1729,NULL,1063,23,'07:00:00','08:00:00','Viernes','activo','2025-04-09 23:38:04',NULL,'Aula',NULL,0),(493,NULL,1729,NULL,1063,23,'08:00:00','09:00:00','Viernes','activo','2025-04-09 23:38:06',NULL,'Aula',NULL,0),(494,NULL,1787,NULL,1073,NULL,'09:00:00','10:00:00','Jueves','activo','2025-04-09 23:38:25',NULL,'Laboratorio',30,0),(495,NULL,1787,NULL,1073,NULL,'10:00:00','11:00:00','Jueves','activo','2025-04-09 23:38:32',NULL,'Laboratorio',30,0),(496,NULL,1787,NULL,1073,NULL,'11:00:00','12:00:00','Jueves','activo','2025-04-09 23:38:37',NULL,'Laboratorio',30,0),(497,NULL,1787,NULL,1073,NULL,'07:00:00','08:00:00','Viernes','activo','2025-04-09 23:38:46',NULL,'Laboratorio',30,0),(498,NULL,1787,NULL,1073,NULL,'08:00:00','09:00:00','Viernes','activo','2025-04-09 23:38:50',NULL,'Laboratorio',30,0),(499,NULL,1787,NULL,1073,NULL,'09:00:00','10:00:00','Viernes','activo','2025-04-09 23:38:53',NULL,'Laboratorio',30,0),(504,NULL,1787,NULL,1074,NULL,'07:00:00','08:00:00','Lunes','activo','2025-04-09 23:39:47',NULL,'Laboratorio',30,0),(505,NULL,1787,NULL,1074,NULL,'07:00:00','08:00:00','Martes','activo','2025-04-09 23:39:51',NULL,'Laboratorio',30,0),(506,NULL,1787,NULL,1074,NULL,'08:00:00','09:00:00','Lunes','activo','2025-04-09 23:39:54',NULL,'Laboratorio',30,0),(507,NULL,1787,NULL,1074,NULL,'08:00:00','09:00:00','Martes','activo','2025-04-09 23:39:58',NULL,'Laboratorio',30,0),(508,NULL,1787,NULL,1074,NULL,'09:00:00','10:00:00','Lunes','activo','2025-04-09 23:40:02',NULL,'Laboratorio',30,0),(509,NULL,1787,NULL,1074,NULL,'09:00:00','10:00:00','Martes','activo','2025-04-09 23:40:06',NULL,'Laboratorio',30,0),(510,NULL,1787,NULL,1075,NULL,'12:00:00','13:00:00','Jueves','activo','2025-04-09 23:40:44',NULL,'Laboratorio',30,0),(511,NULL,1787,NULL,1075,NULL,'12:00:00','13:00:00','Viernes','activo','2025-04-09 23:40:48',NULL,'Laboratorio',30,0),(512,NULL,1787,NULL,1075,NULL,'13:00:00','14:00:00','Jueves','activo','2025-04-09 23:40:52',NULL,'Laboratorio',30,0),(513,NULL,1787,NULL,1075,NULL,'13:00:00','14:00:00','Viernes','activo','2025-04-09 23:40:56',NULL,'Laboratorio',30,0),(514,NULL,1787,NULL,1075,NULL,'14:00:00','15:00:00','Jueves','activo','2025-04-09 23:41:00',NULL,'Laboratorio',30,0),(515,NULL,1787,NULL,1075,NULL,'14:00:00','15:00:00','Viernes','activo','2025-04-09 23:41:04',NULL,'Laboratorio',30,0),(516,NULL,1787,NULL,1076,NULL,'07:00:00','08:00:00','Miércoles','activo','2025-04-09 23:41:26',NULL,'Laboratorio',30,0),(517,NULL,1729,NULL,1064,22,'09:00:00','10:00:00','Lunes','activo','2025-04-09 23:41:28',NULL,'Aula',NULL,0),(518,NULL,1729,NULL,1064,22,'10:00:00','11:00:00','Lunes','activo','2025-04-09 23:41:30',NULL,'Aula',NULL,0),(519,NULL,1787,NULL,1076,NULL,'08:00:00','09:00:00','Miércoles','activo','2025-04-09 23:41:30',NULL,'Laboratorio',30,0),(520,NULL,1731,NULL,1064,22,'07:00:00','08:00:00','Martes','activo','2025-04-09 23:41:35',NULL,'Aula',NULL,0),(521,NULL,1787,NULL,1076,NULL,'09:00:00','10:00:00','Miércoles','activo','2025-04-09 23:41:35',NULL,'Laboratorio',30,0),(522,NULL,1731,NULL,1064,22,'08:00:00','09:00:00','Martes','activo','2025-04-09 23:41:37',NULL,'Aula',NULL,0),(523,NULL,1729,NULL,1064,22,'09:00:00','10:00:00','Miércoles','activo','2025-04-09 23:41:43',NULL,'Aula',NULL,0),(525,NULL,1729,NULL,1064,22,'10:00:00','11:00:00','Miércoles','activo','2025-04-09 23:41:48',NULL,'Aula',NULL,0),(526,NULL,1731,NULL,1064,22,'07:00:00','08:00:00','Jueves','activo','2025-04-09 23:41:54',NULL,'Aula',NULL,0),(527,NULL,1731,NULL,1064,22,'08:00:00','09:00:00','Jueves','activo','2025-04-09 23:41:57',NULL,'Aula',NULL,0),(528,NULL,1787,NULL,1076,NULL,'10:00:00','11:00:00','Martes','activo','2025-04-09 23:42:08',NULL,'Laboratorio',30,0),(529,NULL,1787,NULL,1076,NULL,'11:00:00','12:00:00','Martes','activo','2025-04-09 23:42:13',NULL,'Laboratorio',30,0),(530,NULL,1787,NULL,1076,NULL,'12:00:00','13:00:00','Martes','activo','2025-04-09 23:42:17',NULL,'Laboratorio',30,0),(531,NULL,1787,NULL,1077,NULL,'16:00:00','17:00:00','Martes','activo','2025-04-09 23:43:08',NULL,'Laboratorio',30,0),(532,NULL,1787,NULL,1077,NULL,'17:00:00','18:00:00','Martes','activo','2025-04-09 23:43:12',NULL,'Laboratorio',30,0),(533,NULL,1787,NULL,1077,NULL,'18:00:00','19:00:00','Martes','activo','2025-04-09 23:43:16',NULL,'Laboratorio',30,0),(534,NULL,1787,NULL,1077,NULL,'16:00:00','17:00:00','Miércoles','activo','2025-04-09 23:43:21',NULL,'Laboratorio',30,0),(535,NULL,1787,NULL,1077,NULL,'17:00:00','18:00:00','Miércoles','activo','2025-04-09 23:43:24',NULL,'Laboratorio',30,0),(536,NULL,1787,NULL,1077,NULL,'18:00:00','19:00:00','Miércoles','activo','2025-04-09 23:43:28',NULL,'Laboratorio',30,0),(537,NULL,1787,NULL,1078,NULL,'15:00:00','16:00:00','Jueves','activo','2025-04-09 23:43:56',NULL,'Laboratorio',30,0),(538,NULL,1787,NULL,1078,NULL,'15:00:00','16:00:00','Viernes','activo','2025-04-09 23:44:01',NULL,'Laboratorio',30,0),(539,NULL,1787,NULL,1078,NULL,'16:00:00','17:00:00','Jueves','activo','2025-04-09 23:44:04',NULL,'Laboratorio',30,0),(540,NULL,1787,NULL,1078,NULL,'16:00:00','17:00:00','Viernes','activo','2025-04-09 23:44:08',NULL,'Laboratorio',30,0),(541,NULL,1787,NULL,1078,NULL,'17:00:00','18:00:00','Jueves','activo','2025-04-09 23:44:12',NULL,'Laboratorio',30,0),(542,NULL,1787,NULL,1078,NULL,'17:00:00','18:00:00','Viernes','activo','2025-04-09 23:44:17',NULL,'Laboratorio',30,0),(543,NULL,1787,NULL,1079,NULL,'13:00:00','14:00:00','Martes','activo','2025-04-09 23:44:34',NULL,'Laboratorio',30,0),(544,NULL,1787,NULL,1079,NULL,'13:00:00','14:00:00','Miércoles','activo','2025-04-09 23:44:37',NULL,'Laboratorio',30,0),(545,NULL,1787,NULL,1079,NULL,'14:00:00','15:00:00','Martes','activo','2025-04-09 23:44:41',NULL,'Laboratorio',30,0),(546,NULL,1787,NULL,1079,NULL,'14:00:00','15:00:00','Miércoles','activo','2025-04-09 23:44:45',NULL,'Laboratorio',30,0),(547,NULL,1727,NULL,1063,23,'11:00:00','12:00:00','Jueves','activo','2025-04-09 23:44:48',NULL,'Aula',NULL,0),(548,NULL,1787,NULL,1079,NULL,'15:00:00','16:00:00','Martes','activo','2025-04-09 23:44:49',NULL,'Laboratorio',30,0),(549,NULL,1727,NULL,1063,23,'12:00:00','13:00:00','Jueves','activo','2025-04-09 23:44:50',NULL,'Aula',NULL,0),(550,NULL,1787,NULL,1079,NULL,'15:00:00','16:00:00','Miércoles','activo','2025-04-09 23:44:53',NULL,'Laboratorio',30,0),(551,NULL,1727,NULL,1063,23,'11:00:00','12:00:00','Viernes','activo','2025-04-09 23:44:53',NULL,'Aula',NULL,0),(552,NULL,1727,NULL,1063,23,'12:00:00','13:00:00','Viernes','activo','2025-04-09 23:44:57',NULL,'Aula',NULL,0),(554,NULL,1727,NULL,1063,23,'09:00:00','10:00:00','Lunes','activo','2025-04-09 23:45:19',NULL,'Aula',NULL,0),(555,NULL,1727,NULL,1063,23,'10:00:00','11:00:00','Lunes','activo','2025-04-09 23:45:21',NULL,'Aula',NULL,0),(556,NULL,1727,NULL,1063,23,'07:00:00','08:00:00','Martes','activo','2025-04-09 23:45:26',NULL,'Aula',NULL,0),(557,NULL,1727,NULL,1063,23,'08:00:00','09:00:00','Martes','activo','2025-04-09 23:45:29',NULL,'Aula',NULL,0),(558,NULL,1727,NULL,1063,23,'09:00:00','10:00:00','Miércoles','activo','2025-04-09 23:45:41',NULL,'Aula',NULL,0),(559,NULL,1727,NULL,1063,23,'10:00:00','11:00:00','Miércoles','activo','2025-04-09 23:45:44',NULL,'Aula',NULL,0),(560,NULL,1727,NULL,1064,22,'11:00:00','12:00:00','Jueves','activo','2025-04-09 23:46:00',NULL,'Aula',NULL,0),(561,NULL,1727,NULL,1064,22,'12:00:00','13:00:00','Jueves','activo','2025-04-09 23:46:04',NULL,'Aula',NULL,0),(562,NULL,1787,NULL,1080,NULL,'09:00:00','10:00:00','Sábado','activo','2025-04-09 23:46:06',NULL,'Laboratorio',30,0),(563,NULL,1727,NULL,1064,22,'11:00:00','12:00:00','Viernes','activo','2025-04-09 23:46:07',NULL,'Aula',NULL,0),(564,NULL,1727,NULL,1064,22,'12:00:00','13:00:00','Viernes','activo','2025-04-09 23:46:10',NULL,'Aula',NULL,0),(565,NULL,1787,NULL,1080,NULL,'10:00:00','11:00:00','Sábado','activo','2025-04-09 23:46:11',NULL,'Laboratorio',30,0),(566,NULL,1727,NULL,1064,22,'07:00:00','08:00:00','Lunes','activo','2025-04-09 23:46:14',NULL,'Aula',NULL,0),(567,NULL,1787,NULL,1080,NULL,'11:00:00','12:00:00','Sábado','activo','2025-04-09 23:46:15',NULL,'Laboratorio',30,0),(568,NULL,1727,NULL,1064,22,'08:00:00','09:00:00','Lunes','activo','2025-04-09 23:46:17',NULL,'Aula',NULL,0),(569,NULL,1787,NULL,1080,NULL,'12:00:00','13:00:00','Sábado','activo','2025-04-09 23:46:19',NULL,'Laboratorio',30,0),(570,NULL,1727,NULL,1064,22,'09:00:00','10:00:00','Martes','activo','2025-04-09 23:46:24',NULL,'Aula',NULL,0),(571,NULL,1727,NULL,1064,22,'10:00:00','11:00:00','Martes','activo','2025-04-09 23:46:26',NULL,'Aula',NULL,0),(572,NULL,1787,NULL,1080,NULL,'13:00:00','14:00:00','Sábado','activo','2025-04-09 23:46:27',NULL,'Laboratorio',30,0),(573,NULL,1727,NULL,1064,22,'07:00:00','08:00:00','Miércoles','activo','2025-04-09 23:46:29',NULL,'Aula',NULL,0),(574,NULL,1727,NULL,1064,22,'08:00:00','09:00:00','Miércoles','activo','2025-04-09 23:46:31',NULL,'Aula',NULL,0),(575,NULL,1725,NULL,1072,NULL,'07:00:00','08:00:00','Miércoles','activo','2025-04-09 23:47:03',NULL,'Laboratorio',28,0),(576,NULL,1725,NULL,1072,NULL,'08:00:00','09:00:00','Miércoles','activo','2025-04-09 23:47:08',NULL,'Laboratorio',28,0),(577,NULL,1725,NULL,1072,NULL,'09:00:00','10:00:00','Miércoles','activo','2025-04-09 23:47:12',NULL,'Laboratorio',28,0),(578,NULL,1725,NULL,1072,NULL,'10:00:00','11:00:00','Miércoles','activo','2025-04-09 23:47:20',NULL,'Laboratorio',28,0),(579,NULL,1725,NULL,1072,NULL,'11:00:00','12:00:00','Miércoles','activo','2025-04-09 23:47:25',NULL,'Laboratorio',28,0),(580,NULL,1725,NULL,1072,NULL,'12:00:00','13:00:00','Miércoles','activo','2025-04-09 23:47:38',NULL,'Laboratorio',28,0),(581,NULL,1728,NULL,1063,23,'07:00:00','08:00:00','Jueves','activo','2025-04-09 23:50:35',NULL,'Aula',NULL,0),(582,NULL,1728,NULL,1063,23,'08:00:00','09:00:00','Jueves','activo','2025-04-09 23:50:48',NULL,'Aula',NULL,0),(583,NULL,1728,NULL,1063,23,'09:00:00','10:00:00','Viernes','activo','2025-04-09 23:51:01',NULL,'Aula',NULL,0),(584,NULL,1728,NULL,1063,23,'10:00:00','11:00:00','Viernes','activo','2025-04-09 23:51:05',NULL,'Aula',NULL,0),(585,NULL,1728,NULL,1063,23,'11:00:00','12:00:00','Martes','activo','2025-04-09 23:51:12',NULL,'Aula',NULL,0),(586,NULL,1732,NULL,1063,23,'11:00:00','12:00:00','Lunes','activo','2025-04-09 23:51:30',NULL,'Aula',NULL,0),(587,NULL,1732,NULL,1063,23,'12:00:00','13:00:00','Lunes','activo','2025-04-09 23:51:38',NULL,'Aula',NULL,0),(588,NULL,1732,NULL,1063,23,'11:00:00','12:00:00','Miércoles','activo','2025-04-09 23:52:01',NULL,'Aula',NULL,0),(589,NULL,1732,NULL,1063,23,'12:00:00','13:00:00','Miércoles','activo','2025-04-09 23:52:04',NULL,'Aula',NULL,0),(591,NULL,1732,NULL,1063,23,'14:00:00','15:00:00','Martes','activo','2025-04-09 23:54:28',NULL,'Aula',NULL,0),(592,NULL,1732,NULL,1063,23,'15:00:00','16:00:00','Martes','activo','2025-04-09 23:54:30',NULL,'Aula',NULL,0),(593,NULL,1686,NULL,1063,23,'13:00:00','14:00:00','Lunes','activo','2025-04-09 23:55:58',NULL,'Aula',NULL,0),(594,NULL,1686,NULL,1063,23,'14:00:00','15:00:00','Lunes','activo','2025-04-09 23:56:01',NULL,'Aula',NULL,0),(595,NULL,1686,NULL,1063,23,'13:00:00','14:00:00','Miércoles','activo','2025-04-09 23:56:13',NULL,'Aula',NULL,0),(596,NULL,1687,NULL,1063,23,'13:00:00','14:00:00','Jueves','activo','2025-04-09 23:56:40',NULL,'Aula',NULL,0),(597,NULL,1687,NULL,1063,23,'14:00:00','15:00:00','Jueves','activo','2025-04-09 23:56:43',NULL,'Aula',NULL,0),(598,NULL,1687,NULL,1063,23,'14:00:00','15:00:00','Miércoles','activo','2025-04-09 23:56:51',NULL,'Aula',NULL,0),(599,NULL,1687,NULL,1063,23,'13:00:00','14:00:00','Viernes','activo','2025-04-09 23:56:57',NULL,'Aula',NULL,0),(600,NULL,1728,NULL,1064,22,'07:00:00','08:00:00','Viernes','activo','2025-04-09 23:57:34',NULL,'Aula',NULL,0),(601,NULL,1728,NULL,1064,22,'08:00:00','09:00:00','Viernes','activo','2025-04-09 23:57:37',NULL,'Aula',NULL,0),(602,NULL,1728,NULL,1064,22,'09:00:00','10:00:00','Jueves','activo','2025-04-09 23:57:49',NULL,'Aula',NULL,0),(603,NULL,1728,NULL,1064,22,'10:00:00','11:00:00','Jueves','activo','2025-04-09 23:57:52',NULL,'Aula',NULL,0),(604,NULL,1728,NULL,1064,22,'11:00:00','12:00:00','Miércoles','activo','2025-04-09 23:58:04',NULL,'Aula',NULL,0),(605,NULL,1732,NULL,1064,22,'11:00:00','12:00:00','Martes','activo','2025-04-09 23:58:42',NULL,'Aula',NULL,0),(606,NULL,1732,NULL,1064,22,'12:00:00','13:00:00','Martes','activo','2025-04-09 23:58:45',NULL,'Aula',NULL,0),(607,NULL,1732,NULL,1064,22,'13:00:00','14:00:00','Lunes','activo','2025-04-09 23:58:59',NULL,'Aula',NULL,0),(608,NULL,1732,NULL,1064,22,'14:00:00','15:00:00','Lunes','activo','2025-04-09 23:59:02',NULL,'Aula',NULL,0),(609,NULL,1732,NULL,1064,22,'13:00:00','14:00:00','Jueves','activo','2025-04-09 23:59:10',NULL,'Aula',NULL,0),(610,NULL,1732,NULL,1064,22,'14:00:00','15:00:00','Jueves','activo','2025-04-09 23:59:13',NULL,'Aula',NULL,0),(611,NULL,1686,NULL,1064,22,'13:00:00','14:00:00','Martes','activo','2025-04-09 23:59:34',NULL,'Aula',NULL,0),(613,NULL,1686,NULL,1064,22,'11:00:00','12:00:00','Lunes','activo','2025-04-10 00:00:27',NULL,'Aula',NULL,0),(614,NULL,1686,NULL,1064,22,'12:00:00','13:00:00','Lunes','activo','2025-04-10 00:00:29',NULL,'Aula',NULL,0),(615,NULL,1687,NULL,1064,22,'14:00:00','15:00:00','Martes','activo','2025-04-10 00:01:26',NULL,'Aula',NULL,0),(616,NULL,1687,NULL,1064,22,'14:00:00','15:00:00','Miércoles','activo','2025-04-10 00:01:38',NULL,'Aula',NULL,0),(617,NULL,1687,NULL,1064,22,'13:00:00','14:00:00','Viernes','activo','2025-04-10 00:01:41',NULL,'Aula',NULL,0),(618,NULL,1687,NULL,1064,22,'14:00:00','15:00:00','Viernes','activo','2025-04-10 00:01:45',NULL,'Aula',NULL,0),(619,NULL,1925,NULL,1101,NULL,'07:00:00','08:00:00','Martes','activo','2025-04-10 00:02:20',NULL,'Laboratorio',1,0),(620,NULL,1925,NULL,1101,NULL,'08:00:00','09:00:00','Martes','activo','2025-04-10 00:02:23',NULL,'Laboratorio',1,0),(621,NULL,1925,NULL,1101,NULL,'07:00:00','08:00:00','Viernes','activo','2025-04-10 00:02:27',NULL,'Laboratorio',1,0),(622,NULL,1925,NULL,1101,NULL,'08:00:00','09:00:00','Viernes','activo','2025-04-10 00:02:30',NULL,'Laboratorio',1,0),(623,NULL,2094,NULL,1102,NULL,'10:00:00','11:00:00','Martes','activo','2025-04-10 00:02:49',NULL,'Laboratorio',1,0),(624,NULL,2094,NULL,1102,NULL,'11:00:00','12:00:00','Martes','activo','2025-04-10 00:02:51',NULL,'Laboratorio',1,0),(625,NULL,2094,NULL,1102,NULL,'09:00:00','10:00:00','Miércoles','activo','2025-04-10 00:02:57',NULL,'Laboratorio',1,0),(626,NULL,2094,NULL,1102,NULL,'08:00:00','09:00:00','Jueves','activo','2025-04-10 00:03:03',NULL,'Laboratorio',1,0),(627,NULL,1882,NULL,1098,NULL,'07:00:00','08:00:00','Martes','activo','2025-04-10 00:06:01',NULL,'Laboratorio',18,0),(628,NULL,1882,NULL,1098,NULL,'08:00:00','09:00:00','Martes','activo','2025-04-10 00:06:04',NULL,'Laboratorio',18,0),(629,NULL,1882,NULL,1098,NULL,'08:00:00','09:00:00','Jueves','activo','2025-04-10 00:06:11',NULL,'Laboratorio',18,0),(630,NULL,1882,NULL,1098,NULL,'09:00:00','10:00:00','Jueves','activo','2025-04-10 00:06:14',NULL,'Laboratorio',18,0);

--
-- Table structure for table `permisos`
--

CREATE TABLE `permisos` (
  `id_permiso` int NOT NULL AUTO_INCREMENT,
  `nombre_permiso` varchar(100) CHARACTER SET utf8mb4 COLLATE utf8mb4_spanish_ci NOT NULL,
  `descripcion` varchar(255) CHARACTER SET utf8mb4 COLLATE utf8mb4_spanish_ci NOT NULL,
  `fyh_creacion` datetime DEFAULT CURRENT_TIMESTAMP,
  `estado` varchar(11) CHARACTER SET utf8mb4 COLLATE utf8mb4_spanish_ci DEFAULT '1',
  PRIMARY KEY (`id_permiso`),
  UNIQUE KEY `nombre_permiso` (`nombre_permiso`)
) ENGINE=InnoDB AUTO_INCREMENT=11 DEFAULT CHARSET=utf8mb4 COLLATE=utf8mb4_spanish_ci;

--
-- Dumping data for table `permisos`
--

INSERT INTO `permisos` VALUES (1,'admin_access','ACCESO COMPLETO AL PANEL DE ADMINISTRACIÓN','2024-11-19 05:27:01','1'),(2,'user_manage','PERMISO PARA GESTIONAR USUARIOS','2024-11-19 05:27:01','1'),(3,'role_manage','PERMISO PARA GESTIONAR ROLES Y PERMISOS DE USUARIOS','2024-11-19 05:27:01','1'),(4,'schedule_manage','PERMISO PARA GESTIONAR Y ASIGNAR HORARIOS DE CLASES','2024-11-19 05:27:01','1'),(5,'classroom_assign','PERMISO PARA ASIGNAR SALONES A GRUPOS','2024-11-19 05:27:01','1'),(6,'group_view','VER GRUPOS Y SU INFORMACIÓN','2024-11-19 05:27:01','1'),(7,'group_edit','EDITAR GRUPOS Y SUS ASIGNACIONES','2024-11-19 05:27:01','1'),(8,'subject_view','VER LISTA DE MATERIAS','2024-11-19 05:27:01','1'),(9,'subject_edit','EDITAR LISTA DE MATERIAS Y SUS ASIGNACIONES','2024-11-19 05:27:01','1'),(10,'teacher_assign','ASIGNAR PROFESORES A MATERIAS Y GRUPOS','2024-11-19 05:27:01','1');

--
-- Table structure for table `permisos_roles`
--

CREATE TABLE `permisos_roles` (
  `id_permiso_rol` int NOT NULL AUTO_INCREMENT,
  `id_rol` int NOT NULL,
  `id_permiso` int NOT NULL,
  `fyh_creacion` datetime DEFAULT CURRENT_TIMESTAMP,
  PRIMARY KEY (`id_permiso_rol`),
  KEY `id_rol` (`id_rol`),
  KEY `id_permiso` (`id_permiso`),
  CONSTRAINT `permisos_roles_ibfk_1` FOREIGN KEY (`id_rol`) REFERENCES `roles` (`id_rol`) ON DELETE CASCADE,
  CONSTRAINT `permisos_roles_ibfk_2` FOREIGN KEY (`id_permiso`) REFERENCES `permisos` (`id_permiso`) ON DELETE CASCADE
) ENGINE=InnoDB AUTO_INCREMENT=45 DEFAULT CHARSET=utf8mb4 COLLATE=utf8mb4_spanish_ci;

--
-- Dumping data for table `permisos_roles`
--

INSERT INTO `permisos_roles` VALUES (1,1,1,'2024-11-19 05:27:01'),(2,1,5,'2024-11-19 05:27:01'),(3,1,7,'2024-11-19 05:27:01'),(4,1,6,'2024-11-19 05:27:01'),(5,1,3,'2024-11-19 05:27:01'),(6,1,4,'2024-11-19 05:27:01'),(7,1,9,'2024-11-19 05:27:01'),(8,1,8,'2024-11-19 05:27:01'),(9,1,10,'2024-11-19 05:27:01'),(10,1,2,'2024-11-19 05:27:01'),(23,3,6,'2024-11-19 05:27:01'),(24,3,8,'2024-11-19 05:27:01'),(25,3,2,'2024-11-19 05:27:01'),(26,4,1,'2024-11-19 05:27:01'),(27,4,2,'2024-11-19 05:27:01'),(39,2,6,'2024-11-21 01:29:40'),(40,2,8,'2024-11-21 01:29:40'),(41,2,10,'2024-11-21 01:29:40'),(42,5,6,'2024-12-19 16:51:48'),(43,5,8,'2024-12-19 16:51:48'),(44,5,10,'2024-12-19 16:51:48');

--
-- Table structure for table `program_term_subjects`
--

CREATE TABLE `program_term_subjects` (
  `program_term_subject_id` int NOT NULL AUTO_INCREMENT,
  `program_id` int DEFAULT NULL,
  `term_id` int DEFAULT NULL,
  `subject_id` int DEFAULT NULL,
  PRIMARY KEY (`program_term_subject_id`),
  KEY `program_id` (`program_id`),
  KEY `term_id` (`term_id`),
  KEY `subject_id` (`subject_id`),
  CONSTRAINT `program_term_subjects_ibfk_1` FOREIGN KEY (`program_id`) REFERENCES `programs` (`program_id`),
  CONSTRAINT `program_term_subjects_ibfk_2` FOREIGN KEY (`term_id`) REFERENCES `terms` (`term_id`),
  CONSTRAINT `program_term_subjects_ibfk_3` FOREIGN KEY (`subject_id`) REFERENCES `subjects` (`subject_id`)
) ENGINE=InnoDB AUTO_INCREMENT=2209 DEFAULT CHARSET=utf8mb4 COLLATE=utf8mb4_spanish_ci;

--
-- Dumping data for table `program_term_subjects`
--

INSERT INTO `program_term_subjects` VALUES (1637,1,1,1637),(1638,1,1,1638),(1639,1,1,1639),(1640,1,1,1640),(1641,1,1,1641),(1642,1,1,1642),(1643,1,1,1643),(1644,1,2,1644),(1645,3,1,1645),(1646,1,2,1646),(1647,3,1,1647),(1648,3,1,1648),(1649,1,3,1649),(1650,3,1,1650),(1651,1,3,1651),(1652,4,1,1652),(1653,4,1,1653),(1654,4,1,1654),(1655,4,1,1655),(1656,4,1,1656),(1657,2,5,1657),(1658,2,5,1658),(1659,2,5,1659),(1660,8,1,1660),(1661,8,1,1661),(1662,4,1,1662),(1663,8,1,1663),(1664,8,1,1664),(1665,4,1,1665),(1666,12,1,1666),(1667,4,2,1667),(1668,12,1,1668),(1669,4,2,1669),(1670,12,1,1670),(1671,12,1,1671),(1672,4,3,1672),(1673,4,4,1673),(1674,15,1,1674),(1675,15,1,1675),(1676,15,1,1676),(1677,15,1,1677),(1678,15,1,1678),(1679,4,5,1679),(1680,4,5,1680),(1681,16,1,1681),(1682,16,1,1682),(1683,4,8,1683),(1684,4,9,1684),(1685,16,1,1685),(1686,14,2,1686),(1687,14,2,1687),(1688,18,1,1688),(1689,22,7,1689),(1690,22,7,1690),(1691,22,7,1691),(1692,22,7,1692),(1693,8,1,1693),(1694,1,2,1694),(1695,1,2,1695),(1696,1,2,1696),(1697,1,2,1697),(1698,1,2,1698),(1699,8,1,1699),(1700,8,1,1700),(1701,8,2,1701),(1702,3,2,1702),(1703,3,2,1703),(1704,3,2,1704),(1705,3,2,1705),(1706,8,2,1706),(1707,8,2,1707),(1708,4,2,1708),(1709,5,3,1709),(1710,4,2,1710),(1711,4,2,1711),(1712,4,2,1712),(1713,9,5,1713),(1714,8,2,1714),(1715,8,2,1715),(1716,10,5,1716),(1717,8,2,1717),(1718,10,5,1718),(1719,8,2,1719),(1720,10,5,1720),(1721,12,2,1721),(1722,12,2,1722),(1723,12,2,1723),(1724,12,2,1724),(1725,12,2,1725),(1726,12,2,1726),(1727,14,2,1727),(1728,14,2,1728),(1729,14,2,1729),(1730,11,5,1730),(1731,14,2,1731),(1732,14,2,1732),(1733,11,5,1733),(1734,26,8,1734),(1735,15,2,1735),(1736,15,2,1736),(1737,15,2,1737),(1738,15,2,1738),(1739,26,8,1739),(1740,15,2,1740),(1741,26,9,1741),(1742,16,2,1742),(1743,16,2,1743),(1744,16,2,1744),(1745,16,2,1745),(1746,16,2,1746),(1747,26,9,1747),(1748,26,10,1748),(1749,22,7,1749),(1750,26,10,1750),(1751,12,1,1751),(1752,12,1,1752),(1753,12,1,1753),(1754,22,8,1754),(1755,4,2,1755),(1756,1,3,1756),(1757,12,2,1757),(1758,1,3,1758),(1759,1,3,1759),(1760,1,3,1760),(1761,1,3,1761),(1762,12,3,1762),(1763,12,4,1763),(1764,3,3,1764),(1765,3,3,1765),(1766,3,3,1766),(1767,3,3,1767),(1768,3,3,1768),(1769,12,5,1769),(1770,4,3,1770),(1771,4,3,1771),(1772,4,3,1772),(1773,4,3,1773),(1774,12,5,1774),(1775,12,7,1775),(1776,5,3,1776),(1777,5,3,1777),(1778,5,3,1778),(1779,5,3,1779),(1780,5,3,1780),(1781,25,3,1781),(1782,15,1,1782),(1783,12,3,1783),(1784,12,3,1784),(1785,12,3,1785),(1786,12,3,1786),(1787,12,3,1787),(1788,12,3,1788),(1789,15,1,1789),(1790,15,3,1790),(1791,15,3,1791),(1792,15,3,1792),(1793,15,3,1793),(1794,15,3,1794),(1795,15,2,1795),(1796,15,2,1796),(1797,16,3,1797),(1798,16,3,1798),(1799,15,3,1799),(1800,16,3,1800),(1801,15,3,1801),(1802,16,3,1802),(1803,15,4,1803),(1804,22,8,1804),(1805,18,2,1805),(1806,22,8,1806),(1807,15,5,1807),(1808,18,3,1808),(1809,13,7,1809),(1810,4,3,1810),(1811,4,3,1811),(1812,3,4,1812),(1813,3,4,1813),(1814,3,4,1814),(1815,3,4,1815),(1816,3,4,1816),(1817,3,4,1817),(1818,3,4,1818),(1819,3,4,1819),(1820,3,4,1820),(1821,15,5,1821),(1822,4,4,1822),(1823,4,4,1823),(1824,4,4,1824),(1825,4,4,1825),(1826,4,4,1826),(1827,4,4,1827),(1828,12,4,1828),(1829,12,4,1829),(1830,12,4,1830),(1831,15,5,1831),(1832,12,4,1832),(1833,12,4,1833),(1834,12,4,1834),(1835,12,4,1835),(1836,15,4,1836),(1837,15,4,1837),(1838,15,4,1838),(1839,15,5,1839),(1840,15,4,1840),(1841,15,4,1841),(1842,15,4,1842),(1843,15,4,1843),(1844,15,4,1844),(1845,16,4,1845),(1846,16,4,1846),(1847,16,4,1847),(1848,16,4,1848),(1849,15,8,1849),(1850,16,4,1850),(1851,16,4,1851),(1852,15,8,1852),(1853,16,4,1853),(1854,13,7,1854),(1855,13,7,1855),(1856,13,7,1856),(1857,19,4,1857),(1858,13,8,1858),(1859,13,8,1859),(1860,13,8,1860),(1861,13,8,1861),(1862,13,8,1862),(1863,15,8,1863),(1864,15,10,1864),(1865,13,9,1865),(1866,13,9,1866),(1867,13,9,1867),(1868,13,9,1868),(1869,16,1,1869),(1870,2,5,1870),(1871,2,5,1871),(1872,2,5,1872),(1873,16,1,1873),(1874,2,5,1874),(1875,16,1,1875),(1876,2,5,1876),(1877,3,5,1877),(1878,16,1,1878),(1879,16,2,1879),(1880,16,2,1880),(1881,16,3,1881),(1882,16,3,1882),(1883,3,5,1883),(1884,3,5,1884),(1885,4,5,1885),(1886,4,5,1886),(1887,4,5,1887),(1888,16,3,1888),(1889,4,5,1889),(1890,16,4,1890),(1891,4,5,1891),(1892,9,5,1892),(1893,9,5,1893),(1894,9,5,1894),(1895,9,5,1895),(1896,9,5,1896),(1897,9,5,1897),(1898,16,4,1898),(1899,9,5,1899),(1900,10,5,1900),(1901,10,5,1901),(1902,16,5,1902),(1903,16,5,1903),(1904,10,5,1904),(1905,10,5,1905),(1906,10,5,1906),(1907,16,5,1907),(1908,10,5,1908),(1909,11,5,1909),(1910,16,5,1910),(1911,11,5,1911),(1912,11,5,1912),(1913,11,5,1913),(1914,11,5,1914),(1915,16,5,1915),(1916,11,5,1916),(1917,12,5,1917),(1918,12,5,1918),(1919,16,7,1919),(1920,15,5,1920),(1921,16,7,1921),(1922,16,8,1922),(1923,15,5,1923),(1924,15,5,1924),(1925,16,8,1925),(1926,15,5,1926),(1927,15,5,1927),(1928,16,5,1928),(1929,16,5,1929),(1930,16,9,1930),(1931,16,10,1931),(1932,3,1,1932),(1933,3,1,1933),(1934,16,5,1934),(1935,3,1,1935),(1936,23,4,1936),(1937,13,7,1937),(1938,13,9,1938),(1939,3,2,1939),(1940,13,10,1940),(1941,3,2,1941),(1942,13,10,1942),(1943,13,10,1943),(1944,3,2,1944),(1945,13,10,1945),(1946,13,10,1946),(1947,13,10,1947),(1948,27,2,1948),(1949,3,3,1949),(1950,27,2,1950),(1951,12,5,1951),(1952,12,5,1952),(1953,3,3,1953),(1954,12,5,1954),(1955,12,5,1955),(1956,3,5,1956),(1957,3,7,1957),(1958,3,5,1958),(1959,3,7,1959),(1960,3,7,1960),(1961,3,7,1961),(1962,3,7,1962),(1963,3,7,1963),(1964,3,7,1964),(1965,4,7,1965),(1966,4,7,1966),(1967,4,7,1967),(1968,4,7,1968),(1969,4,7,1969),(1970,4,7,1970),(1971,12,7,1971),(1972,3,5,1972),(1973,12,7,1973),(1974,12,7,1974),(1975,12,7,1975),(1976,12,7,1976),(1977,26,7,1977),(1978,26,7,1978),(1979,26,7,1979),(1980,26,7,1980),(1981,26,7,1981),(1982,26,7,1982),(1983,26,7,1983),(1984,27,2,1984),(1985,27,2,1985),(1986,3,5,1986),(1987,27,5,1987),(1988,27,5,1988),(1989,27,5,1989),(1990,15,7,1990),(1991,15,7,1991),(1992,15,7,1992),(1993,15,7,1993),(1994,15,7,1994),(1995,15,7,1995),(1996,15,7,1996),(1997,16,7,1997),(1998,16,7,1998),(1999,3,5,1999),(2000,3,7,2000),(2001,16,7,2001),(2002,16,7,2002),(2003,27,5,2003),(2004,18,1,2004),(2005,18,1,2005),(2006,3,8,2006),(2007,18,1,2007),(2008,18,1,2008),(2009,18,1,2009),(2010,3,9,2010),(2011,3,8,2011),(2012,3,8,2012),(2013,3,8,2013),(2014,3,8,2014),(2015,3,8,2015),(2016,3,8,2016),(2017,4,8,2017),(2018,4,8,2018),(2019,4,8,2019),(2020,4,8,2020),(2021,4,8,2021),(2022,12,8,2022),(2023,12,8,2023),(2024,12,8,2024),(2025,12,8,2025),(2026,12,8,2026),(2027,18,2,2027),(2028,18,2,2028),(2029,26,8,2029),(2030,26,8,2030),(2031,26,8,2031),(2032,26,8,2032),(2033,18,3,2033),(2034,18,3,2034),(2035,18,3,2035),(2036,18,3,2036),(2037,18,3,2037),(2038,22,10,2038),(2039,18,1,2039),(2040,19,5,2040),(2041,15,8,2041),(2042,15,8,2042),(2043,18,2,2043),(2044,15,8,2044),(2045,18,2,2045),(2046,16,8,2046),(2047,18,2,2047),(2048,16,8,2048),(2049,16,8,2049),(2050,16,8,2050),(2051,18,2,2051),(2052,23,5,2052),(2053,18,3,2053),(2054,19,4,2054),(2055,19,4,2055),(2056,19,4,2056),(2057,3,9,2057),(2058,3,9,2058),(2059,3,9,2059),(2060,19,4,2060),(2061,3,9,2061),(2062,3,9,2062),(2063,3,9,2063),(2064,4,9,2064),(2065,4,9,2065),(2066,4,9,2066),(2067,19,4,2067),(2068,4,9,2068),(2069,4,9,2069),(2070,4,9,2070),(2071,12,9,2071),(2072,12,9,2072),(2073,12,9,2073),(2074,12,9,2074),(2075,12,9,2075),(2076,12,9,2076),(2077,19,4,2077),(2078,19,4,2078),(2079,26,9,2079),(2080,26,9,2080),(2081,26,9,2081),(2082,26,9,2082),(2083,19,5,2083),(2084,19,5,2084),(2085,19,5,2085),(2086,19,5,2086),(2087,22,7,2087),(2088,19,5,2088),(2089,15,9,2089),(2090,15,9,2090),(2091,15,9,2091),(2092,15,9,2092),(2093,15,9,2093),(2094,16,9,2094),(2095,16,9,2095),(2096,16,9,2096),(2097,19,5,2097),(2098,16,9,2098),(2099,16,9,2099),(2100,13,7,2100),(2101,23,4,2101),(2102,23,4,2102),(2103,23,4,2103),(2104,23,4,2104),(2105,22,8,2105),(2106,3,10,2106),(2107,3,10,2107),(2108,3,10,2108),(2109,3,10,2109),(2110,3,10,2110),(2111,3,10,2111),(2112,3,10,2112),(2113,3,10,2113),(2114,4,10,2114),(2115,4,10,2115),(2116,4,10,2116),(2117,4,10,2117),(2118,4,10,2118),(2119,4,10,2119),(2120,4,10,2120),(2121,12,10,2121),(2122,12,10,2122),(2123,12,10,2123),(2124,12,10,2124),(2125,12,10,2125),(2126,12,10,2126),(2127,12,10,2127),(2128,23,5,2128),(2129,23,5,2129),(2130,26,10,2130),(2131,26,10,2131),(2132,26,10,2132),(2133,26,10,2133),(2134,26,10,2134),(2135,23,5,2135),(2136,23,5,2136),(2137,23,4,2137),(2138,23,4,2138),(2139,23,5,2139),(2140,23,5,2140),(2141,15,10,2141),(2142,15,10,2142),(2143,15,10,2143),(2144,15,10,2144),(2145,13,8,2145),(2146,15,10,2146),(2147,16,10,2147),(2148,16,10,2148),(2149,22,9,2149),(2150,16,10,2150),(2151,16,10,2151),(2152,16,10,2152),(2153,22,7,2153),(2154,22,9,2154),(2155,22,8,2155),(2156,22,9,2156),(2157,13,9,2157),(2158,22,8,2158),(2159,22,9,2159),(2160,28,2,2160),(2161,28,2,2161),(2162,28,2,2162),(2163,28,2,2163),(2164,28,2,2164),(2165,28,2,2165),(2166,28,2,2166),(2167,22,9,2167),(2168,22,9,2168),(2169,22,10,2169),(2170,22,10,2170),(2171,22,10,2171),(2172,22,10,2172),(2173,22,10,2173),(2174,22,10,2174),(2175,4,2,1711),(2176,15,2,1738),(2177,18,2,2028),(2178,28,2,2164),(2179,4,5,1886),(2180,11,5,1912),(2181,8,3,1709),(2182,8,3,1709),(2183,8,3,1777),(2184,8,3,1777),(2185,8,3,1780),(2186,8,3,1776),(2187,8,3,1779),(2188,8,3,1778),(2189,24,3,1781),(2190,8,3,1781),(2191,14,3,1686),(2192,14,2,1686),(2193,14,2,1687),(2194,14,2,1727),(2195,14,2,1727),(2196,14,2,1728),(2197,14,2,1729),(2198,14,2,1731),(2199,14,2,1731),(2200,14,2,1732),(2201,28,3,2175),(2202,28,3,2176),(2203,28,3,2175),(2204,28,3,2177),(2205,28,3,2178),(2206,28,3,2179),(2207,28,3,2180),(2208,28,3,2181);

--
-- Table structure for table `programs`
--

CREATE TABLE `programs` (
  `program_id` int NOT NULL AUTO_INCREMENT,
  `program_name` varchar(255) CHARACTER SET utf8mb4 COLLATE utf8mb4_spanish_ci NOT NULL,
  `area` varchar(255) CHARACTER SET utf8mb4 COLLATE utf8mb4_spanish_ci DEFAULT NULL,
  `fyh_creacion` datetime DEFAULT NULL,
  `fyh_actualizacion` datetime DEFAULT NULL,
  `estado` varchar(11) CHARACTER SET utf8mb4 COLLATE utf8mb4_spanish_ci DEFAULT NULL,
  PRIMARY KEY (`program_id`),
  KEY `idx_area` (`area`)
) ENGINE=InnoDB AUTO_INCREMENT=30 DEFAULT CHARSET=utf8mb4 COLLATE=utf8mb4_spanish_ci;

--
-- Dumping data for table `programs`
--

INSERT INTO `programs` VALUES (1,'ASESOR FINANCIERO','AFC','2024-11-19 05:27:02',NULL,'1'),(2,'ASESOR FINANCIERO COOPERATIVO','AFC','2024-11-19 05:27:02',NULL,'1'),(3,'BIOTECNOLOGIA','QMBT','2024-11-19 05:27:02','2024-11-20 00:49:06','1'),(4,'DISEÑO Y MODA','DMI','2024-11-19 05:27:02',NULL,'1'),(5,'ENERGIA Y DESARROLLO SOSTENIBLE AREA ENERGIA SOLAR','ERV','2024-11-19 05:27:02','2024-11-20 00:49:16','1'),(6,'ENERGIA Y DESARROLLO SOSTENIBLE AREA TURBOENERGIA','ERV','2024-11-19 05:27:02','2024-11-20 00:50:18','1'),(7,'ENERGIA Y DESARROLLO SOSTENIBLE AREA TURBOSOLAR','ERV','2024-11-19 05:27:02','2024-11-20 00:50:24','1'),(8,'ENERGIAS RENOVABLES','ERV','2024-11-19 05:27:02','2024-11-20 00:50:31','1'),(9,'ENERGIAS RENOVABLES AREA CALIDAD Y AHORRO DE ENERGIA','ERV','2024-11-19 05:27:02','2024-11-20 00:50:37','1'),(10,'ENERGIAS RENOVABLES AREA ENERGIA SOLAR','ERV','2024-11-19 05:27:02','2024-11-20 00:50:42','1'),(11,'ENERGIAS RENOVABLES AREA TURBOENERGIA','ERV','2024-11-19 05:27:02','2024-11-20 00:50:53','1'),(12,'GASTRONOMIA','GST','2024-11-19 05:27:02','2024-11-20 00:51:04','1'),(13,'INGENIERIA EN ENTORNOS VIRTUALES Y NEGOCIOS DIGITALES','TI','2024-11-19 05:27:02','2024-11-20 00:51:11','1'),(14,'LICENCIATURA EN ENFERMERIA','ENF','2024-11-19 05:27:02','2024-11-20 00:51:17','1'),(15,'MANTENIMIENTO INDUSTRIAL','MAI','2024-11-19 05:27:02',NULL,'1'),(16,'MECATRONICA','MEC','2024-11-19 05:27:02','2024-11-20 00:51:37','1'),(17,'MTRIA. EN INGENIERIA APLICADA EN LA INNOVACION TECNOLOGICA','MTI','2024-11-19 05:27:02','2024-11-20 00:51:52','1'),(18,'TECNOLOGIAS DE LA INFORMACION','TI','2024-11-19 05:27:02','2024-11-20 00:52:00','1'),(19,'TECNOLOGIAS DE LA INFORMACION AREA DESARROLLO DE SOFTWARE MULTIPLATAFORMA','TI','2024-11-19 05:27:02','2024-11-20 00:52:13','1'),(20,'TECNOLOGIAS DE LA INFORMACION E INNOVACION DIGITAL','TI','2024-11-19 05:27:02','2024-11-20 00:52:23','1'),(21,'TECNOLOGIAS DE LA INFORMACION E INNOVACION DIGITAL AREA ENTORNO VIRTUALES Y NEGOCIOS DIGITALES','TI','2024-11-19 05:27:02','2024-11-20 00:52:33','1'),(22,'INGENIERIA EN DESARROLLO Y GESTION DE SOFTWARE','TI','2024-11-19 05:27:02','2024-12-06 10:59:04','1'),(23,'TECNOLOGÍAS DE LA INFORMACIÓN ÁREA ENTORNOS VIRTUALES Y NEGOCIOS DIGITALES','TI','2024-12-06 07:43:38',NULL,'ACTIVO'),(24,'ENERGÍAS RENOVABLES','ERV','2024-12-06 07:43:48',NULL,'ACTIVO'),(25,'ENERGÍA Y DESARROLLO SOSTENIBLE AREA TURBO SOLAR','ERV','2024-12-06 07:44:01',NULL,'ACTIVO'),(26,'INGENIERIA EN ENERGÍAS RENOVABLES','ERV','2024-12-06 07:44:11',NULL,'ACTIVO'),(27,'MAESTRÍA EN INGENIERÍA APLICADA EN LA INNOVACIÓN TECNOLÓGICA','MTI','2024-12-18 00:42:05',NULL,'ACTIVO'),(28,'ELECTROMOVILIDAD','EMV','2024-12-18 00:42:12',NULL,'ACTIVO');

--
-- Table structure for table `registro_actividad`
--

CREATE TABLE `registro_actividad` (
  `id` int NOT NULL AUTO_INCREMENT,
  `email` varchar(255) CHARACTER SET utf8mb4 COLLATE utf8mb4_spanish_ci NOT NULL,
  `status` enum('exitoso','fallido') CHARACTER SET utf8mb4 COLLATE utf8mb4_spanish_ci NOT NULL,
  `ip` varchar(45) CHARACTER SET utf8mb4 COLLATE utf8mb4_spanish_ci NOT NULL,
  `fecha` timestamp NULL DEFAULT CURRENT_TIMESTAMP,
  PRIMARY KEY (`id`)
) ENGINE=InnoDB AUTO_INCREMENT=1243 DEFAULT CHARSET=utf8mb4 COLLATE=utf8mb4_spanish_ci;

--
-- Dumping data for table `registro_actividad`
--

INSERT INTO `registro_actividad` VALUES (1,'admin@admin.com','exitoso','177.240.146.245','2024-11-19 05:27:36'),(2,'admin@admin.com','exitoso','177.240.146.245','2024-11-19 18:09:57'),(3,'admin@admin.com','exitoso','177.240.146.245','2024-11-19 18:19:49'),(4,'admin@admin.com','exitoso','177.240.146.245','2024-11-19 20:34:13'),(5,'admin@admin.com','exitoso','177.240.146.245','2024-11-19 20:53:00'),(6,'admin@admin.com','exitoso','207.248.109.2','2024-11-20 01:23:22'),(7,'admin@admin.com','exitoso','177.240.146.245','2024-11-20 01:49:07'),(8,'admin@admin.com','exitoso','177.240.146.245','2024-11-20 03:47:21'),(9,'admin@admin.com','exitoso','177.240.146.245','2024-11-20 04:52:09'),(10,'admin@admin.com','exitoso','177.240.146.245','2024-11-20 05:44:14'),(11,'admin@admin.com','exitoso','177.240.146.245','2024-11-20 05:52:53'),(12,'admin@admin.com','exitoso','177.240.146.245','2024-11-20 05:59:31'),(13,'admin@admin.com','exitoso','189.199.95.118','2024-11-20 17:34:00'),(14,'admin@admin.com','exitoso','187.189.191.141','2024-11-20 20:06:51'),(15,'jonathan.moreno@ut-morelia.edu.mx','exitoso','189.199.95.118','2024-11-20 20:24:16'),(16,'esolache@ut-morelia.edu.mx','exitoso','187.189.191.141','2024-11-20 20:30:05'),(17,'rocio.gonzalez@ut-morelia.edu.mx','exitoso','187.189.191.141','2024-11-20 20:30:26'),(18,'luis.gutierrez@ut-morelia.edu.mx','exitoso','189.199.95.118','2024-11-20 20:31:29'),(19,'luis.gutierrez@ut-morelia.edu.mx','exitoso','189.199.95.118','2024-11-20 20:33:50'),(20,'jonathan.moreno@ut-morelia.edu.mx','exitoso','189.199.95.118','2024-11-20 20:33:56'),(21,'esolache@ut-morelia.edu.mx','exitoso','187.189.191.141','2024-11-20 20:33:58'),(22,'admin@admin.com','exitoso','177.240.146.245','2024-11-20 20:41:08'),(23,'admin@admin.com','exitoso','187.189.191.141','2024-11-20 21:10:00'),(24,'admin@admin.com','exitoso','177.240.146.245','2024-11-20 21:25:06'),(25,'admin@admin.com','exitoso','187.189.191.141','2024-11-20 21:28:31'),(26,'admin@admin.com','exitoso','187.189.191.141','2024-11-20 21:40:29'),(27,'admin@admin.com','exitoso','177.240.146.245','2024-11-20 21:40:56'),(28,'admin1@admin.com','exitoso','177.240.146.245','2024-11-20 21:42:56'),(29,'admin1@admin.com','exitoso','200.68.166.76','2024-11-20 21:45:08'),(30,'admin@admin.com','exitoso','177.240.146.245','2024-11-20 21:46:27'),(31,'admin1@admin.com','exitoso','177.240.146.245','2024-11-20 21:48:30'),(32,'admin@admin.com','fallido','189.243.236.74','2024-11-21 01:13:51'),(33,'admin@admin.com','fallido','189.243.236.74','2024-11-21 01:14:07'),(34,'admin@admin.com','exitoso','189.243.236.74','2024-11-21 01:14:20'),(35,'admin@admin.com','exitoso','189.243.236.74','2024-11-21 02:06:49'),(36,'admin@admin.com','fallido','177.240.146.245','2024-11-21 10:21:30'),(37,'admin@admin.com','exitoso','177.240.146.245','2024-11-21 10:21:35'),(38,'admin@admin.com','exitoso','177.240.146.245','2024-11-21 10:29:10'),(39,'laura.vieyra@ut-morelia.edu.mx','exitoso','189.199.95.118','2024-11-21 15:07:27'),(40,'admin@admin.com','exitoso','177.240.146.245','2024-11-21 22:28:54'),(41,'admin@admin.com','exitoso','177.240.146.245','2024-11-22 04:05:13'),(42,'admin@admin.com','exitoso','177.240.146.245','2024-11-22 05:33:44'),(43,'admin@admin.com','exitoso','177.240.146.245','2024-11-22 05:34:19'),(44,'admin@admin.com','exitoso','177.240.146.245','2024-11-22 09:13:43'),(45,'laura.vieyra@ut-morelia.edu.mx','exitoso','189.199.95.118','2024-11-22 16:36:40'),(46,'admin@admin.com','exitoso','177.240.146.245','2024-11-23 05:57:19'),(47,'admin@admin.com','exitoso','189.243.236.74','2024-11-24 02:35:19'),(48,'srangel@ut-morelia.edu.mx','exitoso','189.243.236.74','2024-11-24 03:22:08'),(49,'srangel@ut-morelia.edu.mx','exitoso','189.243.236.74','2024-11-24 03:25:27'),(50,'admin@admin.com','exitoso','189.243.236.74','2024-11-24 03:25:45'),(51,'jonathan.moreno@ut-morelia.edu.mx','exitoso','187.189.191.141','2024-11-25 14:46:53'),(52,'jonathan.moreno@ut-morelia.edu.mx','exitoso','187.189.191.141','2024-11-25 14:49:44'),(53,'jonathan.moreno@ut-morelia.edu.mx','exitoso','187.189.191.141','2024-11-25 14:51:55'),(54,'admin@admin.com','exitoso','177.240.146.245','2024-11-27 05:52:27'),(55,'admin@admin.com','exitoso','177.240.146.245','2024-11-27 20:07:25'),(56,'admin@admin.com','exitoso','177.240.146.245','2024-11-29 07:19:23'),(57,'admin@admin.com','exitoso','177.240.146.245','2024-11-29 07:21:19'),(58,'admin@admin.com','exitoso','177.240.146.245','2024-11-29 18:14:29'),(59,'admin@admin.com','exitoso','189.199.95.118','2024-11-29 19:20:10'),(60,'admin@admin.com','exitoso','177.240.146.245','2024-11-29 20:23:03'),(61,'admin@admin.com','exitoso','189.199.95.118','2024-11-29 21:41:56'),(62,'admin@admin.com','exitoso','177.240.146.245','2024-11-30 02:16:09'),(63,'admin@admin.com','exitoso','177.240.146.245','2024-11-30 07:06:59'),(64,'admin@admin.com','exitoso','189.243.236.74','2024-12-01 05:25:50'),(65,'admin@admin.com','exitoso','177.240.146.245','2024-12-02 02:49:02'),(66,'admin@admin.com','exitoso','177.240.146.245','2024-12-02 07:50:05'),(67,'admin@admin.com','exitoso','177.240.146.245','2024-12-02 13:05:59'),(68,'admin@admin.com','exitoso','187.189.191.141','2024-12-02 15:06:13'),(69,'rocio.gonzalez@ut-morelia.edu.mx','exitoso','187.189.191.141','2024-12-02 16:40:04'),(70,'admin@admin.com','exitoso','177.240.146.245','2024-12-02 17:02:38'),(71,'admin@admin.com','exitoso','187.189.191.141','2024-12-02 17:13:13'),(72,'admin1@admin.com','fallido','177.240.146.245','2024-12-02 17:15:22'),(73,'admin1@admin.com','exitoso','177.240.146.245','2024-12-02 17:15:27'),(74,'admin@admin.com','exitoso','177.240.136.41','2024-12-03 16:35:40'),(75,'admin@admin.com','exitoso','177.240.136.41','2024-12-03 18:56:53'),(76,'admin@admin.com','exitoso','177.240.136.41','2024-12-03 21:07:19'),(77,'admin@admin.com','exitoso','177.240.146.245','2024-12-05 08:54:38'),(78,'admin@admin.com','exitoso','177.240.136.41','2024-12-06 02:17:33'),(79,'admin@admin.com','exitoso','177.240.136.41','2024-12-06 02:18:47'),(80,'admin@admin.com','exitoso','189.243.236.74','2024-12-06 03:21:18'),(81,'esolache@ut-morelia.edu.mx','fallido','189.243.236.74','2024-12-06 04:12:08'),(82,'esolache@ut-morelia.edu.mx','fallido','189.243.236.74','2024-12-06 04:12:15'),(83,'esolache@ut-morelia.edu.mx','exitoso','189.243.236.74','2024-12-06 04:12:23'),(84,'admin@admin.com','exitoso','177.240.136.41','2024-12-06 05:34:39'),(85,'admin@admin.com','exitoso','177.240.136.41','2024-12-06 06:42:14'),(86,'admin@admin.com','exitoso','177.240.136.41','2024-12-06 07:19:26'),(87,'admin@admin.com','exitoso','177.240.136.41','2024-12-06 07:29:46'),(88,'admin@admin.com','exitoso','177.240.136.41','2024-12-06 07:31:50'),(89,'admin@admin.com','fallido','177.240.146.245','2024-12-06 13:41:09'),(90,'admin@admin.com','exitoso','177.240.146.245','2024-12-06 13:41:13'),(91,'admin@admin.com','exitoso','187.189.191.141','2024-12-06 14:14:58'),(92,'rocio.gonzalez@ut-morelia.edu.mx','exitoso','189.199.95.118','2024-12-06 14:50:50'),(93,'srangel@ut-morelia.edu.mx','exitoso','189.199.95.118','2024-12-06 14:51:59'),(94,'esolache@ut-morelia.edu.mx','fallido','189.199.95.118','2024-12-06 14:52:54'),(95,'esolache@ut-morelia.edu.mx','exitoso','189.199.95.118','2024-12-06 14:53:54'),(96,'admin@admin.com','exitoso','187.189.191.141','2024-12-06 14:54:57'),(97,'srangel@ut-morelia.edu.mx','exitoso','187.189.191.141','2024-12-06 14:57:12'),(98,'admin@admin.com','exitoso','187.189.191.141','2024-12-06 14:58:56'),(99,'srangel@ut-morelia.edu.mx','exitoso','187.189.191.141','2024-12-06 15:01:04'),(100,'esolache@ut-morelia.edu.mx','exitoso','187.189.191.141','2024-12-06 15:07:55'),(101,'jonathan.moreno@ut-morelia.edu.mx','exitoso','189.199.95.118','2024-12-06 15:12:21'),(102,'luis.gutierrez@ut-morelia.edu.mx','exitoso','187.189.191.141','2024-12-06 15:13:33'),(103,'jonathan.moreno@ut-morelia.edu.mx','exitoso','189.199.95.118','2024-12-06 15:13:47'),(104,'luis.gutierrez@ut-morelia.edu.mx','exitoso','189.199.95.118','2024-12-06 15:15:00'),(105,'rosa.garcia@ut-morelia.edu.mx','fallido','187.189.191.141','2024-12-06 15:22:53'),(106,'rosa.garcia@ut-morelia.edu.mx','fallido','187.189.191.141','2024-12-06 15:25:07'),(107,'rosa.garcia@ut-morelia.edu.mx','exitoso','187.189.191.141','2024-12-06 15:35:24'),(108,'admin@admin.com','exitoso','187.189.191.141','2024-12-06 15:49:24'),(109,'rocio.gonzalez@ut-morelia.edu.mx','exitoso','189.199.95.118','2024-12-06 15:49:32'),(110,'esolache@ut-morelia.edu.mx','exitoso','189.199.95.118','2024-12-06 15:49:51'),(111,'esolache@ut-morelia.edu.mx','exitoso','187.189.191.141','2024-12-06 15:51:46'),(112,'mequihua@ut-morelia.edu.mx','exitoso','187.189.191.141','2024-12-06 15:52:07'),(113,'mequihua@ut-morelia.edu.mx','exitoso','187.189.191.141','2024-12-06 15:52:11'),(114,'laura.vieyra@ut-morelia.edu.mx','exitoso','200.68.167.46','2024-12-06 15:58:13'),(115,'mequihua@ut-morelia.edu.mx','exitoso','187.189.191.141','2024-12-06 16:23:12'),(116,'admin@admin.com','exitoso','187.189.191.141','2024-12-06 17:49:44'),(117,'luis.gutierrez@ut-morelia.edu.mx','exitoso','189.199.95.118','2024-12-06 17:55:20'),(118,'esolache@ut-morelia.edu.mx','fallido','187.189.191.141','2024-12-06 17:56:06'),(119,'esolache@ut-morelia.edu.mx','exitoso','187.189.191.141','2024-12-06 17:59:35'),(120,'admin@admin.com','exitoso','187.189.191.141','2024-12-06 18:19:11'),(121,'luis.gutierrez@ut-morelia.edu.mx','exitoso','189.199.95.118','2024-12-06 18:43:09'),(122,'luis.gutierrez@ut-morelia.edu.mx','exitoso','187.189.191.141','2024-12-06 18:49:57'),(123,'rocio.gonzalez@ut-morelia.edu.mx','exitoso','189.199.95.118','2024-12-06 18:51:43'),(124,'esolache@ut-morelia.edu.mx','exitoso','187.189.191.141','2024-12-06 19:31:46'),(125,'jonathan.moreno@ut-morelia.edu.mx','exitoso','189.199.95.118','2024-12-06 19:47:23'),(126,'rosa.garcia@ut-morelia.edu.mx','exitoso','187.189.191.141','2024-12-06 19:55:03'),(127,'admin@admin.com','exitoso','177.240.146.245','2024-12-06 21:15:02'),(128,'admin@admin.com','exitoso','177.240.146.245','2024-12-07 12:04:01'),(129,'admin@admin.com','exitoso','177.240.146.245','2024-12-07 12:04:05'),(130,'admin@admin.com','exitoso','177.240.146.245','2024-12-07 12:04:13'),(131,'admin@admin.com','exitoso','177.240.146.245','2024-12-07 12:04:28'),(132,'admin@admin.com','exitoso','189.243.236.74','2024-12-07 22:13:39'),(133,'jorgerodriguez@ut-morelia.edu.mx','exitoso','189.243.236.74','2024-12-07 22:34:13'),(134,'admin@admin.com','exitoso','177.240.136.41','2024-12-07 22:42:32'),(135,'admin@admin.com','exitoso','177.240.136.41','2024-12-08 02:04:17'),(136,'admin@admin.com','exitoso','177.240.136.41','2024-12-08 03:15:02'),(137,'jorgerodriguez@ut-morelia.edu.mx','exitoso','189.199.95.118','2024-12-09 15:10:56'),(138,'jorgerodriguez@ut-morelia.edu.mx','exitoso','189.199.95.118','2024-12-09 15:24:00'),(139,'jonathan.moreno@ut-morelia.edu.mx','exitoso','187.189.191.141','2024-12-09 15:24:29'),(140,'laura.vieyra@ut-morelia.edu.mx','exitoso','187.189.191.141','2024-12-09 15:24:36'),(141,'admin@admin.com','exitoso','177.240.136.41','2024-12-09 15:35:51'),(142,'jorgerodriguez@ut-morelia.edu.mx','exitoso','189.199.95.118','2024-12-09 15:37:31'),(143,'jorgerodriguez@ut-morelia.edu.mx','exitoso','187.189.191.141','2024-12-09 15:51:21'),(144,'admin@admin.com','fallido','177.240.136.41','2024-12-09 16:49:30'),(145,'admin@admin.com','exitoso','177.240.136.41','2024-12-09 16:49:38'),(146,'admin@admin.com','exitoso','177.240.136.41','2024-12-09 17:29:15'),(147,'mequihua@ut-morelia.edu.mx','exitoso','187.189.191.141','2024-12-09 17:30:02'),(148,'jonathan.moreno@ut-morelia.edu.mx','exitoso','189.199.95.118','2024-12-09 17:30:08'),(149,'esolache@ut-morelia.edu.mx','exitoso','189.199.95.118','2024-12-09 17:30:32'),(150,'laura.vieyra@ut-morelia.edu.mx','exitoso','187.189.191.141','2024-12-09 17:37:52'),(151,'jorgerodriguez@ut-morelia.edu.mx','exitoso','189.199.95.118','2024-12-09 17:53:12'),(152,'admin@admin.com','exitoso','177.240.136.41','2024-12-09 18:29:49'),(153,'admin@admin.com','fallido','177.240.136.41','2024-12-10 01:46:25'),(154,'admin@admin.com','exitoso','177.240.136.41','2024-12-10 01:46:32'),(155,'admin@admin.com','exitoso','189.243.236.74','2024-12-10 02:51:48'),(156,'admin@admin.com','exitoso','177.240.146.245','2024-12-11 08:58:34'),(157,'srangel@ut-morelia.edu.mx','exitoso','187.189.191.141','2024-12-12 16:58:10'),(158,'admin@admin.com','fallido','177.240.146.245','2024-12-12 18:00:42'),(159,'admin@admin.com','exitoso','177.240.146.245','2024-12-12 18:00:51'),(160,'mequihua@ut-morelia.edu.mx','exitoso','189.199.95.118','2024-12-12 18:42:40'),(161,'jorgerodriguez@ut-morelia.edu.mx','exitoso','189.199.95.118','2024-12-12 18:43:06'),(162,'rocio.gonzalez@ut-morelia.edu.mx','exitoso','189.199.95.118','2024-12-12 18:43:34'),(163,'esolache@ut-morelia.edu.mx','exitoso','189.199.95.118','2024-12-12 18:44:03'),(164,'rosa.garcia@ut-morelia.edu.mx','exitoso','187.189.191.141','2024-12-12 18:45:13'),(165,'laura.vieyra@ut-morelia.edu.mx','exitoso','200.68.138.11','2024-12-12 18:48:16'),(166,'admin@admin.com','exitoso','177.240.146.245','2024-12-12 23:53:52'),(167,'admin@admin.com','exitoso','177.240.146.245','2024-12-13 00:27:09'),(168,'jorgerodriguez@ut-morelia.edu.mx','exitoso','189.243.236.74','2024-12-13 02:25:03'),(169,'admin@admin.com','exitoso','177.240.146.245','2024-12-13 02:43:13'),(170,'srangel@ut-morelia.edu.mx','exitoso','177.224.178.72','2024-12-13 03:59:33'),(171,'jonathan.moreno@ut-morelia.edu.mx','exitoso','189.199.95.118','2024-12-13 14:47:11'),(172,'jonathan.moreno@ut-morelia.edu.mx','exitoso','189.199.95.118','2024-12-13 15:01:08'),(173,'jorgerodriguez@ut-morelia.edu.mx','exitoso','189.199.95.118','2024-12-13 15:16:50'),(174,'jorgerodriguez@ut-morelia.edu.mx','exitoso','189.199.95.118','2024-12-13 17:28:32'),(175,'jorgerodriguez@ut-morelia.edu.mx','exitoso','189.199.95.118','2024-12-13 17:54:23'),(176,'srangel@ut-morelia.edu.mx','exitoso','187.189.191.141','2024-12-13 17:58:39'),(177,'admin@admin.com','fallido','187.189.191.141','2024-12-13 18:16:33'),(178,'admin@admin.com','fallido','187.189.191.141','2024-12-13 18:16:41'),(179,'srangel@ut-morelia.edu.mx','exitoso','187.189.191.141','2024-12-13 18:17:11'),(180,'admin@admin.com','exitoso','177.240.136.41','2024-12-13 18:31:15'),(181,'jorgerodriguez@ut-morelia.edu.mx','exitoso','189.199.95.118','2024-12-13 18:51:23'),(182,'jonathan.moreno@ut-morelia.edu.mx','exitoso','187.189.191.141','2024-12-13 19:10:39'),(183,'srangel@ut-morelia.edu.mx','exitoso','187.189.191.141','2024-12-13 19:14:30'),(184,'srangel@ut-morelia.edu.mx','exitoso','187.189.191.141','2024-12-13 19:17:34'),(185,'jonathan.moreno@ut-morelia.edu.mx','exitoso','187.189.191.141','2024-12-13 20:14:02'),(186,'esolache@ut-morelia.edu.mx','exitoso','189.199.95.118','2024-12-13 21:23:59'),(187,'admin@admin.com','exitoso','177.240.136.41','2024-12-13 22:58:56'),(188,'admin@admin.com','exitoso','177.240.136.41','2024-12-13 23:03:07'),(189,'admin@admin.com','exitoso','177.240.136.41','2024-12-14 00:24:30'),(190,'admin@admin.com','exitoso','177.240.136.41','2024-12-14 04:39:35'),(191,'admin@admin.com','exitoso','189.243.236.146','2024-12-14 14:36:39'),(192,'jorgerodriguez@ut-morelia.edu.mx','exitoso','189.243.236.146','2024-12-14 14:57:03'),(193,'admin@admin.com','exitoso','177.240.146.245','2024-12-15 06:37:20'),(194,'admin@admin.com','exitoso','177.240.146.245','2024-12-15 08:23:03'),(195,'admin@admin.com','exitoso','177.240.146.245','2024-12-15 09:20:14'),(196,'admin@admin.com','exitoso','177.240.136.41','2024-12-15 15:11:26'),(197,'admin@admin.com','exitoso','177.240.136.41','2024-12-15 15:52:05'),(198,'luis.gutierrez@ut-morelia.edu.mx','exitoso','177.224.176.24','2024-12-16 01:03:54'),(199,'rocio.gonzalez@ut-morelia.edu.mx','exitoso','187.191.8.252','2024-12-16 14:14:43'),(200,'jonathan.moreno@ut-morelia.edu.mx','exitoso','189.199.95.118','2024-12-16 16:25:25'),(201,'laura.vieyra@ut-morelia.edu.mx','exitoso','187.189.191.141','2024-12-16 17:07:49'),(202,'rosa.garcia@ut-morelia.edu.mx','exitoso','187.189.191.141','2024-12-16 21:15:08'),(203,'jorgerodriguez@ut-morelia.edu.mx','exitoso','189.199.95.118','2024-12-17 19:27:28'),(204,'jorgerodriguez@ut-morelia.edu.mx','exitoso','189.199.95.118','2024-12-17 20:53:31'),(205,'admin@admin.com','exitoso','177.240.136.41','2024-12-17 21:28:06'),(206,'admin@admin.com','exitoso','189.243.236.146','2024-12-18 02:46:17'),(207,'jorgerodriguez@ut-morelia.edu.mx','exitoso','189.243.236.146','2024-12-18 02:46:27'),(208,'srangel@ut-morelia.edu.mx','exitoso','189.243.236.146','2024-12-18 02:47:42'),(209,'jorgerodriguez@ut-morelia.edu.mx','exitoso','189.243.236.146','2024-12-18 02:49:00'),(210,'jonathan.moreno@ut-morelia.edu.mx','fallido','189.243.236.146','2024-12-18 02:49:25'),(211,'jonathan.moreno@ut-morelia.edu.mx','exitoso','189.243.236.146','2024-12-18 02:49:31'),(212,'jorgerodriguez@ut-morelia.edu.mx','exitoso','189.243.236.146','2024-12-18 02:50:08'),(213,'luis.gutierrez@ut-morelia.edu.mx','exitoso','177.224.181.34','2024-12-18 03:55:05'),(214,'admin@admin.com','exitoso','189.243.236.146','2024-12-18 03:55:40'),(215,'admin@admin.com','exitoso','189.243.236.146','2024-12-18 06:33:38'),(216,'jorgerodriguez@ut-morelia.edu.mx','exitoso','189.243.236.146','2024-12-18 06:43:48'),(217,'srangel@ut-morelia.edu.mx','exitoso','189.243.236.146','2024-12-18 06:44:13'),(218,'alberto.lucas@ut-morelia.edu.mx','exitoso','189.243.236.146','2024-12-18 06:45:34'),(219,'srangel@ut-morelia.edu.mx','exitoso','189.243.236.146','2024-12-18 07:00:16'),(220,'srangel@ut-morelia.edu.mx','exitoso','189.243.236.146','2024-12-18 07:08:00'),(221,'jorgerodriguez@ut-morelia.edu.mx','exitoso','189.243.236.146','2024-12-18 07:08:03'),(222,'admin@admin.com','exitoso','177.240.146.245','2024-12-18 07:33:11'),(223,'jorgerodriguez@ut-morelia.edu.mx','exitoso','187.189.191.141','2024-12-18 14:48:43'),(224,'laura.vieyra@ut-morelia.edu.mx','exitoso','189.199.95.118','2024-12-18 14:53:28'),(225,'jonathan.moreno@ut-morelia.edu.mx','fallido','187.189.191.141','2024-12-18 14:54:50'),(226,'chef.mario.utm@gmail.com','exitoso','187.189.191.141','2024-12-18 14:55:24'),(227,'srangel@ut-morelia.edu.mx','fallido','187.189.191.141','2024-12-18 14:56:36'),(228,'chef.mario.utm@gmail.com','exitoso','189.199.95.118','2024-12-18 14:57:16'),(229,'srangel@ut-morelia.edu.mx','exitoso','187.189.191.141','2024-12-18 14:57:29'),(230,'alberto.lucas@ut-morelia.edu.mx','exitoso','187.189.191.141','2024-12-18 14:57:52'),(231,'rosa.garcia@ut-morelia.edu.mx','exitoso','187.189.191.141','2024-12-18 14:59:31'),(232,'rocio.gonzalez@ut-morelia.edu.mx','exitoso','187.189.191.141','2024-12-18 14:59:43'),(233,'alberto.lucas@ut-morelia.edu.mx','fallido','187.189.191.141','2024-12-18 15:00:17'),(234,'alberto.lucas@ut-morelia.edu.mx','exitoso','187.189.191.141','2024-12-18 15:00:30'),(235,'luis.gutierrez@ut-morelia.edu.mx','exitoso','189.199.95.118','2024-12-18 15:02:05'),(236,'gricelda.rodriguez@ut-morelia.edu.mx','exitoso','189.199.95.118','2024-12-18 15:03:17'),(237,'srangel@ut-morelia.edu.mx','exitoso','200.68.139.5','2024-12-18 15:06:31'),(238,'jonathan.moreno@ut-morelia.edu.mx','exitoso','187.189.191.141','2024-12-18 15:10:55'),(239,'luis.gutierrez@ut-morelia.edu.mx','exitoso','187.189.191.141','2024-12-18 15:12:01'),(240,'chef.mario.utm@gmail.com','exitoso','189.199.95.118','2024-12-18 15:12:29'),(241,'gricelda.rodriguez@ut-morelia.edu.mx','exitoso','189.199.95.118','2024-12-18 15:12:38'),(242,'alberto.lucas@ut-morelia.edu.mx','exitoso','187.189.191.141','2024-12-18 15:15:25'),(243,'mequihua@ut-morelia.edu.mx','exitoso','187.189.191.141','2024-12-18 15:16:40'),(244,'luis.gutierrez@ut-morelia.edu.mx','exitoso','187.189.191.141','2024-12-18 15:17:23'),(245,'carlos.lopez@ut-morelia.edu.mx','exitoso','189.199.95.118','2024-12-18 15:22:59'),(246,'julio.hernandez@ut-morelia.edu.mx','exitoso','187.189.191.141','2024-12-18 15:26:16'),(247,'mario.gutierrez@ut-morelia.edu.mx','exitoso','189.199.95.118','2024-12-18 15:28:35'),(248,'julio.hernandez@ut-morelia.edu.mx','exitoso','187.189.191.141','2024-12-18 15:31:32'),(249,'rocio.gonzalez@ut-morelia.edu.mx','exitoso','187.189.191.141','2024-12-18 15:32:32'),(250,'luis.gutierrez@ut-morelia.edu.mx','exitoso','187.189.191.141','2024-12-18 15:33:13'),(251,'admin@admin.com','exitoso','177.240.146.245','2024-12-18 15:37:40'),(252,'chef.mario.utm@gmail.com','exitoso','189.199.95.118','2024-12-18 15:38:35'),(253,'jonathan.moreno@ut-morelia.edu.mx','exitoso','187.189.191.141','2024-12-18 15:48:00'),(254,'jorgerodriguez@ut-morelia.edu.mx','exitoso','200.68.139.5','2024-12-18 15:51:04'),(255,'dante.garcia@ut-morelia.edu.mx','exitoso','189.199.95.118','2024-12-18 15:51:26'),(256,'chef.mario.utm@gmail.com','exitoso','189.199.95.118','2024-12-18 15:53:29'),(257,'luis.gutierrez@ut-morelia.edu.mx','exitoso','187.189.191.141','2024-12-18 15:53:55'),(258,'admin@admin.com','fallido','177.240.146.245','2024-12-18 15:53:59'),(259,'admin@admin.com','exitoso','177.240.146.245','2024-12-18 15:54:07'),(260,'luis.gutierrez@ut-morelia.edu.mx','exitoso','187.189.191.141','2024-12-18 15:55:41'),(261,'luis.gutierrez@ut-morelia.edu.mx','exitoso','187.189.191.141','2024-12-18 15:56:39'),(262,'jose.rodriguez@ut-morelia.edu.mx','exitoso','189.199.95.118','2024-12-18 15:56:40'),(263,'rosa.garcia@ut-morelia.edu.mx','exitoso','187.189.191.141','2024-12-18 16:05:01'),(264,'alberto.lucas@ut-morelia.edu.mx','exitoso','187.189.191.141','2024-12-18 16:09:39'),(265,'srangel@ut-morelia.edu.mx','exitoso','187.189.191.141','2024-12-18 16:26:24'),(266,'admin@admin.com','exitoso','177.240.146.245','2024-12-18 16:43:45'),(267,'jonathan.moreno@ut-morelia.edu.mx','exitoso','187.189.191.141','2024-12-18 16:52:29'),(268,'srangel@ut-morelia.edu.mx','exitoso','187.189.191.141','2024-12-18 16:55:11'),(269,'laura.vieyra@ut-morelia.edu.mx','exitoso','200.68.167.15','2024-12-18 16:57:15'),(270,'luis.gutierrez@ut-morelia.edu.mx','exitoso','187.189.191.141','2024-12-18 17:05:08'),(271,'mario.gutierrez@ut-morelia.edu.mx','exitoso','189.199.95.118','2024-12-18 17:05:59'),(272,'jonathan.moreno@ut-morelia.edu.mx','exitoso','187.189.191.141','2024-12-18 17:07:25'),(273,'rocio.gonzalez@ut-morelia.edu.mx','exitoso','187.189.191.141','2024-12-18 17:41:28'),(274,'julio.hernandez@ut-morelia.edu.mx','exitoso','187.189.191.141','2024-12-18 17:47:39'),(275,'alberto.lucas@ut-morelia.edu.mx','exitoso','187.189.191.141','2024-12-18 18:13:52'),(276,'alberto.lucas@ut-morelia.edu.mx','exitoso','187.189.191.141','2024-12-18 18:26:28'),(277,'jose.rodriguez@ut-morelia.edu.mx','fallido','200.68.139.5','2024-12-18 18:33:46'),(278,'jorgerodriguez@ut-morelia.edu.mx','exitoso','200.68.139.5','2024-12-18 18:34:06'),(279,'carlos.lopez@ut-morelia.edu.mx','exitoso','189.199.95.118','2024-12-18 18:34:41'),(280,'alberto.lucas@ut-morelia.edu.mx','exitoso','187.189.191.141','2024-12-18 18:40:41'),(281,'julio.hernandez@ut-morelia.edu.mx','exitoso','187.189.191.141','2024-12-18 18:41:11'),(282,'jonathan.moreno@ut-morelia.edu.mx','exitoso','187.189.191.141','2024-12-18 18:43:15'),(283,'jose.rodriguez@ut-morelia.edu.mx','exitoso','189.199.95.118','2024-12-18 18:47:46'),(284,'alberto.lucas@ut-morelia.edu.mx','exitoso','187.189.191.141','2024-12-18 18:54:45'),(285,'srangel@ut-morelia.edu.mx','fallido','187.189.191.141','2024-12-18 18:55:11'),(286,'srangel@ut-morelia.edu.mx','fallido','187.189.191.141','2024-12-18 18:55:22'),(287,'rocio.gonzalez@ut-morelia.edu.mx','exitoso','187.189.191.141','2024-12-18 18:55:46'),(288,'srangel@ut-morelia.edu.mx','exitoso','187.189.191.141','2024-12-18 18:56:01'),(289,'jorgerodriguez@ut-morelia.edu.mx','exitoso','189.199.95.118','2024-12-18 19:10:28'),(290,'alberto.lucas@ut-morelia.edu.mx','exitoso','187.189.191.141','2024-12-18 19:27:17'),(291,'luis.gutierrez@ut-morelia.edu.mx','exitoso','187.189.191.141','2024-12-18 19:36:03'),(292,'rocio.gonzalez@ut-morelia.edu.mx','exitoso','187.189.191.141','2024-12-18 19:47:56'),(293,'admin@admin.com','exitoso','177.240.146.245','2024-12-19 02:30:44'),(294,'admin@admin.com','exitoso','177.240.146.245','2024-12-19 03:36:37'),(295,'emilio@admin.com','exitoso','177.240.146.245','2024-12-19 05:04:44'),(296,'admin@admin.com','exitoso','177.240.146.245','2024-12-19 05:05:09'),(297,'emilio@admin.com','exitoso','177.240.146.245','2024-12-19 05:05:22'),(298,'admin@admin.com','exitoso','177.240.146.245','2024-12-19 05:06:41'),(299,'emilio@admin.com','exitoso','177.240.146.245','2024-12-19 05:07:15'),(300,'admin@admin.com','exitoso','177.240.146.245','2024-12-19 05:36:37'),(301,'admin@admin.com','exitoso','177.240.146.245','2024-12-19 05:48:14'),(302,'observador@admin.com','exitoso','200.68.166.8','2024-12-19 05:49:57'),(303,'luis.gutierrez@ut-morelia.edu.mx','exitoso','177.224.176.24','2024-12-19 07:36:43'),(304,'observador@admin.com','exitoso','187.190.205.20','2024-12-19 09:31:07'),(305,'observador@admin.com','exitoso','187.190.205.20','2024-12-19 09:33:17'),(306,'observador@admin.com','exitoso','177.240.146.245','2024-12-19 11:14:25'),(307,'admin@admin.com','exitoso','177.240.146.245','2024-12-19 11:15:07'),(308,'observador@admin.com','exitoso','189.141.239.76','2024-12-19 13:03:44'),(309,'observador@admin.com','exitoso','189.199.95.118','2024-12-19 13:20:23'),(310,'observador@admin.com','exitoso','177.240.147.97','2024-12-19 13:50:03'),(311,'luis.gutierrez@ut-morelia.edu.mx','exitoso','189.199.95.118','2024-12-19 13:58:48'),(312,'admin@admin.com','exitoso','177.240.136.41','2024-12-19 14:04:33'),(313,'observador@admin.com','exitoso','177.240.143.165','2024-12-19 14:07:23'),(314,'observador@admin.com','exitoso','189.141.240.34','2024-12-19 14:31:12'),(315,'observador@adm.com','fallido','189.199.95.118','2024-12-19 14:38:10'),(316,'observador@admin.com','exitoso','189.199.95.118','2024-12-19 14:38:45'),(317,'observador@admin.com','exitoso','189.199.95.118','2024-12-19 14:38:45'),(318,'alberto.lucas@ut-morelia.edu.mx','exitoso','187.189.191.141','2024-12-19 15:00:37'),(319,'srangel@ut-morelia.edu.mx','exitoso','187.189.191.141','2024-12-19 15:03:40'),(320,'chef.mario.utm@gmail.com','exitoso','189.199.95.118','2024-12-19 15:03:40'),(321,'srangel@ut-morelia.edu.mx','exitoso','187.189.191.141','2024-12-19 15:04:45'),(322,'julio.hernandez@ut-morelia.edu.mx','exitoso','189.199.95.118','2024-12-19 15:05:26'),(323,'alberto.lucas@ut-morelia.edu.mx','fallido','187.189.191.141','2024-12-19 15:08:36'),(324,'alberto.lucas@ut-morelia.edu.mx','fallido','187.189.191.141','2024-12-19 15:08:49'),(325,'jose.rodriguez@ut-morelia.edu.mx','exitoso','189.199.95.118','2024-12-19 15:08:50'),(326,'jonathan.moreno@ut-morelia.edu.mx','exitoso','187.189.191.141','2024-12-19 15:09:13'),(327,'alberto.lucas@ut-morelia.edu.mx','fallido','187.189.191.141','2024-12-19 15:09:24'),(328,'laura.vieyra@ut-morelia.edu.mx','exitoso','189.199.95.118','2024-12-19 15:09:53'),(329,'carlos.lopez@ut-morelia.edu.mx','exitoso','189.199.95.118','2024-12-19 15:09:57'),(330,'alberto.lucas@ut-morelia.edu.mx','exitoso','187.189.191.141','2024-12-19 15:10:22'),(331,'julio.hernandez@ut-morelia.edu.mx','exitoso','187.189.191.141','2024-12-19 15:11:56'),(332,'rocio.gonzalez@ut-morelia.edu.mx','exitoso','187.189.191.141','2024-12-19 15:12:23'),(333,'observador@admin.com','exitoso','189.199.95.118','2024-12-19 15:14:14'),(334,'dante.garcia@ut-morelia.edu.mx','exitoso','189.199.95.118','2024-12-19 15:18:37'),(335,'observador@admin.com','exitoso','187.189.191.141','2024-12-19 15:21:01'),(336,'observador@admin.com','exitoso','187.189.191.141','2024-12-19 15:22:24'),(337,'luis.gutierrez@ut-morelia.edu.mx','exitoso','187.189.191.141','2024-12-19 15:24:23'),(338,'admin@admin.com','fallido','177.240.136.41','2024-12-19 15:26:13'),(339,'observador@admin.com','exitoso','187.189.191.141','2024-12-19 15:26:16'),(340,'admin@admin.com','exitoso','177.240.136.41','2024-12-19 15:26:19'),(341,'observador@admin.com','exitoso','189.199.95.118','2024-12-19 15:27:21'),(342,'observador@admin.com','exitoso','177.240.131.83','2024-12-19 15:27:42'),(343,'observador@admin.com','exitoso','187.189.191.141','2024-12-19 15:28:07'),(344,'jonathan.moreno@ut-morelia.edu.mx','exitoso','187.189.191.141','2024-12-19 15:28:35'),(345,'mario.gutierrez@ut-morelia.edu.mx','exitoso','189.199.95.118','2024-12-19 15:29:00'),(346,'jorgerodriguez@ut-morelia.edu.mx','exitoso','189.199.95.118','2024-12-19 15:29:08'),(347,'observador@admin.com','exitoso','177.240.133.125','2024-12-19 15:29:40'),(348,'chef.mario.utm@gmail.com','exitoso','189.199.95.118','2024-12-19 15:32:18'),(349,'observador@admin.com','exitoso','177.240.136.41','2024-12-19 15:34:20'),(350,'observador@admin.com','exitoso','24.15.107.114','2024-12-19 15:36:10'),(351,'observador@admin.com','exitoso','187.189.191.141','2024-12-19 15:36:20'),(352,'observador@admin.com','fallido','189.199.95.118','2024-12-19 15:36:41'),(353,'observador@admin.com','exitoso','189.199.95.118','2024-12-19 15:36:56'),(354,'observador@admin.com','exitoso','189.199.95.118','2024-12-19 15:36:57'),(355,'observador@admin.com','exitoso','189.199.95.118','2024-12-19 15:39:20'),(356,'observador@admin.com','exitoso','201.175.234.90','2024-12-19 15:39:48'),(357,'observador@admin.com','exitoso','189.199.95.118','2024-12-19 15:41:05'),(358,'luis.gutierrez@ut-morelia.edu.mx','exitoso','189.199.95.118','2024-12-19 15:44:58'),(359,'observador@admin.com','exitoso','187.189.191.141','2024-12-19 15:47:38'),(360,'luis.gutierrez@ut-morelia.edu.mx','exitoso','189.199.95.118','2024-12-19 15:54:21'),(361,'mequihua@ut-morelia.edu.mx','exitoso','189.199.95.118','2024-12-19 16:02:30'),(362,'observador@admin.com','exitoso','200.63.44.213','2024-12-19 16:03:48'),(363,'observador@admin.com','exitoso','187.189.191.141','2024-12-19 16:06:31'),(364,'observador@admin.com','exitoso','189.199.95.118','2024-12-19 16:11:51'),(365,'chef.mario.utm@gmail.com','exitoso','189.199.95.118','2024-12-19 16:14:46'),(366,'jorgerodriguez@ut-morelia.edu.mx','exitoso','189.199.95.118','2024-12-19 16:15:33'),(367,'chef.mario.utm@gmail.com','exitoso','189.199.95.118','2024-12-19 16:16:35'),(368,'luis.gutierrez@ut-morelia.edu.mx','exitoso','187.189.191.141','2024-12-19 16:16:41'),(369,'rocio.gonzalez@ut-morelia.edu.mx','exitoso','187.189.191.141','2024-12-19 16:18:43'),(370,'julio.hernandez@ut-morelia.edu.mx','exitoso','187.189.191.141','2024-12-19 16:30:15'),(371,'observador@admin.com','exitoso','189.199.95.118','2024-12-19 16:31:51'),(372,'observador@admin.com','exitoso','200.68.166.49','2024-12-19 16:34:24'),(373,'srangel@ut-morelia.edu.mx','exitoso','187.189.191.141','2024-12-19 16:37:53'),(374,'dante.garcia@ut-morelia.edu.mx','exitoso','189.199.95.118','2024-12-19 16:41:02'),(375,'rosa.garcia@ut-morelia.edu.mx','exitoso','189.199.95.118','2024-12-19 16:42:13'),(376,'arturo.calderon@ut-morelia.edu.mx','exitoso','189.199.95.118','2024-12-19 16:45:39'),(377,'arturo.calderon@ut-morelia.edu.mx','exitoso','189.199.95.118','2024-12-19 16:46:50'),(378,'carlos.lopez@ut-morelia.edu.mx','exitoso','189.199.95.118','2024-12-19 16:49:55'),(379,'mequihua@ut-morelia.edu.mx','exitoso','189.199.95.118','2024-12-19 16:52:07'),(380,'alberto.lucas@ut-morelia.edu.mx','exitoso','187.189.191.141','2024-12-19 16:55:11'),(381,'srangel@ut-morelia.edu.mx','exitoso','187.189.191.141','2024-12-19 16:55:16'),(382,'luis.gutierrez@ut-morelia.edu.mx','exitoso','189.199.95.118','2024-12-19 16:56:45'),(383,'luis.gutierrez@ut-morelia.edu.mx','exitoso','189.199.95.118','2024-12-19 16:59:42'),(384,'luis.gutierrez@ut-morelia.edu.mx','exitoso','187.189.191.141','2024-12-19 17:04:14'),(385,'jorgerodriguez@ut-morelia.edu.mx','exitoso','189.199.95.118','2024-12-19 17:08:49'),(386,'julio.hernandez@ut-morelia.edu.mx','exitoso','187.189.191.141','2024-12-19 17:09:37'),(387,'luis.gutierrez@ut-morelia.edu.mx','exitoso','189.199.95.118','2024-12-19 17:10:27'),(388,'observador@admin.com','exitoso','187.189.191.141','2024-12-19 17:10:29'),(389,'observador@admin.com','exitoso','187.189.191.141','2024-12-19 17:13:56'),(390,'chef.mario.utm@gmail.com','exitoso','189.199.95.118','2024-12-19 17:17:13'),(391,'jose.rodriguez@ut-morelia.edu.mx','exitoso','189.199.95.118','2024-12-19 17:19:20'),(392,'admin@admin.com','fallido','177.240.136.41','2024-12-19 17:19:42'),(393,'admin@admin.com','exitoso','177.240.136.41','2024-12-19 17:19:49'),(394,'carlos.lopez@ut-morelia.edu.mx','exitoso','189.199.95.118','2024-12-19 17:22:50'),(395,'observador@admin.com','exitoso','189.199.95.118','2024-12-19 17:27:29'),(396,'jose.rodriguez@ut-morelia.edu.mx','exitoso','189.199.95.118','2024-12-19 17:29:37'),(397,'rocio.gonzalez@ut-morelia.edu.mx','exitoso','187.189.191.141','2024-12-19 17:37:37'),(398,'observador@admin.com','exitoso','187.189.191.141','2024-12-19 17:38:50'),(399,'observador@admin.com','exitoso','189.199.95.118','2024-12-19 17:39:01'),(400,'observador@admin.com','exitoso','187.189.191.141','2024-12-19 17:41:08'),(401,'observador@admin.com','exitoso','24.15.107.114','2024-12-19 17:43:09'),(402,'observador@admin.com','exitoso','187.189.191.141','2024-12-19 17:52:21'),(403,'jose.rodriguez@ut-morelia.edu.mx','exitoso','189.199.95.118','2024-12-19 17:55:10'),(404,'arturo.calderon@ut-morelia.edu.mx','exitoso','189.199.95.118','2024-12-19 18:01:52'),(405,'observador@admin.com','exitoso','187.189.191.141','2024-12-19 18:10:29'),(406,'luis.gutierrez@ut-morelia.edu.mx','exitoso','189.199.95.118','2024-12-19 18:12:19'),(407,'julio.hernandez@ut-morelia.edu.mx','exitoso','187.189.191.141','2024-12-19 18:18:16'),(408,'mario.gutierrez@ut-morelia.edu.mx','exitoso','189.199.95.118','2024-12-19 18:19:47'),(409,'laura.vieyra@ut-morelia.edu.mx','exitoso','189.199.95.118','2024-12-19 18:21:28'),(410,'observador@admin.com','exitoso','189.243.207.29','2024-12-19 18:30:23'),(411,'alberto.lucas@ut-morelia.edu.mx','exitoso','187.189.191.141','2024-12-19 18:31:52'),(412,'observador@admin.com','exitoso','189.199.95.118','2024-12-19 18:32:13'),(413,'gricelda.rodriguez@ut-morelia.edu.mx','exitoso','187.189.191.141','2024-12-19 18:34:44'),(414,'jorgerodriguez@ut-morelia.edu.mx','exitoso','189.199.95.118','2024-12-19 18:36:13'),(415,'jose.rodriguez@ut-morelia.edu.mx','exitoso','189.199.95.118','2024-12-19 18:38:18'),(416,'luis.gutierrez@ut-morelia.edu.mx','exitoso','187.189.191.141','2024-12-19 18:47:59'),(417,'observador@admin.com','exitoso','189.243.21.108','2024-12-19 18:51:34'),(418,'observador@admin.com','exitoso','200.68.166.49','2024-12-19 18:58:40'),(419,'mequihua@ut-morelia.edu.mx','exitoso','189.199.95.118','2024-12-19 18:59:59'),(420,'rocio.gonzalez@ut-morelia.edu.mx','exitoso','187.189.191.141','2024-12-19 19:00:51'),(421,'observador@admin.com','exitoso','189.199.95.118','2024-12-19 19:06:18'),(422,'observador@admin.com','exitoso','189.199.95.118','2024-12-19 19:14:03'),(423,'observador@admin.com','exitoso','189.199.95.118','2024-12-19 19:16:59'),(424,'observador@admin.com','exitoso','187.189.191.141','2024-12-19 19:17:43'),(425,'jose.rodriguez@ut-morelia.edu.mx','exitoso','189.199.95.118','2024-12-19 19:23:30'),(426,'observador@admin.com','exitoso','148.230.244.185','2024-12-19 19:25:10'),(427,'observador@admin.com','exitoso','177.224.179.185','2024-12-19 19:29:12'),(428,'dante.garcia@ut-morelia.edu.mx','fallido','189.199.95.118','2024-12-19 19:30:09'),(429,'dante.garcia@ut-morelia.edu.mx','fallido','189.199.95.118','2024-12-19 19:30:20'),(430,'dante.garcia@ut-morelia.edu.mx','exitoso','189.199.95.118','2024-12-19 19:30:36'),(431,'observador@admin.com','exitoso','189.199.95.118','2024-12-19 19:31:14'),(432,'observador@admin.com','exitoso','189.243.207.29','2024-12-19 19:35:14'),(433,'alberto.lucas@ut-morelia.edu.mx','exitoso','187.189.191.141','2024-12-19 19:47:53'),(434,'luis.gutierrez@ut-morelia.edu.mx','exitoso','187.189.191.141','2024-12-19 19:50:59'),(435,'rosa.garcia@ut-morelia.edu.mx','exitoso','189.199.95.118','2024-12-19 19:59:11'),(436,'jonathan.moreno@ut-morelia.edu.mx','exitoso','187.189.191.141','2024-12-19 20:02:34'),(437,'rocio.gonzalez@ut-morelia.edu.mx','exitoso','187.189.191.141','2024-12-19 20:08:04'),(438,'laura.vieyra@ut-morelia.edu.mx','exitoso','189.199.95.118','2024-12-19 20:12:27'),(439,'jose.rodriguez@ut-morelia.edu.mx','exitoso','189.199.95.118','2024-12-19 20:12:32'),(440,'observador@admin.com','exitoso','189.201.55.64','2024-12-19 20:12:45'),(441,'observador@admin.com','exitoso','189.199.95.118','2024-12-19 20:19:10'),(442,'luis.gutierrez@ut-morelia.edu.mx','exitoso','187.189.191.141','2024-12-19 20:21:57'),(443,'luis.gutierrez@ut-morelia.edu.mx','exitoso','187.189.191.141','2024-12-19 20:25:41'),(444,'observador@admin.com.mx','fallido','189.199.95.118','2024-12-19 20:25:57'),(445,'observador@admin.com','exitoso','189.199.95.118','2024-12-19 20:26:15'),(446,'observador@admin.com','exitoso','187.189.191.141','2024-12-19 20:28:38'),(447,'observador@admin.com','exitoso','187.189.191.141','2024-12-19 20:33:47'),(448,'observador@admin.com','exitoso','187.189.191.141','2024-12-19 20:37:53'),(449,'jose.rodriguez@ut-morelia.edu.mx','exitoso','189.199.95.118','2024-12-19 20:39:26'),(450,'jorgerodriguez@ut-morelia.edu.mx','exitoso','189.199.95.118','2024-12-19 20:41:50'),(451,'mario.gutierrez@ut-morelia.edu.mx','exitoso','189.199.95.118','2024-12-19 20:45:39'),(452,'observador@admin.com','exitoso','187.195.82.67','2024-12-19 20:46:03'),(453,'observador@admin.com','exitoso','200.68.167.59','2024-12-19 20:48:48'),(454,'observador@admin.com','exitoso','189.199.95.118','2024-12-19 20:49:47'),(455,'rosa.garcia@ut-morelia.edu.mx','exitoso','189.199.95.118','2024-12-19 20:52:19'),(456,'observador@admin.com','exitoso','187.189.191.141','2024-12-19 21:02:27'),(457,'julio.hernandez@ut-morelia.edu.mx','exitoso','189.199.95.118','2024-12-19 21:14:12'),(458,'rocio.gonzalez@ut-morelia.edu.mx','exitoso','187.189.191.141','2024-12-19 21:15:57'),(459,'arturo.calderon@ut-morelia.edu.mx','exitoso','189.199.95.118','2024-12-19 21:20:24'),(460,'observador@admin.com','exitoso','189.199.95.118','2024-12-19 21:42:42'),(461,'chef.mario.utm@gmail.com','exitoso','189.199.95.118','2024-12-19 21:43:37'),(462,'observador@admin.com','exitoso','187.195.82.67','2024-12-19 21:48:38'),(463,'srangel@ut-morelia.edu.mx','exitoso','187.189.191.141','2024-12-19 21:50:58'),(464,'jose.rodriguez@ut-morelia.edu.mx','exitoso','189.199.95.118','2024-12-19 21:50:59'),(465,'luis.gutierrez@ut-morelia.edu.mx','exitoso','187.189.191.141','2024-12-19 21:53:23'),(466,'mario.gutierrez@ut-morelia.edu.mx','exitoso','189.199.95.118','2024-12-19 21:54:05'),(467,'observador@admin.com','exitoso','187.173.242.157','2024-12-19 22:05:12'),(468,'observador@admin.com','exitoso','187.173.242.157','2024-12-19 22:06:34'),(469,'luis.gutierrez@ut-morelia.edu.mx','exitoso','187.189.191.141','2024-12-19 22:10:26'),(470,'srangel@ut-morelia.edu.mx','exitoso','187.189.191.141','2024-12-19 22:23:25'),(471,'observador@admin.com','exitoso','187.195.82.67','2024-12-19 23:02:26'),(472,'observador@admin.com','exitoso','189.141.240.34','2024-12-19 23:40:27'),(473,'observador@admin.com','exitoso','189.141.240.34','2024-12-19 23:51:24'),(474,'luis.gutierrez@ut-morelia.edu.mx','exitoso','177.224.181.34','2024-12-20 00:02:03'),(475,'observador@admin.com','exitoso','200.68.166.1','2024-12-20 00:09:15'),(476,'observador@admin.com','exitoso','187.191.8.21','2024-12-20 00:47:41'),(477,'observador@admin.com','exitoso','189.203.106.20','2024-12-20 01:33:44'),(478,'admin@admin.com','exitoso','177.240.146.245','2024-12-20 02:19:39'),(479,'observador@admin.com','fallido','187.195.82.67','2024-12-20 04:01:00'),(480,'observador@admin.com','fallido','187.195.82.67','2024-12-20 04:01:09'),(481,'observador@admin.com','fallido','201.175.241.8','2024-12-20 14:07:21'),(482,'observador@admin.com','fallido','201.175.241.8','2024-12-20 14:07:44'),(483,'observador@admin.com','fallido','187.189.191.141','2024-12-20 18:28:08'),(484,'srangel@ut-morelia.edu.mx','exitoso','200.68.167.14','2024-12-21 00:12:24'),(485,'observador@admin.com','fallido','187.173.130.150','2024-12-21 05:57:56'),(486,'admin@admin.com','exitoso','177.240.136.41','2024-12-21 15:27:44'),(487,'observador@admin.com','fallido','189.197.6.150','2024-12-21 23:54:00'),(488,'observador@admin.com','fallido','189.141.240.34','2024-12-22 06:15:03'),(489,'admin@admin.com','exitoso','177.240.136.41','2024-12-23 16:55:20'),(490,'admin@admin.com','exitoso','177.240.136.41','2024-12-23 17:00:46'),(491,'observador@admin.com','fallido','177.240.139.146','2024-12-23 18:06:05'),(492,'admin@admin.com','exitoso','200.68.166.135','2024-12-24 02:34:23'),(493,'admin@admin.com','exitoso','187.190.205.212','2024-12-25 20:54:26'),(494,'observador@admin.com','fallido','189.141.240.34','2024-12-27 20:38:42'),(495,'observador@admin.com','fallido','200.63.44.89','2024-12-28 15:52:36'),(496,'observador@admin.com','fallido','189.141.240.34','2024-12-28 23:28:28'),(497,'jorgerodriguez@ut-morelia.edu.mx','exitoso','189.243.236.146','2024-12-29 00:50:52'),(498,'srangel@ut-morelia.edu.mx','exitoso','189.243.236.146','2024-12-29 03:27:38'),(499,'admin@admin.com','exitoso','177.240.136.41','2024-12-29 22:07:31'),(500,'admin@admin.com','exitoso','177.240.136.41','2024-12-30 01:16:24'),(501,'observador@admin.com','fallido','189.141.240.34','2024-12-30 02:24:26'),(502,'jorgerodriguez@ut-morelia.edu.mx','exitoso','187.189.191.141','2024-12-30 18:57:48'),(503,'alberto.lucas@ut-morelia.edu.mx','exitoso','187.189.191.141','2024-12-30 19:05:17'),(504,'jorgerodriguez@ut-morelia.edu.mx','exitoso','187.189.191.141','2024-12-30 19:13:44'),(505,'admin@admin.com','exitoso','189.199.95.118','2024-12-30 19:25:33'),(506,'jorgerodriguez@ut-morelia.edu.mx','exitoso','187.189.191.141','2024-12-30 20:06:34'),(507,'jorgerodriguez@ut-morelia.edu.mx','exitoso','187.189.191.141','2024-12-30 21:39:51'),(508,'admin@admin.com','exitoso','177.240.136.41','2024-12-31 15:09:13'),(509,'observador@admin.com','fallido','189.141.240.34','2025-01-02 01:57:33'),(510,'mequihua@ut-morelia.edu.mx','fallido','177.240.132.46','2025-01-02 04:40:45'),(511,'mequihua@ut-morelia.edu.mx','fallido','177.240.132.46','2025-01-02 04:41:03'),(512,'mequihua@ut-morelia.edu.mx','fallido','177.240.132.46','2025-01-02 04:42:53'),(513,'mequihua@ut-morelia.edu.mx','fallido','177.240.132.46','2025-01-02 04:43:32'),(514,'observador@admin.com','fallido','177.240.133.125','2025-01-02 15:22:35'),(515,'admin@admin.com','exitoso','189.243.236.146','2025-01-03 02:28:54'),(516,'admin@admin.com','exitoso','177.240.146.245','2025-01-03 06:47:38'),(517,'jorgerodriguez@ut-morelia.edu.mx','exitoso','189.243.236.146','2025-01-04 00:12:36'),(518,'jorgerodriguez@ut-morelia.edu.mx','exitoso','189.243.236.146','2025-01-04 00:16:38'),(519,'admin@admin.com','exitoso','189.243.236.146','2025-01-04 01:48:28'),(520,'srangel@ut-morelia.edu.mx','exitoso','189.243.236.146','2025-01-06 02:15:09'),(521,'admin@admin.com','exitoso','189.243.236.146','2025-01-06 02:19:58'),(522,'jorgerodriguez@ut-morelia.edu.mx','exitoso','189.243.236.146','2025-01-06 03:09:32'),(523,'srangel@ut-morelia.edu.mx','exitoso','189.243.236.146','2025-01-06 04:09:25'),(524,'srangel@ut-morelia.edu.mx','exitoso','189.243.236.146','2025-01-06 04:28:47'),(525,'admin@admin.com','exitoso','189.243.236.146','2025-01-06 04:32:46'),(526,'admin@admin.com','exitoso','177.240.146.245','2025-01-06 05:39:27'),(527,'admin@admin.com','exitoso','177.240.136.41','2025-01-06 15:34:52'),(528,'jorgerodriguez@ut-morelia.edu.mx','exitoso','189.243.236.146','2025-01-06 17:48:00'),(529,'observador@admin.com','fallido','189.141.240.34','2025-01-06 20:34:49'),(530,'jorgerodriguez@ut-morelia.edu.mx','exitoso','189.243.236.146','2025-01-06 21:09:27'),(531,'jorgerodriguez@ut-morelia.edu.mx','exitoso','189.243.236.146','2025-01-06 23:24:17'),(532,'jorgerodriguez@ut-morelia.edu.mx','exitoso','189.243.236.146','2025-01-07 00:13:34'),(533,'jorgerodriguez@ut-morelia.edu.mx','exitoso','189.243.236.146','2025-01-07 01:16:16'),(534,'srangel@ut-morelia.edu.mx','exitoso','189.243.236.146','2025-01-07 01:24:13'),(535,'admin@admin.com','exitoso','189.243.236.146','2025-01-07 01:30:48'),(536,'admin@admin.com','exitoso','189.243.236.146','2025-01-07 01:31:39'),(537,'mequihua@ut-morelia.edu.mx','exitoso','177.240.132.46','2025-01-07 02:05:13'),(538,'jose.rodriguez@ut-morelia.edu.mx','exitoso','187.173.130.103','2025-01-07 03:24:15'),(539,'jonathan.moreno@ut-morelia.eu.mx','fallido','138.84.45.129','2025-01-07 03:25:33'),(540,'jonathan.moreno@ut-morelia.edu.mx','exitoso','138.84.45.129','2025-01-07 03:25:56'),(541,'jose.rodriguez@ut-morelia.edu.mx','exitoso','187.173.130.103','2025-01-07 03:46:32'),(542,'mequihua@ut-morelia.edu.mx','exitoso','177.240.132.46','2025-01-07 03:52:24'),(543,'jorgerodriguez@ut-morelia.edu.mx','exitoso','189.243.236.146','2025-01-07 14:36:53'),(544,'rosa.garcia@ut-morelia.edu.mx','fallido','177.240.129.17','2025-01-07 14:55:30'),(545,'rosa.garcia@ut-morelia.edu.mx','exitoso','177.240.129.17','2025-01-07 14:55:49'),(546,'jonathan.moreno@ut-morelia.edu.mx','exitoso','138.84.45.129','2025-01-07 15:47:03'),(547,'srangel@ut-morelia.edu.mx','exitoso','177.224.178.72','2025-01-07 16:46:24'),(548,'rosa.garcia@ut-morelia.edu.mx','exitoso','177.240.129.17','2025-01-07 18:50:12'),(549,'observador@admin.com','exitoso','189.141.241.6','2025-01-07 19:09:02'),(550,'observador@admin.com','exitoso','189.141.243.197','2025-01-07 19:54:59'),(551,'observador@admin.com','exitoso','189.141.243.197','2025-01-07 20:21:05'),(552,'observador@admin.com','exitoso','177.240.133.125','2025-01-07 20:25:58'),(553,'admin@admin.com','exitoso','177.240.146.245','2025-01-07 21:07:58'),(554,'srangel@ut-morelia.edu.mx','exitoso','177.240.139.179','2025-01-07 21:30:40'),(555,'jorgerodriguez@ut-morelia.edu.mx','exitoso','189.243.236.146','2025-01-07 21:45:44'),(556,'observador@admin.com','exitoso','189.201.56.184','2025-01-08 00:31:27'),(557,'observador@admin.com','exitoso','189.201.56.184','2025-01-08 00:36:52'),(558,'admin@admin.com','exitoso','177.240.146.245','2025-01-08 01:13:51'),(559,'observador@admin.com','exitoso','189.141.243.197','2025-01-08 02:08:39'),(560,'observador@admin.com','exitoso','189.141.243.197','2025-01-08 02:12:28'),(561,'observador@admin.com','exitoso','189.141.243.197','2025-01-08 02:14:16'),(562,'jorgerodriguez@ut-morelia.edu.mx','exitoso','189.243.236.146','2025-01-08 02:35:20'),(563,'srangel@ut-morelia.edu.mx','exitoso','189.243.236.146','2025-01-08 02:35:54'),(564,'admin@admin.com','exitoso','189.243.236.146','2025-01-08 02:45:57'),(565,'rossy.biotec@gmail.com','exitoso','189.243.236.146','2025-01-08 03:32:56'),(566,'srangel@ut-morelia.edu.mx','exitoso','189.243.236.146','2025-01-08 03:43:55'),(567,'jorgerodriguez@ut-morelia.edu.mx','exitoso','189.243.236.146','2025-01-08 03:45:50'),(568,'admin@admin.com','exitoso','189.243.236.146','2025-01-08 03:53:08'),(569,'admin@admin.com','exitoso','189.243.236.146','2025-01-08 04:52:54'),(570,'jorgerodriguez@ut-morelia.edu.mx','exitoso','189.243.236.146','2025-01-08 05:11:57'),(571,'jonathan.moreno@ut-morelia.edu.mx','exitoso','177.240.150.144','2025-01-08 05:12:18'),(572,'mequihua@ut-morelia.edu.mx1234','fallido','177.240.132.46','2025-01-08 06:55:55'),(573,'mequihua@ut-morelia.edu.mx','exitoso','177.240.132.46','2025-01-08 06:56:25'),(574,'admin@admin.com','exitoso','189.243.236.146','2025-01-08 07:14:06'),(575,'jonathan.moreno@ut-morelia.edu.mx','exitoso','187.189.191.141','2025-01-08 14:27:35'),(576,'luis.gutierrez@ut-morelia.edu.mx','exitoso','189.199.95.118','2025-01-08 14:39:24'),(577,'jose.rodriguez@ut-morelia-edu.mx','fallido','189.199.95.118','2025-01-08 14:52:23'),(578,'jose.rodriguez@ut-morelia.edu.mx','exitoso','189.199.95.118','2025-01-08 14:53:16'),(579,'admin@admin.com','exitoso','177.240.136.41','2025-01-08 14:59:14'),(580,'observador@admin.com','exitoso','189.199.95.118','2025-01-08 15:07:00'),(581,'srangel@ut-morelia.edu.mx','exitoso','189.199.95.118','2025-01-08 15:57:20'),(582,'srangel@ut-morelia.edu.mx','exitoso','187.189.191.141','2025-01-08 16:09:11'),(583,'srangel@ut-morelia.edu.mx','exitoso','187.189.191.141','2025-01-08 16:18:43'),(584,'jose.rodriguez@ut-morelia.edu.mx','exitoso','189.199.95.118','2025-01-08 16:39:14'),(585,'jorgerodriguez@ut-morelia.edu.mx','exitoso','187.189.191.141','2025-01-08 16:59:35'),(586,'srangel@ut-morelia.edu.mx','exitoso','187.189.191.141','2025-01-08 17:16:21'),(587,'srangel@ut-morelia.edu.mx','exitoso','187.189.191.141','2025-01-08 18:00:18'),(588,'admin@admin.com','exitoso','177.240.136.41','2025-01-08 18:19:53'),(589,'srangel@ut-morelia.edu.mx','exitoso','187.189.191.141','2025-01-08 18:20:13'),(590,'rocio.gonzalez@ut-morelia.edu.mx','exitoso','189.199.95.118','2025-01-08 18:22:07'),(591,'jonathan.moreno@ut-morelia.edu.mx','exitoso','187.189.191.141','2025-01-08 18:56:45'),(592,'observador@admin.com','exitoso','189.199.95.118','2025-01-08 18:58:59'),(593,'laura.vieyra@ut-morelia.edu.mx','exitoso','187.189.191.141','2025-01-08 19:14:55'),(594,'julio.hernandez@ut-morelia.edu.mx','exitoso','189.199.95.118','2025-01-08 19:23:47'),(595,'srangel@ut-morelia.edu.mx','exitoso','189.199.95.118','2025-01-08 19:32:24'),(596,'admin@admin.com','exitoso','177.240.136.41','2025-01-08 19:36:03'),(597,'laura.vieyra@ut-morelia.edu.mx','exitoso','187.189.191.141','2025-01-08 19:43:01'),(598,'observador@admin.com','exitoso','189.201.60.219','2025-01-08 19:43:23'),(599,'rosa.garcia@ut-morelia.edu.mx','exitoso','187.189.191.141','2025-01-08 19:47:13'),(600,'mequihua@ut-morelia.edu.mx','exitoso','187.189.191.141','2025-01-08 19:48:07'),(601,'jorgerodriguez@ut-morelia.edu.mx','exitoso','187.189.191.141','2025-01-08 19:56:28'),(602,'laura.vieyra@ut-morelia.edu.mx','exitoso','187.189.191.141','2025-01-08 20:00:56'),(603,'laura.vieyra@ut-morelia.edu.mx','exitoso','187.189.191.141','2025-01-08 20:09:57'),(604,'mequihua@ut-morelia.edu.mx','exitoso','187.189.191.141','2025-01-08 20:57:41'),(605,'admin@admin.com','exitoso','177.240.136.41','2025-01-08 21:09:46'),(606,'esolache@ut-morelia.edu.mx','fallido','189.199.95.118','2025-01-08 21:12:15'),(607,'esolache@ut-morelia.edu.mx','fallido','189.199.95.118','2025-01-08 21:12:51'),(608,'jonathan.moreno@ut-morelia.edu.mx','exitoso','187.189.191.141','2025-01-08 21:15:43'),(609,'erendira.solache@ut-morelia.edu.mx','fallido','189.199.95.118','2025-01-08 21:18:25'),(610,'srangel@ut-morelia.edu.mx','exitoso','200.68.167.21','2025-01-08 21:18:37'),(611,'admin@admin.com','fallido','177.240.136.41','2025-01-08 21:19:46'),(612,'admin@admin.com','exitoso','177.240.136.41','2025-01-08 21:19:53'),(613,'erendira.solache@ut-morelia.edu.mx','fallido','189.199.95.118','2025-01-08 21:21:12'),(614,'esolache@ut-morelia.edu.mx','exitoso','189.199.95.118','2025-01-08 21:22:11'),(615,'rosa.garcia@ut-morelia.edu.mx','exitoso','187.189.191.141','2025-01-08 21:24:08'),(616,'rocio.gonzalez@ut-morelia.edu.mx','exitoso','189.203.106.252','2025-01-08 22:49:01'),(617,'luis.gutierrez@ut-morelia.edu.mx','exitoso','189.199.95.118','2025-01-08 23:09:25'),(618,'observador@admin.com','exitoso','189.141.243.197','2025-01-08 23:31:02'),(619,'observador@admin.com','exitoso','189.141.243.197','2025-01-08 23:55:29'),(620,'observador@admin.com','exitoso','189.141.243.197','2025-01-09 02:17:34'),(621,'rosa.garcia@ut-morelia.edu.mx','exitoso','177.240.129.17','2025-01-09 02:53:31'),(622,'observador@admin.com','exitoso','177.240.141.168','2025-01-09 03:32:17'),(623,'luis.gutierrez@ut-morelia.edu.mx','exitoso','177.224.181.34','2025-01-09 03:48:21'),(624,'mequihua@ut-morelia.edu.mx','exitoso','177.240.132.46','2025-01-09 06:27:08'),(625,'mequihua@ut-morelia.edu.mx','exitoso','177.240.132.46','2025-01-09 07:23:51'),(626,'jorgerodriguez@ut-morelia.edu.mx','exitoso','189.243.236.146','2025-01-09 14:00:57'),(627,'jorgerodriguez@ut-morelia.edu.mx','exitoso','187.189.191.141','2025-01-09 14:56:06'),(628,'jorgerodriguez@ut-morelia.edu.mx','exitoso','187.189.191.141','2025-01-09 14:58:33'),(629,'jorgerodriguez@ut-morelia.edu.mx','exitoso','187.189.191.141','2025-01-09 15:03:01'),(630,'laura.vieyra@ut-morelia.edu.mx','exitoso','187.189.191.141','2025-01-09 15:23:47'),(631,'chef.mario.utm@gmail.com','exitoso','187.189.191.141','2025-01-09 15:24:25'),(632,'luis.gutierrez@ut-morelia.edu.mx','exitoso','189.199.95.118','2025-01-09 15:25:34'),(633,'jonathan.moreno@ut-morelia.edu.mx','exitoso','187.189.191.141','2025-01-09 15:30:12'),(634,'luis.gutierrez@ut-morelia.edu.mx','exitoso','189.199.95.118','2025-01-09 15:36:38'),(635,'mequihua@ut-morelia.edu.mx','exitoso','187.189.191.141','2025-01-09 15:37:57'),(636,'srangel@ut-morelia.edu.mx','exitoso','200.68.167.21','2025-01-09 15:38:18'),(637,'jose.rodriguez@ut-morelia.edu.mx','exitoso','189.199.95.118','2025-01-09 15:39:53'),(638,'alberto.lucas@ut-morelia.edu.mx','exitoso','189.199.95.118','2025-01-09 15:44:48'),(639,'luis.gutierrez@ut-morelia.edu.mx','exitoso','189.199.95.118','2025-01-09 15:48:26'),(640,'julio.hernandez@ut-morelia.edu.mx','exitoso','187.189.191.141','2025-01-09 16:02:13'),(641,'julio.hernandez@ut-morelia.edu.mx','fallido','189.199.95.118','2025-01-09 16:02:24'),(642,'julio.hernandez@ut-morelia.edu.mx','exitoso','187.189.191.141','2025-01-09 16:07:22'),(643,'observador@admin.com','exitoso','177.240.141.168','2025-01-09 16:10:06'),(644,'srangel@ut-morelia.edu.mx','exitoso','189.199.95.118','2025-01-09 16:13:43'),(645,'esolache@ut-morelia.edu.mx','exitoso','189.199.95.118','2025-01-09 16:23:25'),(646,'jorgerodriguez@ut-morelia.edu.mx','exitoso','187.189.191.141','2025-01-09 16:27:01'),(647,'admin@admin.com','exitoso','177.240.146.245','2025-01-09 16:29:23'),(648,'rocio.gonzalez@ut-morelia.edu.mx','exitoso','187.189.191.141','2025-01-09 16:34:07'),(649,'julio.hernanez.dcsi23011@uiim.edu.mx','fallido','187.189.191.141','2025-01-09 16:50:02'),(650,'julio.hernandez@ut-morelia.edu.mx','exitoso','187.189.191.141','2025-01-09 16:50:18'),(651,'srangel@ut-morelia.edu.mx','exitoso','189.199.95.118','2025-01-09 17:02:55'),(652,'luis.gutierrez@ut-morelia.edu.mx','exitoso','189.199.95.118','2025-01-09 17:07:55'),(653,'alberto.lucas@ut-morelia.edu.mx','exitoso','189.199.95.118','2025-01-09 17:23:58'),(654,'julio.hernandez@ut-morelia.edu.mx','exitoso','189.199.95.118','2025-01-09 17:27:09'),(655,'esolache@ut-morelia.edu.mx','exitoso','189.199.95.118','2025-01-09 17:28:58'),(656,'laura.vieyra@ut-morelia.edu.mx','exitoso','187.189.191.141','2025-01-09 17:35:05'),(657,'admin@admin.com','exitoso','177.240.146.245','2025-01-09 17:48:46'),(658,'observador@admin.com','exitoso','189.141.243.197','2025-01-09 18:03:15'),(659,'srangel@ut-morelia.edu.mx','exitoso','189.199.95.118','2025-01-09 18:04:21'),(660,'laura.vieyra@ut-morelia.edu.mx','exitoso','187.189.191.141','2025-01-09 18:40:34'),(661,'jonathan.moreno@ut-morelia.edu.mx','exitoso','189.199.95.118','2025-01-09 18:44:25'),(662,'chef.mario.utm@gmail.com','exitoso','187.189.191.141','2025-01-09 18:59:43'),(663,'luis.gutierrez@ut-morelia.edu.mx','exitoso','189.199.95.118','2025-01-09 19:02:52'),(664,'srangel@ut-morelia.edu.mx','exitoso','187.189.191.141','2025-01-09 19:11:59'),(665,'luis.gutierrez@ut-morelia.edu.mx','exitoso','189.199.95.118','2025-01-09 19:13:18'),(666,'alberto.lucas@ut-morelia.edu.mx','exitoso','189.199.95.118','2025-01-09 19:13:41'),(667,'esolache@ut-morelia.edu.mx','exitoso','189.199.95.118','2025-01-09 19:15:45'),(668,'mario.gutierrez@ut-morelia.edu.mx','exitoso','187.189.191.141','2025-01-09 19:28:17'),(669,'srangel@ut-morelia.edu.mx','exitoso','187.189.191.141','2025-01-09 19:53:31'),(670,'rocio.gonzalez@ut-morelia.edu.mx','exitoso','187.189.191.141','2025-01-09 19:53:35'),(671,'chef.mario.utm@gmail.com','exitoso','187.189.191.141','2025-01-09 19:54:19'),(672,'luis.gutierrez@ut-morelia.edu.mx','exitoso','189.199.95.118','2025-01-09 20:10:27'),(673,'jonathan.moreno@ut-morelia.edu.mx','exitoso','189.199.95.118','2025-01-09 20:10:42'),(674,'jonathan.moreno@ut-morelia.edu.mx','exitoso','189.199.95.118','2025-01-09 20:10:42'),(675,'esolache@ut-morelia.edu.mx','exitoso','187.189.191.141','2025-01-09 20:16:15'),(676,'julio.hernandez@ut-morelia.edu.mx','exitoso','189.199.95.118','2025-01-09 20:20:22'),(677,'observador@admin.com','exitoso','189.141.243.197','2025-01-09 20:24:52'),(678,'admin@admin.com','exitoso','177.240.146.245','2025-01-09 20:40:31'),(679,'jose.rodriguez@ut-morelia.edu.mx','exitoso','189.199.95.118','2025-01-09 20:41:26'),(680,'admin@admin.com','exitoso','177.240.146.245','2025-01-09 20:48:53'),(681,'jorgerodriguez@ut-morelia.edu.mx','exitoso','187.189.191.141','2025-01-09 20:52:44'),(682,'jonathan.moreno@ut-morelia.edu.mx','exitoso','189.199.95.118','2025-01-09 20:54:45'),(683,'luis.gutierrez@ut-morelia.edu.mx','exitoso','189.199.95.118','2025-01-09 21:08:51'),(684,'julio.hernandez@ut-morelia.edu.mx','exitoso','187.189.191.141','2025-01-09 21:20:15'),(685,'mequihua@ut-morelia.edu.mx','exitoso','187.189.191.141','2025-01-09 21:21:26'),(686,'chef.mario.utm@gmail.com','exitoso','187.189.191.141','2025-01-09 21:24:40'),(687,'mario.gutierrez@ut-morelia.edu.mx','exitoso','187.189.191.141','2025-01-09 21:31:37'),(688,'admin@admin.com','exitoso','177.240.146.245','2025-01-09 21:47:04'),(689,'laura.vieyra@ut-morelia.edu.mx','exitoso','187.189.191.141','2025-01-09 21:49:15'),(690,'admin@admin.com','exitoso','177.240.146.245','2025-01-09 22:44:40'),(691,'observador@admin.com','exitoso','189.141.243.197','2025-01-09 22:47:50'),(692,'luis.gutierrez@ut-morelia.edu.mx','exitoso','177.224.181.34','2025-01-09 23:36:50'),(693,'observador@admin.com','exitoso','189.141.243.197','2025-01-09 23:45:21'),(694,'luis.gutierrez@ut-morelia.edu.mx','exitoso','177.224.181.34','2025-01-10 00:42:52'),(695,'observador@admin.com','exitoso','189.203.103.20','2025-01-10 00:56:47'),(696,'observador@admin.com','exitoso','189.203.103.20','2025-01-10 01:54:47'),(697,'luis.gutierrez@ut-morelia.edu.mx','exitoso','177.224.181.34','2025-01-10 02:21:27'),(698,'observador@admin.com','exitoso','187.191.8.141','2025-01-10 02:59:11'),(699,'luis.gutierrez@ut-morelia.edu.mx','exitoso','177.224.181.34','2025-01-10 03:43:24'),(700,'observador@admin.com','exitoso','187.191.8.141','2025-01-10 04:28:18'),(701,'luis.gutierrez@ut-morelia.edu.mx','exitoso','177.224.181.34','2025-01-10 05:28:48'),(702,'observador@admin.com','exitoso','187.190.205.20','2025-01-10 10:09:05'),(703,'observador@admin.com','exitoso','177.240.133.125','2025-01-10 12:46:10'),(704,'jonathan.moreno@ut-morelia.edu.mx','exitoso','187.189.191.141','2025-01-10 13:50:02'),(705,'luis.gutierrez@ut-morelia.edu.mx','exitoso','187.189.191.141','2025-01-10 13:53:10'),(706,'laura.vieyra@ut-morelia.edu.mx','exitoso','187.189.191.141','2025-01-10 14:08:10'),(707,'observador@admin.com','exitoso','189.201.44.11','2025-01-10 14:11:25'),(708,'luis.gutierrez@ut-morelia.edu.mx','exitoso','189.199.95.118','2025-01-10 14:13:16'),(709,'julio.hernandez@ut-morelia.edu.mx','exitoso','187.189.191.141','2025-01-10 14:20:02'),(710,'jorgerodriguez@ut-morelia.edu.mx','exitoso','189.199.95.118','2025-01-10 14:20:15'),(711,'julio.hernandez@ut-morelia.edu.mx','exitoso','187.189.191.141','2025-01-10 14:21:39'),(712,'julio.hernandez@ut-morelia.edu.mx','exitoso','200.68.166.49','2025-01-10 14:22:19'),(713,'dante.garcia@ut-morelia.edu.mx','exitoso','187.189.191.141','2025-01-10 14:29:17'),(714,'jonathan.moreno@ut-morelia.edu.mx','exitoso','187.189.191.141','2025-01-10 14:30:04'),(715,'mequihua@ut-morelia.edu.mx','exitoso','187.189.191.141','2025-01-10 14:31:55'),(716,'mequihua@ut-morelia.edu.mx','fallido','187.189.191.141','2025-01-10 14:35:14'),(717,'mequihua@ut-morelia.edu.mx','exitoso','187.189.191.141','2025-01-10 14:35:20'),(718,'mario.gutierrez@ut-morelia.edu.mx','exitoso','189.199.95.118','2025-01-10 14:42:10'),(719,'jorgerodriguez@ut-morelia.edu.mx','exitoso','187.189.191.141','2025-01-10 14:44:39'),(720,'alberto.lucas@ut-morelia.edu.mx','exitoso','189.199.95.118','2025-01-10 14:52:12'),(721,'observador@admin.com','exitoso','189.199.95.118','2025-01-10 14:54:56'),(722,'arturo.calderon@ut-morelia.edu.mx','exitoso','189.199.95.118','2025-01-10 14:57:05'),(723,'luis.gutierrez@ut-morelia.edu.mx','exitoso','189.199.95.118','2025-01-10 15:08:43'),(724,'srangel@ut-morelia.edu.mx','exitoso','187.189.191.141','2025-01-10 15:12:02'),(725,'srangel@ut-morelia.edu.mx','exitoso','187.189.191.141','2025-01-10 15:18:27'),(726,'rosa.garcia@ut-morelia.edu.mx','exitoso','189.199.95.118','2025-01-10 15:18:34'),(727,'observador@admin.com','exitoso','177.240.141.168','2025-01-10 15:38:58'),(728,'arturo.calderon@ut-morelia.edu.mx','exitoso','189.199.95.118','2025-01-10 15:40:57'),(729,'jonathan.moreno@ut-morelia.edu.mx','exitoso','187.189.191.141','2025-01-10 15:47:29'),(730,'admin@admin.com','exitoso','177.240.136.41','2025-01-10 15:53:11'),(731,'rsrodriguez@ut-morelia.edu.mx','fallido','187.173.130.48','2025-01-10 16:03:34'),(732,'rsrodriguez@ut-morelia.edu.mx','fallido','187.173.130.48','2025-01-10 16:06:47'),(733,'rsrodriguez@ut-morelia.edu.mx','fallido','187.173.130.48','2025-01-10 16:07:25'),(734,'observador@admin.com','exitoso','187.173.130.48','2025-01-10 16:08:26'),(735,'rocio.gonzalez@ut-morelia.edu.mx','exitoso','187.189.191.141','2025-01-10 16:14:03'),(736,'julio.hernandez@ut-morelia.edu.mx','exitoso','200.68.166.49','2025-01-10 16:25:13'),(737,'srangel@ut-morelia.edu.mx','exitoso','187.189.191.141','2025-01-10 16:29:39'),(738,'julio.hernandez@ut-morelia.edu.mx','exitoso','189.199.95.118','2025-01-10 16:53:30'),(739,'jonathan.moreno@ut-morelia.edu.mx','exitoso','187.189.191.141','2025-01-10 16:54:17'),(740,'observador@admin.com','exitoso','202.5.105.228','2025-01-10 16:58:56'),(741,'observador@admin.com','exitoso','189.199.95.118','2025-01-10 17:02:22'),(742,'jose.rodriguez@ut-morelia.edu.mx','exitoso','187.189.191.141','2025-01-10 17:22:25'),(743,'srangel@ut-morelia.edu.mx','exitoso','187.189.191.141','2025-01-10 17:24:48'),(744,'julio.hernandez@ut-morelia.edu.mx','exitoso','189.199.95.118','2025-01-10 17:26:03'),(745,'julio.hernandez@ut-morelia.edu.mx','exitoso','189.199.95.118','2025-01-10 17:32:42'),(746,'julio.hernandez@ut-morelia.edu.mx','exitoso','189.199.95.118','2025-01-10 17:32:51'),(747,'julio.hernandez@ut-morelia.edu.mx','exitoso','189.199.95.118','2025-01-10 17:33:06'),(748,'srangel@ut-morelia.edu.mx','exitoso','187.189.191.141','2025-01-10 17:41:05'),(749,'jonathan.moreno@ut-morelia.edu.mx','exitoso','189.199.95.118','2025-01-10 17:45:11'),(750,'chef.mario.utm@gmail.com','exitoso','189.199.95.118','2025-01-10 17:45:12'),(751,'admin@admin.com','exitoso','177.240.136.41','2025-01-10 17:48:12'),(752,'arturo.calderon@ut-morelia.edu.mx','fallido','189.199.95.118','2025-01-10 17:52:35'),(753,'arturo.calderon@ut-morelia.edu.mx','exitoso','189.199.95.118','2025-01-10 17:52:47'),(754,'luis.gutierrez@ut-morelia.edu.mx','exitoso','187.189.191.141','2025-01-10 17:53:41'),(755,'dante.garcia@ut-morelia.edu.mx','fallido','187.189.191.141','2025-01-10 18:00:31'),(756,'dante.garcia@ut-morelia.edu.mx','exitoso','187.189.191.141','2025-01-10 18:01:07'),(757,'luis.gutierrez@ut-morelia.edu.mx','exitoso','187.189.191.141','2025-01-10 18:01:37'),(758,'rocio.gonzalez@ut-morelia.edu.mx','exitoso','187.189.191.141','2025-01-10 18:04:03'),(759,'dante.tutor@ut-morelia.edu.mx','fallido','189.199.95.118','2025-01-10 18:08:28'),(760,'dante-garcia-garcia-17@hotmail.com','fallido','189.199.95.118','2025-01-10 18:08:46'),(761,'dante.tutor@ut-morelia.edu.mx','fallido','189.199.95.118','2025-01-10 18:09:05'),(762,'observador@admin.com','exitoso','200.68.166.1','2025-01-10 18:09:39'),(763,'dante.garcia@ut-morelia.edu.mx','exitoso','189.199.95.118','2025-01-10 18:09:52'),(764,'observador@admin.com','exitoso','200.68.166.40','2025-01-10 18:16:48'),(765,'chef.mario.utm@gmail.com','exitoso','189.199.95.118','2025-01-10 18:30:36'),(766,'observador@admin.com','exitoso','189.199.95.118','2025-01-10 18:43:14'),(767,'luis.gutierrez@ut-morelia.edu.mx','exitoso','187.189.191.141','2025-01-10 18:46:28'),(768,'srangel@ut-morelia.edu.mx','exitoso','187.189.191.141','2025-01-10 19:09:05'),(769,'luis.gutierrez@ut-morelia.edu.mx','exitoso','187.189.191.141','2025-01-10 19:14:15'),(770,'observador@admin.com','exitoso','189.199.95.118','2025-01-10 19:18:25'),(771,'observador@admin.com','exitoso','200.68.166.54','2025-01-10 19:22:21'),(772,'esolache@ut-morelia.edu.mx','exitoso','187.189.191.141','2025-01-10 19:25:23'),(773,'observador@admin.com','exitoso','202.5.105.133','2025-01-10 19:31:57'),(774,'observador@admin.com','exitoso','189.199.95.118','2025-01-10 19:32:05'),(775,'observador@admin.com','exitoso','187.189.191.141','2025-01-10 19:38:49'),(776,'jonathan.moreno@ut-morelia.edu.mx','exitoso','189.199.95.118','2025-01-10 19:41:26'),(777,'admin@admin.com','exitoso','177.240.136.41','2025-01-10 19:48:51'),(778,'observador@admin.com','exitoso','189.199.95.118','2025-01-10 19:56:59'),(779,'luis.gutierrez@ut-morelia.edu.mx','exitoso','187.189.191.141','2025-01-10 20:06:14'),(780,'arturo.calderon@ut-morelia.edu.mx','exitoso','189.199.95.118','2025-01-10 20:08:38'),(781,'admin@admin.com','exitoso','177.240.136.41','2025-01-10 20:09:32'),(782,'observador@admin.com','exitoso','202.5.105.238','2025-01-10 20:10:57'),(783,'esolache@ut-morelia.edu.mx','exitoso','187.189.191.141','2025-01-10 20:16:40'),(784,'dante.garcia@ut-morelia.edu.mx','exitoso','189.199.95.118','2025-01-10 20:25:29'),(785,'laura.vieyra@ut-morelia.edu.mx','exitoso','187.189.191.141','2025-01-10 20:28:09'),(786,'mario.gutierrez@ut-morelia.edu.mx','exitoso','187.189.191.141','2025-01-10 20:38:48'),(787,'rocio.colin@ut-moreli.edu.mx','fallido','200.68.167.78','2025-01-10 20:54:49'),(788,'jmedina@ut-morelia.edu.mx','fallido','200.68.167.78','2025-01-10 20:56:03'),(789,'julio.hernandez@ut-morelia.edu.mx','exitoso','189.199.95.118','2025-01-10 20:59:49'),(790,'observador@admin.com','exitoso','200.68.167.78','2025-01-10 21:11:31'),(791,'laura.vieyra@ut-morelia.edu.mx','exitoso','187.189.191.141','2025-01-10 21:11:47'),(792,'rocio.gonzalez@ut-morelia.edu.mx','exitoso','187.189.191.141','2025-01-10 21:15:11'),(793,'observador@admin.com','exitoso','189.199.95.118','2025-01-10 21:19:42'),(794,'luis.gutierrez@ut-morelia.edu.mx','exitoso','187.189.191.141','2025-01-10 21:25:51'),(795,'admin@admin.com','exitoso','177.240.136.41','2025-01-10 21:37:37'),(796,'laura.vieyra@ut-morelia.edu.mx','exitoso','187.189.191.141','2025-01-10 22:00:47'),(797,'luis.gutierrez@ut-morelia.edu.mx','exitoso','187.189.191.141','2025-01-10 22:18:36'),(798,'julio.hernandez@ut-morelia.edu.mx','exitoso','189.199.95.118','2025-01-10 22:23:40'),(799,'luis.gutierrez@ut-morelia.edu.mx','exitoso','187.189.191.141','2025-01-10 22:34:06'),(800,'dante.garcia@ut-morelia.edu.mx','exitoso','189.199.95.118','2025-01-10 22:46:35'),(801,'jorgerodriguez@ut-morelia.edu.mx','exitoso','189.199.95.118','2025-01-10 22:51:58'),(802,'luis.gutierrez@ut-morelia.edu.mx','exitoso','187.189.191.141','2025-01-10 22:59:26'),(803,'observador@admin.com','exitoso','189.199.95.118','2025-01-10 23:03:43'),(804,'julio.hernandez@ut-morelia.edu.mx','exitoso','189.203.100.69','2025-01-10 23:04:03'),(805,'julio.hernandez@ut-morelia.edu.mx','exitoso','189.203.100.69','2025-01-10 23:05:12'),(806,'laura.vieyra@ut-morelia.edu.mx','exitoso','187.189.191.141','2025-01-10 23:27:58'),(807,'esolache@ut-morelia.edu.mx','exitoso','187.189.191.141','2025-01-10 23:33:23'),(808,'mequihua@ut-morelia.edu.mx','exitoso','189.199.95.118','2025-01-10 23:42:55'),(809,'admin@admin.com','exitoso','177.240.136.41','2025-01-10 23:46:37'),(810,'julio.hernandez@ut-morelia.edu.mx','exitoso','189.203.100.69','2025-01-10 23:50:37'),(811,'admin@admin.com','exitoso','177.240.136.41','2025-01-11 00:18:09'),(812,'mario.gutierrez@ut-morelia.edu.mx','exitoso','187.189.191.141','2025-01-11 00:20:59'),(813,'julio.hernandez@ut-morelia.edu.mx','exitoso','189.199.95.118','2025-01-11 00:38:20'),(814,'jonathan.moreno@ut-morelia.edu.mx','exitoso','187.189.191.141','2025-01-11 00:38:57'),(815,'srangel@ut-morelia.edu.mx','exitoso','187.189.191.141','2025-01-11 00:48:07'),(816,'luis.gutierrez@ut-morelia.edu.mx','fallido','187.189.191.141','2025-01-11 00:48:43'),(817,'luis.gutierrez@ut-morelia.edu.mx','fallido','187.189.191.141','2025-01-11 00:49:26'),(818,'luis.gutierrez@ut-morelia.edu.mx','exitoso','187.189.191.141','2025-01-11 00:49:40'),(819,'observador@admin.com','exitoso','177.240.131.204','2025-01-11 01:38:38'),(820,'admin@admin.com','exitoso','177.240.146.245','2025-01-11 02:59:16'),(821,'observador@admin.com','exitoso','189.141.243.197','2025-01-11 03:25:09'),(822,'observador@admin.com','exitoso','187.195.64.203','2025-01-11 03:52:54'),(823,'observador@admin.com','exitoso','187.195.64.203','2025-01-11 05:09:57'),(824,'observador@admin.com','exitoso','187.195.64.203','2025-01-11 07:02:17'),(825,'observador@admin.com','exitoso','187.191.8.20','2025-01-11 11:38:39'),(826,'esolache@ut-morelia.edu.mx','exitoso','177.224.177.171','2025-01-11 14:54:25'),(827,'observador@admin.com','exitoso','189.201.50.242','2025-01-11 17:09:15'),(828,'dante.garcia@ut-morelia.edu.mx','exitoso','187.191.8.28','2025-01-11 17:49:51'),(829,'dante.garcia@ut-morelia.edu.mx','exitoso','187.191.8.28','2025-01-11 18:50:49'),(830,'jorgerodriguez@ut-morelia.edu.mx','exitoso','189.243.236.146','2025-01-11 20:10:35'),(831,'observador@admin.com','exitoso','189.141.243.197','2025-01-11 21:08:23'),(832,'admin@admin.com','exitoso','177.240.146.245','2025-01-11 22:12:39'),(833,'dante.garcia@ut-morelia.edu.mx','exitoso','187.191.8.28','2025-01-11 23:12:31'),(834,'observador@admin.com','exitoso','189.141.243.197','2025-01-12 00:51:13'),(835,'jose.rodriguez@ut-morelia.edu.mx','exitoso','187.173.130.103','2025-01-12 02:36:51'),(836,'jonathan.moreno@ut-morelia.edu.mx','exitoso','177.240.148.48','2025-01-12 04:13:26'),(837,'dante.garcia@ut-morelia.edu.mx','exitoso','187.191.8.28','2025-01-12 05:16:55'),(838,'admin@admin.com','exitoso','177.240.146.245','2025-01-12 05:22:05'),(839,'mequihua@ut-morelia.edu.mx','exitoso','177.240.132.46','2025-01-12 06:24:15'),(840,'jonathan.moreno@ut-morelia.edu.mx','fallido','177.240.148.48','2025-01-12 11:58:14'),(841,'jonathan.moreno@ut-morelia.edu.mx','exitoso','177.240.148.48','2025-01-12 11:58:21'),(842,'observador@admin.com','exitoso','189.141.243.197','2025-01-12 16:03:24'),(843,'rosa.garcia@ut-morelia.edu.mx','exitoso','177.240.129.17','2025-01-12 17:16:21'),(844,'esolache@ut-morelia.edu.mx','exitoso','177.224.177.171','2025-01-12 17:27:41'),(845,'observador@admin.com','exitoso','177.224.178.137','2025-01-12 18:43:38'),(846,'luis.gutierrez@ut-morelia.edu.mx','exitoso','177.224.181.34','2025-01-12 21:10:27'),(847,'luis.gutierrez@ut-morelia.edu.mx','exitoso','177.224.181.34','2025-01-12 21:43:08'),(848,'jose.rodriguez@ut-morelia.edu.mx','exitoso','189.203.100.126','2025-01-12 22:11:17'),(849,'carlos.lopez@ut-morelia.edu.mx','exitoso','189.141.246.198','2025-01-12 22:39:12'),(850,'mequihua@ut-morelia.edu.mx','exitoso','177.240.132.46','2025-01-12 22:45:16'),(851,'jose.rodrigez@ut-morelia.edu.mx','fallido','189.203.100.126','2025-01-12 23:40:36'),(852,'jose.rodriguez@ut-morelia.edu.mx','exitoso','189.203.100.126','2025-01-12 23:41:07'),(853,'jorgerodriguez@ut-morelia.edu.mx','exitoso','189.243.236.146','2025-01-13 00:16:08'),(854,'acalderonc@utmorelia.edu.mx','fallido','177.240.143.161','2025-01-13 00:27:49'),(855,'arturo.calderon@ut-morelia.edu.mx','exitoso','177.240.143.161','2025-01-13 00:28:05'),(856,'jorgerodriguez@ut-morelia.edu.mx','exitoso','189.243.236.146','2025-01-13 01:17:48'),(857,'arturo.calderon@ut-morelia.edu.mx','exitoso','177.240.143.161','2025-01-13 01:32:03'),(858,'julio.hernandez@ut-morelia.edu.mx','exitoso','189.203.100.69','2025-01-13 03:16:14'),(859,'srangel@ut-morelia.edu.mx','exitoso','177.224.178.72','2025-01-13 13:14:00'),(860,'arturo.calderon@ut-morelia.edu.mx','exitoso','187.189.191.141','2025-01-13 13:39:37'),(861,'dante.garcia@ut-morelia.edu.mx','exitoso','187.189.191.141','2025-01-13 13:44:04'),(862,'observador@admin.com','exitoso','189.199.95.118','2025-01-13 14:44:42'),(863,'jonathan.moreno@ut-morelia.edu.mx','exitoso','189.199.95.118','2025-01-13 14:47:09'),(864,'srangel@ut-morelia.edu.mx','exitoso','189.199.95.118','2025-01-13 15:16:35'),(865,'jose.rodriguez@ut-morelia.edu.mx','fallido','187.189.191.141','2025-01-13 15:25:19'),(866,'jose.rodriguez@ut-morelia.edu.mx','exitoso','187.189.191.141','2025-01-13 15:25:51'),(867,'esolache@ut-morelia.edu.mx','exitoso','189.199.95.118','2025-01-13 15:32:23'),(868,'srangel@ut-morelia.edu.mx','exitoso','189.199.95.118','2025-01-13 16:00:22'),(869,'jorgerodriguez@ut-morelia.edu.mx','exitoso','200.68.166.51','2025-01-13 16:04:47'),(870,'jonathan.moreno@ut-morelia.edu.mx','exitoso','187.189.191.141','2025-01-13 16:15:45'),(871,'srangel@ut-morelia.edu.mx','exitoso','189.199.95.118','2025-01-13 16:55:54'),(872,'luis.gutierrez@ut-morelia.edu.mx','exitoso','189.199.95.118','2025-01-13 17:00:50'),(873,'jorgerodriguez@ut-morelia.edu.mx','exitoso','189.199.95.118','2025-01-13 17:12:09'),(874,'esolache@u6t-morelia.edu.mx','fallido','189.199.95.118','2025-01-13 17:36:34'),(875,'esolache@ut-morelia.edu.mx','exitoso','189.199.95.118','2025-01-13 17:36:53'),(876,'srangel@ut-morelia.edu.mx','exitoso','187.189.191.141','2025-01-13 17:50:06'),(877,'luis.gutierrez@ut-morelia.edu.mx','exitoso','189.199.95.118','2025-01-13 17:50:34'),(878,'laura.vieyra@ut-morelia.edu.mx','exitoso','189.199.95.118','2025-01-13 18:19:19'),(879,'luis.gutierrez@ut-morelia.edu.mx','exitoso','189.199.95.118','2025-01-13 18:29:38'),(880,'srangel@ut-morelia.edu.mx','exitoso','187.189.191.141','2025-01-13 18:41:08'),(881,'esolache@ut-morelia.edu.mx','exitoso','189.199.95.118','2025-01-13 18:47:29'),(882,'esolache@ut-morelia.edu.mx','exitoso','187.189.191.141','2025-01-13 19:03:01'),(883,'srangel@ut-morelia.edu.mx','exitoso','189.199.95.118','2025-01-13 19:12:48'),(884,'lbggutierrez@gmail.com','fallido','189.199.95.118','2025-01-13 19:15:31'),(885,'luis.gutierrez@ut-morelia.edu.mx','exitoso','189.199.95.118','2025-01-13 19:15:38'),(886,'arturo.calderon@ut-morelia.edu.mx','exitoso','189.199.95.118','2025-01-13 19:21:14'),(887,'jose.rodriguez@ut-morelia.edu.mx','exitoso','189.199.95.118','2025-01-13 19:26:48'),(888,'luis.gutierrez@ut-morelia.edu.mx','exitoso','189.199.95.118','2025-01-13 19:59:58'),(889,'jorgerodriguez@ut-morelia.edu.mx','exitoso','189.199.95.118','2025-01-13 20:07:15'),(890,'laura.vieyra@ut-morelia.edu.mx','exitoso','189.199.95.118','2025-01-13 20:23:12'),(891,'admin@admin.com','exitoso','177.240.146.245','2025-01-13 20:26:35'),(892,'rosa.garcia@ut-morelia.edu.mx','exitoso','187.189.191.141','2025-01-13 20:55:52'),(893,'jorgerodriguez@ut-morelia.edu.mx','exitoso','189.199.95.118','2025-01-13 21:10:21'),(894,'luis.gutierrez@ut-morelia.edu.mx','exitoso','189.199.95.118','2025-01-13 22:25:46'),(895,'srangel@ut-morelia.edu.mx','exitoso','189.199.95.118','2025-01-13 23:47:24'),(896,'luis.gutierrez@ut-morelia.edu.mx','exitoso','189.199.95.118','2025-01-14 00:37:05'),(897,'jose.rodriguez@ut-morelia.edu.mx','exitoso','187.173.130.103','2025-01-14 00:57:18'),(898,'luis.gutierrez@ut-morelia.edu.mx','exitoso','177.224.181.34','2025-01-14 01:50:19'),(899,'arturo.calderon@ut-morelia.edu.mx','exitoso','177.240.143.161','2025-01-14 04:09:49'),(900,'srangel@ut-morelia.edu.mx','exitoso','189.199.95.118','2025-01-14 14:17:58'),(901,'srangel@ut-morelia.edu.mx','exitoso','189.199.95.118','2025-01-14 15:25:41'),(902,'julio.hernandez@ut-morelia.edu.mx','exitoso','189.199.95.118','2025-01-14 15:35:25'),(903,'jorgerodriguez@ut-morelia.edu.mx','exitoso','187.189.191.141','2025-01-14 17:05:38'),(904,'jose.rodriguez@ut-morelia.edu.mx','exitoso','187.189.191.141','2025-01-14 17:06:25'),(905,'luis.gutierrez@ut-morelia.edu.mx','exitoso','189.199.95.118','2025-01-14 17:12:54'),(906,'rosa.garcia@ut-morelia.edu.mx','exitoso','187.189.191.141','2025-01-14 17:19:14'),(907,'luis.gutierrez@ut-morelia.edu.mx','exitoso','189.199.95.118','2025-01-14 17:20:17'),(908,'admin@admin.com','exitoso','177.240.136.41','2025-01-14 17:35:29'),(909,'laura.vieyra@ut-morelia.edu.mx','exitoso','189.199.95.118','2025-01-14 17:37:55'),(910,'jorgerodriguez@ut-morelia.edu.mx','exitoso','187.189.191.141','2025-01-14 17:54:48'),(911,'srangel@ut-morelia.edu.mx','exitoso','189.199.95.118','2025-01-14 17:56:05'),(912,'observador@admin.com','exitoso','187.189.191.141','2025-01-14 17:58:01'),(913,'srangel@ut-morelia.edu.mx','exitoso','189.199.95.118','2025-01-14 17:59:33'),(914,'carlos.lopez@ut-morelia.edu.mx','exitoso','200.68.166.19','2025-01-14 18:05:18'),(915,'luis.gutierrez@ut-morelia.edu.mx','exitoso','189.199.95.118','2025-01-14 18:24:12'),(916,'julio.hernandez@ut-morelia.edu.mx','exitoso','189.199.95.118','2025-01-14 18:33:56'),(917,'julio.hernandez@ut-morelia.edu.mx','exitoso','189.199.95.118','2025-01-14 18:45:26'),(918,'srangel@ut-morelia.edu.mx','exitoso','200.68.166.66','2025-01-14 18:48:56'),(919,'laura.vieyra@ut-morelia.edu.mx','exitoso','189.199.95.118','2025-01-14 18:49:23'),(920,'julio.hernandez@ut-morelia.edu.mx','exitoso','189.199.95.118','2025-01-14 19:13:37'),(921,'luis.gutierrez@ut-morelia.edu.mx','exitoso','189.199.95.118','2025-01-14 19:15:10'),(922,'luis.gutierrez@ut-morelia.edu.mx','exitoso','189.199.95.118','2025-01-14 19:15:11'),(923,'jose.rodriguez@ut-morelia.edu','fallido','187.189.191.141','2025-01-14 19:26:08'),(924,'jose.rodriguez@ut-morelia.edu.mx','exitoso','187.189.191.141','2025-01-14 19:26:38'),(925,'dante.garcia@ut-morelia.edu.mx','exitoso','187.189.191.141','2025-01-14 19:28:13'),(926,'luis.gutierrez@ut-morelia.edu.mx','fallido','189.199.95.118','2025-01-14 19:36:19'),(927,'luis.gutierrez@ut-morelia.edu.mx','exitoso','189.199.95.118','2025-01-14 19:36:28'),(928,'jorgerodriguez@ut-morelia.edu.mx','exitoso','187.189.191.141','2025-01-14 19:47:58'),(929,'srangel@ut-morelia.edu.mx','exitoso','189.199.95.118','2025-01-14 20:00:29'),(930,'julio.hernandez@ut-morelia.edu.mx','exitoso','189.199.95.118','2025-01-14 20:10:33'),(931,'luis.gutierrez@ut-morelia.edu.mx','exitoso','189.199.95.118','2025-01-14 20:25:19'),(932,'carlos.lopez@ut-morelia.edu.mx','exitoso','189.199.95.118','2025-01-14 20:40:38'),(933,'mequihua@ut-morelia.edu.mx','fallido','200.68.166.172','2025-01-14 21:03:34'),(934,'mequihua@ut-morelia.edu.mx','exitoso','200.68.166.172','2025-01-14 21:03:49'),(935,'srangel@ut-morelia.edu.mx','exitoso','189.199.95.118','2025-01-14 21:19:28'),(936,'jorgerodriguez@ut-morelia.edu.mx','exitoso','187.189.191.141','2025-01-14 21:58:06'),(937,'srangel@ut-morelia.edu.mx','exitoso','200.68.166.66','2025-01-14 22:22:22'),(938,'srangel@ut-morelia.edu.mx','exitoso','189.199.95.118','2025-01-14 22:27:12'),(939,'srangel@ut-morelia.edu.mx','exitoso','189.199.95.118','2025-01-14 22:41:06'),(940,'rosa.garcia@ut-morelia.edu.mx','exitoso','177.240.129.17','2025-01-14 23:09:44'),(941,'jorgerodriguez@ut-morelia.edu.mx','exitoso','187.189.191.141','2025-01-14 23:12:15'),(942,'observador@admin.com','exitoso','189.141.243.197','2025-01-15 03:20:07'),(943,'luis.gutierrez@ut-morelia.edu.mx','exitoso','177.224.181.34','2025-01-15 03:42:08'),(944,'jose.rodriguez@ut-morelia.edu.mx','exitoso','187.173.130.103','2025-01-15 03:49:14'),(945,'srangel@ut-morelia.edu.mx','exitoso','189.199.95.118','2025-01-15 14:16:56'),(946,'julio.hernandez@ut-morelia.edu.mx','exitoso','189.199.95.118','2025-01-15 14:20:03'),(947,'observador@admin.com','exitoso','189.243.59.4','2025-01-15 14:22:08'),(948,'srangel@ut-morelia.edu.mx','exitoso','189.141.241.231','2025-01-15 14:27:55'),(949,'jorgerodriguez@ut-morelia.edu.mx','exitoso','189.199.95.118','2025-01-15 15:19:05'),(950,'jorgerodriguez@ut-morelia.edu.mx','exitoso','189.199.95.118','2025-01-15 15:19:18'),(951,'rosa.garcia@ut-morelia.edu.mx','exitoso','189.199.95.118','2025-01-15 15:35:42'),(952,'laura.vieyra@ut-morelia.edu.mx','exitoso','189.199.95.118','2025-01-15 16:03:59'),(953,'julio.hernandez@ut-morelia.edu.mx','exitoso','189.199.95.118','2025-01-15 16:17:14'),(954,'jorgerodriguez@ut-morelia.edu.mx','exitoso','189.199.95.118','2025-01-15 17:08:05'),(955,'luis.gutierrez@ut-morelia.edu.mx','exitoso','189.199.95.118','2025-01-15 17:12:24'),(956,'observador@admin.com','exitoso','189.243.59.4','2025-01-15 17:21:16'),(957,'julio.hernandez@ut-morelia.edu.mx','exitoso','189.199.95.118','2025-01-15 17:25:40'),(958,'jorgerodriguez@ut-morelia.edu.mx','exitoso','189.199.95.118','2025-01-15 18:02:56'),(959,'jonathan.moreno@ut-morelia.edu.mx','exitoso','189.199.95.118','2025-01-15 18:10:35'),(960,'luis.gutierrez@ut-morelia.edu.mx','exitoso','189.199.95.118','2025-01-15 18:30:10'),(961,'mequihua@ut-morelia.edu.mx','exitoso','177.240.132.94','2025-01-15 18:32:46'),(962,'luis.gutierrez@ut-morelia.edu.mx','exitoso','189.199.95.118','2025-01-15 19:42:35'),(963,'admin@admin.com','exitoso','177.240.146.245','2025-01-15 19:47:45'),(964,'jonathan.moreno@ut-morelia.edu.mx','exitoso','189.199.95.118','2025-01-15 19:49:05'),(965,'mequihua@ut-morelia.edu.mx','exitoso','177.240.132.94','2025-01-15 19:50:15'),(966,'admin@admin.com','fallido','177.240.146.245','2025-01-15 20:11:11'),(967,'admin@admin.com','exitoso','177.240.146.245','2025-01-15 20:11:17'),(968,'jorgerodriguez@ut-morelia.edu.mx','exitoso','189.199.95.118','2025-01-15 20:12:46'),(969,'srangel@ut-morelia.edu.mx','exitoso','189.199.95.118','2025-01-15 20:14:46'),(970,'julio.hernandez@ut-morelia.edu.mx','exitoso','189.199.95.118','2025-01-15 20:15:08'),(971,'arturo.calderon@ut-morelia.edu.mx','fallido','189.199.95.118','2025-01-15 20:24:46'),(972,'arturo.calderon@ut-morelia.edu.mx','exitoso','189.199.95.118','2025-01-15 20:24:53'),(973,'esolache@ut-morelia.edu.mx','exitoso','189.199.95.118','2025-01-15 20:43:14'),(974,'luis.gutierrez@ut-morelia.edu.mx','exitoso','189.199.95.118','2025-01-15 21:14:20'),(975,'srangel@ut-morelia.edu.mx','fallido','189.199.95.118','2025-01-15 21:17:46'),(976,'srangel@ut-morelia.edu.mx','exitoso','189.199.95.118','2025-01-15 21:18:20'),(977,'jorgerodriguez@ut-morelia.edu.mx','exitoso','189.199.95.118','2025-01-15 21:21:28'),(978,'luis.gutierrez@ut-morelia.edu.mx','exitoso','189.199.95.118','2025-01-15 21:41:43'),(979,'luis.gutierrez@ut-morelia.edu.mx','exitoso','189.199.95.118','2025-01-15 22:45:30'),(980,'observador@admin.com','exitoso','189.141.243.197','2025-01-15 23:13:29'),(981,'observador@admin.com','exitoso','187.173.130.48','2025-01-16 00:11:27'),(982,'luis.gutierrez@ut-morelia.edu.mx','exitoso','177.224.181.34','2025-01-16 00:18:06'),(983,'jorgerodriguez@ut-morelia.edu.mx','exitoso','187.195.93.244','2025-01-16 02:39:17'),(984,'luis.gutierrez@ut-morelia.edu.mx','exitoso','189.199.95.118','2025-01-16 14:00:10'),(985,'observador@admin.com','exitoso','189.141.243.197','2025-01-16 14:21:20'),(986,'admin@admin.com','exitoso','177.240.136.41','2025-01-16 14:33:15'),(987,'jose.rodriguez@ut-morelia.edu.mx','exitoso','189.199.95.118','2025-01-16 14:46:36'),(988,'srangel@ut-morelia.edu.mx','exitoso','189.199.95.118','2025-01-16 15:03:36'),(989,'carlos.lopez@ut-morelia.edu.mx','exitoso','189.199.95.118','2025-01-16 15:24:25'),(990,'srangel@ut-morelia.edu.mx','exitoso','200.68.166.66','2025-01-16 16:13:01'),(991,'admin@admin.com','exitoso','177.240.136.41','2025-01-16 17:05:31'),(992,'jose.rodriguez@ut-morelia.edu.mx','exitoso','189.199.95.118','2025-01-16 17:24:52'),(993,'jorgerodriguez@ut-morelia.edu.mx','exitoso','189.199.95.118','2025-01-16 17:47:15'),(994,'srangel@ut-morelia.edu.mx','exitoso','189.199.95.118','2025-01-16 17:51:45'),(995,'srangel@ut-morelia.edu.mx','exitoso','189.199.95.118','2025-01-16 17:54:35'),(996,'admin@admin.com','exitoso','177.240.136.41','2025-01-16 17:57:19'),(997,'srangel@ut-morelia.edu.mx','fallido','189.199.95.118','2025-01-16 18:19:03'),(998,'srangel@ut-morelia.edu.mx','fallido','189.199.95.118','2025-01-16 18:19:14'),(999,'observador@admin.com','exitoso','189.243.59.4','2025-01-16 18:19:14'),(1000,'srangel@ut-morelia.edu.mx','exitoso','189.199.95.118','2025-01-16 18:20:11'),(1001,'srangel@ut-morelia.edu.mx','exitoso','189.199.95.118','2025-01-16 18:37:38'),(1002,'srangel@ut-morelia.edu.mx','exitoso','200.68.166.66','2025-01-16 18:40:54'),(1003,'srangel@ut-morelia.edu.mx','exitoso','200.68.166.66','2025-01-16 18:42:49'),(1004,'srangel@ut-morelia.edu.mx','exitoso','189.199.95.118','2025-01-16 19:36:12'),(1005,'mequihua@ut-morelia.edu.mx','exitoso','177.240.132.94','2025-01-16 19:51:52'),(1006,'jonathan.moreno@ut-morelia.edu.mx','exitoso','189.199.95.118','2025-01-16 20:09:14'),(1007,'srangel@ut-morelia.edu.mx','exitoso','189.199.95.118','2025-01-16 20:13:12'),(1008,'srangel@ut-morelia.edu.mx','exitoso','189.199.95.118','2025-01-16 21:02:59'),(1009,'jorgerodriguez@ut-morelia.edu.mx','exitoso','189.199.95.118','2025-01-16 21:14:50'),(1010,'srangel@ut-morelia.edu.mx','exitoso','189.199.95.118','2025-01-16 21:41:19'),(1011,'jorgerodriguez@ut-morelia.edu.mx','exitoso','189.199.95.118','2025-01-16 21:58:29'),(1012,'observador@admin.com','exitoso','189.141.243.197','2025-01-17 00:26:25'),(1013,'observador@admin.com','exitoso','189.141.243.197','2025-01-17 14:41:44'),(1014,'jorgerodriguez@ut-morelia.edu.mx','exitoso','189.199.95.118','2025-01-17 15:05:28'),(1015,'jonathan.moreno@ut-morelia.edu.mx','exitoso','189.199.95.118','2025-01-17 15:50:34'),(1016,'jorgerodriguez@ut-morelia.edu.mx','exitoso','189.199.95.118','2025-01-17 16:43:59'),(1017,'chef.mario.utm@gmail.com','exitoso','189.199.95.118','2025-01-17 16:49:34'),(1018,'luis.gutierrez@ut-morelia.edu.mx','exitoso','189.199.95.118','2025-01-17 17:52:42'),(1019,'jorgerodriguez@ut-morelia.edu.mx','exitoso','189.199.95.118','2025-01-17 17:53:14'),(1020,'jonathan.moreno@ut-morelia.edu.mx','exitoso','189.199.95.118','2025-01-17 17:57:18'),(1021,'srangel@ut-morelia.edu.mx','exitoso','189.206.96.194','2025-01-17 19:13:08'),(1022,'jonathan.moreno@ut-morelia.edu.mx','exitoso','189.206.96.194','2025-01-17 19:21:54'),(1023,'jonathan.moreno@ut-morelia.edu.mx','exitoso','189.206.96.194','2025-01-17 20:15:39'),(1024,'srangel@ut-morelia.edu.mx','exitoso','189.206.96.194','2025-01-17 21:29:56'),(1025,'observador@admin.com','exitoso','189.141.243.197','2025-01-18 03:54:55'),(1026,'observador@admin.com','exitoso','189.141.243.197','2025-01-18 19:43:02'),(1027,'observador@admin.com','exitoso','189.141.243.197','2025-01-18 22:27:18'),(1028,'jorgerodriguez@ut-morelia.edu.mx','exitoso','187.195.93.244','2025-01-20 04:23:50'),(1029,'observador@admin.com','exitoso','189.243.59.4','2025-01-20 14:15:08'),(1030,'jorgerodriguez@ut-morelia.edu.mx','exitoso','189.206.96.194','2025-01-20 15:58:39'),(1031,'srangel@ut-morelia.edu.mx','exitoso','189.206.96.194','2025-01-20 16:03:43'),(1032,'observador@admin.com','exitoso','189.243.59.4','2025-01-20 16:41:07'),(1033,'admin@admin.com','exitoso','177.240.136.41','2025-01-20 18:00:40'),(1034,'admin@admin.com','exitoso','177.240.136.41','2025-01-20 21:49:53'),(1035,'jorgerodriguez@ut-morelia.edu.mx','exitoso','189.206.96.194','2025-01-20 22:16:27'),(1036,'jorgerodriguez@ut-morelia.edu.mx','exitoso','187.195.93.244','2025-01-21 02:22:08'),(1037,'srangel@ut-morelia.edu.mx','exitoso','189.206.96.194','2025-01-21 16:13:37'),(1038,'jorgerodriguez@ut-morelia.edu.mx','exitoso','189.206.96.194','2025-01-21 16:29:06'),(1039,'alberto.lucas@ut-morelia.edu.mx','exitoso','189.206.96.194','2025-01-21 17:31:33'),(1040,'jonathan.moreno@ut-morelia.edu.mx','exitoso','189.206.96.194','2025-01-21 17:35:48'),(1041,'julio.hernandez@ut-morelia.edu.mx','exitoso','189.206.96.194','2025-01-21 17:57:02'),(1042,'julio.hernandez@ut-morelia.edu.mx','exitoso','189.206.96.194','2025-01-21 19:03:31'),(1043,'jonathan.moreno@ut-morelia.edu.mx','exitoso','189.206.96.194','2025-01-21 19:47:18'),(1044,'srangel@ut-morelia.edu.mx','exitoso','189.206.96.194','2025-01-21 20:56:16'),(1045,'srangel@ut-morelia.edu.mx','exitoso','200.68.166.66','2025-01-21 21:48:40'),(1046,'jorgerodriguez@ut-morelia.edu.mx','exitoso','189.206.96.194','2025-01-21 22:16:07'),(1047,'admin@admin.com','exitoso','177.240.146.245','2025-01-22 01:14:17'),(1048,'srangel@ut-morelia.edu.mx','exitoso','189.206.96.194','2025-01-22 16:41:53'),(1049,'srangel@ut-morelia.edu.mx','exitoso','189.206.96.194','2025-01-22 17:58:00'),(1050,'mequihua@ut-morelia.edu.mx','exitoso','189.206.96.194','2025-01-22 18:55:22'),(1051,'srangel@ut-morelia.edu.mx','exitoso','189.206.96.194','2025-01-22 18:59:51'),(1052,'srangel@ut-morelia.edu.mx','exitoso','189.206.96.194','2025-01-22 20:24:07'),(1053,'jorgerodriguez@ut-morelia.edu.mx','exitoso','189.206.96.194','2025-01-22 20:40:06'),(1054,'mequihua@ut-morelia.edu.mx','exitoso','189.206.96.194','2025-01-22 21:23:28'),(1055,'srangel@ut-morelia.edu.mx','exitoso','189.206.96.194','2025-01-22 21:29:34'),(1056,'srangel@ut-morelia.edu.mx','exitoso','189.206.96.194','2025-01-22 21:31:09'),(1057,'jorgerodriguez@ut-morelia.edu.mx','exitoso','189.206.96.194','2025-01-22 21:37:54'),(1058,'srangel@ut-morelia.edu.mx','exitoso','189.206.96.194','2025-01-22 22:11:30'),(1059,'jorgerodriguez@ut-morelia.edu.mx','exitoso','189.206.96.194','2025-01-22 22:58:44'),(1060,'srangel@ut-morelia.edu.mx','exitoso','177.224.178.72','2025-01-23 04:49:42'),(1061,'julio.hernandez@ut-morelia.edu.mx','exitoso','189.206.96.194','2025-01-23 14:31:57'),(1062,'srangel@ut-morelia.edu.mx','exitoso','189.206.96.194','2025-01-23 15:33:47'),(1063,'jorgerodriguez@ut-morelia.edu.mx','exitoso','189.206.96.194','2025-01-23 16:25:13'),(1064,'srangel@ut-morelia.edu.mx','exitoso','189.206.96.194','2025-01-23 16:54:20'),(1065,'arturo.calderon@ut-morelia.edu.mx','exitoso','189.206.96.194','2025-01-23 17:47:13'),(1066,'jorgerodriguez@ut-morelia.edu.mx','exitoso','189.206.96.194','2025-01-23 18:01:20'),(1067,'srangel@ut-morelia.edu.mx','exitoso','189.206.96.194','2025-01-23 18:45:12'),(1068,'julio.hernandez@ut-morelia.edu.mx','exitoso','189.206.96.194','2025-01-23 18:49:10'),(1069,'alberto.lucas@ut-morelia.edu.mx','exitoso','189.206.96.194','2025-01-23 19:20:11'),(1070,'alberto.lucas@ut-morelia.edu.mx','fallido','189.206.96.194','2025-01-23 19:22:10'),(1071,'alberto.lucas@ut-morelia.edu.mx','exitoso','189.206.96.194','2025-01-23 19:22:19'),(1072,'srangel@ut-morelia.edu.mx','exitoso','189.206.96.194','2025-01-23 20:34:01'),(1073,'srangel@ut-morelia.edu.mx','exitoso','189.206.96.194','2025-01-23 20:36:33'),(1074,'julio.hernandez@ut-morelia.edu.mx','exitoso','189.206.96.194','2025-01-23 21:00:51'),(1075,'srangel@ut-morelia.edu.mx','exitoso','189.206.96.194','2025-01-23 21:12:20'),(1076,'srangel@ut-morelia.edu.mx','exitoso','189.206.96.194','2025-01-23 21:23:03'),(1077,'srangel@ut-morelia.edu.mx','exitoso','189.206.96.194','2025-01-23 22:13:36'),(1078,'jorgerodriguez@ut-morelia.edu.mx','exitoso','189.206.96.194','2025-01-23 23:13:16'),(1079,'luis.gutierrez@ut-morelia.edu.mx','exitoso','177.224.181.34','2025-01-24 01:27:54'),(1080,'luis.gutierrez@ut-morelia.edu.mx','exitoso','177.224.181.34','2025-01-24 01:28:13'),(1081,'luis.gutierrez@ut-morelia.edu.mx','exitoso','177.224.181.34','2025-01-24 02:10:12'),(1082,'jorgerodriguez@ut-morelia.edu.mx','exitoso','189.206.96.194','2025-01-24 18:37:03'),(1083,'jorgerodriguez@ut-morelia.edu.mx','exitoso','189.206.96.194','2025-01-24 19:11:36'),(1084,'jorgerodriguez@ut-morelia.edu.mx','exitoso','189.206.96.194','2025-01-27 16:05:41'),(1085,'jorgerodriguez@ut-morelia.edu.mx','exitoso','189.206.96.194','2025-01-27 22:52:41'),(1086,'jorgerodriguez@ut-morelia.edu.mx','exitoso','189.206.96.194','2025-01-28 15:21:13'),(1087,'admin@admin.com','fallido','177.240.136.41','2025-01-28 16:29:33'),(1088,'admin@admin.com','exitoso','177.240.136.41','2025-01-28 16:29:39'),(1089,'jorgerodriguez@ut-morelia.edu.mx','exitoso','189.206.96.194','2025-01-28 18:28:56'),(1090,'laura.vieyra@ut-morelia.edu.mx','exitoso','189.206.96.194','2025-01-28 20:19:00'),(1091,'jorgerodriguez@ut-morelia.edu.mx','exitoso','189.206.96.194','2025-01-28 20:20:33'),(1092,'srangel@ut-morelia.edu.mx','exitoso','189.206.96.194','2025-01-28 22:40:17'),(1093,'julio.hernandez@ut-morelia.edu.mx','exitoso','189.206.96.194','2025-01-29 14:28:21'),(1094,'srangel@ut-morelia.edu.mx','exitoso','189.206.96.194','2025-01-29 16:06:32'),(1095,'jorgerodriguez@ut-morelia.edu.mx','exitoso','189.206.96.194','2025-01-29 16:38:09'),(1096,'julio.hernandez@ut-morelia.edu.mx','exitoso','189.206.96.194','2025-01-30 16:24:31'),(1097,'jorgerodriguez@ut-morelia.edu.mx','exitoso','189.206.96.194','2025-01-30 16:48:08'),(1098,'jorgerodriguez@ut-morelia.edu.mx','exitoso','189.206.96.194','2025-01-30 21:24:16'),(1099,'acalderonc@utmorelia.edu.mx','fallido','177.240.143.161','2025-01-31 05:30:41'),(1100,'arturo.calderon@ut-morelia.edu.mx','exitoso','177.240.143.161','2025-01-31 05:31:07'),(1101,'julio.hernandez@ut-morelia.edu.mx','exitoso','189.206.96.194','2025-01-31 13:02:38'),(1102,'admin@admin.com','exitoso','187.195.93.244','2025-02-01 02:08:55'),(1103,'carlos.lopez@ut-morelia.edu.mx','exitoso','189.206.96.194','2025-02-01 20:23:17'),(1104,'srangel@ut-morelia.edu.mx','exitoso','200.68.166.7','2025-02-03 19:32:21'),(1105,'admin@admin.com','fallido','177.240.146.245','2025-02-04 02:04:41'),(1106,'admin@admin.com','exitoso','177.240.146.245','2025-02-04 02:04:48'),(1107,'julio.hernandez@ut-morelia.edu.mx','exitoso','189.206.96.194','2025-02-05 14:00:35'),(1108,'mequihua@ut-morelia.edu.mx','exitoso','189.206.96.194','2025-02-05 18:07:04'),(1109,'luis.gutierrez@ut-morelia.edu.mx','exitoso','189.206.96.194','2025-02-05 20:04:09'),(1110,'srangel@ut-morelia.edu.mx','exitoso','189.206.96.194','2025-02-05 22:36:57'),(1111,'srangel@ut-morelia.edu.mx','exitoso','189.206.96.194','2025-02-06 17:25:18'),(1112,'mequihua@ut-morelia.edu.mx','exitoso','189.206.96.194','2025-02-06 18:48:24'),(1113,'jorgerodriguez@ut-morelia.edu.mx','exitoso','189.206.96.194','2025-02-06 19:59:25'),(1114,'jorgerodriguez@ut-morelia.edu.mx','exitoso','189.206.96.194','2025-02-07 16:55:19'),(1115,'laura.vieyra@ut-morelia.edu.mx','exitoso','200.68.167.52','2025-02-07 17:04:49'),(1116,'jorgerodriguez@ut-morelia.edu.mx','exitoso','189.206.96.194','2025-02-07 23:38:51'),(1117,'luis.gutierrez@ut-morelia.edu.mx','exitoso','177.224.181.34','2025-02-10 18:00:38'),(1118,'srangel@ut-morelia.edu.mx','exitoso','187.173.128.253','2025-02-10 21:54:19'),(1119,'admin@admin.com','exitoso','200.68.166.23','2025-02-11 03:12:42'),(1120,'laura.vieyra@ut-morelia.edu.mx','exitoso','189.206.96.194','2025-02-11 15:14:54'),(1121,'jorgerodriguez@ut-morelia.edu.mx','exitoso','189.206.96.194','2025-02-11 16:37:24'),(1122,'mequihua@ut-morelia.edu.mx','exitoso','189.206.96.194','2025-02-11 19:42:52'),(1123,'srangel@ut-morelia.edu.mx','exitoso','189.206.96.194','2025-02-13 20:09:33'),(1124,'srangel@ut-morelia.edu.mx','exitoso','189.206.96.194','2025-02-14 19:54:37'),(1125,'admin@admin.com','fallido','177.240.144.53','2025-02-14 19:59:44'),(1126,'admin@admin.com','exitoso','177.240.144.53','2025-02-14 19:59:51'),(1127,'srangel@ut-morelia.edu.mx','fallido','189.206.96.194','2025-02-14 20:26:06'),(1128,'srangel@ut-morelia.edu.mx','exitoso','189.206.96.194','2025-02-14 20:26:27'),(1129,'admin@admin.com','exitoso','177.240.144.53','2025-02-15 01:48:49'),(1130,'srangel@ut-morelia.edu.mx','fallido','189.206.96.194','2025-02-17 15:04:08'),(1131,'srangel@ut-morelia.edu.mx','fallido','189.206.96.194','2025-02-17 15:04:23'),(1132,'srangel@ut-morelia.edu.mx','exitoso','189.206.96.194','2025-02-17 15:04:45'),(1133,'srangel@ut-morelia.edu.mx','exitoso','189.206.96.194','2025-02-17 18:04:38'),(1134,'admin@admin.com','fallido','177.240.137.65','2025-02-17 19:30:53'),(1135,'srangel@ut-morelia.edu.mx','exitoso','189.206.96.194','2025-02-17 22:41:37'),(1136,'arturo.calderon@ut-morelia.edu.mx','exitoso','189.206.96.194','2025-02-18 15:53:12'),(1137,'admin@admin.com','exitoso','177.240.137.65','2025-02-19 23:54:25'),(1138,'admin@admin.com','exitoso','177.240.137.65','2025-02-19 23:56:29'),(1139,'srangel@ut-morelia.edu.mx','exitoso','189.206.96.194','2025-02-20 18:32:50'),(1140,'srangel@ut-morelia.edu.mx','exitoso','189.206.96.194','2025-02-20 18:33:01'),(1141,'jorgerodriguez@ut-morelia.edu.mx','exitoso','189.206.96.194','2025-02-20 20:29:18'),(1142,'jorgerodriguez@ut-morelia.edu.mx','exitoso','189.206.96.194','2025-02-20 20:29:26'),(1143,'admin@admin.com','exitoso','177.240.144.53','2025-02-21 00:17:44'),(1144,'admin@admin.com','exitoso','177.240.144.53','2025-02-21 00:17:52'),(1145,'jose.rodriguez@ut-morelia.edu.mx','exitoso','189.199.95.118','2025-02-21 19:24:04'),(1146,'mequihua@ut-morelia.edu.mx','exitoso','189.206.96.194','2025-02-25 20:07:44'),(1147,'admin@admin.com','exitoso','177.240.137.65','2025-02-25 20:57:25'),(1148,'admin@admin.com','exitoso','177.240.144.53','2025-02-26 17:04:31'),(1149,'admin@admin.com','exitoso','177.240.137.65','2025-02-27 22:21:44'),(1150,'admin@admin.com','exitoso','177.240.144.53','2025-03-05 03:47:36'),(1151,'chef.mario.utm@gmail.com','exitoso','189.206.96.194','2025-03-05 21:25:22'),(1152,'carlos.lopez@ut-morelia.edu.mx','exitoso','189.206.96.194','2025-03-06 16:56:24'),(1153,'carlos.lopez@ut-morelia.edu.mx','exitoso','189.206.96.194','2025-03-06 17:15:11'),(1154,'admin@admin.com','exitoso','177.240.144.53','2025-03-07 04:21:59'),(1155,'admin@admin.com','exitoso','177.240.144.53','2025-03-07 04:47:18'),(1156,'admin@admin.com','exitoso','177.240.144.53','2025-03-07 04:47:25'),(1157,'jonathan.moreno@ut-morelia.edu.mx','exitoso','189.206.96.194','2025-03-07 17:35:59'),(1158,'jonathan.moreno@ut-morelia.edu.mx','exitoso','189.206.96.194','2025-03-07 17:36:08'),(1159,'admin@admin.com','exitoso','189.243.206.110','2025-03-08 02:49:23'),(1160,'observador@admin.com','exitoso','189.141.246.68','2025-03-08 23:13:59'),(1161,'jorgerodriguez@ut-morelia.edu.mx','exitoso','189.206.96.194','2025-03-11 17:30:08'),(1162,'jorgerodriguez@ut-morelia.edu.mx','exitoso','189.206.96.194','2025-03-11 18:40:00'),(1163,'jorgerodriguez@ut-morelia.edu.mx','exitoso','189.206.96.194','2025-03-11 22:39:52'),(1164,'jorgerodriguez@ut-morelia.edu.mx','exitoso','189.206.96.194','2025-03-11 22:53:30'),(1165,'jorgerodriguez@ut-morelia.edu.mx','exitoso','189.206.96.194','2025-03-12 15:33:27'),(1166,'jorgerodriguez@ut-morelia.edu.mx','exitoso','189.206.96.194','2025-03-12 15:42:19'),(1167,'jorgerodriguez@ut-morelia.edu.mx','exitoso','189.206.96.194','2025-03-12 15:49:34'),(1168,'jorgerodriguez@ut-morelia.edu.mx','exitoso','189.206.96.194','2025-03-12 15:52:09'),(1169,'jorgerodriguez@ut-morelia.edu.mx','exitoso','189.206.96.194','2025-03-12 17:52:26'),(1170,'jorgerodriguez@ut-morelia.edu.mx','exitoso','189.206.96.194','2025-03-12 21:40:32'),(1171,'jorgerodriguez@ut-morelia.edu.mx','exitoso','189.206.96.194','2025-03-12 21:47:21'),(1172,'jorgerodriguez@ut-morelia.edu.mx','exitoso','189.206.96.194','2025-03-12 21:53:00'),(1173,'observador@admin.com','exitoso','189.141.240.8','2025-03-12 21:59:09'),(1174,'jorgerodriguez@ut-morelia.edu.mx','exitoso','189.206.96.194','2025-03-13 17:44:19'),(1175,'jorgerodriguez@ut-morelia.edu.mx','exitoso','189.206.96.194','2025-03-13 18:34:57'),(1176,'jorgerodriguez@ut-morelia.edu.mx','exitoso','189.206.96.194','2025-03-13 19:13:56'),(1177,'jorgerodriguez@ut-morelia.edu.mx','exitoso','189.206.96.194','2025-03-14 15:06:01'),(1178,'jorgerodriguez@ut-morelia.edu.mx','exitoso','189.206.96.194','2025-03-14 15:09:34'),(1179,'jorgerodriguez@ut-morelia.edu.mx','exitoso','189.206.96.194','2025-03-14 16:26:01'),(1180,'jorgerodriguez@ut-morelia.edu.mx','exitoso','189.206.96.194','2025-03-14 16:34:10'),(1181,'jorgerodriguez@ut-morelia.edu.mx','exitoso','189.199.95.118','2025-03-14 21:29:31'),(1182,'arturo.calderon@ut-morelia.edu.mx','fallido','189.206.96.194','2025-03-20 18:35:47'),(1183,'arturo.calderon@ut-morelia.edu.mx','exitoso','189.206.96.194','2025-03-20 18:35:58'),(1184,'srangel@ut-morelia.edu.mx','exitoso','189.206.96.194','2025-03-20 20:21:29'),(1185,'srangel@ut-morelia.edu.mx','exitoso','189.206.96.194','2025-03-20 20:21:33'),(1186,'observador@admin.com','exitoso','189.141.247.85','2025-03-20 22:24:07'),(1187,'srangel@ut-morelia.edu.mx','exitoso','189.206.96.194','2025-03-25 17:40:31'),(1188,'srangel@ut-morelia.edu.mx','exitoso','189.206.96.194','2025-03-25 17:40:35'),(1189,'srangel@ut-morelia.edu.mx','exitoso','177.224.178.192','2025-03-26 03:53:28'),(1190,'srangel@ut-morelia.edu.mx','exitoso','177.224.178.192','2025-03-26 03:53:39'),(1191,'srangel@ut-morelia.edu.mx','exitoso','189.206.96.194','2025-03-26 17:55:46'),(1192,'srangel@ut-morelia.edu.mx','exitoso','189.206.96.194','2025-03-26 17:55:52'),(1193,'srangel@ut-morelia.edu.mx','exitoso','189.206.96.194','2025-03-26 19:09:42'),(1194,'srangel@ut-morelia.edu.mx','exitoso','189.206.96.194','2025-03-31 18:30:07'),(1195,'srangel@ut-morelia.edu.mx','exitoso','189.206.96.194','2025-03-31 18:30:11'),(1196,'jorgerodriguez@ut-morelia.edu.mx','exitoso','189.243.239.94','2025-04-01 13:50:38'),(1197,'admin@admin.com','exitoso','177.240.137.65','2025-04-02 14:20:24'),(1198,'luis.gutierrez@ut-morelia.edu.mx','exitoso','189.199.95.118','2025-04-02 18:02:12'),(1199,'jorgerodriguez@ut-morelia.edu.mx','fallido','189.199.95.118','2025-04-03 15:07:15'),(1200,'jorgerodriguez@ut-morelia.edu.mx','exitoso','189.199.95.118','2025-04-03 15:07:21'),(1201,'observador@admin.com','exitoso','189.141.247.86','2025-04-06 15:02:29'),(1202,'observador@admin.com','exitoso','189.141.247.86','2025-04-06 16:02:57'),(1203,'srangel@ut-morelia.edu.mx','fallido','189.199.95.118','2025-04-08 01:16:08'),(1204,'srangel@ut-morelia.edu.mx','exitoso','189.199.95.118','2025-04-08 01:16:16'),(1205,'srangel@ut-morelia.edu.mx','fallido','189.206.96.194','2025-04-08 19:53:27'),(1206,'srangel@ut-morelia.edu.mx','exitoso','189.206.96.194','2025-04-08 19:53:29'),(1207,'srangel@ut-morelia.edu.mx','exitoso','189.206.96.194','2025-04-08 20:04:40'),(1208,'srangel@ut-morelia.edu.mx','exitoso','189.206.96.194','2025-04-08 20:05:03'),(1209,'admin@admin.com','exitoso','189.243.239.94','2025-04-09 02:55:04'),(1210,'jonathan.moreno@ut-morelia.edu.mx','exitoso','189.206.96.194','2025-04-09 17:20:05'),(1211,'jonathan.moreno@ut-morelia.edu.mx','fallido','189.206.96.194','2025-04-09 17:20:14'),(1212,'jonathan.moreno@ut-morelia.edu.mx','exitoso','189.206.96.194','2025-04-09 17:20:32'),(1213,'mequihua@ut-morelia.edu.mx','exitoso','189.206.96.194','2025-04-09 19:35:58'),(1214,'mequihua@ut-morelia.edu.mx','exitoso','189.206.96.194','2025-04-09 19:36:09'),(1215,'admin@admin.com','exitoso','177.240.145.77','2025-04-09 20:22:51'),(1216,'srangel@ut-morelia.edu.mx','exitoso','189.206.96.194','2025-04-09 20:26:05'),(1217,'srangel@ut-morelia.edu.mx','exitoso','189.206.96.194','2025-04-09 20:26:13'),(1218,'doragutierrez@ut-morelia.edu.mx','fallido','189.206.96.194','2025-04-09 20:55:39'),(1219,'doragutierrez@ut-morelia.edu.mx','fallido','189.206.96.194','2025-04-09 20:55:51'),(1220,'garodriguez@ut-morelia.edu.mx','fallido','189.206.96.194','2025-04-09 21:10:31'),(1221,'srangel@ut-morelia.edu.mx','exitoso','189.206.96.194','2025-04-09 22:56:53'),(1222,'srangel@ut-morelia.edu.mx','exitoso','189.206.96.194','2025-04-09 22:56:56'),(1223,'admin@admin.com','exitoso','177.240.145.77','2025-04-10 00:09:56'),(1224,'jorgerodriguez@ut-morelia.edu.mx','exitoso','189.243.239.94','2025-04-10 02:00:49'),(1225,'jorgerodriguez@ut-morelia.edu.mx','fallido','189.243.239.94','2025-04-10 02:00:55'),(1226,'jorgerodriguez@ut-morelia.edu.mx','exitoso','189.243.239.94','2025-04-10 02:01:06'),(1227,'admin@admin.com','exitoso','177.240.145.77','2025-04-10 02:07:33'),(1228,'srangel@ut-morelia.edu.mx','exitoso','189.243.239.94','2025-04-10 02:27:33'),(1229,'jorgerodriguez@ut-morelia.edu.mx','exitoso','189.243.239.94','2025-04-10 03:14:13'),(1230,'jose.rodriguez@ut-morelia.edu.mx','fallido','187.173.129.109','2025-04-10 03:16:04'),(1231,'jose.rodriguez@ut-morelia.edu.mx','fallido','187.173.129.109','2025-04-10 03:16:19'),(1232,'srangel@ut-morelia.edu.mx','exitoso','189.243.239.94','2025-04-10 03:18:38'),(1233,'admin@admin.com','exitoso','189.243.239.94','2025-04-10 03:22:06'),(1234,'laura.vieyra@ut-morelia.edu.mx','fallido','177.240.128.29','2025-04-10 03:54:03'),(1235,'laura.vieyra@ut-morelia.edu.mx','fallido','177.240.128.29','2025-04-10 03:54:27'),(1236,'laura.vieyra@ut-morelia.edu.mx','fallido','177.240.128.29','2025-04-10 03:55:40'),(1237,'laura.vieyra@ut-morelia.edu.mx','exitoso','177.240.128.29','2025-04-10 04:01:05'),(1238,'kypl.1605@gmail.com','fallido','189.243.239.94','2025-04-10 04:21:46'),(1239,'kpenaloza@ut-morelia.edu.mx','exitoso','189.243.239.94','2025-04-10 04:22:22'),(1240,'admin@admin.com','exitoso','189.243.239.94','2025-04-10 04:43:06'),(1241,'jonathan.moreno@ut-morelia.edu.mx','exitoso','177.240.151.72','2025-04-10 05:27:25'),(1242,'jonathan.moreno@ut-morelia.edu.mx','exitoso','177.240.151.72','2025-04-10 05:27:36');

--
-- Table structure for table `registro_eventos`
--

CREATE TABLE `registro_eventos` (
  `id_evento` int NOT NULL AUTO_INCREMENT,
  `usuario_email` varchar(255) COLLATE utf8mb4_spanish_ci NOT NULL,
  `accion` varchar(255) COLLATE utf8mb4_spanish_ci NOT NULL,
  `descripcion` text COLLATE utf8mb4_spanish_ci,
  `fyh_creacion` datetime DEFAULT CURRENT_TIMESTAMP,
  `ip_usuario` varchar(45) COLLATE utf8mb4_spanish_ci NOT NULL,
  `estado` varchar(11) COLLATE utf8mb4_spanish_ci DEFAULT 'ACTIVO',
  PRIMARY KEY (`id_evento`)
) ENGINE=InnoDB AUTO_INCREMENT=3225 DEFAULT CHARSET=utf8mb4 COLLATE=utf8mb4_spanish_ci;

--
-- Dumping data for table `registro_eventos`
--

INSERT INTO `registro_eventos` VALUES (1,'desconocido@dominio.com','Actualización de asignación','Se actualizó la asignación ID 20940. Nuevo día: viernes, Hora de inicio: 10:00:00, Hora de fin: 11:00:00.','2025-01-08 02:51:20','189.243.236.146','ACTIVO'),(2,'desconocido@dominio.com','Actualización de asignación','Se actualizó la asignación ID 20936. Nuevo día: viernes, Hora de inicio: 11:00:00, Hora de fin: 12:00:00.','2025-01-08 02:51:26','189.243.236.146','ACTIVO'),(3,'desconocido@dominio.com','Actualización de asignación','Se actualizó la asignación ID 20967. Nuevo día: jueves, Hora de inicio: 18:00:00, Hora de fin: 19:00:00.','2025-01-08 02:53:51','189.243.236.146','ACTIVO'),(4,'desconocido@dominio.com','Actualización de asignación','Se actualizó la asignación ID 21007. Nuevo día: viernes, Hora de inicio: 13:00:00, Hora de fin: 14:00:00.','2025-01-08 02:55:14','189.243.236.146','ACTIVO'),(5,'desconocido@dominio.com','Actualización de asignación','Se actualizó la asignación ID 21007. Nuevo día: martes, Hora de inicio: 14:00:00, Hora de fin: 15:00:00.','2025-01-08 02:55:28','189.243.236.146','ACTIVO'),(6,'desconocido@dominio.com','Actualización de asignación','Se actualizó la asignación ID 21007. Nuevo día: viernes, Hora de inicio: 12:00:00, Hora de fin: 13:00:00.','2025-01-08 02:56:32','189.243.236.146','ACTIVO'),(7,'desconocido@dominio.com','Actualización de asignación','Se actualizó la asignación ID 21013. Nuevo día: viernes, Hora de inicio: 13:00:00, Hora de fin: 14:00:00.','2025-01-08 03:53:24','189.243.236.146','ACTIVO'),(8,'desconocido@dominio.com','Actualización de asignación','Se actualizó la asignación ID 21015. Nuevo día: jueves, Hora de inicio: 07:00:00, Hora de fin: 08:00:00.','2025-01-08 03:53:28','189.243.236.146','ACTIVO'),(9,'desconocido@dominio.com','Actualización de asignación','Se actualizó la asignación ID 21017. Nuevo día: jueves, Hora de inicio: 09:00:00, Hora de fin: 10:00:00.','2025-01-08 03:53:33','189.243.236.146','ACTIVO'),(10,'desconocido@dominio.com','Actualización de asignación','Se actualizó la asignación ID 21094. Nuevo día: viernes, Hora de inicio: 12:00:00, Hora de fin: 13:00:00.','2025-01-08 03:55:22','189.243.236.146','ACTIVO'),(11,'desconocido@dominio.com','Actualización de asignación','Se actualizó la asignación ID 21110. Nuevo día: martes, Hora de inicio: 14:00:00, Hora de fin: 15:00:00.','2025-01-08 03:55:46','189.243.236.146','ACTIVO'),(12,'desconocido@dominio.com','Actualización de asignación','Se actualizó la asignación ID 21094. Nuevo día: viernes, Hora de inicio: 09:00:00, Hora de fin: 10:00:00.','2025-01-08 03:55:58','189.243.236.146','ACTIVO'),(13,'desconocido@dominio.com','Actualización de asignación','Se actualizó la asignación ID 21170. Nuevo día: viernes, Hora de inicio: 11:00:00, Hora de fin: 12:00:00.','2025-01-08 04:00:13','189.243.236.146','ACTIVO'),(14,'desconocido@dominio.com','Actualización de asignación','Se actualizó la asignación ID 21172. Nuevo día: jueves, Hora de inicio: 07:00:00, Hora de fin: 08:00:00.','2025-01-08 04:00:19','189.243.236.146','ACTIVO'),(15,'desconocido@dominio.com','Actualización de asignación','Se actualizó la asignación ID 21170. Nuevo día: jueves, Hora de inicio: 11:00:00, Hora de fin: 12:00:00.','2025-01-08 04:00:33','189.243.236.146','ACTIVO'),(16,'desconocido@dominio.com','Actualización de asignación','Se actualizó la asignación ID 21175. Nuevo día: viernes, Hora de inicio: 09:00:00, Hora de fin: 10:00:00.','2025-01-08 04:02:52','189.243.236.146','ACTIVO'),(17,'desconocido@dominio.com','Actualización de asignación','Se actualizó la asignación ID 21160. Nuevo día: viernes, Hora de inicio: 07:00:00, Hora de fin: 08:00:00.','2025-01-08 04:03:08','189.243.236.146','ACTIVO'),(18,'desconocido@dominio.com','Actualización de asignación','Se actualizó la asignación ID 21158. Nuevo día: viernes, Hora de inicio: 10:00:00, Hora de fin: 11:00:00.','2025-01-08 04:04:03','189.243.236.146','ACTIVO'),(19,'desconocido@dominio.com','Actualización de asignación','Se actualizó la asignación ID 21225. Nuevo día: viernes, Hora de inicio: 12:00:00, Hora de fin: 13:00:00.','2025-01-08 04:06:05','189.243.236.146','ACTIVO'),(20,'desconocido@dominio.com','Actualización de asignación','Se actualizó la asignación ID 21226. Nuevo día: martes, Hora de inicio: 13:00:00, Hora de fin: 14:00:00.','2025-01-08 04:06:18','189.243.236.146','ACTIVO'),(21,'desconocido@dominio.com','Actualización de asignación','Se actualizó la asignación ID 21265. Nuevo día: viernes, Hora de inicio: 12:00:00, Hora de fin: 13:00:00.','2025-01-08 04:06:51','189.243.236.146','ACTIVO'),(22,'desconocido@dominio.com','Actualización de asignación','Se actualizó la asignación ID 21264. Nuevo día: viernes, Hora de inicio: 11:00:00, Hora de fin: 12:00:00.','2025-01-08 04:07:02','189.243.236.146','ACTIVO'),(23,'desconocido@dominio.com','Actualización de asignación','Se actualizó la asignación ID 21258. Nuevo día: viernes, Hora de inicio: 10:00:00, Hora de fin: 11:00:00.','2025-01-08 04:07:25','189.243.236.146','ACTIVO'),(24,'desconocido@dominio.com','Actualización de asignación','Se actualizó la asignación ID 21261. Nuevo día: viernes, Hora de inicio: 09:00:00, Hora de fin: 10:00:00.','2025-01-08 04:08:15','189.243.236.146','ACTIVO'),(25,'desconocido@dominio.com','Actualización de asignación','Se actualizó la asignación ID 21263. Nuevo día: jueves, Hora de inicio: 11:00:00, Hora de fin: 12:00:00.','2025-01-08 04:08:22','189.243.236.146','ACTIVO'),(26,'desconocido@dominio.com','Actualización de asignación','Se actualizó la asignación ID 21263. Nuevo día: jueves, Hora de inicio: 13:00:00, Hora de fin: 14:00:00.','2025-01-08 04:09:58','189.243.236.146','ACTIVO'),(27,'desconocido@dominio.com','Actualización de asignación','Se actualizó la asignación ID 21257. Nuevo día: jueves, Hora de inicio: 11:00:00, Hora de fin: 12:00:00.','2025-01-08 04:10:07','189.243.236.146','ACTIVO'),(28,'desconocido@dominio.com','Actualización de asignación','Se actualizó la asignación ID 21274. Nuevo día: viernes, Hora de inicio: 11:00:00, Hora de fin: 12:00:00.','2025-01-08 04:10:50','189.243.236.146','ACTIVO'),(29,'desconocido@dominio.com','Actualización de asignación','Se actualizó la asignación ID 21272. Nuevo día: viernes, Hora de inicio: 12:00:00, Hora de fin: 13:00:00.','2025-01-08 04:11:00','189.243.236.146','ACTIVO'),(30,'desconocido@dominio.com','Actualización de asignación','Se actualizó la asignación ID 21276. Nuevo día: miércoles, Hora de inicio: 11:00:00, Hora de fin: 12:00:00.','2025-01-08 04:11:07','189.243.236.146','ACTIVO'),(31,'desconocido@dominio.com','Actualización de asignación','Se actualizó la asignación ID 21310. Nuevo día: viernes, Hora de inicio: 12:00:00, Hora de fin: 13:00:00.','2025-01-08 04:12:49','189.243.236.146','ACTIVO'),(32,'desconocido@dominio.com','Actualización de asignación','Se actualizó la asignación ID 21308. Nuevo día: viernes, Hora de inicio: 11:00:00, Hora de fin: 12:00:00.','2025-01-08 04:12:55','189.243.236.146','ACTIVO'),(33,'desconocido@dominio.com','Actualización de asignación','Se actualizó la asignación ID 21307. Nuevo día: viernes, Hora de inicio: 10:00:00, Hora de fin: 11:00:00.','2025-01-08 04:13:29','189.243.236.146','ACTIVO'),(34,'desconocido@dominio.com','Actualización de asignación','Se actualizó la asignación ID 21303. Nuevo día: viernes, Hora de inicio: 09:00:00, Hora de fin: 10:00:00.','2025-01-08 04:14:00','189.243.236.146','ACTIVO'),(35,'desconocido@dominio.com','Actualización de asignación','Se actualizó la asignación ID 21321. Nuevo día: viernes, Hora de inicio: 11:00:00, Hora de fin: 12:00:00.','2025-01-08 04:16:29','189.243.236.146','ACTIVO'),(36,'desconocido@dominio.com','Actualización de asignación','Se actualizó la asignación ID 21325. Nuevo día: miércoles, Hora de inicio: 07:00:00, Hora de fin: 08:00:00.','2025-01-08 04:17:24','189.243.236.146','ACTIVO'),(37,'desconocido@dominio.com','Actualización de asignación','Se actualizó la asignación ID 21323. Nuevo día: miércoles, Hora de inicio: 13:00:00, Hora de fin: 14:00:00.','2025-01-08 04:17:35','189.243.236.146','ACTIVO'),(38,'desconocido@dominio.com','Actualización de asignación','Se actualizó la asignación ID 21316. Nuevo día: miércoles, Hora de inicio: 10:00:00, Hora de fin: 11:00:00.','2025-01-08 04:17:46','189.243.236.146','ACTIVO'),(39,'desconocido@dominio.com','Actualización de asignación','Se actualizó la asignación ID 21327. Nuevo día: viernes, Hora de inicio: 12:00:00, Hora de fin: 13:00:00.','2025-01-08 04:18:35','189.243.236.146','ACTIVO'),(40,'desconocido@dominio.com','Actualización de asignación','Se actualizó la asignación ID 21320. Nuevo día: jueves, Hora de inicio: 08:00:00, Hora de fin: 09:00:00.','2025-01-08 04:18:38','189.243.236.146','ACTIVO'),(41,'desconocido@dominio.com','Actualización de asignación','Se actualizó la asignación ID 21322. Nuevo día: miércoles, Hora de inicio: 11:00:00, Hora de fin: 12:00:00.','2025-01-08 04:19:48','189.243.236.146','ACTIVO'),(42,'desconocido@dominio.com','Actualización de asignación','Se actualizó la asignación ID 21322. Nuevo día: miércoles, Hora de inicio: 09:00:00, Hora de fin: 10:00:00.','2025-01-08 04:20:30','189.243.236.146','ACTIVO'),(43,'desconocido@dominio.com','Actualización de asignación','Se actualizó la asignación ID 21325. Nuevo día: miércoles, Hora de inicio: 11:00:00, Hora de fin: 12:00:00.','2025-01-08 04:20:44','189.243.236.146','ACTIVO'),(44,'desconocido@dominio.com','Actualización de asignación','Se actualizó la asignación ID 21351. Nuevo día: miércoles, Hora de inicio: 19:00:00, Hora de fin: 20:00:00.','2025-01-08 04:23:41','189.243.236.146','ACTIVO'),(45,'desconocido@dominio.com','Actualización de asignación','Se actualizó la asignación ID 21335. Nuevo día: jueves, Hora de inicio: 13:00:00, Hora de fin: 14:00:00.','2025-01-08 04:23:48','189.243.236.146','ACTIVO'),(46,'desconocido@dominio.com','Actualización de asignación','Se actualizó la asignación ID 21351. Nuevo día: lunes, Hora de inicio: 12:00:00, Hora de fin: 13:00:00.','2025-01-08 04:23:55','189.243.236.146','ACTIVO'),(47,'desconocido@dominio.com','Actualización de asignación','Se actualizó la asignación ID 21357. Nuevo día: jueves, Hora de inicio: 11:00:00, Hora de fin: 12:00:00.','2025-01-08 04:25:29','189.243.236.146','ACTIVO'),(48,'desconocido@dominio.com','Actualización de asignación','Se actualizó la asignación ID 21346. Nuevo día: viernes, Hora de inicio: 12:00:00, Hora de fin: 13:00:00.','2025-01-08 04:25:33','189.243.236.146','ACTIVO'),(49,'desconocido@dominio.com','Actualización de asignación','Se actualizó la asignación ID 21357. Nuevo día: miércoles, Hora de inicio: 12:00:00, Hora de fin: 13:00:00.','2025-01-08 04:25:37','189.243.236.146','ACTIVO'),(50,'desconocido@dominio.com','Actualización de asignación','Se actualizó la asignación ID 21400. Nuevo día: martes, Hora de inicio: 11:00:00, Hora de fin: 12:00:00.','2025-01-08 04:28:48','189.243.236.146','ACTIVO'),(51,'desconocido@dominio.com','Actualización de asignación','Se actualizó la asignación ID 21388. Nuevo día: jueves, Hora de inicio: 16:00:00, Hora de fin: 17:00:00.','2025-01-08 04:28:56','189.243.236.146','ACTIVO'),(52,'desconocido@dominio.com','Actualización de asignación','Se actualizó la asignación ID 21389. Nuevo día: lunes, Hora de inicio: 16:00:00, Hora de fin: 17:00:00.','2025-01-08 04:29:05','189.243.236.146','ACTIVO'),(53,'desconocido@dominio.com','Actualización de asignación','Se actualizó la asignación ID 21388. Nuevo día: lunes, Hora de inicio: 17:00:00, Hora de fin: 18:00:00.','2025-01-08 04:29:19','189.243.236.146','ACTIVO'),(54,'desconocido@dominio.com','Actualización de asignación','Se actualizó la asignación ID 21403. Nuevo día: jueves, Hora de inicio: 16:00:00, Hora de fin: 17:00:00.','2025-01-08 04:30:14','189.243.236.146','ACTIVO'),(55,'desconocido@dominio.com','Actualización de asignación','Se actualizó la asignación ID 21394. Nuevo día: viernes, Hora de inicio: 12:00:00, Hora de fin: 13:00:00.','2025-01-08 04:30:18','189.243.236.146','ACTIVO'),(56,'desconocido@dominio.com','Actualización de asignación','Se actualizó la asignación ID 21400. Nuevo día: miércoles, Hora de inicio: 14:00:00, Hora de fin: 15:00:00.','2025-01-08 04:30:23','189.243.236.146','ACTIVO'),(57,'desconocido@dominio.com','Actualización de asignación','Se actualizó la asignación ID 21415. Nuevo día: miércoles, Hora de inicio: 11:00:00, Hora de fin: 12:00:00.','2025-01-08 04:31:39','189.243.236.146','ACTIVO'),(58,'desconocido@dominio.com','Actualización de asignación','Se actualizó la asignación ID 21418. Nuevo día: martes, Hora de inicio: 15:00:00, Hora de fin: 16:00:00.','2025-01-08 04:31:43','189.243.236.146','ACTIVO'),(59,'desconocido@dominio.com','Actualización de asignación','Se actualizó la asignación ID 21415. Nuevo día: miércoles, Hora de inicio: 12:00:00, Hora de fin: 13:00:00.','2025-01-08 04:31:47','189.243.236.146','ACTIVO'),(60,'desconocido@dominio.com','Actualización de asignación','Se actualizó la asignación ID 21448. Nuevo día: jueves, Hora de inicio: 13:00:00, Hora de fin: 14:00:00.','2025-01-08 04:34:42','189.243.236.146','ACTIVO'),(61,'desconocido@dominio.com','Actualización de asignación','Se actualizó la asignación ID 21448. Nuevo día: jueves, Hora de inicio: 09:00:00, Hora de fin: 10:00:00.','2025-01-08 04:34:53','189.243.236.146','ACTIVO'),(62,'desconocido@dominio.com','Actualización de asignación','Se actualizó la asignación ID 21723. Nuevo día: jueves, Hora de inicio: 12:00:00, Hora de fin: 13:00:00.','2025-01-08 04:35:37','189.243.236.146','ACTIVO'),(63,'desconocido@dominio.com','Actualización de asignación','Se actualizó la asignación ID 21707. Nuevo día: jueves, Hora de inicio: 09:00:00, Hora de fin: 10:00:00.','2025-01-08 04:35:58','189.243.236.146','ACTIVO'),(64,'desconocido@dominio.com','Actualización de asignación','Se actualizó la asignación ID 21436. Nuevo día: jueves, Hora de inicio: 13:00:00, Hora de fin: 14:00:00.','2025-01-08 04:37:18','189.243.236.146','ACTIVO'),(65,'desconocido@dominio.com','Actualización de asignación','Se actualizó la asignación ID 21470. Nuevo día: viernes, Hora de inicio: 11:00:00, Hora de fin: 12:00:00.','2025-01-08 04:47:59','189.243.236.146','ACTIVO'),(66,'desconocido@dominio.com','Actualización de asignación','Se actualizó la asignación ID 21469. Nuevo día: martes, Hora de inicio: 13:00:00, Hora de fin: 14:00:00.','2025-01-08 04:48:10','189.243.236.146','ACTIVO'),(67,'desconocido@dominio.com','Actualización de asignación','Se actualizó la asignación ID 21514. Nuevo día: viernes, Hora de inicio: 10:00:00, Hora de fin: 11:00:00.','2025-01-08 04:49:01','189.243.236.146','ACTIVO'),(68,'desconocido@dominio.com','Actualización de asignación','Se actualizó la asignación ID 21499. Nuevo día: viernes, Hora de inicio: 11:00:00, Hora de fin: 12:00:00.','2025-01-08 04:49:42','189.243.236.146','ACTIVO'),(69,'desconocido@dominio.com','Actualización de asignación','Se actualizó la asignación ID 21512. Nuevo día: martes, Hora de inicio: 14:00:00, Hora de fin: 15:00:00.','2025-01-08 04:50:07','189.243.236.146','ACTIVO'),(70,'desconocido@dominio.com','Actualización de asignación','Se actualizó la asignación ID 21510. Nuevo día: viernes, Hora de inicio: 12:00:00, Hora de fin: 13:00:00.','2025-01-08 04:50:29','189.243.236.146','ACTIVO'),(71,'desconocido@dominio.com','Actualización de asignación','Se actualizó la asignación ID 21537. Nuevo día: miércoles, Hora de inicio: 14:00:00, Hora de fin: 15:00:00.','2025-01-08 04:51:22','189.243.236.146','ACTIVO'),(72,'desconocido@dominio.com','Actualización de asignación','Se actualizó la asignación ID 21544. Nuevo día: jueves, Hora de inicio: 13:00:00, Hora de fin: 14:00:00.','2025-01-08 04:51:29','189.243.236.146','ACTIVO'),(73,'desconocido@dominio.com','Actualización de asignación','Se actualizó la asignación ID 21520. Nuevo día: viernes, Hora de inicio: 10:00:00, Hora de fin: 11:00:00.','2025-01-08 04:52:10','189.243.236.146','ACTIVO'),(74,'desconocido@dominio.com','Actualización de asignación','Se actualizó la asignación ID 21542. Nuevo día: viernes, Hora de inicio: 11:00:00, Hora de fin: 12:00:00.','2025-01-08 04:53:22','189.243.236.146','ACTIVO'),(75,'desconocido@dominio.com','Actualización de asignación','Se actualizó la asignación ID 21543. Nuevo día: viernes, Hora de inicio: 12:00:00, Hora de fin: 13:00:00.','2025-01-08 04:53:28','189.243.236.146','ACTIVO'),(76,'desconocido@dominio.com','Actualización de asignación','Se actualizó la asignación ID 21527. Nuevo día: viernes, Hora de inicio: 08:00:00, Hora de fin: 09:00:00.','2025-01-08 04:53:37','189.243.236.146','ACTIVO'),(77,'desconocido@dominio.com','Actualización de asignación','Se actualizó la asignación ID 21549. Nuevo día: viernes, Hora de inicio: 09:00:00, Hora de fin: 10:00:00.','2025-01-08 04:54:25','189.243.236.146','ACTIVO'),(78,'desconocido@dominio.com','Actualización de asignación','Se actualizó la asignación ID 21558. Nuevo día: viernes, Hora de inicio: 12:00:00, Hora de fin: 13:00:00.','2025-01-08 04:55:17','189.243.236.146','ACTIVO'),(79,'desconocido@dominio.com','Actualización de asignación','Se actualizó la asignación ID 21566. Nuevo día: jueves, Hora de inicio: 12:00:00, Hora de fin: 13:00:00.','2025-01-08 04:56:40','189.243.236.146','ACTIVO'),(80,'desconocido@dominio.com','Actualización de asignación','Se actualizó la asignación ID 21587. Nuevo día: sábado, Hora de inicio: 12:00:00, Hora de fin: 13:00:00.','2025-01-08 04:58:43','189.243.236.146','ACTIVO'),(81,'desconocido@dominio.com','Actualización de asignación','Se actualizó la asignación ID 21584. Nuevo día: martes, Hora de inicio: 14:00:00, Hora de fin: 15:00:00.','2025-01-08 04:58:50','189.243.236.146','ACTIVO'),(82,'desconocido@dominio.com','Actualización de asignación','Se actualizó la asignación ID 21590. Nuevo día: sábado, Hora de inicio: 13:00:00, Hora de fin: 14:00:00.','2025-01-08 04:59:26','189.243.236.146','ACTIVO'),(83,'desconocido@dominio.com','Actualización de asignación','Se actualizó la asignación ID 21583. Nuevo día: miércoles, Hora de inicio: 14:00:00, Hora de fin: 15:00:00.','2025-01-08 04:59:32','189.243.236.146','ACTIVO'),(84,'desconocido@dominio.com','Actualización de asignación','Se actualizó la asignación ID 21593. Nuevo día: martes, Hora de inicio: 15:00:00, Hora de fin: 16:00:00.','2025-01-08 05:00:10','189.243.236.146','ACTIVO'),(85,'desconocido@dominio.com','Actualización de asignación','Se actualizó la asignación ID 21594. Nuevo día: martes, Hora de inicio: 16:00:00, Hora de fin: 17:00:00.','2025-01-08 05:00:16','189.243.236.146','ACTIVO'),(86,'desconocido@dominio.com','Actualización de asignación','Se actualizó la asignación ID 21596. Nuevo día: jueves, Hora de inicio: 16:00:00, Hora de fin: 17:00:00.','2025-01-08 05:00:37','189.243.236.146','ACTIVO'),(87,'desconocido@dominio.com','Actualización de asignación','Se actualizó la asignación ID 21597. Nuevo día: jueves, Hora de inicio: 17:00:00, Hora de fin: 18:00:00.','2025-01-08 05:00:44','189.243.236.146','ACTIVO'),(88,'desconocido@dominio.com','Actualización de asignación','Se actualizó la asignación ID 21587. Nuevo día: viernes, Hora de inicio: 12:00:00, Hora de fin: 13:00:00.','2025-01-08 05:00:49','189.243.236.146','ACTIVO'),(89,'desconocido@dominio.com','Actualización de asignación','Se actualizó la asignación ID 21590. Nuevo día: viernes, Hora de inicio: 13:00:00, Hora de fin: 14:00:00.','2025-01-08 05:00:53','189.243.236.146','ACTIVO'),(90,'desconocido@dominio.com','Actualización de asignación','Se actualizó la asignación ID 21625. Nuevo día: sábado, Hora de inicio: 12:00:00, Hora de fin: 13:00:00.','2025-01-08 05:03:23','189.243.236.146','ACTIVO'),(91,'desconocido@dominio.com','Actualización de asignación','Se actualizó la asignación ID 21626. Nuevo día: sábado, Hora de inicio: 13:00:00, Hora de fin: 14:00:00.','2025-01-08 05:03:27','189.243.236.146','ACTIVO'),(92,'desconocido@dominio.com','Actualización de asignación','Se actualizó la asignación ID 21616. Nuevo día: viernes, Hora de inicio: 12:00:00, Hora de fin: 13:00:00.','2025-01-08 05:03:33','189.243.236.146','ACTIVO'),(93,'desconocido@dominio.com','Actualización de asignación','Se actualizó la asignación ID 21617. Nuevo día: viernes, Hora de inicio: 13:00:00, Hora de fin: 14:00:00.','2025-01-08 05:03:41','189.243.236.146','ACTIVO'),(94,'desconocido@dominio.com','Actualización de asignación','Se actualizó la asignación ID 21613. Nuevo día: sábado, Hora de inicio: 14:00:00, Hora de fin: 15:00:00.','2025-01-08 05:05:02','189.243.236.146','ACTIVO'),(95,'desconocido@dominio.com','Actualización de asignación','Se actualizó la asignación ID 21628. Nuevo día: miércoles, Hora de inicio: 12:00:00, Hora de fin: 13:00:00.','2025-01-08 05:05:07','189.243.236.146','ACTIVO'),(96,'desconocido@dominio.com','Actualización de asignación','Se actualizó la asignación ID 21628. Nuevo día: miércoles, Hora de inicio: 17:00:00, Hora de fin: 18:00:00.','2025-01-08 05:05:27','189.243.236.146','ACTIVO'),(97,'desconocido@dominio.com','Actualización de asignación','Se actualizó la asignación ID 21623. Nuevo día: miércoles, Hora de inicio: 12:00:00, Hora de fin: 13:00:00.','2025-01-08 05:05:33','189.243.236.146','ACTIVO'),(98,'desconocido@dominio.com','Actualización de asignación','Se actualizó la asignación ID 21613. Nuevo día: jueves, Hora de inicio: 15:00:00, Hora de fin: 16:00:00.','2025-01-08 05:05:57','189.243.236.146','ACTIVO'),(99,'desconocido@dominio.com','Actualización de asignación','Se actualizó la asignación ID 21626. Nuevo día: viernes, Hora de inicio: 15:00:00, Hora de fin: 16:00:00.','2025-01-08 05:06:02','189.243.236.146','ACTIVO'),(100,'desconocido@dominio.com','Actualización de asignación','Se actualizó la asignación ID 21625. Nuevo día: miércoles, Hora de inicio: 18:00:00, Hora de fin: 19:00:00.','2025-01-08 05:06:10','189.243.236.146','ACTIVO'),(101,'desconocido@dominio.com','Actualización de asignación','Se actualizó la asignación ID 21656. Nuevo día: miércoles, Hora de inicio: 09:00:00, Hora de fin: 10:00:00.','2025-01-08 05:08:15','189.243.236.146','ACTIVO'),(102,'desconocido@dominio.com','Actualización de asignación','Se actualizó la asignación ID 21657. Nuevo día: miércoles, Hora de inicio: 10:00:00, Hora de fin: 11:00:00.','2025-01-08 05:08:20','189.243.236.146','ACTIVO'),(103,'desconocido@dominio.com','Actualización de asignación','Se actualizó la asignación ID 21660. Nuevo día: martes, Hora de inicio: 10:00:00, Hora de fin: 11:00:00.','2025-01-08 05:08:24','189.243.236.146','ACTIVO'),(104,'jorgerodriguez@ut-morelia.edu.mx','Asignación manual de horario','Se asignó la materia ID 2024 al grupo ID 915 en el día viernes de 13:00:00 a 14:00:00.','2025-01-08 05:12:56','189.243.236.146','ACTIVO'),(105,'jorgerodriguez@ut-morelia.edu.mx','Asignación manual de horario','Se asignó la materia ID 2024 al grupo ID 915 en el día viernes de 14:00:00 a 15:00:00.','2025-01-08 05:13:04','189.243.236.146','ACTIVO'),(106,'jorgerodriguez@ut-morelia.edu.mx','Asignación manual de horario','Se asignó la materia ID 2024 al grupo ID 915 en el día viernes de 15:00:00 a 16:00:00.','2025-01-08 05:13:22','189.243.236.146','ACTIVO'),(107,'jorgerodriguez@ut-morelia.edu.mx','Asignación manual de horario','Se asignó la materia ID 2024 al grupo ID 915 en el día viernes de 16:00:00 a 17:00:00.','2025-01-08 05:13:34','189.243.236.146','ACTIVO'),(108,'jonathan.moreno@ut-morelia.edu.mx','Asignación manual de horario','Se asignó la materia ID 2024 al grupo ID 915 en el día viernes de 17:00:00 a 18:00:00.','2025-01-08 05:14:43','177.240.150.144','ACTIVO'),(109,'jonathan.moreno@ut-morelia.edu.mx','Asignación manual de horario','Se asignó la materia ID 2024 al grupo ID 915 en el día viernes de 18:00:00 a 19:00:00.','2025-01-08 05:14:49','177.240.150.144','ACTIVO'),(110,'admin@admin.com','Eliminación de asignación manual','Se eliminó la asignación con ID 1012 del grupo ID 915.','2025-01-08 05:15:20','189.243.236.146','ACTIVO'),(111,'admin@admin.com','Asignación manual de horario','Se asignó la materia ID 2024 al grupo ID 915 en el día viernes de 18:00:00 a 19:00:00.','2025-01-08 05:15:27','189.243.236.146','ACTIVO'),(112,'admin@admin.com','Eliminación de asignación manual','Se eliminó la asignación con ID 1013 del grupo ID 915.','2025-01-08 05:16:00','189.243.236.146','ACTIVO'),(113,'admin@admin.com','Eliminación de asignación manual','Se eliminó la asignación con ID 1007 del grupo ID 915.','2025-01-08 05:16:05','189.243.236.146','ACTIVO'),(114,'admin@admin.com','Eliminación de asignación manual','Se eliminó la asignación con ID 1008 del grupo ID 915.','2025-01-08 05:16:16','189.243.236.146','ACTIVO'),(115,'admin@admin.com','Eliminación de asignación manual','Se eliminó la asignación con ID 1009 del grupo ID 915.','2025-01-08 05:16:18','189.243.236.146','ACTIVO'),(116,'admin@admin.com','Eliminación de asignación manual','Se eliminó la asignación con ID 1010 del grupo ID 915.','2025-01-08 05:16:20','189.243.236.146','ACTIVO'),(117,'admin@admin.com','Eliminación de asignación manual','Se eliminó la asignación con ID 1011 del grupo ID 915.','2025-01-08 05:16:22','189.243.236.146','ACTIVO'),(118,'jonathan.moreno@ut-morelia.edu.mx','Asignación manual de horario','Se asignó la materia ID 2024 al grupo ID 915 en el día viernes de 13:00:00 a 14:00:00.','2025-01-08 05:17:03','177.240.150.144','ACTIVO'),(119,'jonathan.moreno@ut-morelia.edu.mx','Asignación manual de horario','Se asignó la materia ID 2024 al grupo ID 915 en el día viernes de 14:00:00 a 15:00:00.','2025-01-08 05:17:08','177.240.150.144','ACTIVO'),(120,'jonathan.moreno@ut-morelia.edu.mx','Asignación manual de horario','Se asignó la materia ID 2024 al grupo ID 915 en el día viernes de 15:00:00 a 16:00:00.','2025-01-08 05:17:13','177.240.150.144','ACTIVO'),(121,'jonathan.moreno@ut-morelia.edu.mx','Asignación manual de horario','Se asignó la materia ID 2024 al grupo ID 915 en el día viernes de 16:00:00 a 17:00:00.','2025-01-08 05:17:17','177.240.150.144','ACTIVO'),(122,'jonathan.moreno@ut-morelia.edu.mx','Asignación manual de horario','Se asignó la materia ID 2024 al grupo ID 915 en el día viernes de 17:00:00 a 18:00:00.','2025-01-08 05:17:22','177.240.150.144','ACTIVO'),(123,'jonathan.moreno@ut-morelia.edu.mx','Asignación manual de horario','Se asignó la materia ID 2024 al grupo ID 915 en el día viernes de 18:00:00 a 19:00:00.','2025-01-08 05:17:27','177.240.150.144','ACTIVO'),(124,'desconocido@dominio.com','Actualización de asignación','Se actualizó la asignación ID 21703. Nuevo día: lunes, Hora de inicio: 17:00:00, Hora de fin: 18:00:00.','2025-01-08 05:18:40','189.243.236.146','ACTIVO'),(125,'desconocido@dominio.com','Actualización de asignación','Se actualizó la asignación ID 21704. Nuevo día: martes, Hora de inicio: 17:00:00, Hora de fin: 18:00:00.','2025-01-08 05:19:06','189.243.236.146','ACTIVO'),(126,'desconocido@dominio.com','Actualización de asignación','Se actualizó la asignación ID 21705. Nuevo día: miércoles, Hora de inicio: 17:00:00, Hora de fin: 18:00:00.','2025-01-08 05:19:11','189.243.236.146','ACTIVO'),(127,'desconocido@dominio.com','Actualización de asignación','Se actualizó la asignación ID 21690. Nuevo día: viernes, Hora de inicio: 13:00:00, Hora de fin: 14:00:00.','2025-01-08 05:19:20','189.243.236.146','ACTIVO'),(128,'desconocido@dominio.com','Actualización de asignación','Se actualizó la asignación ID 21696. Nuevo día: viernes, Hora de inicio: 14:00:00, Hora de fin: 15:00:00.','2025-01-08 05:19:25','189.243.236.146','ACTIVO'),(129,'desconocido@dominio.com','Actualización de asignación','Se actualizó la asignación ID 21699. Nuevo día: viernes, Hora de inicio: 15:00:00, Hora de fin: 16:00:00.','2025-01-08 05:19:30','189.243.236.146','ACTIVO'),(130,'desconocido@dominio.com','Actualización de asignación','Se actualizó la asignación ID 21702. Nuevo día: viernes, Hora de inicio: 16:00:00, Hora de fin: 17:00:00.','2025-01-08 05:19:36','189.243.236.146','ACTIVO'),(131,'desconocido@dominio.com','Actualización de asignación','Se actualizó la asignación ID 21691. Nuevo día: viernes, Hora de inicio: 17:00:00, Hora de fin: 18:00:00.','2025-01-08 05:19:42','189.243.236.146','ACTIVO'),(132,'desconocido@dominio.com','Actualización de asignación','Se actualizó la asignación ID 21700. Nuevo día: viernes, Hora de inicio: 18:00:00, Hora de fin: 19:00:00.','2025-01-08 05:19:47','189.243.236.146','ACTIVO'),(133,'desconocido@dominio.com','Actualización de asignación','Se actualizó la asignación ID 21705. Nuevo día: miércoles, Hora de inicio: 15:00:00, Hora de fin: 16:00:00.','2025-01-08 05:19:56','189.243.236.146','ACTIVO'),(134,'desconocido@dominio.com','Actualización de asignación','Se actualizó la asignación ID 21703. Nuevo día: lunes, Hora de inicio: 13:00:00, Hora de fin: 14:00:00.','2025-01-08 05:20:01','189.243.236.146','ACTIVO'),(135,'desconocido@dominio.com','Actualización de asignación','Se actualizó la asignación ID 22509. Nuevo día: jueves, Hora de inicio: 13:00:00, Hora de fin: 14:00:00.','2025-01-08 05:23:34','189.243.236.146','ACTIVO'),(136,'desconocido@dominio.com','Actualización de asignación','Se actualizó la asignación ID 22501. Nuevo día: lunes, Hora de inicio: 10:00:00, Hora de fin: 11:00:00.','2025-01-08 05:24:59','189.243.236.146','ACTIVO'),(137,'desconocido@dominio.com','Actualización de asignación','Se actualizó la asignación ID 22500. Nuevo día: lunes, Hora de inicio: 09:00:00, Hora de fin: 10:00:00.','2025-01-08 05:25:05','189.243.236.146','ACTIVO'),(138,'desconocido@dominio.com','Actualización de asignación','Se actualizó la asignación ID 22507. Nuevo día: jueves, Hora de inicio: 09:00:00, Hora de fin: 10:00:00.','2025-01-08 05:25:29','189.243.236.146','ACTIVO'),(139,'desconocido@dominio.com','Actualización de asignación','Se actualizó la asignación ID 22476. Nuevo día: jueves, Hora de inicio: 13:00:00, Hora de fin: 14:00:00.','2025-01-08 05:27:29','189.243.236.146','ACTIVO'),(140,'desconocido@dominio.com','Actualización de asignación','Se actualizó la asignación ID 22483. Nuevo día: miércoles, Hora de inicio: 13:00:00, Hora de fin: 14:00:00.','2025-01-08 05:27:49','189.243.236.146','ACTIVO'),(141,'desconocido@dominio.com','Actualización de asignación','Se actualizó la asignación ID 22475. Nuevo día: martes, Hora de inicio: 08:00:00, Hora de fin: 09:00:00.','2025-01-08 05:31:35','189.243.236.146','ACTIVO'),(142,'desconocido@dominio.com','Actualización de asignación','Se actualizó la asignación ID 22475. Nuevo día: martes, Hora de inicio: 07:00:00, Hora de fin: 08:00:00.','2025-01-08 05:31:41','189.243.236.146','ACTIVO'),(143,'desconocido@dominio.com','Actualización de asignación','Se actualizó la asignación ID 22475. Nuevo día: martes, Hora de inicio: 08:00:00, Hora de fin: 09:00:00.','2025-01-08 05:32:15','189.243.236.146','ACTIVO'),(144,'desconocido@dominio.com','Actualización de asignación','Se actualizó la asignación ID 22475. Nuevo día: martes, Hora de inicio: 07:00:00, Hora de fin: 08:00:00.','2025-01-08 05:32:22','189.243.236.146','ACTIVO'),(145,'desconocido@dominio.com','Actualización de asignación','Se actualizó la asignación ID 22475. Nuevo día: martes, Hora de inicio: 08:00:00, Hora de fin: 09:00:00.','2025-01-08 05:32:26','189.243.236.146','ACTIVO'),(146,'desconocido@dominio.com','Actualización de asignación','Se actualizó la asignación ID 20094. Nuevo día: sábado, Hora de inicio: 12:00:00, Hora de fin: 13:00:00.','2025-01-08 05:34:20','189.243.236.146','ACTIVO'),(147,'desconocido@dominio.com','Actualización de asignación','Se actualizó la asignación ID 20094. Nuevo día: jueves, Hora de inicio: 10:00:00, Hora de fin: 11:00:00.','2025-01-08 05:34:23','189.243.236.146','ACTIVO'),(148,'desconocido@dominio.com','Actualización de asignación','Se actualizó la asignación ID 22482. Nuevo día: martes, Hora de inicio: 13:00:00, Hora de fin: 14:00:00.','2025-01-08 05:34:37','189.243.236.146','ACTIVO'),(149,'desconocido@dominio.com','Actualización de asignación','Se actualizó la asignación ID 21751. Nuevo día: viernes, Hora de inicio: 11:00:00, Hora de fin: 12:00:00.','2025-01-08 05:37:15','189.243.236.146','ACTIVO'),(150,'desconocido@dominio.com','Actualización de asignación','Se actualizó la asignación ID 21746. Nuevo día: viernes, Hora de inicio: 12:00:00, Hora de fin: 13:00:00.','2025-01-08 05:39:39','189.243.236.146','ACTIVO'),(151,'desconocido@dominio.com','Actualización de asignación','Se actualizó la asignación ID 21739. Nuevo día: viernes, Hora de inicio: 13:00:00, Hora de fin: 14:00:00.','2025-01-08 05:39:46','189.243.236.146','ACTIVO'),(152,'desconocido@dominio.com','Actualización de asignación','Se actualizó la asignación ID 21740. Nuevo día: viernes, Hora de inicio: 14:00:00, Hora de fin: 15:00:00.','2025-01-08 05:40:05','189.243.236.146','ACTIVO'),(153,'desconocido@dominio.com','Actualización de asignación','Se actualizó la asignación ID 21746. Nuevo día: jueves, Hora de inicio: 14:00:00, Hora de fin: 15:00:00.','2025-01-08 05:40:10','189.243.236.146','ACTIVO'),(154,'desconocido@dominio.com','Actualización de asignación','Se actualizó la asignación ID 21740. Nuevo día: viernes, Hora de inicio: 12:00:00, Hora de fin: 13:00:00.','2025-01-08 05:40:15','189.243.236.146','ACTIVO'),(155,'desconocido@dominio.com','Actualización de asignación','Se actualizó la asignación ID 21750. Nuevo día: miércoles, Hora de inicio: 08:00:00, Hora de fin: 09:00:00.','2025-01-08 05:41:20','189.243.236.146','ACTIVO'),(156,'desconocido@dominio.com','Actualización de asignación','Se actualizó la asignación ID 21749. Nuevo día: miércoles, Hora de inicio: 07:00:00, Hora de fin: 08:00:00.','2025-01-08 05:41:26','189.243.236.146','ACTIVO'),(157,'desconocido@dominio.com','Actualización de asignación','Se actualizó la asignación ID 21727. Nuevo día: jueves, Hora de inicio: 12:00:00, Hora de fin: 13:00:00.','2025-01-08 05:41:30','189.243.236.146','ACTIVO'),(158,'desconocido@dominio.com','Actualización de asignación','Se actualizó la asignación ID 21728. Nuevo día: jueves, Hora de inicio: 13:00:00, Hora de fin: 14:00:00.','2025-01-08 05:41:35','189.243.236.146','ACTIVO'),(159,'desconocido@dominio.com','Actualización de asignación','Se actualizó la asignación ID 21735. Nuevo día: lunes, Hora de inicio: 10:00:00, Hora de fin: 11:00:00.','2025-01-08 05:41:44','189.243.236.146','ACTIVO'),(160,'desconocido@dominio.com','Actualización de asignación','Se actualizó la asignación ID 21749. Nuevo día: martes, Hora de inicio: 09:00:00, Hora de fin: 10:00:00.','2025-01-08 05:44:28','189.243.236.146','ACTIVO'),(161,'desconocido@dominio.com','Actualización de asignación','Se actualizó la asignación ID 21772. Nuevo día: sábado, Hora de inicio: 12:00:00, Hora de fin: 13:00:00.','2025-01-08 05:48:16','189.243.236.146','ACTIVO'),(162,'desconocido@dominio.com','Actualización de asignación','Se actualizó la asignación ID 21773. Nuevo día: sábado, Hora de inicio: 13:00:00, Hora de fin: 14:00:00.','2025-01-08 05:48:21','189.243.236.146','ACTIVO'),(163,'desconocido@dominio.com','Actualización de asignación','Se actualizó la asignación ID 20388. Nuevo día: jueves, Hora de inicio: 12:00:00, Hora de fin: 13:00:00.','2025-01-08 05:48:33','189.243.236.146','ACTIVO'),(164,'desconocido@dominio.com','Actualización de asignación','Se actualizó la asignación ID 20387. Nuevo día: jueves, Hora de inicio: 13:00:00, Hora de fin: 14:00:00.','2025-01-08 05:48:39','189.243.236.146','ACTIVO'),(165,'desconocido@dominio.com','Actualización de asignación','Se actualizó la asignación ID 21772. Nuevo día: miércoles, Hora de inicio: 15:00:00, Hora de fin: 16:00:00.','2025-01-08 05:48:49','189.243.236.146','ACTIVO'),(166,'desconocido@dominio.com','Actualización de asignación','Se actualizó la asignación ID 21772. Nuevo día: jueves, Hora de inicio: 15:00:00, Hora de fin: 16:00:00.','2025-01-08 05:48:58','189.243.236.146','ACTIVO'),(167,'desconocido@dominio.com','Actualización de asignación','Se actualizó la asignación ID 21775. Nuevo día: miércoles, Hora de inicio: 15:00:00, Hora de fin: 16:00:00.','2025-01-08 05:49:05','189.243.236.146','ACTIVO'),(168,'desconocido@dominio.com','Actualización de asignación','Se actualizó la asignación ID 21773. Nuevo día: jueves, Hora de inicio: 16:00:00, Hora de fin: 17:00:00.','2025-01-08 05:49:10','189.243.236.146','ACTIVO'),(169,'desconocido@dominio.com','Actualización de asignación','Se actualizó la asignación ID 21779. Nuevo día: martes, Hora de inicio: 19:00:00, Hora de fin: 20:00:00.','2025-01-08 05:49:51','189.243.236.146','ACTIVO'),(170,'desconocido@dominio.com','Actualización de asignación','Se actualizó la asignación ID 21781. Nuevo día: viernes, Hora de inicio: 16:00:00, Hora de fin: 17:00:00.','2025-01-08 05:49:56','189.243.236.146','ACTIVO'),(171,'desconocido@dominio.com','Actualización de asignación','Se actualizó la asignación ID 21992. Nuevo día: viernes, Hora de inicio: 12:00:00, Hora de fin: 13:00:00.','2025-01-08 05:53:22','189.243.236.146','ACTIVO'),(172,'desconocido@dominio.com','Actualización de asignación','Se actualizó la asignación ID 21993. Nuevo día: viernes, Hora de inicio: 13:00:00, Hora de fin: 14:00:00.','2025-01-08 05:54:29','189.243.236.146','ACTIVO'),(173,'desconocido@dominio.com','Actualización de asignación','Se actualizó la asignación ID 22026. Nuevo día: jueves, Hora de inicio: 12:00:00, Hora de fin: 13:00:00.','2025-01-08 05:54:50','189.243.236.146','ACTIVO'),(174,'desconocido@dominio.com','Actualización de asignación','Se actualizó la asignación ID 22028. Nuevo día: jueves, Hora de inicio: 10:00:00, Hora de fin: 11:00:00.','2025-01-08 05:55:17','189.243.236.146','ACTIVO'),(175,'desconocido@dominio.com','Actualización de asignación','Se actualizó la asignación ID 21993. Nuevo día: jueves, Hora de inicio: 11:00:00, Hora de fin: 12:00:00.','2025-01-08 05:55:46','189.243.236.146','ACTIVO'),(176,'desconocido@dominio.com','Actualización de asignación','Se actualizó la asignación ID 21992. Nuevo día: miércoles, Hora de inicio: 14:00:00, Hora de fin: 15:00:00.','2025-01-08 05:55:56','189.243.236.146','ACTIVO'),(177,'desconocido@dominio.com','Actualización de asignación','Se actualizó la asignación ID 22031. Nuevo día: jueves, Hora de inicio: 14:00:00, Hora de fin: 15:00:00.','2025-01-08 05:59:10','189.243.236.146','ACTIVO'),(178,'desconocido@dominio.com','Actualización de asignación','Se actualizó la asignación ID 22020. Nuevo día: miércoles, Hora de inicio: 13:00:00, Hora de fin: 14:00:00.','2025-01-08 06:00:44','189.243.236.146','ACTIVO'),(179,'desconocido@dominio.com','Actualización de asignación','Se actualizó la asignación ID 22025. Nuevo día: miércoles, Hora de inicio: 09:00:00, Hora de fin: 10:00:00.','2025-01-08 06:00:57','189.243.236.146','ACTIVO'),(180,'desconocido@dominio.com','Actualización de asignación','Se actualizó la asignación ID 22032. Nuevo día: viernes, Hora de inicio: 14:00:00, Hora de fin: 15:00:00.','2025-01-08 06:02:53','189.243.236.146','ACTIVO'),(181,'desconocido@dominio.com','Actualización de asignación','Se actualizó la asignación ID 22032. Nuevo día: viernes, Hora de inicio: 11:00:00, Hora de fin: 12:00:00.','2025-01-08 06:03:15','189.243.236.146','ACTIVO'),(182,'desconocido@dominio.com','Actualización de asignación','Se actualizó la asignación ID 22033. Nuevo día: viernes, Hora de inicio: 14:00:00, Hora de fin: 15:00:00.','2025-01-08 06:03:21','189.243.236.146','ACTIVO'),(183,'desconocido@dominio.com','Actualización de asignación','Se actualizó la asignación ID 21994. Nuevo día: viernes, Hora de inicio: 12:00:00, Hora de fin: 13:00:00.','2025-01-08 06:03:28','189.243.236.146','ACTIVO'),(184,'desconocido@dominio.com','Actualización de asignación','Se actualizó la asignación ID 22031. Nuevo día: viernes, Hora de inicio: 12:00:00, Hora de fin: 13:00:00.','2025-01-08 06:04:05','189.243.236.146','ACTIVO'),(185,'desconocido@dominio.com','Actualización de asignación','Se actualizó la asignación ID 21958. Nuevo día: sábado, Hora de inicio: 12:00:00, Hora de fin: 13:00:00.','2025-01-08 06:04:56','189.243.236.146','ACTIVO'),(186,'desconocido@dominio.com','Actualización de asignación','Se actualizó la asignación ID 21959. Nuevo día: sábado, Hora de inicio: 13:00:00, Hora de fin: 14:00:00.','2025-01-08 06:04:59','189.243.236.146','ACTIVO'),(187,'desconocido@dominio.com','Actualización de asignación','Se actualizó la asignación ID 22032. Nuevo día: viernes, Hora de inicio: 07:00:00, Hora de fin: 08:00:00.','2025-01-08 06:06:04','189.243.236.146','ACTIVO'),(188,'desconocido@dominio.com','Actualización de asignación','Se actualizó la asignación ID 22031. Nuevo día: viernes, Hora de inicio: 08:00:00, Hora de fin: 09:00:00.','2025-01-08 06:06:09','189.243.236.146','ACTIVO'),(189,'desconocido@dominio.com','Actualización de asignación','Se actualizó la asignación ID 21935. Nuevo día: viernes, Hora de inicio: 12:00:00, Hora de fin: 13:00:00.','2025-01-08 06:06:20','189.243.236.146','ACTIVO'),(190,'desconocido@dominio.com','Actualización de asignación','Se actualizó la asignación ID 21934. Nuevo día: viernes, Hora de inicio: 13:00:00, Hora de fin: 14:00:00.','2025-01-08 06:06:23','189.243.236.146','ACTIVO'),(191,'desconocido@dominio.com','Actualización de asignación','Se actualizó la asignación ID 21958. Nuevo día: lunes, Hora de inicio: 16:00:00, Hora de fin: 17:00:00.','2025-01-08 06:06:28','189.243.236.146','ACTIVO'),(192,'desconocido@dominio.com','Actualización de asignación','Se actualizó la asignación ID 21959. Nuevo día: lunes, Hora de inicio: 17:00:00, Hora de fin: 18:00:00.','2025-01-08 06:06:31','189.243.236.146','ACTIVO'),(193,'desconocido@dominio.com','Actualización de asignación','Se actualizó la asignación ID 22033. Nuevo día: jueves, Hora de inicio: 11:00:00, Hora de fin: 12:00:00.','2025-01-08 06:07:12','189.243.236.146','ACTIVO'),(194,'desconocido@dominio.com','Actualización de asignación','Se actualizó la asignación ID 22034. Nuevo día: miércoles, Hora de inicio: 14:00:00, Hora de fin: 15:00:00.','2025-01-08 06:07:29','189.243.236.146','ACTIVO'),(195,'desconocido@dominio.com','Actualización de asignación','Se actualizó la asignación ID 22055. Nuevo día: viernes, Hora de inicio: 08:00:00, Hora de fin: 09:00:00.','2025-01-08 06:09:03','189.243.236.146','ACTIVO'),(196,'desconocido@dominio.com','Actualización de asignación','Se actualizó la asignación ID 22096. Nuevo día: sábado, Hora de inicio: 11:00:00, Hora de fin: 12:00:00.','2025-01-08 06:12:08','189.243.236.146','ACTIVO'),(197,'desconocido@dominio.com','Actualización de asignación','Se actualizó la asignación ID 22107. Nuevo día: miércoles, Hora de inicio: 07:00:00, Hora de fin: 08:00:00.','2025-01-08 06:12:16','189.243.236.146','ACTIVO'),(198,'desconocido@dominio.com','Actualización de asignación','Se actualizó la asignación ID 22096. Nuevo día: viernes, Hora de inicio: 11:00:00, Hora de fin: 12:00:00.','2025-01-08 06:12:20','189.243.236.146','ACTIVO'),(199,'desconocido@dominio.com','Actualización de asignación','Se actualizó la asignación ID 22345. Nuevo día: sábado, Hora de inicio: 11:00:00, Hora de fin: 12:00:00.','2025-01-08 06:12:58','189.243.236.146','ACTIVO'),(200,'desconocido@dominio.com','Actualización de asignación','Se actualizó la asignación ID 22357. Nuevo día: martes, Hora de inicio: 09:00:00, Hora de fin: 10:00:00.','2025-01-08 06:13:01','189.243.236.146','ACTIVO'),(201,'desconocido@dominio.com','Actualización de asignación','Se actualizó la asignación ID 22345. Nuevo día: viernes, Hora de inicio: 11:00:00, Hora de fin: 12:00:00.','2025-01-08 06:13:04','189.243.236.146','ACTIVO'),(202,'desconocido@dominio.com','Actualización de asignación','Se actualizó la asignación ID 22164. Nuevo día: miércoles, Hora de inicio: 14:00:00, Hora de fin: 15:00:00.','2025-01-08 06:14:35','189.243.236.146','ACTIVO'),(203,'desconocido@dominio.com','Actualización de asignación','Se actualizó la asignación ID 22141. Nuevo día: viernes, Hora de inicio: 10:00:00, Hora de fin: 11:00:00.','2025-01-08 06:15:32','189.243.236.146','ACTIVO'),(204,'desconocido@dominio.com','Actualización de asignación','Se actualizó la asignación ID 22146. Nuevo día: viernes, Hora de inicio: 11:00:00, Hora de fin: 12:00:00.','2025-01-08 06:15:36','189.243.236.146','ACTIVO'),(205,'desconocido@dominio.com','Actualización de asignación','Se actualizó la asignación ID 22188. Nuevo día: jueves, Hora de inicio: 11:00:00, Hora de fin: 12:00:00.','2025-01-08 06:16:28','189.243.236.146','ACTIVO'),(206,'desconocido@dominio.com','Actualización de asignación','Se actualizó la asignación ID 22183. Nuevo día: miércoles, Hora de inicio: 11:00:00, Hora de fin: 12:00:00.','2025-01-08 06:18:10','189.243.236.146','ACTIVO'),(207,'desconocido@dominio.com','Actualización de asignación','Se actualizó la asignación ID 22194. Nuevo día: jueves, Hora de inicio: 17:00:00, Hora de fin: 18:00:00.','2025-01-08 06:18:47','189.243.236.146','ACTIVO'),(208,'desconocido@dominio.com','Actualización de asignación','Se actualizó la asignación ID 22178. Nuevo día: jueves, Hora de inicio: 12:00:00, Hora de fin: 13:00:00.','2025-01-08 06:26:03','189.243.236.146','ACTIVO'),(209,'desconocido@dominio.com','Actualización de asignación','Se actualizó la asignación ID 22183. Nuevo día: viernes, Hora de inicio: 11:00:00, Hora de fin: 12:00:00.','2025-01-08 06:26:14','189.243.236.146','ACTIVO'),(210,'desconocido@dominio.com','Actualización de asignación','Se actualizó la asignación ID 22179. Nuevo día: miércoles, Hora de inicio: 14:00:00, Hora de fin: 15:00:00.','2025-01-08 06:26:42','189.243.236.146','ACTIVO'),(211,'desconocido@dominio.com','Actualización de asignación','Se actualizó la asignación ID 22187. Nuevo día: miércoles, Hora de inicio: 15:00:00, Hora de fin: 16:00:00.','2025-01-08 06:26:46','189.243.236.146','ACTIVO'),(212,'desconocido@dominio.com','Actualización de asignación','Se actualizó la asignación ID 22189. Nuevo día: jueves, Hora de inicio: 16:00:00, Hora de fin: 17:00:00.','2025-01-08 06:26:55','189.243.236.146','ACTIVO'),(213,'desconocido@dominio.com','Actualización de asignación','Se actualizó la asignación ID 22193. Nuevo día: miércoles, Hora de inicio: 11:00:00, Hora de fin: 12:00:00.','2025-01-08 06:27:06','189.243.236.146','ACTIVO'),(214,'desconocido@dominio.com','Actualización de asignación','Se actualizó la asignación ID 22218. Nuevo día: jueves, Hora de inicio: 18:00:00, Hora de fin: 19:00:00.','2025-01-08 06:29:14','189.243.236.146','ACTIVO'),(215,'desconocido@dominio.com','Actualización de asignación','Se actualizó la asignación ID 22219. Nuevo día: jueves, Hora de inicio: 11:00:00, Hora de fin: 12:00:00.','2025-01-08 06:29:21','189.243.236.146','ACTIVO'),(216,'desconocido@dominio.com','Actualización de asignación','Se actualizó la asignación ID 22220. Nuevo día: jueves, Hora de inicio: 10:00:00, Hora de fin: 11:00:00.','2025-01-08 06:29:26','189.243.236.146','ACTIVO'),(217,'desconocido@dominio.com','Actualización de asignación','Se actualizó la asignación ID 22202. Nuevo día: viernes, Hora de inicio: 12:00:00, Hora de fin: 13:00:00.','2025-01-08 06:29:34','189.243.236.146','ACTIVO'),(218,'desconocido@dominio.com','Actualización de asignación','Se actualizó la asignación ID 22203. Nuevo día: viernes, Hora de inicio: 13:00:00, Hora de fin: 14:00:00.','2025-01-08 06:29:40','189.243.236.146','ACTIVO'),(219,'desconocido@dominio.com','Actualización de asignación','Se actualizó la asignación ID 22198. Nuevo día: viernes, Hora de inicio: 14:00:00, Hora de fin: 15:00:00.','2025-01-08 06:29:43','189.243.236.146','ACTIVO'),(220,'desconocido@dominio.com','Actualización de asignación','Se actualizó la asignación ID 22214. Nuevo día: martes, Hora de inicio: 16:00:00, Hora de fin: 17:00:00.','2025-01-08 06:30:34','189.243.236.146','ACTIVO'),(221,'desconocido@dominio.com','Actualización de asignación','Se actualizó la asignación ID 22211. Nuevo día: jueves, Hora de inicio: 13:00:00, Hora de fin: 14:00:00.','2025-01-08 06:30:40','189.243.236.146','ACTIVO'),(222,'desconocido@dominio.com','Actualización de asignación','Se actualizó la asignación ID 22220. Nuevo día: lunes, Hora de inicio: 17:00:00, Hora de fin: 18:00:00.','2025-01-08 06:30:45','189.243.236.146','ACTIVO'),(223,'desconocido@dominio.com','Actualización de asignación','Se actualizó la asignación ID 22219. Nuevo día: martes, Hora de inicio: 17:00:00, Hora de fin: 18:00:00.','2025-01-08 06:30:49','189.243.236.146','ACTIVO'),(224,'desconocido@dominio.com','Actualización de asignación','Se actualizó la asignación ID 22224. Nuevo día: miércoles, Hora de inicio: 18:00:00, Hora de fin: 19:00:00.','2025-01-08 06:30:55','189.243.236.146','ACTIVO'),(225,'desconocido@dominio.com','Actualización de asignación','Se actualizó la asignación ID 22216. Nuevo día: viernes, Hora de inicio: 18:00:00, Hora de fin: 19:00:00.','2025-01-08 06:31:12','189.243.236.146','ACTIVO'),(226,'desconocido@dominio.com','Actualización de asignación','Se actualizó la asignación ID 22218. Nuevo día: jueves, Hora de inicio: 16:00:00, Hora de fin: 17:00:00.','2025-01-08 06:31:17','189.243.236.146','ACTIVO'),(227,'desconocido@dominio.com','Actualización de asignación','Se actualizó la asignación ID 22216. Nuevo día: jueves, Hora de inicio: 18:00:00, Hora de fin: 19:00:00.','2025-01-08 06:31:21','189.243.236.146','ACTIVO'),(228,'desconocido@dominio.com','Actualización de asignación','Se actualizó la asignación ID 22255. Nuevo día: jueves, Hora de inicio: 13:00:00, Hora de fin: 14:00:00.','2025-01-08 06:32:20','189.243.236.146','ACTIVO'),(229,'desconocido@dominio.com','Actualización de asignación','Se actualizó la asignación ID 22290. Nuevo día: jueves, Hora de inicio: 12:00:00, Hora de fin: 13:00:00.','2025-01-08 06:33:41','189.243.236.146','ACTIVO'),(230,'desconocido@dominio.com','Actualización de asignación','Se actualizó la asignación ID 22291. Nuevo día: viernes, Hora de inicio: 12:00:00, Hora de fin: 13:00:00.','2025-01-08 06:33:44','189.243.236.146','ACTIVO'),(231,'desconocido@dominio.com','Actualización de asignación','Se actualizó la asignación ID 22283. Nuevo día: viernes, Hora de inicio: 10:00:00, Hora de fin: 11:00:00.','2025-01-08 06:33:50','189.243.236.146','ACTIVO'),(232,'desconocido@dominio.com','Actualización de asignación','Se actualizó la asignación ID 22284. Nuevo día: viernes, Hora de inicio: 11:00:00, Hora de fin: 12:00:00.','2025-01-08 06:33:55','189.243.236.146','ACTIVO'),(233,'desconocido@dominio.com','Actualización de asignación','Se actualizó la asignación ID 22290. Nuevo día: miércoles, Hora de inicio: 11:00:00, Hora de fin: 12:00:00.','2025-01-08 06:34:00','189.243.236.146','ACTIVO'),(234,'desconocido@dominio.com','Actualización de asignación','Se actualizó la asignación ID 22291. Nuevo día: jueves, Hora de inicio: 07:00:00, Hora de fin: 08:00:00.','2025-01-08 06:34:04','189.243.236.146','ACTIVO'),(235,'desconocido@dominio.com','Actualización de asignación','Se actualizó la asignación ID 22307. Nuevo día: sábado, Hora de inicio: 09:00:00, Hora de fin: 10:00:00.','2025-01-08 06:34:52','189.243.236.146','ACTIVO'),(236,'desconocido@dominio.com','Actualización de asignación','Se actualizó la asignación ID 22310. Nuevo día: jueves, Hora de inicio: 09:00:00, Hora de fin: 10:00:00.','2025-01-08 06:34:56','189.243.236.146','ACTIVO'),(237,'desconocido@dominio.com','Actualización de asignación','Se actualizó la asignación ID 22307. Nuevo día: viernes, Hora de inicio: 08:00:00, Hora de fin: 09:00:00.','2025-01-08 06:35:01','189.243.236.146','ACTIVO'),(238,'desconocido@dominio.com','Actualización de asignación','Se actualizó la asignación ID 21138. Nuevo día: miércoles, Hora de inicio: 11:00:00, Hora de fin: 12:00:00.','2025-01-08 06:40:08','189.243.236.146','ACTIVO'),(239,'desconocido@dominio.com','Actualización de asignación','Se actualizó la asignación ID 21724. Nuevo día: lunes, Hora de inicio: 10:00:00, Hora de fin: 11:00:00.','2025-01-08 06:41:24','189.243.236.146','ACTIVO'),(240,'desconocido@dominio.com','Actualización de asignación','Se actualizó la asignación ID 21723. Nuevo día: jueves, Hora de inicio: 10:00:00, Hora de fin: 11:00:00.','2025-01-08 06:41:27','189.243.236.146','ACTIVO'),(241,'desconocido@dominio.com','Actualización de asignación','Se actualizó la asignación ID 21723. Nuevo día: jueves, Hora de inicio: 11:00:00, Hora de fin: 12:00:00.','2025-01-08 06:41:41','189.243.236.146','ACTIVO'),(242,'desconocido@dominio.com','Actualización de asignación','Se actualizó la asignación ID 21719. Nuevo día: jueves, Hora de inicio: 10:00:00, Hora de fin: 11:00:00.','2025-01-08 06:42:02','189.243.236.146','ACTIVO'),(243,'desconocido@dominio.com','Actualización de asignación','Se actualizó la asignación ID 21723. Nuevo día: miércoles, Hora de inicio: 10:00:00, Hora de fin: 11:00:00.','2025-01-08 06:42:09','189.243.236.146','ACTIVO'),(244,'desconocido@dominio.com','Actualización de asignación','Se actualizó la asignación ID 21714. Nuevo día: jueves, Hora de inicio: 11:00:00, Hora de fin: 12:00:00.','2025-01-08 06:42:49','189.243.236.146','ACTIVO'),(245,'desconocido@dominio.com','Actualización de asignación','Se actualizó la asignación ID 21720. Nuevo día: martes, Hora de inicio: 07:00:00, Hora de fin: 08:00:00.','2025-01-08 06:43:26','189.243.236.146','ACTIVO'),(246,'desconocido@dominio.com','Actualización de asignación','Se actualizó la asignación ID 21708. Nuevo día: miércoles, Hora de inicio: 11:00:00, Hora de fin: 12:00:00.','2025-01-08 06:43:30','189.243.236.146','ACTIVO'),(247,'desconocido@dominio.com','Actualización de asignación','Se actualizó la asignación ID 21723. Nuevo día: lunes, Hora de inicio: 07:00:00, Hora de fin: 08:00:00.','2025-01-08 06:43:37','189.243.236.146','ACTIVO'),(248,'desconocido@dominio.com','Actualización de asignación','Se actualizó la asignación ID 21709. Nuevo día: miércoles, Hora de inicio: 10:00:00, Hora de fin: 11:00:00.','2025-01-08 06:43:42','189.243.236.146','ACTIVO'),(249,'desconocido@dominio.com','Actualización de asignación','Se actualizó la asignación ID 21723. Nuevo día: lunes, Hora de inicio: 08:00:00, Hora de fin: 09:00:00.','2025-01-08 06:43:46','189.243.236.146','ACTIVO'),(250,'desconocido@dominio.com','Actualización de asignación','Se actualizó la asignación ID 21719. Nuevo día: lunes, Hora de inicio: 07:00:00, Hora de fin: 08:00:00.','2025-01-08 06:44:10','189.243.236.146','ACTIVO'),(251,'desconocido@dominio.com','Actualización de asignación','Se actualizó la asignación ID 21715. Nuevo día: jueves, Hora de inicio: 10:00:00, Hora de fin: 11:00:00.','2025-01-08 06:44:15','189.243.236.146','ACTIVO'),(252,'desconocido@dominio.com','Actualización de asignación','Se actualizó la asignación ID 21710. Nuevo día: martes, Hora de inicio: 09:00:00, Hora de fin: 10:00:00.','2025-01-08 06:46:29','189.243.236.146','ACTIVO'),(253,'desconocido@dominio.com','Actualización de asignación','Se actualizó la asignación ID 21723. Nuevo día: lunes, Hora de inicio: 09:00:00, Hora de fin: 10:00:00.','2025-01-08 06:46:34','189.243.236.146','ACTIVO'),(254,'desconocido@dominio.com','Actualización de asignación','Se actualizó la asignación ID 21710. Nuevo día: lunes, Hora de inicio: 08:00:00, Hora de fin: 09:00:00.','2025-01-08 06:46:39','189.243.236.146','ACTIVO'),(255,'desconocido@dominio.com','Actualización de asignación','Se actualizó la asignación ID 21720. Nuevo día: martes, Hora de inicio: 09:00:00, Hora de fin: 10:00:00.','2025-01-08 06:46:45','189.243.236.146','ACTIVO'),(256,'desconocido@dominio.com','Actualización de asignación','Se actualizó la asignación ID 22193. Nuevo día: viernes, Hora de inicio: 16:00:00, Hora de fin: 17:00:00.','2025-01-08 06:48:38','189.243.236.146','ACTIVO'),(257,'desconocido@dominio.com','Actualización de asignación','Se actualizó la asignación ID 22191. Nuevo día: viernes, Hora de inicio: 15:00:00, Hora de fin: 16:00:00.','2025-01-08 06:49:05','189.243.236.146','ACTIVO'),(258,'desconocido@dominio.com','Actualización de asignación','Se actualizó la asignación ID 22181. Nuevo día: viernes, Hora de inicio: 13:00:00, Hora de fin: 14:00:00.','2025-01-08 06:49:15','189.243.236.146','ACTIVO'),(259,'desconocido@dominio.com','Actualización de asignación','Se actualizó la asignación ID 22328. Nuevo día: viernes, Hora de inicio: 09:00:00, Hora de fin: 10:00:00.','2025-01-08 06:51:22','189.243.236.146','ACTIVO'),(260,'desconocido@dominio.com','Actualización de asignación','Se actualizó la asignación ID 22180. Nuevo día: miércoles, Hora de inicio: 11:00:00, Hora de fin: 12:00:00.','2025-01-08 06:51:33','189.243.236.146','ACTIVO'),(261,'desconocido@dominio.com','Actualización de asignación','Se actualizó la asignación ID 22193. Nuevo día: miércoles, Hora de inicio: 16:00:00, Hora de fin: 17:00:00.','2025-01-08 06:51:39','189.243.236.146','ACTIVO'),(262,'desconocido@dominio.com','Actualización de asignación','Se actualizó la asignación ID 22194. Nuevo día: miércoles, Hora de inicio: 17:00:00, Hora de fin: 18:00:00.','2025-01-08 06:51:44','189.243.236.146','ACTIVO'),(263,'desconocido@dominio.com','Actualización de asignación','Se actualizó la asignación ID 22516. Nuevo día: martes, Hora de inicio: 10:00:00, Hora de fin: 11:00:00.','2025-01-08 06:52:11','189.243.236.146','ACTIVO'),(264,'desconocido@dominio.com','Actualización de asignación','Se actualizó la asignación ID 22512. Nuevo día: jueves, Hora de inicio: 11:00:00, Hora de fin: 12:00:00.','2025-01-08 06:53:26','189.243.236.146','ACTIVO'),(265,'desconocido@dominio.com','Actualización de asignación','Se actualizó la asignación ID 22513. Nuevo día: jueves, Hora de inicio: 12:00:00, Hora de fin: 13:00:00.','2025-01-08 06:53:31','189.243.236.146','ACTIVO'),(266,'desconocido@dominio.com','Actualización de asignación','Se actualizó la asignación ID 22513. Nuevo día: lunes, Hora de inicio: 08:00:00, Hora de fin: 09:00:00.','2025-01-08 06:53:43','189.243.236.146','ACTIVO'),(267,'desconocido@dominio.com','Actualización de asignación','Se actualizó la asignación ID 22518. Nuevo día: jueves, Hora de inicio: 12:00:00, Hora de fin: 13:00:00.','2025-01-08 06:53:48','189.243.236.146','ACTIVO'),(268,'desconocido@dominio.com','Actualización de asignación','Se actualizó la asignación ID 22521. Nuevo día: miércoles, Hora de inicio: 07:00:00, Hora de fin: 08:00:00.','2025-01-08 06:54:31','189.243.236.146','ACTIVO'),(269,'desconocido@dominio.com','Actualización de asignación','Se actualizó la asignación ID 22520. Nuevo día: viernes, Hora de inicio: 10:00:00, Hora de fin: 11:00:00.','2025-01-08 06:54:45','189.243.236.146','ACTIVO'),(270,'desconocido@dominio.com','Actualización de asignación','Se actualizó la asignación ID 22526. Nuevo día: miércoles, Hora de inicio: 12:00:00, Hora de fin: 13:00:00.','2025-01-08 06:55:29','189.243.236.146','ACTIVO'),(271,'desconocido@dominio.com','Actualización de asignación','Se actualizó la asignación ID 22527. Nuevo día: martes, Hora de inicio: 13:00:00, Hora de fin: 14:00:00.','2025-01-08 06:55:35','189.243.236.146','ACTIVO'),(272,'mequihua@ut-morelia.edu.mx','Eliminación de asignación manual','Se eliminó la asignación con ID 960 del grupo ID 888.','2025-01-08 06:57:18','177.240.132.46','ACTIVO'),(273,'mequihua@ut-morelia.edu.mx','Eliminación de asignación manual','Se eliminó la asignación con ID 961 del grupo ID 888.','2025-01-08 06:57:25','177.240.132.46','ACTIVO'),(274,'mequihua@ut-morelia.edu.mx','Eliminación de asignación manual','Se eliminó la asignación con ID 958 del grupo ID 888.','2025-01-08 06:57:31','177.240.132.46','ACTIVO'),(275,'mequihua@ut-morelia.edu.mx','Eliminación de asignación manual','Se eliminó la asignación con ID 959 del grupo ID 888.','2025-01-08 06:57:35','177.240.132.46','ACTIVO'),(276,'desconocido@dominio.com','Actualización de asignación','Se actualizó la asignación ID 22359. Nuevo día: jueves, Hora de inicio: 18:00:00, Hora de fin: 19:00:00.','2025-01-08 06:58:25','189.243.236.146','ACTIVO'),(277,'desconocido@dominio.com','Actualización de asignación','Se actualizó la asignación ID 22359. Nuevo día: lunes, Hora de inicio: 14:00:00, Hora de fin: 15:00:00.','2025-01-08 06:58:38','189.243.236.146','ACTIVO'),(278,'desconocido@dominio.com','Actualización de asignación','Se actualizó la asignación ID 22409. Nuevo día: viernes, Hora de inicio: 11:00:00, Hora de fin: 12:00:00.','2025-01-08 07:03:13','189.243.236.146','ACTIVO'),(279,'mequihua@ut-morelia.edu.mx','Asignación manual de horario','Se asignó la materia ID 1707 al grupo ID 888 en el día sábado de 10:00:00 a 11:00:00.','2025-01-08 07:03:34','177.240.132.46','ACTIVO'),(280,'mequihua@ut-morelia.edu.mx','Asignación manual de horario','Se asignó la materia ID 1707 al grupo ID 888 en el día sábado de 11:00:00 a 12:00:00.','2025-01-08 07:03:40','177.240.132.46','ACTIVO'),(281,'mequihua@ut-morelia.edu.mx','Asignación manual de horario','Se asignó la materia ID 1714 al grupo ID 888 en el día viernes de 18:00:00 a 19:00:00.','2025-01-08 07:03:55','177.240.132.46','ACTIVO'),(282,'mequihua@ut-morelia.edu.mx','Asignación manual de horario','Se asignó la materia ID 1714 al grupo ID 888 en el día viernes de 19:00:00 a 20:00:00.','2025-01-08 07:04:02','177.240.132.46','ACTIVO'),(283,'mequihua@ut-morelia.edu.mx','Eliminación de asignación manual','Se eliminó la asignación con ID 967 del grupo ID 889.','2025-01-08 07:05:32','177.240.132.46','ACTIVO'),(284,'desconocido@dominio.com','Actualización de asignación','Se actualizó la asignación ID 22428. Nuevo día: viernes, Hora de inicio: 18:00:00, Hora de fin: 19:00:00.','2025-01-08 07:05:35','189.243.236.146','ACTIVO'),(285,'desconocido@dominio.com','Actualización de asignación','Se actualizó la asignación ID 22438. Nuevo día: martes, Hora de inicio: 13:00:00, Hora de fin: 14:00:00.','2025-01-08 07:05:41','189.243.236.146','ACTIVO'),(286,'desconocido@dominio.com','Actualización de asignación','Se actualizó la asignación ID 22428. Nuevo día: viernes, Hora de inicio: 15:00:00, Hora de fin: 16:00:00.','2025-01-08 07:05:46','189.243.236.146','ACTIVO'),(287,'mequihua@ut-morelia.edu.mx','Eliminación de asignación manual','Se eliminó la asignación con ID 970 del grupo ID 889.','2025-01-08 07:06:42','177.240.132.46','ACTIVO'),(288,'desconocido@dominio.com','Actualización de asignación','Se actualizó la asignación ID 22579. Nuevo día: jueves, Hora de inicio: 11:00:00, Hora de fin: 12:00:00.','2025-01-08 07:09:08','189.243.236.146','ACTIVO'),(289,'desconocido@dominio.com','Actualización de asignación','Se actualizó la asignación ID 22578. Nuevo día: viernes, Hora de inicio: 11:00:00, Hora de fin: 12:00:00.','2025-01-08 07:09:13','189.243.236.146','ACTIVO'),(290,'desconocido@dominio.com','Actualización de asignación','Se actualizó la asignación ID 22575. Nuevo día: jueves, Hora de inicio: 18:00:00, Hora de fin: 19:00:00.','2025-01-08 07:09:23','189.243.236.146','ACTIVO'),(291,'desconocido@dominio.com','Actualización de asignación','Se actualizó la asignación ID 22551. Nuevo día: viernes, Hora de inicio: 12:00:00, Hora de fin: 13:00:00.','2025-01-08 07:10:43','189.243.236.146','ACTIVO'),(292,'desconocido@dominio.com','Actualización de asignación','Se actualizó la asignación ID 22574. Nuevo día: jueves, Hora de inicio: 12:00:00, Hora de fin: 13:00:00.','2025-01-08 07:10:49','189.243.236.146','ACTIVO'),(293,'mequihua@ut-morelia.edu.mx','Eliminación de asignación manual','Se eliminó la asignación con ID 979 del grupo ID 892.','2025-01-08 07:10:58','177.240.132.46','ACTIVO'),(294,'mequihua@ut-morelia.edu.mx','Eliminación de asignación manual','Se eliminó la asignación con ID 978 del grupo ID 892.','2025-01-08 07:11:01','177.240.132.46','ACTIVO'),(295,'mequihua@ut-morelia.edu.mx','Asignación manual de horario','Se asignó la materia ID 2032 al grupo ID 892 en el día sábado de 07:00:00 a 08:00:00.','2025-01-08 07:11:11','177.240.132.46','ACTIVO'),(296,'mequihua@ut-morelia.edu.mx','Asignación manual de horario','Se asignó la materia ID 2032 al grupo ID 892 en el día sábado de 08:00:00 a 09:00:00.','2025-01-08 07:11:16','177.240.132.46','ACTIVO'),(297,'mequihua@ut-morelia.edu.mx','Asignación manual de horario','Se asignó la materia ID 1734 al grupo ID 892 en el día sábado de 10:00:00 a 11:00:00.','2025-01-08 07:11:28','177.240.132.46','ACTIVO'),(298,'desconocido@dominio.com','Actualización de asignación','Se actualizó la asignación ID 22575. Nuevo día: jueves, Hora de inicio: 16:00:00, Hora de fin: 17:00:00.','2025-01-08 07:12:24','189.243.236.146','ACTIVO'),(299,'desconocido@dominio.com','Actualización de asignación','Se actualizó la asignación ID 22533. Nuevo día: miércoles, Hora de inicio: 12:00:00, Hora de fin: 13:00:00.','2025-01-08 07:13:16','189.243.236.146','ACTIVO'),(300,'desconocido@dominio.com','Actualización de asignación','Se actualizó la asignación ID 22532. Nuevo día: jueves, Hora de inicio: 09:00:00, Hora de fin: 10:00:00.','2025-01-08 07:13:23','189.243.236.146','ACTIVO'),(301,'desconocido@dominio.com','Actualización de asignación','Se actualizó la asignación ID 22577. Nuevo día: miércoles, Hora de inicio: 11:00:00, Hora de fin: 12:00:00.','2025-01-08 07:13:30','189.243.236.146','ACTIVO'),(302,'mequihua@ut-morelia.edu.mx','Asignación manual de horario','Se asignó la materia ID 2031 al grupo ID 892 en el día viernes de 18:00:00 a 19:00:00.','2025-01-08 07:14:36','177.240.132.46','ACTIVO'),(303,'desconocido@dominio.com','Actualización de asignación','Se actualizó la asignación ID 21335. Nuevo día: miércoles, Hora de inicio: 11:00:00, Hora de fin: 12:00:00.','2025-01-08 17:03:11','200.68.167.21','ACTIVO'),(304,'desconocido@dominio.com','Actualización de asignación','Se actualizó la asignación ID 21348. Nuevo día: jueves, Hora de inicio: 13:00:00, Hora de fin: 14:00:00.','2025-01-08 17:03:20','200.68.167.21','ACTIVO'),(305,'desconocido@dominio.com','Actualización de asignación','Se actualizó la asignación ID 21335. Nuevo día: miércoles, Hora de inicio: 17:00:00, Hora de fin: 18:00:00.','2025-01-08 17:03:26','200.68.167.21','ACTIVO'),(306,'desconocido@dominio.com','Actualización de asignación','Se actualizó la asignación ID 21355. Nuevo día: martes, Hora de inicio: 11:00:00, Hora de fin: 12:00:00.','2025-01-08 17:03:32','200.68.167.21','ACTIVO'),(307,'desconocido@dominio.com','Actualización de asignación','Se actualizó la asignación ID 21356. Nuevo día: miércoles, Hora de inicio: 11:00:00, Hora de fin: 12:00:00.','2025-01-08 17:03:38','200.68.167.21','ACTIVO'),(308,'desconocido@dominio.com','Actualización de asignación','Se actualizó la asignación ID 21339. Nuevo día: jueves, Hora de inicio: 17:00:00, Hora de fin: 18:00:00.','2025-01-08 17:03:45','200.68.167.21','ACTIVO'),(309,'desconocido@dominio.com','Actualización de asignación','Se actualizó la asignación ID 21340. Nuevo día: jueves, Hora de inicio: 18:00:00, Hora de fin: 19:00:00.','2025-01-08 17:03:48','200.68.167.21','ACTIVO'),(310,'desconocido@dominio.com','Actualización de asignación','Se actualizó la asignación ID 21355. Nuevo día: martes, Hora de inicio: 13:00:00, Hora de fin: 14:00:00.','2025-01-08 17:03:53','200.68.167.21','ACTIVO'),(311,'desconocido@dominio.com','Actualización de asignación','Se actualizó la asignación ID 21356. Nuevo día: martes, Hora de inicio: 12:00:00, Hora de fin: 13:00:00.','2025-01-08 17:03:58','200.68.167.21','ACTIVO'),(312,'desconocido@dominio.com','Actualización de asignación','Se actualizó la asignación ID 21392. Nuevo día: jueves, Hora de inicio: 11:00:00, Hora de fin: 12:00:00.','2025-01-08 17:05:05','200.68.167.21','ACTIVO'),(313,'desconocido@dominio.com','Actualización de asignación','Se actualizó la asignación ID 21399. Nuevo día: viernes, Hora de inicio: 11:00:00, Hora de fin: 12:00:00.','2025-01-08 17:05:09','200.68.167.21','ACTIVO'),(314,'desconocido@dominio.com','Actualización de asignación','Se actualizó la asignación ID 21400. Nuevo día: sábado, Hora de inicio: 12:00:00, Hora de fin: 13:00:00.','2025-01-08 17:05:32','200.68.167.21','ACTIVO'),(315,'desconocido@dominio.com','Actualización de asignación','Se actualizó la asignación ID 21393. Nuevo día: sábado, Hora de inicio: 11:00:00, Hora de fin: 12:00:00.','2025-01-08 17:05:32','200.68.167.21','ACTIVO'),(316,'desconocido@dominio.com','Actualización de asignación','Se actualizó la asignación ID 21393. Nuevo día: jueves, Hora de inicio: 10:00:00, Hora de fin: 11:00:00.','2025-01-08 17:05:39','200.68.167.21','ACTIVO'),(317,'desconocido@dominio.com','Actualización de asignación','Se actualizó la asignación ID 21400. Nuevo día: viernes, Hora de inicio: 10:00:00, Hora de fin: 11:00:00.','2025-01-08 17:05:42','200.68.167.21','ACTIVO'),(318,'desconocido@dominio.com','Actualización de asignación','Se actualizó la asignación ID 21402. Nuevo día: miércoles, Hora de inicio: 14:00:00, Hora de fin: 15:00:00.','2025-01-08 17:06:09','200.68.167.21','ACTIVO'),(319,'desconocido@dominio.com','Actualización de asignación','Se actualizó la asignación ID 21409. Nuevo día: miércoles, Hora de inicio: 12:00:00, Hora de fin: 13:00:00.','2025-01-08 17:06:19','200.68.167.21','ACTIVO'),(320,'desconocido@dominio.com','Actualización de asignación','Se actualizó la asignación ID 21408. Nuevo día: miércoles, Hora de inicio: 13:00:00, Hora de fin: 14:00:00.','2025-01-08 17:06:23','200.68.167.21','ACTIVO'),(321,'desconocido@dominio.com','Actualización de asignación','Se actualizó la asignación ID 21398. Nuevo día: jueves, Hora de inicio: 12:00:00, Hora de fin: 13:00:00.','2025-01-08 17:06:26','200.68.167.21','ACTIVO'),(322,'desconocido@dominio.com','Actualización de asignación','Se actualizó la asignación ID 21393. Nuevo día: miércoles, Hora de inicio: 18:00:00, Hora de fin: 19:00:00.','2025-01-08 17:06:35','200.68.167.21','ACTIVO'),(323,'desconocido@dominio.com','Actualización de asignación','Se actualizó la asignación ID 21400. Nuevo día: viernes, Hora de inicio: 17:00:00, Hora de fin: 18:00:00.','2025-01-08 17:06:42','200.68.167.21','ACTIVO'),(324,'desconocido@dominio.com','Actualización de asignación','Se actualizó la asignación ID 21399. Nuevo día: viernes, Hora de inicio: 18:00:00, Hora de fin: 19:00:00.','2025-01-08 17:06:48','200.68.167.21','ACTIVO'),(325,'desconocido@dominio.com','Actualización de asignación','Se actualizó la asignación ID 21407. Nuevo día: jueves, Hora de inicio: 18:00:00, Hora de fin: 19:00:00.','2025-01-08 17:08:15','200.68.167.21','ACTIVO'),(326,'desconocido@dominio.com','Actualización de asignación','Se actualizó la asignación ID 21392. Nuevo día: viernes, Hora de inicio: 16:00:00, Hora de fin: 17:00:00.','2025-01-08 17:08:21','200.68.167.21','ACTIVO'),(327,'desconocido@dominio.com','Actualización de asignación','Se actualizó la asignación ID 21392. Nuevo día: viernes, Hora de inicio: 11:00:00, Hora de fin: 12:00:00.','2025-01-08 17:08:56','200.68.167.21','ACTIVO'),(328,'desconocido@dominio.com','Actualización de asignación','Se actualizó la asignación ID 21405. Nuevo día: viernes, Hora de inicio: 16:00:00, Hora de fin: 17:00:00.','2025-01-08 17:09:11','200.68.167.21','ACTIVO'),(329,'desconocido@dominio.com','Actualización de asignación','Se actualizó la asignación ID 21403. Nuevo día: viernes, Hora de inicio: 14:00:00, Hora de fin: 15:00:00.','2025-01-08 17:09:16','200.68.167.21','ACTIVO'),(330,'desconocido@dominio.com','Actualización de asignación','Se actualizó la asignación ID 21392. Nuevo día: jueves, Hora de inicio: 16:00:00, Hora de fin: 17:00:00.','2025-01-08 17:09:21','200.68.167.21','ACTIVO'),(331,'desconocido@dominio.com','Actualización de asignación','Se actualizó la asignación ID 21375. Nuevo día: martes, Hora de inicio: 11:00:00, Hora de fin: 12:00:00.','2025-01-08 17:10:50','200.68.167.21','ACTIVO'),(332,'desconocido@dominio.com','Actualización de asignación','Se actualizó la asignación ID 21376. Nuevo día: miércoles, Hora de inicio: 11:00:00, Hora de fin: 12:00:00.','2025-01-08 17:10:54','200.68.167.21','ACTIVO'),(333,'desconocido@dominio.com','Actualización de asignación','Se actualizó la asignación ID 21360. Nuevo día: miércoles, Hora de inicio: 15:00:00, Hora de fin: 16:00:00.','2025-01-08 17:10:59','200.68.167.21','ACTIVO'),(334,'desconocido@dominio.com','Actualización de asignación','Se actualizó la asignación ID 21361. Nuevo día: miércoles, Hora de inicio: 16:00:00, Hora de fin: 17:00:00.','2025-01-08 17:11:03','200.68.167.21','ACTIVO'),(335,'desconocido@dominio.com','Actualización de asignación','Se actualizó la asignación ID 21375. Nuevo día: lunes, Hora de inicio: 14:00:00, Hora de fin: 15:00:00.','2025-01-08 17:11:08','200.68.167.21','ACTIVO'),(336,'desconocido@dominio.com','Actualización de asignación','Se actualizó la asignación ID 21376. Nuevo día: lunes, Hora de inicio: 15:00:00, Hora de fin: 16:00:00.','2025-01-08 17:11:11','200.68.167.21','ACTIVO'),(337,'desconocido@dominio.com','Actualización de asignación','Se actualizó la asignación ID 20895. Nuevo día: jueves, Hora de inicio: 10:00:00, Hora de fin: 11:00:00.','2025-01-08 17:12:21','200.68.167.21','ACTIVO'),(338,'desconocido@dominio.com','Actualización de asignación','Se actualizó la asignación ID 20907. Nuevo día: martes, Hora de inicio: 14:00:00, Hora de fin: 15:00:00.','2025-01-08 17:12:26','200.68.167.21','ACTIVO'),(339,'desconocido@dominio.com','Actualización de asignación','Se actualizó la asignación ID 20895. Nuevo día: jueves, Hora de inicio: 15:00:00, Hora de fin: 16:00:00.','2025-01-08 17:12:32','200.68.167.21','ACTIVO'),(340,'desconocido@dominio.com','Actualización de asignación','Se actualizó la asignación ID 21199. Nuevo día: miércoles, Hora de inicio: 17:00:00, Hora de fin: 18:00:00.','2025-01-08 17:21:27','200.68.167.21','ACTIVO'),(341,'desconocido@dominio.com','Actualización de asignación','Se actualizó la asignación ID 21891. Nuevo día: jueves, Hora de inicio: 16:00:00, Hora de fin: 17:00:00.','2025-01-08 17:21:48','200.68.167.21','ACTIVO'),(342,'desconocido@dominio.com','Actualización de asignación','Se actualizó la asignación ID 21876. Nuevo día: jueves, Hora de inicio: 12:00:00, Hora de fin: 13:00:00.','2025-01-08 17:21:52','200.68.167.21','ACTIVO'),(343,'desconocido@dominio.com','Actualización de asignación','Se actualizó la asignación ID 21891. Nuevo día: lunes, Hora de inicio: 18:00:00, Hora de fin: 19:00:00.','2025-01-08 17:21:58','200.68.167.21','ACTIVO'),(344,'desconocido@dominio.com','Actualización de asignación','Se actualizó la asignación ID 21199. Nuevo día: miércoles, Hora de inicio: 18:00:00, Hora de fin: 19:00:00.','2025-01-08 17:23:20','200.68.167.21','ACTIVO'),(345,'desconocido@dominio.com','Actualización de asignación','Se actualizó la asignación ID 21889. Nuevo día: jueves, Hora de inicio: 17:00:00, Hora de fin: 18:00:00.','2025-01-08 17:23:35','200.68.167.21','ACTIVO'),(346,'desconocido@dominio.com','Actualización de asignación','Se actualizó la asignación ID 21886. Nuevo día: miércoles, Hora de inicio: 17:00:00, Hora de fin: 18:00:00.','2025-01-08 17:23:40','200.68.167.21','ACTIVO'),(347,'desconocido@dominio.com','Actualización de asignación','Se actualizó la asignación ID 21889. Nuevo día: miércoles, Hora de inicio: 15:00:00, Hora de fin: 16:00:00.','2025-01-08 17:23:44','200.68.167.21','ACTIVO'),(348,'desconocido@dominio.com','Actualización de asignación','Se actualizó la asignación ID 21199. Nuevo día: miércoles, Hora de inicio: 15:00:00, Hora de fin: 16:00:00.','2025-01-08 17:24:07','200.68.167.21','ACTIVO'),(349,'desconocido@dominio.com','Actualización de asignación','Se actualizó la asignación ID 22492. Nuevo día: miércoles, Hora de inicio: 12:00:00, Hora de fin: 13:00:00.','2025-01-08 17:24:39','200.68.167.21','ACTIVO'),(350,'desconocido@dominio.com','Actualización de asignación','Se actualizó la asignación ID 22528. Nuevo día: lunes, Hora de inicio: 12:00:00, Hora de fin: 13:00:00.','2025-01-08 17:28:12','200.68.167.21','ACTIVO'),(351,'desconocido@dominio.com','Actualización de asignación','Se actualizó la asignación ID 22362. Nuevo día: lunes, Hora de inicio: 11:00:00, Hora de fin: 12:00:00.','2025-01-08 17:28:24','200.68.167.21','ACTIVO'),(352,'desconocido@dominio.com','Actualización de asignación','Se actualizó la asignación ID 20919. Nuevo día: viernes, Hora de inicio: 11:00:00, Hora de fin: 12:00:00.','2025-01-08 17:31:36','200.68.167.21','ACTIVO'),(353,'desconocido@dominio.com','Actualización de asignación','Se actualizó la asignación ID 20959. Nuevo día: jueves, Hora de inicio: 11:00:00, Hora de fin: 12:00:00.','2025-01-08 17:49:47','200.68.167.21','ACTIVO'),(354,'desconocido@dominio.com','Actualización de asignación','Se actualizó la asignación ID 20958. Nuevo día: miércoles, Hora de inicio: 11:00:00, Hora de fin: 12:00:00.','2025-01-08 17:49:56','200.68.167.21','ACTIVO'),(355,'desconocido@dominio.com','Actualización de asignación','Se actualizó la asignación ID 19775. Nuevo día: miércoles, Hora de inicio: 17:00:00, Hora de fin: 18:00:00.','2025-01-08 17:50:05','200.68.167.21','ACTIVO'),(356,'desconocido@dominio.com','Actualización de asignación','Se actualizó la asignación ID 20958. Nuevo día: viernes, Hora de inicio: 15:00:00, Hora de fin: 16:00:00.','2025-01-08 17:50:10','200.68.167.21','ACTIVO'),(357,'desconocido@dominio.com','Actualización de asignación','Se actualizó la asignación ID 20959. Nuevo día: miércoles, Hora de inicio: 18:00:00, Hora de fin: 19:00:00.','2025-01-08 17:50:14','200.68.167.21','ACTIVO'),(358,'desconocido@dominio.com','Actualización de asignación','Se actualizó la asignación ID 20780. Nuevo día: jueves, Hora de inicio: 13:00:00, Hora de fin: 14:00:00.','2025-01-08 17:52:48','200.68.167.21','ACTIVO'),(359,'desconocido@dominio.com','Actualización de asignación','Se actualizó la asignación ID 20781. Nuevo día: jueves, Hora de inicio: 14:00:00, Hora de fin: 15:00:00.','2025-01-08 17:52:51','200.68.167.21','ACTIVO'),(360,'desconocido@dominio.com','Actualización de asignación','Se actualizó la asignación ID 20769. Nuevo día: martes, Hora de inicio: 10:00:00, Hora de fin: 11:00:00.','2025-01-08 17:52:56','200.68.167.21','ACTIVO'),(361,'desconocido@dominio.com','Actualización de asignación','Se actualizó la asignación ID 20770. Nuevo día: martes, Hora de inicio: 11:00:00, Hora de fin: 12:00:00.','2025-01-08 17:52:59','200.68.167.21','ACTIVO'),(362,'desconocido@dominio.com','Actualización de asignación','Se actualizó la asignación ID 20780. Nuevo día: lunes, Hora de inicio: 07:00:00, Hora de fin: 08:00:00.','2025-01-08 17:53:05','200.68.167.21','ACTIVO'),(363,'desconocido@dominio.com','Actualización de asignación','Se actualizó la asignación ID 20781. Nuevo día: lunes, Hora de inicio: 08:00:00, Hora de fin: 09:00:00.','2025-01-08 17:53:08','200.68.167.21','ACTIVO'),(364,'desconocido@dominio.com','Actualización de asignación','Se actualizó la asignación ID 20775. Nuevo día: viernes, Hora de inicio: 11:00:00, Hora de fin: 12:00:00.','2025-01-08 17:53:36','200.68.167.21','ACTIVO'),(365,'desconocido@dominio.com','Actualización de asignación','Se actualizó la asignación ID 20780. Nuevo día: martes, Hora de inicio: 07:00:00, Hora de fin: 08:00:00.','2025-01-08 17:54:22','200.68.167.21','ACTIVO'),(366,'desconocido@dominio.com','Actualización de asignación','Se actualizó la asignación ID 20781. Nuevo día: lunes, Hora de inicio: 07:00:00, Hora de fin: 08:00:00.','2025-01-08 17:54:26','200.68.167.21','ACTIVO'),(367,'desconocido@dominio.com','Actualización de asignación','Se actualizó la asignación ID 20791. Nuevo día: lunes, Hora de inicio: 08:00:00, Hora de fin: 09:00:00.','2025-01-08 17:54:37','200.68.167.21','ACTIVO'),(368,'desconocido@dominio.com','Actualización de asignación','Se actualizó la asignación ID 20791. Nuevo día: jueves, Hora de inicio: 10:00:00, Hora de fin: 11:00:00.','2025-01-08 17:55:05','200.68.167.21','ACTIVO'),(369,'desconocido@dominio.com','Actualización de asignación','Se actualizó la asignación ID 20786. Nuevo día: lunes, Hora de inicio: 08:00:00, Hora de fin: 09:00:00.','2025-01-08 17:55:36','200.68.167.21','ACTIVO'),(370,'desconocido@dominio.com','Actualización de asignación','Se actualizó la asignación ID 20776. Nuevo día: miércoles, Hora de inicio: 10:00:00, Hora de fin: 11:00:00.','2025-01-08 17:55:41','200.68.167.21','ACTIVO'),(371,'desconocido@dominio.com','Actualización de asignación','Se actualizó la asignación ID 20782. Nuevo día: martes, Hora de inicio: 08:00:00, Hora de fin: 09:00:00.','2025-01-08 17:55:57','200.68.167.21','ACTIVO'),(372,'desconocido@dominio.com','Actualización de asignación','Se actualizó la asignación ID 20774. Nuevo día: jueves, Hora de inicio: 13:00:00, Hora de fin: 14:00:00.','2025-01-08 18:10:08','187.189.191.141','ACTIVO'),(373,'desconocido@dominio.com','Actualización de asignación','Se actualizó la asignación ID 20810. Nuevo día: viernes, Hora de inicio: 12:00:00, Hora de fin: 13:00:00.','2025-01-08 18:10:25','187.189.191.141','ACTIVO'),(374,'desconocido@dominio.com','Actualización de asignación','Se actualizó la asignación ID 20805. Nuevo día: viernes, Hora de inicio: 13:00:00, Hora de fin: 14:00:00.','2025-01-08 18:10:50','187.189.191.141','ACTIVO'),(375,'desconocido@dominio.com','Actualización de asignación','Se actualizó la asignación ID 20913. Nuevo día: jueves, Hora de inicio: 18:00:00, Hora de fin: 19:00:00.','2025-01-08 18:11:28','187.189.191.141','ACTIVO'),(376,'admin@admin.com','Actualización de materia','Se actualizó la materia con ID 1711. Nombre anterior: \'HABILIDADES SOCIEMOCIONALES Y MANEJO DE CONFLICTOS\', Nuevo nombre: \'HABILIDADES SOCIO EMOCIONALES Y MANEJO DE CONFLICTOS\', Horas semanales anteriores: 4, Nuevas horas semanales: 4.','2025-01-08 18:20:32','177.240.136.41','ACTIVO'),(377,'admin@admin.com','Actualización de materia','Se actualizó la materia con ID 1738. Nombre anterior: \'HABILIDADES SOCIEMOCIONALES Y MANEJO DE CONFLICTOS\', Nuevo nombre: \'HABILIDADES SOCIO EMOCIONALES Y MANEJO DE CONFLICTOS\', Horas semanales anteriores: 4, Nuevas horas semanales: 4.','2025-01-08 18:20:46','177.240.136.41','ACTIVO'),(378,'admin@admin.com','Actualización de materia','Se actualizó la materia con ID 2028. Nombre anterior: \'HABILIDADES SOCIEMOCIONALES Y MANEJO DE CONFLICTOS\', Nuevo nombre: \'HABILIDADES SOCIO EMOCIONALES Y MANEJO DE CONFLICTOS\', Horas semanales anteriores: 4, Nuevas horas semanales: 4.','2025-01-08 18:20:54','177.240.136.41','ACTIVO'),(379,'admin@admin.com','Actualización de materia','Se actualizó la materia con ID 2164. Nombre anterior: \'HABILIDADES SOCIEMOCIONALES Y MANEJO DE CONFLICTOS\', Nuevo nombre: \'HABILIDADES SOCIO EMOCIONALES Y MANEJO DE CONFLICTOS\', Horas semanales anteriores: 4, Nuevas horas semanales: 4.','2025-01-08 18:21:02','177.240.136.41','ACTIVO'),(380,'desconocido@dominio.com','Actualización de asignación','Se actualizó la asignación ID 21326. Nuevo día: viernes, Hora de inicio: 13:00:00, Hora de fin: 14:00:00.','2025-01-08 18:49:05','200.68.167.21','ACTIVO'),(381,'desconocido@dominio.com','Actualización de asignación','Se actualizó la asignación ID 21328. Nuevo día: jueves, Hora de inicio: 07:00:00, Hora de fin: 08:00:00.','2025-01-08 18:49:12','200.68.167.21','ACTIVO'),(382,'desconocido@dominio.com','Actualización de asignación','Se actualizó la asignación ID 21326. Nuevo día: jueves, Hora de inicio: 09:00:00, Hora de fin: 10:00:00.','2025-01-08 18:49:17','200.68.167.21','ACTIVO'),(383,'desconocido@dominio.com','Actualización de asignación','Se actualizó la asignación ID 20732. Nuevo día: viernes, Hora de inicio: 13:00:00, Hora de fin: 14:00:00.','2025-01-08 18:50:16','200.68.167.21','ACTIVO'),(384,'desconocido@dominio.com','Actualización de asignación','Se actualizó la asignación ID 20733. Nuevo día: viernes, Hora de inicio: 12:00:00, Hora de fin: 13:00:00.','2025-01-08 18:50:22','200.68.167.21','ACTIVO'),(385,'desconocido@dominio.com','Actualización de asignación','Se actualizó la asignación ID 20716. Nuevo día: viernes, Hora de inicio: 10:00:00, Hora de fin: 11:00:00.','2025-01-08 18:50:29','200.68.167.21','ACTIVO'),(386,'desconocido@dominio.com','Actualización de asignación','Se actualizó la asignación ID 20717. Nuevo día: viernes, Hora de inicio: 11:00:00, Hora de fin: 12:00:00.','2025-01-08 18:50:32','200.68.167.21','ACTIVO'),(387,'desconocido@dominio.com','Actualización de asignación','Se actualizó la asignación ID 20733. Nuevo día: miércoles, Hora de inicio: 08:00:00, Hora de fin: 09:00:00.','2025-01-08 18:50:35','200.68.167.21','ACTIVO'),(388,'desconocido@dominio.com','Actualización de asignación','Se actualizó la asignación ID 20732. Nuevo día: miércoles, Hora de inicio: 09:00:00, Hora de fin: 10:00:00.','2025-01-08 18:50:39','200.68.167.21','ACTIVO'),(389,'desconocido@dominio.com','Actualización de asignación','Se actualizó la asignación ID 20711. Nuevo día: viernes, Hora de inicio: 13:00:00, Hora de fin: 14:00:00.','2025-01-08 18:50:48','200.68.167.21','ACTIVO'),(390,'desconocido@dominio.com','Actualización de asignación','Se actualizó la asignación ID 20712. Nuevo día: viernes, Hora de inicio: 12:00:00, Hora de fin: 13:00:00.','2025-01-08 18:50:51','200.68.167.21','ACTIVO'),(391,'desconocido@dominio.com','Actualización de asignación','Se actualizó la asignación ID 20727. Nuevo día: martes, Hora de inicio: 11:00:00, Hora de fin: 12:00:00.','2025-01-08 18:50:54','200.68.167.21','ACTIVO'),(392,'desconocido@dominio.com','Actualización de asignación','Se actualizó la asignación ID 20728. Nuevo día: martes, Hora de inicio: 12:00:00, Hora de fin: 13:00:00.','2025-01-08 18:50:57','200.68.167.21','ACTIVO'),(393,'desconocido@dominio.com','Actualización de asignación','Se actualizó la asignación ID 20704. Nuevo día: jueves, Hora de inicio: 13:00:00, Hora de fin: 14:00:00.','2025-01-08 18:51:01','200.68.167.21','ACTIVO'),(394,'desconocido@dominio.com','Actualización de asignación','Se actualizó la asignación ID 20712. Nuevo día: jueves, Hora de inicio: 12:00:00, Hora de fin: 13:00:00.','2025-01-08 18:51:04','200.68.167.21','ACTIVO'),(395,'desconocido@dominio.com','Actualización de asignación','Se actualizó la asignación ID 20711. Nuevo día: viernes, Hora de inicio: 12:00:00, Hora de fin: 13:00:00.','2025-01-08 18:51:07','200.68.167.21','ACTIVO'),(396,'desconocido@dominio.com','Actualización de asignación','Se actualizó la asignación ID 20711. Nuevo día: lunes, Hora de inicio: 12:00:00, Hora de fin: 13:00:00.','2025-01-08 18:57:00','200.68.167.21','ACTIVO'),(397,'desconocido@dominio.com','Actualización de asignación','Se actualizó la asignación ID 20733. Nuevo día: viernes, Hora de inicio: 12:00:00, Hora de fin: 13:00:00.','2025-01-08 18:57:29','200.68.167.21','ACTIVO'),(398,'desconocido@dominio.com','Actualización de asignación','Se actualizó la asignación ID 20732. Nuevo día: viernes, Hora de inicio: 13:00:00, Hora de fin: 14:00:00.','2025-01-08 18:57:33','200.68.167.21','ACTIVO'),(399,'desconocido@dominio.com','Actualización de asignación','Se actualizó la asignación ID 20712. Nuevo día: miércoles, Hora de inicio: 08:00:00, Hora de fin: 09:00:00.','2025-01-08 18:57:36','200.68.167.21','ACTIVO'),(400,'desconocido@dominio.com','Actualización de asignación','Se actualizó la asignación ID 20704. Nuevo día: miércoles, Hora de inicio: 09:00:00, Hora de fin: 10:00:00.','2025-01-08 18:57:39','200.68.167.21','ACTIVO'),(401,'desconocido@dominio.com','Actualización de asignación','Se actualizó la asignación ID 20733. Nuevo día: jueves, Hora de inicio: 12:00:00, Hora de fin: 13:00:00.','2025-01-08 18:57:48','200.68.167.21','ACTIVO'),(402,'desconocido@dominio.com','Actualización de asignación','Se actualizó la asignación ID 20732. Nuevo día: jueves, Hora de inicio: 13:00:00, Hora de fin: 14:00:00.','2025-01-08 18:57:51','200.68.167.21','ACTIVO'),(403,'srangel@ut-morelia.edu.mx','Asignación de materias','Se asignaron materias al profesor con ID 5. Materias asignadas: 1657','2025-01-08 18:58:54','200.68.167.21','ACTIVO'),(404,'desconocido@dominio.com','Actualización de asignación','Se actualizó la asignación ID 21456. Nuevo día: jueves, Hora de inicio: 14:00:00, Hora de fin: 15:00:00.','2025-01-08 19:36:48','200.68.167.21','ACTIVO'),(405,'desconocido@dominio.com','Actualización de asignación','Se actualizó la asignación ID 21457. Nuevo día: jueves, Hora de inicio: 15:00:00, Hora de fin: 16:00:00.','2025-01-08 19:36:53','200.68.167.21','ACTIVO'),(406,'desconocido@dominio.com','Actualización de asignación','Se actualizó la asignación ID 21440. Nuevo día: viernes, Hora de inicio: 12:00:00, Hora de fin: 13:00:00.','2025-01-08 19:36:57','200.68.167.21','ACTIVO'),(407,'desconocido@dominio.com','Actualización de asignación','Se actualizó la asignación ID 21441. Nuevo día: viernes, Hora de inicio: 13:00:00, Hora de fin: 14:00:00.','2025-01-08 19:37:00','200.68.167.21','ACTIVO'),(408,'desconocido@dominio.com','Actualización de asignación','Se actualizó la asignación ID 21456. Nuevo día: miércoles, Hora de inicio: 08:00:00, Hora de fin: 09:00:00.','2025-01-08 19:37:04','200.68.167.21','ACTIVO'),(409,'desconocido@dominio.com','Actualización de asignación','Se actualizó la asignación ID 21457. Nuevo día: miércoles, Hora de inicio: 09:00:00, Hora de fin: 10:00:00.','2025-01-08 19:37:08','200.68.167.21','ACTIVO'),(410,'mequihua@ut-morelia.edu.mx','Eliminación de asignación manual','Se eliminó la asignación con ID 973 del grupo ID 889.','2025-01-08 21:09:20','187.189.191.141','ACTIVO'),(411,'mequihua@ut-morelia.edu.mx','Eliminación de asignación manual','Se eliminó la asignación con ID 972 del grupo ID 889.','2025-01-08 21:09:28','187.189.191.141','ACTIVO'),(412,'mequihua@ut-morelia.edu.mx','Eliminación de asignación manual','Se eliminó la asignación con ID 968 del grupo ID 889.','2025-01-08 21:09:45','187.189.191.141','ACTIVO'),(413,'mequihua@ut-morelia.edu.mx','Eliminación de asignación manual','Se eliminó la asignación con ID 969 del grupo ID 889.','2025-01-08 21:09:58','187.189.191.141','ACTIVO'),(414,'srangel@ut-morelia.edu.mx','Actualización de Usuario','Se actualizó un usuario con ID 3.','2025-01-08 21:20:26','200.68.167.21','ACTIVO'),(415,'desconocido@dominio.com','Actualización de asignación','Se actualizó la asignación ID 20409. Nuevo día: jueves, Hora de inicio: 16:00:00, Hora de fin: 17:00:00.','2025-01-08 21:25:28','200.68.167.21','ACTIVO'),(416,'jorgerodriguez@ut-morelia.edu.mx','Eliminación de asignación','Se eliminó la asignación ID 21870:  - Grupo .','2025-01-08 21:25:54','187.189.191.141','ACTIVO'),(417,'desconocido@dominio.com','Actualización de asignación','Se actualizó la asignación ID 20410. Nuevo día: jueves, Hora de inicio: 17:00:00, Hora de fin: 18:00:00.','2025-01-08 21:25:58','200.68.167.21','ACTIVO'),(418,'jorgerodriguez@ut-morelia.edu.mx','Eliminación de asignación','Se eliminó la asignación ID 21871:  - Grupo .','2025-01-08 21:26:01','187.189.191.141','ACTIVO'),(419,'jorgerodriguez@ut-morelia.edu.mx','Eliminación de asignación','Se eliminó la asignación ID 21878:  - Grupo .','2025-01-08 21:26:04','187.189.191.141','ACTIVO'),(420,'desconocido@dominio.com','Actualización de asignación','Se actualizó la asignación ID 20408. Nuevo día: sábado, Hora de inicio: 18:00:00, Hora de fin: 19:00:00.','2025-01-08 21:26:31','200.68.167.21','ACTIVO'),(421,'desconocido@dominio.com','Actualización de asignación','Se actualizó la asignación ID 20403. Nuevo día: sábado, Hora de inicio: 14:00:00, Hora de fin: 15:00:00.','2025-01-08 21:26:36','200.68.167.21','ACTIVO'),(422,'rosa.garcia@ut-morelia.edu.mx','Asignación manual de horario','Se asignó la materia ID 2142 al grupo ID 923 en el día sábado de 07:00:00 a 08:00:00.','2025-01-08 21:26:36','187.189.191.141','ACTIVO'),(423,'desconocido@dominio.com','Actualización de asignación','Se actualizó la asignación ID 20404. Nuevo día: sábado, Hora de inicio: 15:00:00, Hora de fin: 16:00:00.','2025-01-08 21:26:39','200.68.167.21','ACTIVO'),(424,'desconocido@dominio.com','Actualización de asignación','Se actualizó la asignación ID 20409. Nuevo día: sábado, Hora de inicio: 16:00:00, Hora de fin: 17:00:00.','2025-01-08 21:26:57','200.68.167.21','ACTIVO'),(425,'desconocido@dominio.com','Actualización de asignación','Se actualizó la asignación ID 20410. Nuevo día: sábado, Hora de inicio: 17:00:00, Hora de fin: 18:00:00.','2025-01-08 21:27:00','200.68.167.21','ACTIVO'),(426,'desconocido@dominio.com','Actualización de asignación','Se actualizó la asignación ID 20405. Nuevo día: viernes, Hora de inicio: 13:00:00, Hora de fin: 14:00:00.','2025-01-08 21:27:52','200.68.167.21','ACTIVO'),(427,'rosa.garcia@ut-morelia.edu.mx','Asignación manual de horario','Se asignó la materia ID 2142 al grupo ID 923 en el día sábado de 08:00:00 a 09:00:00.','2025-01-08 21:28:10','187.189.191.141','ACTIVO'),(428,'rosa.garcia@ut-morelia.edu.mx','Asignación manual de horario','Se asignó la materia ID 2142 al grupo ID 923 en el día sábado de 09:00:00 a 10:00:00.','2025-01-08 21:28:20','187.189.191.141','ACTIVO'),(429,'desconocido@dominio.com','Actualización de asignación','Se actualizó la asignación ID 21140. Nuevo día: viernes, Hora de inicio: 16:00:00, Hora de fin: 17:00:00.','2025-01-08 21:28:24','200.68.167.21','ACTIVO'),(430,'desconocido@dominio.com','Actualización de asignación','Se actualizó la asignación ID 20407. Nuevo día: viernes, Hora de inicio: 17:00:00, Hora de fin: 18:00:00.','2025-01-08 21:28:29','200.68.167.21','ACTIVO'),(431,'desconocido@dominio.com','Actualización de asignación','Se actualizó la asignación ID 21143. Nuevo día: viernes, Hora de inicio: 18:00:00, Hora de fin: 19:00:00.','2025-01-08 21:28:55','200.68.167.21','ACTIVO'),(432,'desconocido@dominio.com','Actualización de asignación','Se actualizó la asignación ID 21142. Nuevo día: viernes, Hora de inicio: 19:00:00, Hora de fin: 20:00:00.','2025-01-08 21:29:05','200.68.167.21','ACTIVO'),(433,'jorgerodriguez@ut-morelia.edu.mx','Eliminación de asignación','Se eliminó la asignación ID 21872:  - Grupo .','2025-01-08 21:29:34','187.189.191.141','ACTIVO'),(434,'rosa.garcia@ut-morelia.edu.mx','Asignación manual de horario','Se asignó la materia ID 2146 al grupo ID 923 en el día sábado de 10:00:00 a 11:00:00.','2025-01-08 21:30:22','187.189.191.141','ACTIVO'),(435,'jorgerodriguez@ut-morelia.edu.mx','Eliminación de asignación','Se eliminó la asignación ID 21882:  - Grupo .','2025-01-08 21:30:46','187.189.191.141','ACTIVO'),(436,'rosa.garcia@ut-morelia.edu.mx','Asignación manual de horario','Se asignó la materia ID 1864 al grupo ID 923 en el día sábado de 11:00:00 a 12:00:00.','2025-01-08 21:30:54','187.189.191.141','ACTIVO'),(437,'jorgerodriguez@ut-morelia.edu.mx','Eliminación de asignación','Se eliminó la asignación ID 21874:  - Grupo .','2025-01-08 21:31:19','187.189.191.141','ACTIVO'),(438,'rosa.garcia@ut-morelia.edu.mx','Asignación manual de horario','Se asignó la materia ID 2144 al grupo ID 923 en el día sábado de 12:00:00 a 13:00:00.','2025-01-08 21:31:23','187.189.191.141','ACTIVO'),(439,'jorgerodriguez@ut-morelia.edu.mx','Eliminación de asignación','Se eliminó la asignación ID 21887:  - Grupo .','2025-01-08 21:31:33','187.189.191.141','ACTIVO'),(440,'jorgerodriguez@ut-morelia.edu.mx','Eliminación de asignación','Se eliminó la asignación ID 21886:  - Grupo .','2025-01-08 21:31:35','187.189.191.141','ACTIVO'),(441,'rosa.garcia@ut-morelia.edu.mx','Asignación manual de horario','Se asignó la materia ID 2141 al grupo ID 923 en el día sábado de 13:00:00 a 14:00:00.','2025-01-08 21:31:46','187.189.191.141','ACTIVO'),(442,'rosa.garcia@ut-morelia.edu.mx','Asignación manual de horario','Se asignó la materia ID 2141 al grupo ID 923 en el día sábado de 14:00:00 a 15:00:00.','2025-01-08 21:31:56','187.189.191.141','ACTIVO'),(443,'jorgerodriguez@ut-morelia.edu.mx','Eliminación de asignación','Se eliminó la asignación ID 21876:  - Grupo .','2025-01-08 21:32:30','187.189.191.141','ACTIVO'),(444,'jorgerodriguez@ut-morelia.edu.mx','Eliminación de asignación','Se eliminó la asignación ID 21892:  - Grupo .','2025-01-08 21:32:32','187.189.191.141','ACTIVO'),(445,'jorgerodriguez@ut-morelia.edu.mx','Eliminación de asignación','Se eliminó la asignación ID 21888:  - Grupo .','2025-01-08 21:32:34','187.189.191.141','ACTIVO'),(446,'rosa.garcia@ut-morelia.edu.mx','Asignación manual de horario','Se asignó la materia ID 2143 al grupo ID 923 en el día viernes de 15:00:00 a 16:00:00.','2025-01-08 21:33:05','187.189.191.141','ACTIVO'),(447,'rosa.garcia@ut-morelia.edu.mx','Asignación manual de horario','Se asignó la materia ID 2143 al grupo ID 923 en el día viernes de 16:00:00 a 17:00:00.','2025-01-08 21:33:13','187.189.191.141','ACTIVO'),(448,'rosa.garcia@ut-morelia.edu.mx','Asignación manual de horario','Se asignó la materia ID 2143 al grupo ID 923 en el día viernes de 17:00:00 a 18:00:00.','2025-01-08 21:33:36','187.189.191.141','ACTIVO'),(449,'jorgerodriguez@ut-morelia.edu.mx','Eliminación de asignación','Se eliminó la asignación ID 21893:  - Grupo .','2025-01-08 21:34:04','187.189.191.141','ACTIVO'),(450,'jorgerodriguez@ut-morelia.edu.mx','Eliminación de asignación','Se eliminó la asignación ID 21894:  - Grupo .','2025-01-08 21:34:06','187.189.191.141','ACTIVO'),(451,'rosa.garcia@ut-morelia.edu.mx','Asignación manual de horario','Se asignó la materia ID 1864 al grupo ID 923 en el día viernes de 18:00:00 a 19:00:00.','2025-01-08 21:34:09','187.189.191.141','ACTIVO'),(452,'desconocido@dominio.com','Actualización de asignación','Se actualizó la asignación ID 21142. Nuevo día: martes, Hora de inicio: 16:00:00, Hora de fin: 17:00:00.','2025-01-08 21:34:15','200.68.167.21','ACTIVO'),(453,'rosa.garcia@ut-morelia.edu.mx','Asignación manual de horario','Se asignó la materia ID 1864 al grupo ID 923 en el día viernes de 19:00:00 a 20:00:00.','2025-01-08 21:34:17','187.189.191.141','ACTIVO'),(454,'desconocido@dominio.com','Actualización de asignación','Se actualizó la asignación ID 21139. Nuevo día: jueves, Hora de inicio: 17:00:00, Hora de fin: 18:00:00.','2025-01-08 21:34:48','200.68.167.21','ACTIVO'),(455,'desconocido@dominio.com','Actualización de asignación','Se actualizó la asignación ID 21139. Nuevo día: jueves, Hora de inicio: 13:00:00, Hora de fin: 14:00:00.','2025-01-08 21:35:30','200.68.167.21','ACTIVO'),(456,'jorgerodriguez@ut-morelia.edu.mx','Eliminación de asignación','Se eliminó la asignación ID 21842:  - Grupo .','2025-01-08 21:35:45','187.189.191.141','ACTIVO'),(457,'jorgerodriguez@ut-morelia.edu.mx','Eliminación de asignación','Se eliminó la asignación ID 21843:  - Grupo .','2025-01-08 21:35:48','187.189.191.141','ACTIVO'),(458,'jorgerodriguez@ut-morelia.edu.mx','Eliminación de asignación','Se eliminó la asignación ID 21844:  - Grupo .','2025-01-08 21:35:50','187.189.191.141','ACTIVO'),(459,'desconocido@dominio.com','Actualización de asignación','Se actualizó la asignación ID 21202. Nuevo día: miércoles, Hora de inicio: 13:00:00, Hora de fin: 14:00:00.','2025-01-08 21:35:52','200.68.167.21','ACTIVO'),(460,'desconocido@dominio.com','Actualización de asignación','Se actualizó la asignación ID 21203. Nuevo día: miércoles, Hora de inicio: 14:00:00, Hora de fin: 15:00:00.','2025-01-08 21:35:55','200.68.167.21','ACTIVO'),(461,'desconocido@dominio.com','Actualización de asignación','Se actualizó la asignación ID 21204. Nuevo día: miércoles, Hora de inicio: 16:00:00, Hora de fin: 17:00:00.','2025-01-08 21:36:11','200.68.167.21','ACTIVO'),(462,'desconocido@dominio.com','Actualización de asignación','Se actualizó la asignación ID 21206. Nuevo día: miércoles, Hora de inicio: 17:00:00, Hora de fin: 18:00:00.','2025-01-08 21:36:14','200.68.167.21','ACTIVO'),(463,'desconocido@dominio.com','Actualización de asignación','Se actualizó la asignación ID 21204. Nuevo día: miércoles, Hora de inicio: 11:00:00, Hora de fin: 12:00:00.','2025-01-08 21:36:54','200.68.167.21','ACTIVO'),(464,'desconocido@dominio.com','Actualización de asignación','Se actualizó la asignación ID 21206. Nuevo día: jueves, Hora de inicio: 11:00:00, Hora de fin: 12:00:00.','2025-01-08 21:36:58','200.68.167.21','ACTIVO'),(465,'rosa.garcia@ut-morelia.edu.mx','Asignación manual de horario','Se asignó la materia ID 1923 al grupo ID 921 en el día sábado de 07:00:00 a 08:00:00.','2025-01-08 21:37:04','187.189.191.141','ACTIVO'),(466,'jorgerodriguez@ut-morelia.edu.mx','Eliminación de asignación','Se eliminó la asignación ID 21837:  - Grupo .','2025-01-08 21:37:30','187.189.191.141','ACTIVO'),(467,'rosa.garcia@ut-morelia.edu.mx','Asignación manual de horario','Se asignó la materia ID 1923 al grupo ID 921 en el día sábado de 08:00:00 a 09:00:00.','2025-01-08 21:37:36','187.189.191.141','ACTIVO'),(468,'desconocido@dominio.com','Actualización de asignación','Se actualizó la asignación ID 21142. Nuevo día: jueves, Hora de inicio: 14:00:00, Hora de fin: 15:00:00.','2025-01-08 21:37:51','200.68.167.21','ACTIVO'),(469,'jorgerodriguez@ut-morelia.edu.mx','Eliminación de asignación','Se eliminó la asignación ID 21833:  - Grupo .','2025-01-08 21:38:23','187.189.191.141','ACTIVO'),(470,'jorgerodriguez@ut-morelia.edu.mx','Eliminación de asignación','Se eliminó la asignación ID 21834:  - Grupo .','2025-01-08 21:38:26','187.189.191.141','ACTIVO'),(471,'jorgerodriguez@ut-morelia.edu.mx','Eliminación de asignación','Se eliminó la asignación ID 21829:  - Grupo .','2025-01-08 21:38:28','187.189.191.141','ACTIVO'),(472,'rosa.garcia@ut-morelia.edu.mx','Asignación manual de horario','Se asignó la materia ID 1821 al grupo ID 921 en el día sábado de 10:00:00 a 11:00:00.','2025-01-08 21:38:33','187.189.191.141','ACTIVO'),(473,'rosa.garcia@ut-morelia.edu.mx','Asignación manual de horario','Se asignó la materia ID 1821 al grupo ID 921 en el día sábado de 11:00:00 a 12:00:00.','2025-01-08 21:38:39','187.189.191.141','ACTIVO'),(474,'rosa.garcia@ut-morelia.edu.mx','Asignación manual de horario','Se asignó la materia ID 1821 al grupo ID 921 en el día sábado de 09:00:00 a 10:00:00.','2025-01-08 21:38:54','187.189.191.141','ACTIVO'),(475,'rosa.garcia@ut-morelia.edu.mx','Asignación manual de horario','Se asignó la materia ID 1920 al grupo ID 921 en el día sábado de 12:00:00 a 13:00:00.','2025-01-08 21:39:48','187.189.191.141','ACTIVO'),(476,'rosa.garcia@ut-morelia.edu.mx','Asignación manual de horario','Se asignó la materia ID 1920 al grupo ID 921 en el día sábado de 13:00:00 a 14:00:00.','2025-01-08 21:39:57','187.189.191.141','ACTIVO'),(477,'desconocido@dominio.com','Actualización de asignación','Se actualizó la asignación ID 21124. Nuevo día: viernes, Hora de inicio: 13:00:00, Hora de fin: 14:00:00.','2025-01-08 21:40:08','200.68.167.21','ACTIVO'),(478,'jorgerodriguez@ut-morelia.edu.mx','Eliminación de asignación','Se eliminó la asignación ID 21825:  - Grupo .','2025-01-08 21:40:40','187.189.191.141','ACTIVO'),(479,'rosa.garcia@ut-morelia.edu.mx','Asignación manual de horario','Se asignó la materia ID 1924 al grupo ID 921 en el día sábado de 14:00:00 a 15:00:00.','2025-01-08 21:40:48','187.189.191.141','ACTIVO'),(480,'jorgerodriguez@ut-morelia.edu.mx','Eliminación de asignación','Se eliminó la asignación ID 20429:  - Grupo .','2025-01-08 21:41:40','187.189.191.141','ACTIVO'),(481,'jorgerodriguez@ut-morelia.edu.mx','Eliminación de asignación','Se eliminó la asignación ID 20428:  - Grupo .','2025-01-08 21:41:41','187.189.191.141','ACTIVO'),(482,'rosa.garcia@ut-morelia.edu.mx','Asignación manual de horario','Se asignó la materia ID 1807 al grupo ID 921 en el día sábado de 15:00:00 a 16:00:00.','2025-01-08 21:41:48','187.189.191.141','ACTIVO'),(483,'rosa.garcia@ut-morelia.edu.mx','Asignación manual de horario','Se asignó la materia ID 1807 al grupo ID 921 en el día sábado de 16:00:00 a 17:00:00.','2025-01-08 21:41:57','187.189.191.141','ACTIVO'),(484,'rosa.garcia@ut-morelia.edu.mx','Eliminación de asignación manual','Se eliminó la asignación con ID 1005 del grupo ID 921.','2025-01-08 21:42:23','187.189.191.141','ACTIVO'),(485,'rosa.garcia@ut-morelia.edu.mx','Eliminación de asignación manual','Se eliminó la asignación con ID 1006 del grupo ID 921.','2025-01-08 21:42:27','187.189.191.141','ACTIVO'),(486,'desconocido@dominio.com','Actualización de asignación','Se actualizó la asignación ID 20406. Nuevo día: sábado, Hora de inicio: 12:00:00, Hora de fin: 13:00:00.','2025-01-08 21:44:53','200.68.167.21','ACTIVO'),(487,'desconocido@dominio.com','Actualización de asignación','Se actualizó la asignación ID 20403. Nuevo día: sábado, Hora de inicio: 13:00:00, Hora de fin: 14:00:00.','2025-01-08 21:44:56','200.68.167.21','ACTIVO'),(488,'desconocido@dominio.com','Actualización de asignación','Se actualizó la asignación ID 20404. Nuevo día: sábado, Hora de inicio: 14:00:00, Hora de fin: 15:00:00.','2025-01-08 21:44:58','200.68.167.21','ACTIVO'),(489,'desconocido@dominio.com','Actualización de asignación','Se actualizó la asignación ID 20409. Nuevo día: sábado, Hora de inicio: 15:00:00, Hora de fin: 16:00:00.','2025-01-08 21:45:02','200.68.167.21','ACTIVO'),(490,'desconocido@dominio.com','Actualización de asignación','Se actualizó la asignación ID 20410. Nuevo día: sábado, Hora de inicio: 16:00:00, Hora de fin: 17:00:00.','2025-01-08 21:45:05','200.68.167.21','ACTIVO'),(491,'desconocido@dominio.com','Actualización de asignación','Se actualizó la asignación ID 20408. Nuevo día: sábado, Hora de inicio: 17:00:00, Hora de fin: 18:00:00.','2025-01-08 21:45:09','200.68.167.21','ACTIVO'),(492,'rosa.garcia@ut-morelia.edu.mx','Eliminación de asignación manual','Se eliminó la asignación con ID 1039 del grupo ID 923.','2025-01-08 21:45:18','189.199.95.118','ACTIVO'),(493,'rosa.garcia@ut-morelia.edu.mx','Eliminación de asignación manual','Se eliminó la asignación con ID 1040 del grupo ID 923.','2025-01-08 21:45:21','189.199.95.118','ACTIVO'),(494,'jorgerodriguez@ut-morelia.edu.mx','Eliminación de asignación','Se eliminó la asignación ID 22595:  - Grupo .','2025-01-08 21:45:36','189.199.95.118','ACTIVO'),(495,'jorgerodriguez@ut-morelia.edu.mx','Eliminación de asignación','Se eliminó la asignación ID 22596:  - Grupo .','2025-01-08 21:45:39','189.199.95.118','ACTIVO'),(496,'rosa.garcia@ut-morelia.edu.mx','Asignación manual de horario','Se asignó la materia ID 1864 al grupo ID 923 en el día viernes de 18:00:00 a 19:00:00.','2025-01-08 21:45:51','187.189.191.141','ACTIVO'),(497,'desconocido@dominio.com','Actualización de asignación','Se actualizó la asignación ID 20408. Nuevo día: viernes, Hora de inicio: 19:00:00, Hora de fin: 20:00:00.','2025-01-08 21:45:58','200.68.167.21','ACTIVO'),(498,'rosa.garcia@ut-morelia.edu.mx','Asignación manual de horario','Se asignó la materia ID 1864 al grupo ID 923 en el día viernes de 19:00:00 a 20:00:00.','2025-01-08 21:46:21','187.189.191.141','ACTIVO'),(499,'desconocido@dominio.com','Actualización de asignación','Se actualizó la asignación ID 20401. Nuevo día: jueves, Hora de inicio: 15:00:00, Hora de fin: 16:00:00.','2025-01-08 21:52:14','200.68.167.21','ACTIVO'),(500,'jorgerodriguez@ut-morelia.edu.mx','Eliminación de asignación','Se eliminó la asignación ID 21841:  - Grupo .','2025-01-08 21:53:05','187.189.191.141','ACTIVO'),(501,'jorgerodriguez@ut-morelia.edu.mx','Eliminación de asignación','Se eliminó la asignación ID 21835:  - Grupo .','2025-01-08 21:53:08','187.189.191.141','ACTIVO'),(502,'rosa.garcia@ut-morelia.edu.mx','Asignación manual de horario','Se asignó la materia ID 1831 al grupo ID 921 en el día viernes de 15:00:00 a 16:00:00.','2025-01-08 21:53:25','187.189.191.141','ACTIVO'),(503,'desconocido@dominio.com','Actualización de asignación','Se actualizó la asignación ID 21212. Nuevo día: jueves, Hora de inicio: 16:00:00, Hora de fin: 17:00:00.','2025-01-08 21:56:51','200.68.167.21','ACTIVO'),(504,'jorgerodriguez@ut-morelia.edu.mx','Eliminación de asignación','Se eliminó la asignación ID 21822:  - Grupo .','2025-01-08 21:56:56','187.189.191.141','ACTIVO'),(505,'desconocido@dominio.com','Actualización de asignación','Se actualizó la asignación ID 21199. Nuevo día: viernes, Hora de inicio: 19:00:00, Hora de fin: 20:00:00.','2025-01-08 21:57:14','200.68.167.21','ACTIVO'),(506,'desconocido@dominio.com','Actualización de asignación','Se actualizó la asignación ID 21881. Nuevo día: martes, Hora de inicio: 13:00:00, Hora de fin: 14:00:00.','2025-01-08 21:59:03','200.68.167.21','ACTIVO'),(507,'desconocido@dominio.com','Actualización de asignación','Se actualizó la asignación ID 21880. Nuevo día: martes, Hora de inicio: 15:00:00, Hora de fin: 16:00:00.','2025-01-08 21:59:21','200.68.167.21','ACTIVO'),(508,'desconocido@dominio.com','Actualización de asignación','Se actualizó la asignación ID 21881. Nuevo día: martes, Hora de inicio: 16:00:00, Hora de fin: 17:00:00.','2025-01-08 21:59:23','200.68.167.21','ACTIVO'),(509,'desconocido@dominio.com','Actualización de asignación','Se actualizó la asignación ID 21879. Nuevo día: martes, Hora de inicio: 14:00:00, Hora de fin: 15:00:00.','2025-01-08 21:59:26','200.68.167.21','ACTIVO'),(510,'desconocido@dominio.com','Actualización de asignación','Se actualizó la asignación ID 20414. Nuevo día: sábado, Hora de inicio: 10:00:00, Hora de fin: 11:00:00.','2025-01-08 22:00:37','200.68.167.21','ACTIVO'),(511,'rosa.garcia@ut-morelia.edu.mx','Asignación manual de horario','Se asignó la materia ID 1927 al grupo ID 921 en el día viernes de 14:00:00 a 15:00:00.','2025-01-08 22:00:37','187.189.191.141','ACTIVO'),(512,'jorgerodriguez@ut-morelia.edu.mx','Eliminación de asignación','Se eliminó la asignación ID 21820:  - Grupo .','2025-01-08 22:01:22','187.189.191.141','ACTIVO'),(513,'rosa.garcia@ut-morelia.edu.mx','Asignación manual de horario','Se asignó la materia ID 1839 al grupo ID 921 en el día viernes de 17:00:00 a 18:00:00.','2025-01-08 22:01:32','187.189.191.141','ACTIVO'),(514,'jorgerodriguez@ut-morelia.edu.mx','Eliminación de asignación','Se eliminó la asignación ID 21824:  - Grupo .','2025-01-08 22:01:43','187.189.191.141','ACTIVO'),(515,'rosa.garcia@ut-morelia.edu.mx','Asignación manual de horario','Se asignó la materia ID 1926 al grupo ID 921 en el día viernes de 18:00:00 a 19:00:00.','2025-01-08 22:01:47','187.189.191.141','ACTIVO'),(516,'desconocido@dominio.com','Actualización de asignación','Se actualizó la asignación ID 21840. Nuevo día: miércoles, Hora de inicio: 15:00:00, Hora de fin: 16:00:00.','2025-01-08 22:02:00','187.189.191.141','ACTIVO'),(517,'rosa.garcia@ut-morelia.edu.mx','Asignación manual de horario','Se asignó la materia ID 1831 al grupo ID 921 en el día viernes de 16:00:00 a 17:00:00.','2025-01-08 22:02:29','187.189.191.141','ACTIVO'),(518,'desconocido@dominio.com','Actualización de asignación','Se actualizó la asignación ID 21883. Nuevo día: lunes, Hora de inicio: 16:00:00, Hora de fin: 17:00:00.','2025-01-08 22:02:40','200.68.167.21','ACTIVO'),(519,'desconocido@dominio.com','Actualización de asignación','Se actualizó la asignación ID 21890. Nuevo día: lunes, Hora de inicio: 15:00:00, Hora de fin: 16:00:00.','2025-01-08 22:02:43','200.68.167.21','ACTIVO'),(520,'desconocido@dominio.com','Actualización de asignación','Se actualizó la asignación ID 21891. Nuevo día: martes, Hora de inicio: 17:00:00, Hora de fin: 18:00:00.','2025-01-08 22:02:46','200.68.167.21','ACTIVO'),(521,'desconocido@dominio.com','Actualización de asignación','Se actualizó la asignación ID 20906. Nuevo día: sábado, Hora de inicio: 14:00:00, Hora de fin: 15:00:00.','2025-01-08 22:10:25','187.189.191.141','ACTIVO'),(522,'desconocido@dominio.com','Actualización de asignación','Se actualizó la asignación ID 20907. Nuevo día: sábado, Hora de inicio: 15:00:00, Hora de fin: 16:00:00.','2025-01-08 22:10:33','187.189.191.141','ACTIVO'),(523,'desconocido@dominio.com','Actualización de asignación','Se actualizó la asignación ID 20910. Nuevo día: martes, Hora de inicio: 14:00:00, Hora de fin: 15:00:00.','2025-01-08 22:10:39','187.189.191.141','ACTIVO'),(524,'desconocido@dominio.com','Actualización de asignación','Se actualizó la asignación ID 20911. Nuevo día: jueves, Hora de inicio: 14:00:00, Hora de fin: 15:00:00.','2025-01-08 22:10:44','187.189.191.141','ACTIVO'),(525,'desconocido@dominio.com','Actualización de asignación','Se actualizó la asignación ID 20906. Nuevo día: viernes, Hora de inicio: 16:00:00, Hora de fin: 17:00:00.','2025-01-08 22:10:49','187.189.191.141','ACTIVO'),(526,'desconocido@dominio.com','Actualización de asignación','Se actualizó la asignación ID 20907. Nuevo día: viernes, Hora de inicio: 17:00:00, Hora de fin: 18:00:00.','2025-01-08 22:10:52','187.189.191.141','ACTIVO'),(527,'desconocido@dominio.com','Actualización de asignación','Se actualizó la asignación ID 20906. Nuevo día: sábado, Hora de inicio: 16:00:00, Hora de fin: 17:00:00.','2025-01-08 22:15:43','187.189.191.141','ACTIVO'),(528,'desconocido@dominio.com','Actualización de asignación','Se actualizó la asignación ID 20889. Nuevo día: viernes, Hora de inicio: 16:00:00, Hora de fin: 17:00:00.','2025-01-08 22:15:49','187.189.191.141','ACTIVO'),(529,'desconocido@dominio.com','Actualización de asignación','Se actualizó la asignación ID 20906. Nuevo día: lunes, Hora de inicio: 17:00:00, Hora de fin: 18:00:00.','2025-01-08 22:15:52','187.189.191.141','ACTIVO'),(530,'desconocido@dominio.com','Actualización de asignación','Se actualizó la asignación ID 20892. Nuevo día: sábado, Hora de inicio: 18:00:00, Hora de fin: 19:00:00.','2025-01-08 22:22:57','187.189.191.141','ACTIVO'),(531,'desconocido@dominio.com','Actualización de asignación','Se actualizó la asignación ID 20896. Nuevo día: sábado, Hora de inicio: 17:00:00, Hora de fin: 18:00:00.','2025-01-08 22:23:14','187.189.191.141','ACTIVO'),(532,'jorgerodriguez@ut-morelia.edu.mx','Eliminación de asignación manual','Se eliminó la asignación con ID 62 del grupo ID 878.','2025-01-08 22:23:43','187.189.191.141','ACTIVO'),(533,'jorgerodriguez@ut-morelia.edu.mx','Eliminación de asignación manual','Se eliminó la asignación con ID 61 del grupo ID 878.','2025-01-08 22:23:46','187.189.191.141','ACTIVO'),(534,'jorgerodriguez@ut-morelia.edu.mx','Eliminación de asignación','Se eliminó la asignación ID 19712:  - Grupo .','2025-01-08 22:23:55','187.189.191.141','ACTIVO'),(535,'jorgerodriguez@ut-morelia.edu.mx','Eliminación de asignación','Se eliminó la asignación ID 19713:  - Grupo .','2025-01-08 22:23:57','187.189.191.141','ACTIVO'),(536,'jorgerodriguez@ut-morelia.edu.mx','Asignación manual de horario','Se asignó la materia ID 1825 al grupo ID 878 en el día martes de 15:00:00 a 16:00:00.','2025-01-08 22:24:01','187.189.191.141','ACTIVO'),(537,'jorgerodriguez@ut-morelia.edu.mx','Asignación manual de horario','Se asignó la materia ID 1825 al grupo ID 878 en el día martes de 16:00:00 a 17:00:00.','2025-01-08 22:24:04','187.189.191.141','ACTIVO'),(538,'desconocido@dominio.com','Actualización de asignación','Se actualizó la asignación ID 20896. Nuevo día: lunes, Hora de inicio: 14:00:00, Hora de fin: 15:00:00.','2025-01-08 22:24:11','187.189.191.141','ACTIVO'),(539,'desconocido@dominio.com','Actualización de asignación','Se actualizó la asignación ID 20913. Nuevo día: lunes, Hora de inicio: 15:00:00, Hora de fin: 16:00:00.','2025-01-08 22:24:17','187.189.191.141','ACTIVO'),(540,'desconocido@dominio.com','Actualización de asignación','Se actualizó la asignación ID 20892. Nuevo día: jueves, Hora de inicio: 18:00:00, Hora de fin: 19:00:00.','2025-01-08 22:24:19','187.189.191.141','ACTIVO'),(541,'desconocido@dominio.com','Actualización de asignación','Se actualizó la asignación ID 21127. Nuevo día: jueves, Hora de inicio: 17:00:00, Hora de fin: 18:00:00.','2025-01-08 22:25:17','187.189.191.141','ACTIVO'),(542,'desconocido@dominio.com','Actualización de asignación','Se actualizó la asignación ID 21152. Nuevo día: martes, Hora de inicio: 16:00:00, Hora de fin: 17:00:00.','2025-01-08 22:26:01','187.189.191.141','ACTIVO'),(543,'desconocido@dominio.com','Actualización de asignación','Se actualizó la asignación ID 21960. Nuevo día: sábado, Hora de inicio: 14:00:00, Hora de fin: 15:00:00.','2025-01-09 14:02:43','189.243.236.146','ACTIVO'),(544,'desconocido@dominio.com','Actualización de asignación','Se actualizó la asignación ID 21961. Nuevo día: sábado, Hora de inicio: 15:00:00, Hora de fin: 16:00:00.','2025-01-09 14:02:46','189.243.236.146','ACTIVO'),(545,'desconocido@dominio.com','Actualización de asignación','Se actualizó la asignación ID 21930. Nuevo día: viernes, Hora de inicio: 14:00:00, Hora de fin: 15:00:00.','2025-01-09 14:02:54','189.243.236.146','ACTIVO'),(546,'desconocido@dominio.com','Actualización de asignación','Se actualizó la asignación ID 21931. Nuevo día: viernes, Hora de inicio: 15:00:00, Hora de fin: 16:00:00.','2025-01-09 14:02:58','189.243.236.146','ACTIVO'),(547,'desconocido@dominio.com','Actualización de asignación','Se actualizó la asignación ID 21953. Nuevo día: lunes, Hora de inicio: 12:00:00, Hora de fin: 13:00:00.','2025-01-09 14:03:04','189.243.236.146','ACTIVO'),(548,'desconocido@dominio.com','Actualización de asignación','Se actualizó la asignación ID 21954. Nuevo día: lunes, Hora de inicio: 13:00:00, Hora de fin: 14:00:00.','2025-01-09 14:03:07','189.243.236.146','ACTIVO'),(549,'desconocido@dominio.com','Actualización de asignación','Se actualizó la asignación ID 21950. Nuevo día: jueves, Hora de inicio: 14:00:00, Hora de fin: 15:00:00.','2025-01-09 14:03:13','189.243.236.146','ACTIVO'),(550,'desconocido@dominio.com','Actualización de asignación','Se actualizó la asignación ID 21955. Nuevo día: miércoles, Hora de inicio: 18:00:00, Hora de fin: 19:00:00.','2025-01-09 14:03:24','189.243.236.146','ACTIVO'),(551,'desconocido@dominio.com','Actualización de asignación','Se actualizó la asignación ID 21956. Nuevo día: jueves, Hora de inicio: 16:00:00, Hora de fin: 17:00:00.','2025-01-09 14:03:28','189.243.236.146','ACTIVO'),(552,'desconocido@dominio.com','Actualización de asignación','Se actualizó la asignación ID 21960. Nuevo día: jueves, Hora de inicio: 15:00:00, Hora de fin: 16:00:00.','2025-01-09 14:03:31','189.243.236.146','ACTIVO'),(553,'desconocido@dominio.com','Actualización de asignación','Se actualizó la asignación ID 21961. Nuevo día: jueves, Hora de inicio: 17:00:00, Hora de fin: 18:00:00.','2025-01-09 14:03:34','189.243.236.146','ACTIVO'),(554,'desconocido@dominio.com','Actualización de asignación','Se actualizó la asignación ID 21777. Nuevo día: sábado, Hora de inicio: 12:00:00, Hora de fin: 13:00:00.','2025-01-09 14:04:36','189.243.236.146','ACTIVO'),(555,'desconocido@dominio.com','Actualización de asignación','Se actualizó la asignación ID 21778. Nuevo día: sábado, Hora de inicio: 13:00:00, Hora de fin: 14:00:00.','2025-01-09 14:04:38','189.243.236.146','ACTIVO'),(556,'desconocido@dominio.com','Actualización de asignación','Se actualizó la asignación ID 21756. Nuevo día: viernes, Hora de inicio: 12:00:00, Hora de fin: 13:00:00.','2025-01-09 14:04:44','189.243.236.146','ACTIVO'),(557,'desconocido@dominio.com','Actualización de asignación','Se actualizó la asignación ID 21757. Nuevo día: viernes, Hora de inicio: 13:00:00, Hora de fin: 14:00:00.','2025-01-09 14:04:47','189.243.236.146','ACTIVO'),(558,'desconocido@dominio.com','Actualización de asignación','Se actualizó la asignación ID 21777. Nuevo día: lunes, Hora de inicio: 14:00:00, Hora de fin: 15:00:00.','2025-01-09 14:04:50','189.243.236.146','ACTIVO'),(559,'desconocido@dominio.com','Actualización de asignación','Se actualizó la asignación ID 21778. Nuevo día: lunes, Hora de inicio: 15:00:00, Hora de fin: 16:00:00.','2025-01-09 14:04:53','189.243.236.146','ACTIVO'),(560,'desconocido@dominio.com','Actualización de asignación','Se actualizó la asignación ID 22229. Nuevo día: viernes, Hora de inicio: 10:00:00, Hora de fin: 11:00:00.','2025-01-09 14:59:13','187.189.191.141','ACTIVO'),(561,'jorgerodriguez@ut-morelia.edu.mx','Asignación de materias','Se asignaron materias al profesor con ID 102. Materias asignadas: 1687','2025-01-09 15:29:36','187.189.191.141','ACTIVO'),(562,'chef.mario.utm@gmail.com','Asignación de materias','Se asignaron materias al profesor con ID 117. Materias asignadas: 1974','2025-01-09 15:35:05','187.189.191.141','ACTIVO'),(563,'desconocido@dominio.com','Actualización de asignación','Se actualizó la asignación ID 21298. Nuevo día: viernes, Hora de inicio: 07:00:00, Hora de fin: 08:00:00.','2025-01-09 15:39:12','200.68.167.21','ACTIVO'),(564,'desconocido@dominio.com','Actualización de asignación','Se actualizó la asignación ID 21299. Nuevo día: viernes, Hora de inicio: 08:00:00, Hora de fin: 09:00:00.','2025-01-09 15:39:15','200.68.167.21','ACTIVO'),(565,'desconocido@dominio.com','Actualización de asignación','Se actualizó la asignación ID 21717. Nuevo día: miércoles, Hora de inicio: 12:00:00, Hora de fin: 13:00:00.','2025-01-09 15:40:27','200.68.167.21','ACTIVO'),(566,'desconocido@dominio.com','Actualización de asignación','Se actualizó la asignación ID 21718. Nuevo día: lunes, Hora de inicio: 12:00:00, Hora de fin: 13:00:00.','2025-01-09 15:40:31','200.68.167.21','ACTIVO'),(567,'desconocido@dominio.com','Actualización de asignación','Se actualizó la asignación ID 21590. Nuevo día: sábado, Hora de inicio: 13:00:00, Hora de fin: 14:00:00.','2025-01-09 15:44:17','200.68.167.21','ACTIVO'),(568,'desconocido@dominio.com','Actualización de asignación','Se actualizó la asignación ID 21598. Nuevo día: sábado, Hora de inicio: 14:00:00, Hora de fin: 15:00:00.','2025-01-09 15:44:23','200.68.167.21','ACTIVO'),(569,'desconocido@dominio.com','Actualización de asignación','Se actualizó la asignación ID 21599. Nuevo día: sábado, Hora de inicio: 15:00:00, Hora de fin: 16:00:00.','2025-01-09 15:44:26','200.68.167.21','ACTIVO'),(570,'desconocido@dominio.com','Actualización de asignación','Se actualizó la asignación ID 21600. Nuevo día: sábado, Hora de inicio: 16:00:00, Hora de fin: 17:00:00.','2025-01-09 15:44:28','200.68.167.21','ACTIVO'),(571,'desconocido@dominio.com','Actualización de asignación','Se actualizó la asignación ID 21601. Nuevo día: sábado, Hora de inicio: 17:00:00, Hora de fin: 18:00:00.','2025-01-09 15:44:31','200.68.167.21','ACTIVO'),(572,'desconocido@dominio.com','Actualización de asignación','Se actualizó la asignación ID 21578. Nuevo día: viernes, Hora de inicio: 13:00:00, Hora de fin: 14:00:00.','2025-01-09 15:44:38','200.68.167.21','ACTIVO'),(573,'desconocido@dominio.com','Actualización de asignación','Se actualizó la asignación ID 21579. Nuevo día: viernes, Hora de inicio: 14:00:00, Hora de fin: 15:00:00.','2025-01-09 15:44:42','200.68.167.21','ACTIVO'),(574,'desconocido@dominio.com','Actualización de asignación','Se actualizó la asignación ID 21590. Nuevo día: viernes, Hora de inicio: 15:00:00, Hora de fin: 16:00:00.','2025-01-09 15:44:51','200.68.167.21','ACTIVO'),(575,'desconocido@dominio.com','Actualización de asignación','Se actualizó la asignación ID 21585. Nuevo día: viernes, Hora de inicio: 16:00:00, Hora de fin: 17:00:00.','2025-01-09 15:44:55','200.68.167.21','ACTIVO'),(576,'desconocido@dominio.com','Actualización de asignación','Se actualizó la asignación ID 21586. Nuevo día: viernes, Hora de inicio: 17:00:00, Hora de fin: 18:00:00.','2025-01-09 15:44:58','200.68.167.21','ACTIVO'),(577,'desconocido@dominio.com','Actualización de asignación','Se actualizó la asignación ID 21598. Nuevo día: lunes, Hora de inicio: 16:00:00, Hora de fin: 17:00:00.','2025-01-09 15:45:08','200.68.167.21','ACTIVO'),(578,'desconocido@dominio.com','Actualización de asignación','Se actualizó la asignación ID 21599. Nuevo día: lunes, Hora de inicio: 17:00:00, Hora de fin: 18:00:00.','2025-01-09 15:45:12','200.68.167.21','ACTIVO'),(579,'desconocido@dominio.com','Actualización de asignación','Se actualizó la asignación ID 21600. Nuevo día: martes, Hora de inicio: 17:00:00, Hora de fin: 18:00:00.','2025-01-09 15:45:16','200.68.167.21','ACTIVO'),(580,'desconocido@dominio.com','Actualización de asignación','Se actualizó la asignación ID 21601. Nuevo día: martes, Hora de inicio: 18:00:00, Hora de fin: 19:00:00.','2025-01-09 15:45:20','200.68.167.21','ACTIVO'),(581,'desconocido@dominio.com','Actualización de asignación','Se actualizó la asignación ID 21486. Nuevo día: miércoles, Hora de inicio: 14:00:00, Hora de fin: 15:00:00.','2025-01-09 15:46:52','200.68.167.21','ACTIVO'),(582,'desconocido@dominio.com','Actualización de asignación','Se actualizó la asignación ID 21474. Nuevo día: viernes, Hora de inicio: 10:00:00, Hora de fin: 11:00:00.','2025-01-09 15:46:56','200.68.167.21','ACTIVO'),(583,'desconocido@dominio.com','Actualización de asignación','Se actualizó la asignación ID 21486. Nuevo día: miércoles, Hora de inicio: 13:00:00, Hora de fin: 14:00:00.','2025-01-09 15:46:59','200.68.167.21','ACTIVO'),(584,'desconocido@dominio.com','Actualización de asignación','Se actualizó la asignación ID 21482. Nuevo día: miércoles, Hora de inicio: 14:00:00, Hora de fin: 15:00:00.','2025-01-09 15:47:31','200.68.167.21','ACTIVO'),(585,'desconocido@dominio.com','Actualización de asignación','Se actualizó la asignación ID 21708. Nuevo día: martes, Hora de inicio: 12:00:00, Hora de fin: 13:00:00.','2025-01-09 15:53:00','200.68.167.21','ACTIVO'),(586,'desconocido@dominio.com','Actualización de asignación','Se actualizó la asignación ID 21706. Nuevo día: miércoles, Hora de inicio: 11:00:00, Hora de fin: 12:00:00.','2025-01-09 15:53:03','200.68.167.21','ACTIVO'),(587,'desconocido@dominio.com','Actualización de asignación','Se actualizó la asignación ID 21717. Nuevo día: lunes, Hora de inicio: 11:00:00, Hora de fin: 12:00:00.','2025-01-09 15:53:05','200.68.167.21','ACTIVO'),(588,'desconocido@dominio.com','Actualización de asignación','Se actualizó la asignación ID 21709. Nuevo día: miércoles, Hora de inicio: 12:00:00, Hora de fin: 13:00:00.','2025-01-09 15:53:09','200.68.167.21','ACTIVO'),(589,'desconocido@dominio.com','Actualización de asignación','Se actualizó la asignación ID 21715. Nuevo día: jueves, Hora de inicio: 12:00:00, Hora de fin: 13:00:00.','2025-01-09 15:53:12','200.68.167.21','ACTIVO'),(590,'desconocido@dominio.com','Actualización de asignación','Se actualizó la asignación ID 21719. Nuevo día: miércoles, Hora de inicio: 09:00:00, Hora de fin: 10:00:00.','2025-01-09 16:01:53','200.68.166.28','ACTIVO'),(591,'desconocido@dominio.com','Actualización de asignación','Se actualizó la asignación ID 21721. Nuevo día: miércoles, Hora de inicio: 10:00:00, Hora de fin: 11:00:00.','2025-01-09 16:01:57','200.68.166.28','ACTIVO'),(592,'desconocido@dominio.com','Actualización de asignación','Se actualizó la asignación ID 21714. Nuevo día: miércoles, Hora de inicio: 13:00:00, Hora de fin: 14:00:00.','2025-01-09 16:02:02','200.68.166.28','ACTIVO'),(593,'desconocido@dominio.com','Actualización de asignación','Se actualizó la asignación ID 21710. Nuevo día: jueves, Hora de inicio: 10:00:00, Hora de fin: 11:00:00.','2025-01-09 16:02:07','200.68.166.28','ACTIVO'),(594,'desconocido@dominio.com','Actualización de asignación','Se actualizó la asignación ID 21710. Nuevo día: jueves, Hora de inicio: 11:00:00, Hora de fin: 12:00:00.','2025-01-09 16:02:17','200.68.166.28','ACTIVO'),(595,'desconocido@dominio.com','Actualización de asignación','Se actualizó la asignación ID 21722. Nuevo día: jueves, Hora de inicio: 10:00:00, Hora de fin: 11:00:00.','2025-01-09 16:02:46','200.68.166.28','ACTIVO'),(596,'desconocido@dominio.com','Actualización de asignación','Se actualizó la asignación ID 21362. Nuevo día: miércoles, Hora de inicio: 11:00:00, Hora de fin: 12:00:00.','2025-01-09 16:04:39','200.68.166.28','ACTIVO'),(597,'desconocido@dominio.com','Actualización de asignación','Se actualizó la asignación ID 21363. Nuevo día: lunes, Hora de inicio: 11:00:00, Hora de fin: 12:00:00.','2025-01-09 16:05:02','200.68.166.28','ACTIVO'),(598,'desconocido@dominio.com','Actualización de asignación','Se actualizó la asignación ID 21373. Nuevo día: lunes, Hora de inicio: 16:00:00, Hora de fin: 17:00:00.','2025-01-09 16:05:06','200.68.166.28','ACTIVO'),(599,'desconocido@dominio.com','Actualización de asignación','Se actualizó la asignación ID 21374. Nuevo día: lunes, Hora de inicio: 17:00:00, Hora de fin: 18:00:00.','2025-01-09 16:05:08','200.68.166.28','ACTIVO'),(600,'desconocido@dominio.com','Actualización de asignación','Se actualizó la asignación ID 21363. Nuevo día: miércoles, Hora de inicio: 13:00:00, Hora de fin: 14:00:00.','2025-01-09 16:05:11','200.68.166.28','ACTIVO'),(601,'desconocido@dominio.com','Actualización de asignación','Se actualizó la asignación ID 21362. Nuevo día: miércoles, Hora de inicio: 14:00:00, Hora de fin: 15:00:00.','2025-01-09 16:05:14','200.68.166.28','ACTIVO'),(602,'desconocido@dominio.com','Actualización de asignación','Se actualizó la asignación ID 21379. Nuevo día: martes, Hora de inicio: 19:00:00, Hora de fin: 20:00:00.','2025-01-09 16:05:21','200.68.166.28','ACTIVO'),(603,'chef.mario.utm@gmail.com','Asignación de materias','Se asignaron materias al profesor con ID 128. Materias asignadas: 1753','2025-01-09 16:06:11','187.189.191.141','ACTIVO'),(604,'desconocido@dominio.com','Actualización de asignación','Se actualizó la asignación ID 21705. Nuevo día: miércoles, Hora de inicio: 17:00:00, Hora de fin: 18:00:00.','2025-01-09 16:07:59','200.68.166.28','ACTIVO'),(605,'desconocido@dominio.com','Actualización de asignación','Se actualizó la asignación ID 21695. Nuevo día: miércoles, Hora de inicio: 15:00:00, Hora de fin: 16:00:00.','2025-01-09 16:08:01','200.68.166.28','ACTIVO'),(606,'desconocido@dominio.com','Actualización de asignación','Se actualizó la asignación ID 21705. Nuevo día: martes, Hora de inicio: 16:00:00, Hora de fin: 17:00:00.','2025-01-09 16:08:09','200.68.166.28','ACTIVO'),(607,'desconocido@dominio.com','Actualización de asignación','Se actualizó la asignación ID 21615. Nuevo día: sábado, Hora de inicio: 16:00:00, Hora de fin: 17:00:00.','2025-01-09 16:11:00','200.68.166.28','ACTIVO'),(608,'desconocido@dominio.com','Actualización de asignación','Se actualizó la asignación ID 21629. Nuevo día: miércoles, Hora de inicio: 16:00:00, Hora de fin: 17:00:00.','2025-01-09 16:11:02','200.68.166.28','ACTIVO'),(609,'desconocido@dominio.com','Actualización de asignación','Se actualizó la asignación ID 21628. Nuevo día: viernes, Hora de inicio: 16:00:00, Hora de fin: 17:00:00.','2025-01-09 16:11:11','200.68.166.28','ACTIVO'),(610,'desconocido@dominio.com','Actualización de asignación','Se actualizó la asignación ID 21627. Nuevo día: miércoles, Hora de inicio: 17:00:00, Hora de fin: 18:00:00.','2025-01-09 16:11:15','200.68.166.28','ACTIVO'),(611,'desconocido@dominio.com','Actualización de asignación','Se actualizó la asignación ID 21615. Nuevo día: viernes, Hora de inicio: 14:00:00, Hora de fin: 15:00:00.','2025-01-09 16:11:19','200.68.166.28','ACTIVO'),(612,'desconocido@dominio.com','Actualización de asignación','Se actualizó la asignación ID 21703. Nuevo día: miércoles, Hora de inicio: 17:00:00, Hora de fin: 18:00:00.','2025-01-09 16:14:28','200.68.166.28','ACTIVO'),(613,'desconocido@dominio.com','Actualización de asignación','Se actualizó la asignación ID 21703. Nuevo día: lunes, Hora de inicio: 13:00:00, Hora de fin: 14:00:00.','2025-01-09 16:15:32','200.68.166.28','ACTIVO'),(614,'desconocido@dominio.com','Actualización de asignación','Se actualizó la asignación ID 21643. Nuevo día: miércoles, Hora de inicio: 11:00:00, Hora de fin: 12:00:00.','2025-01-09 16:16:19','200.68.166.28','ACTIVO'),(615,'desconocido@dominio.com','Actualización de asignación','Se actualizó la asignación ID 21638. Nuevo día: miércoles, Hora de inicio: 08:00:00, Hora de fin: 09:00:00.','2025-01-09 16:16:23','200.68.166.28','ACTIVO'),(616,'desconocido@dominio.com','Actualización de asignación','Se actualizó la asignación ID 21637. Nuevo día: martes, Hora de inicio: 08:00:00, Hora de fin: 09:00:00.','2025-01-09 16:16:25','200.68.166.28','ACTIVO'),(617,'desconocido@dominio.com','Actualización de asignación','Se actualizó la asignación ID 21632. Nuevo día: jueves, Hora de inicio: 12:00:00, Hora de fin: 13:00:00.','2025-01-09 16:18:32','200.68.166.28','ACTIVO'),(618,'desconocido@dominio.com','Actualización de asignación','Se actualizó la asignación ID 21646. Nuevo día: lunes, Hora de inicio: 12:00:00, Hora de fin: 13:00:00.','2025-01-09 16:20:53','200.68.166.28','ACTIVO'),(619,'desconocido@dominio.com','Actualización de asignación','Se actualizó la asignación ID 21647. Nuevo día: martes, Hora de inicio: 12:00:00, Hora de fin: 13:00:00.','2025-01-09 16:20:57','200.68.166.28','ACTIVO'),(620,'desconocido@dominio.com','Actualización de asignación','Se actualizó la asignación ID 21439. Nuevo día: sábado, Hora de inicio: 07:00:00, Hora de fin: 08:00:00.','2025-01-09 16:22:47','200.68.166.28','ACTIVO'),(621,'desconocido@dominio.com','Actualización de asignación','Se actualizó la asignación ID 21456. Nuevo día: miércoles, Hora de inicio: 07:00:00, Hora de fin: 08:00:00.','2025-01-09 16:22:50','200.68.166.28','ACTIVO'),(622,'desconocido@dominio.com','Actualización de asignación','Se actualizó la asignación ID 21457. Nuevo día: miércoles, Hora de inicio: 08:00:00, Hora de fin: 09:00:00.','2025-01-09 16:22:52','200.68.166.28','ACTIVO'),(623,'desconocido@dominio.com','Actualización de asignación','Se actualizó la asignación ID 21439. Nuevo día: miércoles, Hora de inicio: 09:00:00, Hora de fin: 10:00:00.','2025-01-09 16:22:55','200.68.166.28','ACTIVO'),(624,'luis.gutierrez@ut-morelia.edu.mx','Asignación de materias','Se asignaron materias al profesor con ID 24. Materias asignadas: 1692','2025-01-09 16:25:12','189.199.95.118','ACTIVO'),(625,'desconocido@dominio.com','Actualización de asignación','Se actualizó la asignación ID 21007. Nuevo día: jueves, Hora de inicio: 13:00:00, Hora de fin: 14:00:00.','2025-01-09 16:25:32','200.68.166.28','ACTIVO'),(626,'desconocido@dominio.com','Actualización de asignación','Se actualizó la asignación ID 21013. Nuevo día: jueves, Hora de inicio: 14:00:00, Hora de fin: 15:00:00.','2025-01-09 16:25:35','200.68.166.28','ACTIVO'),(627,'desconocido@dominio.com','Actualización de asignación','Se actualizó la asignación ID 19898. Nuevo día: viernes, Hora de inicio: 12:00:00, Hora de fin: 13:00:00.','2025-01-09 16:25:38','200.68.166.28','ACTIVO'),(628,'desconocido@dominio.com','Actualización de asignación','Se actualizó la asignación ID 19900. Nuevo día: viernes, Hora de inicio: 13:00:00, Hora de fin: 14:00:00.','2025-01-09 16:25:41','200.68.166.28','ACTIVO'),(629,'desconocido@dominio.com','Actualización de asignación','Se actualizó la asignación ID 21007. Nuevo día: jueves, Hora de inicio: 11:00:00, Hora de fin: 12:00:00.','2025-01-09 16:25:44','200.68.166.28','ACTIVO'),(630,'desconocido@dominio.com','Actualización de asignación','Se actualizó la asignación ID 21013. Nuevo día: jueves, Hora de inicio: 12:00:00, Hora de fin: 13:00:00.','2025-01-09 16:25:46','200.68.166.28','ACTIVO'),(631,'desconocido@dominio.com','Actualización de asignación','Se actualizó la asignación ID 21118. Nuevo día: martes, Hora de inicio: 15:00:00, Hora de fin: 16:00:00.','2025-01-09 16:26:21','200.68.166.28','ACTIVO'),(632,'desconocido@dominio.com','Actualización de asignación','Se actualizó la asignación ID 21120. Nuevo día: miércoles, Hora de inicio: 11:00:00, Hora de fin: 12:00:00.','2025-01-09 16:27:23','200.68.166.28','ACTIVO'),(633,'desconocido@dominio.com','Actualización de asignación','Se actualizó la asignación ID 21120. Nuevo día: martes, Hora de inicio: 13:00:00, Hora de fin: 14:00:00.','2025-01-09 16:27:51','200.68.166.28','ACTIVO'),(634,'desconocido@dominio.com','Actualización de asignación','Se actualizó la asignación ID 21131. Nuevo día: jueves, Hora de inicio: 13:00:00, Hora de fin: 14:00:00.','2025-01-09 16:28:03','200.68.166.28','ACTIVO'),(635,'desconocido@dominio.com','Actualización de asignación','Se actualizó la asignación ID 21130. Nuevo día: jueves, Hora de inicio: 14:00:00, Hora de fin: 15:00:00.','2025-01-09 16:28:06','200.68.166.28','ACTIVO'),(636,'desconocido@dominio.com','Actualización de asignación','Se actualizó la asignación ID 21119. Nuevo día: miércoles, Hora de inicio: 14:00:00, Hora de fin: 15:00:00.','2025-01-09 16:28:09','200.68.166.28','ACTIVO'),(637,'desconocido@dominio.com','Actualización de asignación','Se actualizó la asignación ID 21131. Nuevo día: miércoles, Hora de inicio: 15:00:00, Hora de fin: 16:00:00.','2025-01-09 16:28:12','200.68.166.28','ACTIVO'),(638,'desconocido@dominio.com','Actualización de asignación','Se actualizó la asignación ID 21130. Nuevo día: jueves, Hora de inicio: 13:00:00, Hora de fin: 14:00:00.','2025-01-09 16:28:14','200.68.166.28','ACTIVO'),(639,'desconocido@dominio.com','Actualización de asignación','Se actualizó la asignación ID 21123. Nuevo día: miércoles, Hora de inicio: 17:00:00, Hora de fin: 18:00:00.','2025-01-09 16:29:41','200.68.166.28','ACTIVO'),(640,'desconocido@dominio.com','Actualización de asignación','Se actualizó la asignación ID 21118. Nuevo día: martes, Hora de inicio: 14:00:00, Hora de fin: 15:00:00.','2025-01-09 16:29:44','200.68.166.28','ACTIVO'),(641,'desconocido@dominio.com','Actualización de asignación','Se actualizó la asignación ID 21123. Nuevo día: martes, Hora de inicio: 15:00:00, Hora de fin: 16:00:00.','2025-01-09 16:29:46','200.68.166.28','ACTIVO'),(642,'desconocido@dominio.com','Actualización de asignación','Se actualizó la asignación ID 21118. Nuevo día: miércoles, Hora de inicio: 16:00:00, Hora de fin: 17:00:00.','2025-01-09 16:30:21','200.68.166.28','ACTIVO'),(643,'desconocido@dominio.com','Actualización de asignación','Se actualizó la asignación ID 21123. Nuevo día: martes, Hora de inicio: 14:00:00, Hora de fin: 15:00:00.','2025-01-09 16:30:23','200.68.166.28','ACTIVO'),(644,'desconocido@dominio.com','Actualización de asignación','Se actualizó la asignación ID 21118. Nuevo día: lunes, Hora de inicio: 11:00:00, Hora de fin: 12:00:00.','2025-01-09 16:30:59','200.68.166.28','ACTIVO'),(645,'desconocido@dominio.com','Actualización de asignación','Se actualizó la asignación ID 19835. Nuevo día: viernes, Hora de inicio: 11:00:00, Hora de fin: 12:00:00.','2025-01-09 16:32:53','200.68.166.28','ACTIVO'),(646,'srangel@ut-morelia.edu.mx','Asignación de materias','Se asignaron materias al profesor con ID 122. Materias asignadas: 1726','2025-01-09 16:34:47','200.68.166.28','ACTIVO'),(647,'desconocido@dominio.com','Actualización de asignación','Se actualizó la asignación ID 21960. Nuevo día: sábado, Hora de inicio: 16:00:00, Hora de fin: 17:00:00.','2025-01-09 16:35:12','187.189.191.141','ACTIVO'),(648,'desconocido@dominio.com','Actualización de asignación','Se actualizó la asignación ID 21956. Nuevo día: sábado, Hora de inicio: 17:00:00, Hora de fin: 18:00:00.','2025-01-09 16:35:15','187.189.191.141','ACTIVO'),(649,'desconocido@dominio.com','Actualización de asignación','Se actualizó la asignación ID 21960. Nuevo día: jueves, Hora de inicio: 15:00:00, Hora de fin: 16:00:00.','2025-01-09 16:35:29','187.189.191.141','ACTIVO'),(650,'desconocido@dominio.com','Actualización de asignación','Se actualizó la asignación ID 21956. Nuevo día: jueves, Hora de inicio: 16:00:00, Hora de fin: 17:00:00.','2025-01-09 16:35:33','187.189.191.141','ACTIVO'),(651,'desconocido@dominio.com','Actualización de asignación','Se actualizó la asignación ID 21958. Nuevo día: sábado, Hora de inicio: 15:00:00, Hora de fin: 16:00:00.','2025-01-09 16:38:15','187.189.191.141','ACTIVO'),(652,'desconocido@dominio.com','Actualización de asignación','Se actualizó la asignación ID 21959. Nuevo día: sábado, Hora de inicio: 16:00:00, Hora de fin: 17:00:00.','2025-01-09 16:38:20','187.189.191.141','ACTIVO'),(653,'desconocido@dominio.com','Actualización de asignación','Se actualizó la asignación ID 21943. Nuevo día: lunes, Hora de inicio: 16:00:00, Hora de fin: 17:00:00.','2025-01-09 16:38:24','187.189.191.141','ACTIVO'),(654,'desconocido@dominio.com','Actualización de asignación','Se actualizó la asignación ID 21936. Nuevo día: lunes, Hora de inicio: 17:00:00, Hora de fin: 18:00:00.','2025-01-09 16:38:26','187.189.191.141','ACTIVO'),(655,'desconocido@dominio.com','Actualización de asignación','Se actualizó la asignación ID 21958. Nuevo día: lunes, Hora de inicio: 18:00:00, Hora de fin: 19:00:00.','2025-01-09 16:38:29','187.189.191.141','ACTIVO'),(656,'desconocido@dominio.com','Actualización de asignación','Se actualizó la asignación ID 21959. Nuevo día: martes, Hora de inicio: 18:00:00, Hora de fin: 19:00:00.','2025-01-09 16:38:33','187.189.191.141','ACTIVO'),(657,'desconocido@dominio.com','Actualización de asignación','Se actualizó la asignación ID 21927. Nuevo día: sábado, Hora de inicio: 10:00:00, Hora de fin: 11:00:00.','2025-01-09 16:41:16','187.189.191.141','ACTIVO'),(658,'desconocido@dominio.com','Actualización de asignación','Se actualizó la asignación ID 21927. Nuevo día: viernes, Hora de inicio: 10:00:00, Hora de fin: 11:00:00.','2025-01-09 16:41:31','187.189.191.141','ACTIVO'),(659,'desconocido@dominio.com','Actualización de asignación','Se actualizó la asignación ID 21750. Nuevo día: lunes, Hora de inicio: 09:00:00, Hora de fin: 10:00:00.','2025-01-09 16:42:06','187.189.191.141','ACTIVO'),(660,'desconocido@dominio.com','Actualización de asignación','Se actualizó la asignación ID 21738. Nuevo día: jueves, Hora de inicio: 07:00:00, Hora de fin: 08:00:00.','2025-01-09 16:42:22','187.189.191.141','ACTIVO'),(661,'desconocido@dominio.com','Actualización de asignación','Se actualizó la asignación ID 21737. Nuevo día: miércoles, Hora de inicio: 08:00:00, Hora de fin: 09:00:00.','2025-01-09 16:43:47','187.189.191.141','ACTIVO'),(662,'desconocido@dominio.com','Actualización de asignación','Se actualizó la asignación ID 21838. Nuevo día: jueves, Hora de inicio: 12:00:00, Hora de fin: 13:00:00.','2025-01-09 16:45:00','187.189.191.141','ACTIVO'),(663,'desconocido@dominio.com','Actualización de asignación','Se actualizó la asignación ID 21840. Nuevo día: jueves, Hora de inicio: 13:00:00, Hora de fin: 14:00:00.','2025-01-09 16:45:21','187.189.191.141','ACTIVO'),(664,'desconocido@dominio.com','Actualización de asignación','Se actualizó la asignación ID 21830. Nuevo día: viernes, Hora de inicio: 12:00:00, Hora de fin: 13:00:00.','2025-01-09 16:46:07','187.189.191.141','ACTIVO'),(665,'desconocido@dominio.com','Actualización de asignación','Se actualizó la asignación ID 21227. Nuevo día: sábado, Hora de inicio: 12:00:00, Hora de fin: 13:00:00.','2025-01-09 16:46:21','200.68.166.28','ACTIVO'),(666,'desconocido@dominio.com','Actualización de asignación','Se actualizó la asignación ID 21231. Nuevo día: sábado, Hora de inicio: 11:00:00, Hora de fin: 12:00:00.','2025-01-09 16:46:27','200.68.166.28','ACTIVO'),(667,'desconocido@dominio.com','Actualización de asignación','Se actualizó la asignación ID 21229. Nuevo día: miércoles, Hora de inicio: 07:00:00, Hora de fin: 08:00:00.','2025-01-09 16:46:30','200.68.166.28','ACTIVO'),(668,'desconocido@dominio.com','Actualización de asignación','Se actualizó la asignación ID 21233. Nuevo día: jueves, Hora de inicio: 07:00:00, Hora de fin: 08:00:00.','2025-01-09 10:46:33','200.68.166.28','ACTIVO'),(669,'desconocido@dominio.com','Actualización de asignación','Se actualizó la asignación ID 21231. Nuevo día: miércoles, Hora de inicio: 09:00:00, Hora de fin: 10:00:00.','2025-01-09 10:46:36','200.68.166.28','ACTIVO'),(670,'desconocido@dominio.com','Actualización de asignación','Se actualizó la asignación ID 21227. Nuevo día: jueves, Hora de inicio: 09:00:00, Hora de fin: 10:00:00.','2025-01-09 10:46:40','200.68.166.28','ACTIVO'),(671,'desconocido@dominio.com','Actualización de asignación','Se actualizó la asignación ID 21809. Nuevo día: sábado, Hora de inicio: 07:00:00, Hora de fin: 08:00:00.','2025-01-09 10:48:09','187.189.191.141','ACTIVO'),(672,'desconocido@dominio.com','Actualización de asignación','Se actualizó la asignación ID 21810. Nuevo día: sábado, Hora de inicio: 08:00:00, Hora de fin: 09:00:00.','2025-01-09 10:48:12','187.189.191.141','ACTIVO'),(673,'desconocido@dominio.com','Actualización de asignación','Se actualizó la asignación ID 21809. Nuevo día: viernes, Hora de inicio: 07:00:00, Hora de fin: 08:00:00.','2025-01-09 10:48:21','187.189.191.141','ACTIVO'),(674,'desconocido@dominio.com','Actualización de asignación','Se actualizó la asignación ID 21811. Nuevo día: sábado, Hora de inicio: 09:00:00, Hora de fin: 10:00:00.','2025-01-09 10:48:28','187.189.191.141','ACTIVO'),(675,'desconocido@dominio.com','Actualización de asignación','Se actualizó la asignación ID 19949. Nuevo día: sábado, Hora de inicio: 10:00:00, Hora de fin: 11:00:00.','2025-01-09 10:48:31','187.189.191.141','ACTIVO'),(676,'desconocido@dominio.com','Actualización de asignación','Se actualizó la asignación ID 21794. Nuevo día: viernes, Hora de inicio: 08:00:00, Hora de fin: 09:00:00.','2025-01-09 10:48:34','187.189.191.141','ACTIVO'),(677,'desconocido@dominio.com','Actualización de asignación','Se actualizó la asignación ID 21801. Nuevo día: viernes, Hora de inicio: 09:00:00, Hora de fin: 10:00:00.','2025-01-09 10:48:37','187.189.191.141','ACTIVO'),(678,'desconocido@dominio.com','Actualización de asignación','Se actualizó la asignación ID 21795. Nuevo día: viernes, Hora de inicio: 10:00:00, Hora de fin: 11:00:00.','2025-01-09 10:48:39','187.189.191.141','ACTIVO'),(679,'desconocido@dominio.com','Actualización de asignación','Se actualizó la asignación ID 21810. Nuevo día: martes, Hora de inicio: 13:00:00, Hora de fin: 14:00:00.','2025-01-09 10:48:48','187.189.191.141','ACTIVO'),(680,'desconocido@dominio.com','Actualización de asignación','Se actualizó la asignación ID 21811. Nuevo día: miércoles, Hora de inicio: 14:00:00, Hora de fin: 15:00:00.','2025-01-09 10:48:55','187.189.191.141','ACTIVO'),(681,'desconocido@dominio.com','Actualización de asignación','Se actualizó la asignación ID 19949. Nuevo día: martes, Hora de inicio: 14:00:00, Hora de fin: 15:00:00.','2025-01-09 10:48:58','187.189.191.141','ACTIVO'),(682,'srangel@ut-morelia.edu.mx','Asignación de materias','Se asignaron materias al profesor con ID 65. Materias asignadas: 2025','2025-01-09 10:51:14','200.68.166.28','ACTIVO'),(683,'desconocido@dominio.com','Actualización de asignación','Se actualizó la asignación ID 21672. Nuevo día: miércoles, Hora de inicio: 12:00:00, Hora de fin: 13:00:00.','2025-01-09 10:52:11','200.68.166.28','ACTIVO'),(684,'desconocido@dominio.com','Actualización de asignación','Se actualizó la asignación ID 21664. Nuevo día: viernes, Hora de inicio: 08:00:00, Hora de fin: 09:00:00.','2025-01-09 10:52:20','200.68.166.28','ACTIVO'),(685,'desconocido@dominio.com','Actualización de asignación','Se actualizó la asignación ID 21673. Nuevo día: sábado, Hora de inicio: 12:00:00, Hora de fin: 13:00:00.','2025-01-09 10:52:33','200.68.166.28','ACTIVO'),(686,'desconocido@dominio.com','Actualización de asignación','Se actualizó la asignación ID 21671. Nuevo día: viernes, Hora de inicio: 09:00:00, Hora de fin: 10:00:00.','2025-01-09 10:52:39','200.68.166.28','ACTIVO'),(687,'desconocido@dominio.com','Actualización de asignación','Se actualizó la asignación ID 21664. Nuevo día: viernes, Hora de inicio: 07:00:00, Hora de fin: 08:00:00.','2025-01-09 10:52:41','200.68.166.28','ACTIVO'),(688,'desconocido@dominio.com','Actualización de asignación','Se actualizó la asignación ID 21669. Nuevo día: viernes, Hora de inicio: 08:00:00, Hora de fin: 09:00:00.','2025-01-09 10:52:48','200.68.166.28','ACTIVO'),(689,'desconocido@dominio.com','Actualización de asignación','Se actualizó la asignación ID 21672. Nuevo día: miércoles, Hora de inicio: 10:00:00, Hora de fin: 11:00:00.','2025-01-09 10:52:59','200.68.166.28','ACTIVO'),(690,'desconocido@dominio.com','Actualización de asignación','Se actualizó la asignación ID 21665. Nuevo día: martes, Hora de inicio: 10:00:00, Hora de fin: 11:00:00.','2025-01-09 10:53:05','200.68.166.28','ACTIVO'),(691,'desconocido@dominio.com','Actualización de asignación','Se actualizó la asignación ID 21670. Nuevo día: martes, Hora de inicio: 11:00:00, Hora de fin: 12:00:00.','2025-01-09 10:53:07','200.68.166.28','ACTIVO'),(692,'desconocido@dominio.com','Actualización de asignación','Se actualizó la asignación ID 21673. Nuevo día: miércoles, Hora de inicio: 11:00:00, Hora de fin: 12:00:00.','2025-01-09 10:53:10','200.68.166.28','ACTIVO'),(693,'srangel@ut-morelia.edu.mx','Asignación de materias','Se asignaron materias al profesor con ID 65. Materias asignadas: 2123','2025-01-09 10:53:54','200.68.166.28','ACTIVO'),(694,'desconocido@dominio.com','Actualización de asignación','Se actualizó la asignación ID 22026. Nuevo día: jueves, Hora de inicio: 14:00:00, Hora de fin: 15:00:00.','2025-01-09 10:55:50','187.189.191.141','ACTIVO'),(695,'desconocido@dominio.com','Actualización de asignación','Se actualizó la asignación ID 21703. Nuevo día: lunes, Hora de inicio: 17:00:00, Hora de fin: 18:00:00.','2025-01-09 10:55:59','200.68.166.28','ACTIVO'),(696,'desconocido@dominio.com','Actualización de asignación','Se actualizó la asignación ID 21992. Nuevo día: jueves, Hora de inicio: 12:00:00, Hora de fin: 13:00:00.','2025-01-09 10:56:04','187.189.191.141','ACTIVO'),(697,'desconocido@dominio.com','Actualización de asignación','Se actualizó la asignación ID 21689. Nuevo día: sábado, Hora de inicio: 15:00:00, Hora de fin: 16:00:00.','2025-01-09 10:56:31','200.68.166.28','ACTIVO'),(698,'desconocido@dominio.com','Actualización de asignación','Se actualizó la asignación ID 21701. Nuevo día: lunes, Hora de inicio: 16:00:00, Hora de fin: 17:00:00.','2025-01-09 10:56:33','200.68.166.28','ACTIVO'),(699,'desconocido@dominio.com','Actualización de asignación','Se actualizó la asignación ID 21689. Nuevo día: miércoles, Hora de inicio: 16:00:00, Hora de fin: 17:00:00.','2025-01-09 10:56:37','200.68.166.28','ACTIVO'),(700,'desconocido@dominio.com','Actualización de asignación','Se actualizó la asignación ID 22473. Nuevo día: martes, Hora de inicio: 09:00:00, Hora de fin: 10:00:00.','2025-01-09 10:59:10','187.189.191.141','ACTIVO'),(701,'desconocido@dominio.com','Actualización de asignación','Se actualizó la asignación ID 20768. Nuevo día: miércoles, Hora de inicio: 14:00:00, Hora de fin: 15:00:00.','2025-01-09 11:00:41','187.189.191.141','ACTIVO'),(702,'desconocido@dominio.com','Actualización de asignación','Se actualizó la asignación ID 22400. Nuevo día: viernes, Hora de inicio: 12:00:00, Hora de fin: 13:00:00.','2025-01-09 11:01:01','187.189.191.141','ACTIVO'),(703,'desconocido@dominio.com','Actualización de asignación','Se actualizó la asignación ID 20727. Nuevo día: viernes, Hora de inicio: 12:00:00, Hora de fin: 13:00:00.','2025-01-09 11:01:52','187.189.191.141','ACTIVO'),(704,'desconocido@dominio.com','Actualización de asignación','Se actualizó la asignación ID 20729. Nuevo día: martes, Hora de inicio: 11:00:00, Hora de fin: 12:00:00.','2025-01-09 11:01:55','187.189.191.141','ACTIVO'),(705,'desconocido@dominio.com','Actualización de asignación','Se actualizó la asignación ID 20727. Nuevo día: viernes, Hora de inicio: 07:00:00, Hora de fin: 08:00:00.','2025-01-09 11:01:59','187.189.191.141','ACTIVO'),(706,'desconocido@dominio.com','Actualización de asignación','Se actualizó la asignación ID 21509. Nuevo día: jueves, Hora de inicio: 07:00:00, Hora de fin: 08:00:00.','2025-01-09 11:03:50','200.68.166.28','ACTIVO'),(707,'desconocido@dominio.com','Actualización de asignación','Se actualizó la asignación ID 21508. Nuevo día: viernes, Hora de inicio: 07:00:00, Hora de fin: 08:00:00.','2025-01-09 11:03:52','200.68.166.28','ACTIVO'),(708,'srangel@ut-morelia.edu.mx','Asignación de materias','Se asignaron materias al profesor con ID 142. Materias asignadas: 1721','2025-01-09 11:04:20','200.68.166.28','ACTIVO'),(709,'desconocido@dominio.com','Actualización de asignación','Se actualizó la asignación ID 21179. Nuevo día: sábado, Hora de inicio: 09:00:00, Hora de fin: 10:00:00.','2025-01-09 11:05:40','187.189.191.141','ACTIVO'),(710,'desconocido@dominio.com','Actualización de asignación','Se actualizó la asignación ID 21180. Nuevo día: sábado, Hora de inicio: 10:00:00, Hora de fin: 11:00:00.','2025-01-09 11:05:43','187.189.191.141','ACTIVO'),(711,'desconocido@dominio.com','Actualización de asignación','Se actualizó la asignación ID 21191. Nuevo día: lunes, Hora de inicio: 09:00:00, Hora de fin: 10:00:00.','2025-01-09 11:05:46','187.189.191.141','ACTIVO'),(712,'desconocido@dominio.com','Actualización de asignación','Se actualizó la asignación ID 21192. Nuevo día: lunes, Hora de inicio: 10:00:00, Hora de fin: 11:00:00.','2025-01-09 11:05:50','187.189.191.141','ACTIVO'),(713,'desconocido@dominio.com','Actualización de asignación','Se actualizó la asignación ID 21179. Nuevo día: jueves, Hora de inicio: 07:00:00, Hora de fin: 08:00:00.','2025-01-09 11:05:53','187.189.191.141','ACTIVO'),(714,'desconocido@dominio.com','Actualización de asignación','Se actualizó la asignación ID 21180. Nuevo día: jueves, Hora de inicio: 08:00:00, Hora de fin: 09:00:00.','2025-01-09 11:05:58','187.189.191.141','ACTIVO'),(715,'desconocido@dominio.com','Actualización de asignación','Se actualizó la asignación ID 21108. Nuevo día: sábado, Hora de inicio: 07:00:00, Hora de fin: 08:00:00.','2025-01-09 11:06:34','187.189.191.141','ACTIVO'),(716,'desconocido@dominio.com','Actualización de asignación','Se actualizó la asignación ID 21109. Nuevo día: sábado, Hora de inicio: 08:00:00, Hora de fin: 09:00:00.','2025-01-09 11:06:36','187.189.191.141','ACTIVO'),(717,'desconocido@dominio.com','Actualización de asignación','Se actualizó la asignación ID 21089. Nuevo día: viernes, Hora de inicio: 07:00:00, Hora de fin: 08:00:00.','2025-01-09 11:06:42','187.189.191.141','ACTIVO'),(718,'desconocido@dominio.com','Actualización de asignación','Se actualizó la asignación ID 21090. Nuevo día: viernes, Hora de inicio: 08:00:00, Hora de fin: 09:00:00.','2025-01-09 11:06:47','187.189.191.141','ACTIVO'),(719,'desconocido@dominio.com','Actualización de asignación','Se actualizó la asignación ID 21108. Nuevo día: lunes, Hora de inicio: 13:00:00, Hora de fin: 14:00:00.','2025-01-09 11:06:50','187.189.191.141','ACTIVO'),(720,'desconocido@dominio.com','Actualización de asignación','Se actualizó la asignación ID 21109. Nuevo día: lunes, Hora de inicio: 14:00:00, Hora de fin: 15:00:00.','2025-01-09 11:06:54','187.189.191.141','ACTIVO'),(721,'desconocido@dominio.com','Actualización de asignación','Se actualizó la asignación ID 21201. Nuevo día: jueves, Hora de inicio: 12:00:00, Hora de fin: 13:00:00.','2025-01-09 11:07:23','187.189.191.141','ACTIVO'),(722,'desconocido@dominio.com','Actualización de asignación','Se actualizó la asignación ID 21200. Nuevo día: jueves, Hora de inicio: 15:00:00, Hora de fin: 16:00:00.','2025-01-09 11:07:25','187.189.191.141','ACTIVO'),(723,'desconocido@dominio.com','Actualización de asignación','Se actualizó la asignación ID 20412. Nuevo día: viernes, Hora de inicio: 14:00:00, Hora de fin: 15:00:00.','2025-01-09 11:08:28','187.189.191.141','ACTIVO'),(724,'desconocido@dominio.com','Actualización de asignación','Se actualizó la asignación ID 20411. Nuevo día: viernes, Hora de inicio: 15:00:00, Hora de fin: 16:00:00.','2025-01-09 11:08:30','187.189.191.141','ACTIVO'),(725,'desconocido@dominio.com','Actualización de asignación','Se actualizó la asignación ID 21118. Nuevo día: jueves, Hora de inicio: 11:00:00, Hora de fin: 12:00:00.','2025-01-09 11:08:57','187.189.191.141','ACTIVO'),(726,'desconocido@dominio.com','Actualización de asignación','Se actualizó la asignación ID 21200. Nuevo día: viernes, Hora de inicio: 10:00:00, Hora de fin: 11:00:00.','2025-01-09 11:09:39','187.189.191.141','ACTIVO'),(727,'desconocido@dominio.com','Actualización de asignación','Se actualizó la asignación ID 20411. Nuevo día: viernes, Hora de inicio: 09:00:00, Hora de fin: 10:00:00.','2025-01-09 11:09:43','187.189.191.141','ACTIVO'),(728,'desconocido@dominio.com','Actualización de asignación','Se actualizó la asignación ID 20915. Nuevo día: viernes, Hora de inicio: 12:00:00, Hora de fin: 13:00:00.','2025-01-09 11:15:31','187.189.191.141','ACTIVO'),(729,'desconocido@dominio.com','Actualización de asignación','Se actualizó la asignación ID 20918. Nuevo día: lunes, Hora de inicio: 15:00:00, Hora de fin: 16:00:00.','2025-01-09 11:15:42','187.189.191.141','ACTIVO'),(730,'desconocido@dominio.com','Actualización de asignación','Se actualizó la asignación ID 20916. Nuevo día: lunes, Hora de inicio: 13:00:00, Hora de fin: 14:00:00.','2025-01-09 11:15:45','187.189.191.141','ACTIVO'),(731,'jorgerodriguez@ut-morelia.edu.mx','Eliminación de asignación','Se eliminó la asignación ID 20918:  - Grupo .','2025-01-09 11:16:00','187.189.191.141','ACTIVO'),(732,'jorgerodriguez@ut-morelia.edu.mx','Eliminación de asignación','Se eliminó la asignación ID 20924:  - Grupo .','2025-01-09 11:16:02','187.189.191.141','ACTIVO'),(733,'jorgerodriguez@ut-morelia.edu.mx','Asignación manual de horario','Se asignó la materia ID 1886 al grupo ID 879 en el día lunes de 10:00:00 a 11:00:00.','2025-01-09 11:16:24','187.189.191.141','ACTIVO'),(734,'jorgerodriguez@ut-morelia.edu.mx','Asignación manual de horario','Se asignó la materia ID 1886 al grupo ID 879 en el día lunes de 11:00:00 a 12:00:00.','2025-01-09 11:16:28','187.189.191.141','ACTIVO'),(735,'jorgerodriguez@ut-morelia.edu.mx','Eliminación de asignación','Se eliminó la asignación ID 20933:  - Grupo .','2025-01-09 11:17:18','187.189.191.141','ACTIVO'),(736,'jorgerodriguez@ut-morelia.edu.mx','Eliminación de asignación','Se eliminó la asignación ID 20919:  - Grupo .','2025-01-09 11:17:21','187.189.191.141','ACTIVO'),(737,'jorgerodriguez@ut-morelia.edu.mx','Asignación manual de horario','Se asignó la materia ID 1886 al grupo ID 879 en el día viernes de 10:00:00 a 11:00:00.','2025-01-09 11:17:25','187.189.191.141','ACTIVO'),(738,'jorgerodriguez@ut-morelia.edu.mx','Asignación manual de horario','Se asignó la materia ID 1886 al grupo ID 879 en el día viernes de 11:00:00 a 12:00:00.','2025-01-09 11:17:28','187.189.191.141','ACTIVO'),(739,'desconocido@dominio.com','Actualización de asignación','Se actualizó la asignación ID 21791. Nuevo día: viernes, Hora de inicio: 11:00:00, Hora de fin: 12:00:00.','2025-01-09 11:29:48','200.68.166.28','ACTIVO'),(740,'desconocido@dominio.com','Actualización de asignación','Se actualizó la asignación ID 21785. Nuevo día: viernes, Hora de inicio: 12:00:00, Hora de fin: 13:00:00.','2025-01-09 11:29:51','200.68.166.28','ACTIVO'),(741,'desconocido@dominio.com','Actualización de asignación','Se actualizó la asignación ID 21810. Nuevo día: martes, Hora de inicio: 12:00:00, Hora de fin: 13:00:00.','2025-01-09 11:29:54','200.68.166.28','ACTIVO'),(742,'desconocido@dominio.com','Actualización de asignación','Se actualizó la asignación ID 19949. Nuevo día: martes, Hora de inicio: 13:00:00, Hora de fin: 14:00:00.','2025-01-09 11:29:56','200.68.166.28','ACTIVO'),(743,'desconocido@dominio.com','Actualización de asignación','Se actualizó la asignación ID 20386. Nuevo día: sábado, Hora de inicio: 16:00:00, Hora de fin: 17:00:00.','2025-01-09 11:31:51','200.68.166.28','ACTIVO'),(744,'desconocido@dominio.com','Actualización de asignación','Se actualizó la asignación ID 21777. Nuevo día: viernes, Hora de inicio: 15:00:00, Hora de fin: 16:00:00.','2025-01-09 11:31:54','200.68.166.28','ACTIVO'),(745,'desconocido@dominio.com','Actualización de asignación','Se actualizó la asignación ID 20386. Nuevo día: lunes, Hora de inicio: 14:00:00, Hora de fin: 15:00:00.','2025-01-09 11:31:57','200.68.166.28','ACTIVO'),(746,'desconocido@dominio.com','Actualización de asignación','Se actualizó la asignación ID 21774. Nuevo día: viernes, Hora de inicio: 18:30:00, Hora de fin: 19:30:00.','2025-01-09 11:32:36','200.68.166.28','ACTIVO'),(747,'desconocido@dominio.com','Actualización de asignación','Se actualizó la asignación ID 20385. Nuevo día: jueves, Hora de inicio: 14:00:00, Hora de fin: 15:00:00.','2025-01-09 11:32:39','200.68.166.28','ACTIVO'),(748,'desconocido@dominio.com','Actualización de asignación','Se actualizó la asignación ID 21777. Nuevo día: sábado, Hora de inicio: 15:00:00, Hora de fin: 16:00:00.','2025-01-09 11:32:43','200.68.166.28','ACTIVO'),(749,'desconocido@dominio.com','Actualización de asignación','Se actualizó la asignación ID 21774. Nuevo día: viernes, Hora de inicio: 14:00:00, Hora de fin: 15:00:00.','2025-01-09 11:32:47','200.68.166.28','ACTIVO'),(750,'desconocido@dominio.com','Actualización de asignación','Se actualizó la asignación ID 21781. Nuevo día: viernes, Hora de inicio: 15:00:00, Hora de fin: 16:00:00.','2025-01-09 11:32:49','200.68.166.28','ACTIVO'),(751,'desconocido@dominio.com','Actualización de asignación','Se actualizó la asignación ID 21780. Nuevo día: jueves, Hora de inicio: 18:00:00, Hora de fin: 19:00:00.','2025-01-09 11:32:54','200.68.166.28','ACTIVO'),(752,'desconocido@dominio.com','Actualización de asignación','Se actualizó la asignación ID 21777. Nuevo día: viernes, Hora de inicio: 16:00:00, Hora de fin: 17:00:00.','2025-01-09 11:32:56','200.68.166.28','ACTIVO'),(753,'desconocido@dominio.com','Actualización de asignación','Se actualizó la asignación ID 22575. Nuevo día: lunes, Hora de inicio: 11:00:00, Hora de fin: 12:00:00.','2025-01-09 11:37:21','187.189.191.141','ACTIVO'),(754,'desconocido@dominio.com','Actualización de asignación','Se actualizó la asignación ID 22576. Nuevo día: martes, Hora de inicio: 11:00:00, Hora de fin: 12:00:00.','2025-01-09 11:37:26','187.189.191.141','ACTIVO'),(755,'desconocido@dominio.com','Actualización de asignación','Se actualizó la asignación ID 21831. Nuevo día: martes, Hora de inicio: 15:00:00, Hora de fin: 16:00:00.','2025-01-09 11:38:29','187.189.191.141','ACTIVO'),(756,'desconocido@dominio.com','Actualización de asignación','Se actualizó la asignación ID 21832. Nuevo día: miércoles, Hora de inicio: 15:00:00, Hora de fin: 16:00:00.','2025-01-09 11:38:32','187.189.191.141','ACTIVO'),(757,'desconocido@dominio.com','Actualización de asignación','Se actualizó la asignación ID 19948. Nuevo día: jueves, Hora de inicio: 07:00:00, Hora de fin: 08:00:00.','2025-01-09 11:41:40','187.189.191.141','ACTIVO'),(758,'jose.rodriguez@ut-morelia.edu.mx','Asignación de materias','Se asignaron materias al profesor con ID 152. Materias asignadas: 2163','2025-01-09 11:43:31','189.199.95.118','ACTIVO'),(759,'desconocido@dominio.com','Actualización de asignación','Se actualizó la asignación ID 19940. Nuevo día: miércoles, Hora de inicio: 07:00:00, Hora de fin: 08:00:00.','2025-01-09 11:44:36','187.189.191.141','ACTIVO'),(760,'desconocido@dominio.com','Actualización de asignación','Se actualizó la asignación ID 21755. Nuevo día: sábado, Hora de inicio: 10:00:00, Hora de fin: 11:00:00.','2025-01-09 11:44:40','187.189.191.141','ACTIVO'),(761,'desconocido@dominio.com','Actualización de asignación','Se actualizó la asignación ID 21754. Nuevo día: sábado, Hora de inicio: 09:00:00, Hora de fin: 10:00:00.','2025-01-09 11:44:43','187.189.191.141','ACTIVO'),(762,'desconocido@dominio.com','Actualización de asignación','Se actualizó la asignación ID 21753. Nuevo día: sábado, Hora de inicio: 08:00:00, Hora de fin: 09:00:00.','2025-01-09 11:44:46','187.189.191.141','ACTIVO'),(763,'desconocido@dominio.com','Actualización de asignación','Se actualizó la asignación ID 19939. Nuevo día: viernes, Hora de inicio: 08:00:00, Hora de fin: 09:00:00.','2025-01-09 11:44:49','187.189.191.141','ACTIVO'),(764,'desconocido@dominio.com','Actualización de asignación','Se actualizó la asignación ID 21751. Nuevo día: viernes, Hora de inicio: 09:00:00, Hora de fin: 10:00:00.','2025-01-09 11:44:52','187.189.191.141','ACTIVO'),(765,'desconocido@dominio.com','Actualización de asignación','Se actualizó la asignación ID 21754. Nuevo día: viernes, Hora de inicio: 10:00:00, Hora de fin: 11:00:00.','2025-01-09 11:44:54','187.189.191.141','ACTIVO'),(766,'desconocido@dominio.com','Actualización de asignación','Se actualizó la asignación ID 21755. Nuevo día: viernes, Hora de inicio: 11:00:00, Hora de fin: 12:00:00.','2025-01-09 11:44:57','187.189.191.141','ACTIVO'),(767,'desconocido@dominio.com','Actualización de asignación','Se actualizó la asignación ID 21753. Nuevo día: martes, Hora de inicio: 10:00:00, Hora de fin: 11:00:00.','2025-01-09 11:45:00','187.189.191.141','ACTIVO'),(768,'jose.rodriguez@ut-morelia.edu.mx','Asignación de materias','Se asignaron materias al profesor con ID 152. Materias asignadas: 1707','2025-01-09 11:45:06','189.199.95.118','ACTIVO'),(769,'alberto.lucas@ut-morelia.edu.mx','Eliminación de asignación','Se eliminó la asignación ID 21015:  - Grupo .','2025-01-09 11:47:42','189.199.95.118','ACTIVO'),(770,'alberto.lucas@ut-morelia.edu.mx','Eliminación de asignación','Se eliminó la asignación ID 21014:  - Grupo .','2025-01-09 11:47:45','189.199.95.118','ACTIVO'),(771,'alberto.lucas@ut-morelia.edu.mx','Eliminación de asignación','Se eliminó la asignación ID 21018:  - Grupo .','2025-01-09 11:47:49','189.199.95.118','ACTIVO'),(772,'alberto.lucas@ut-morelia.edu.mx','Eliminación de asignación','Se eliminó la asignación ID 21019:  - Grupo .','2025-01-09 11:47:53','189.199.95.118','ACTIVO'),(773,'alberto.lucas@ut-morelia.edu.mx','Eliminación de asignación','Se eliminó la asignación ID 21020:  - Grupo .','2025-01-09 11:47:57','189.199.95.118','ACTIVO'),(774,'luis.gutierrez@ut-morelia.edu.mx','Asignación de materias','Se asignaron materias al profesor con ID 69. Materias asignadas: 2136','2025-01-09 11:57:00','189.199.95.118','ACTIVO'),(775,'jorgerodriguez@ut-morelia.edu.mx','Asignación de materias','Se asignaron materias al profesor con ID 94. Materias asignadas: 1740','2025-01-09 12:02:09','187.189.191.141','ACTIVO'),(776,'desconocido@dominio.com','Actualización de grupo','Se actualizó el grupo \'EMV-2A\' con ID 884. Programa ID 28, Periodo ID 2, Turno ID 1, Salón asignado: 42.','2025-01-09 12:02:38','177.240.146.245','ACTIVO'),(777,'admin@admin.com','Asignación manual de horario','Se asignó la materia ID 2163 al grupo ID 884 en el día jueves de 07:00:00 a 08:00:00.','2025-01-09 12:03:24','177.240.146.245','ACTIVO'),(778,'admin@admin.com','Asignación manual de horario','Se asignó la materia ID 2163 al grupo ID 884 en el día jueves de 08:00:00 a 09:00:00.','2025-01-09 12:03:27','177.240.146.245','ACTIVO'),(779,'admin@admin.com','Asignación manual de horario','Se asignó la materia ID 2163 al grupo ID 884 en el día viernes de 07:00:00 a 08:00:00.','2025-01-09 12:05:55','177.240.146.245','ACTIVO'),(780,'admin@admin.com','Asignación manual de horario','Se asignó la materia ID 2163 al grupo ID 884 en el día viernes de 08:00:00 a 09:00:00.','2025-01-09 12:05:57','177.240.146.245','ACTIVO'),(781,'desconocido@dominio.com','Actualización de asignación','Se actualizó la asignación ID 21817. Nuevo día: lunes, Hora de inicio: 11:00:00, Hora de fin: 12:00:00.','2025-01-09 12:06:57','200.68.166.28','ACTIVO'),(782,'alberto.lucas@ut-morelia.edu.mx','Asignación manual de horario','Se asignó la materia ID 2163 al grupo ID 884 en el día martes de 14:00:00 a 15:00:00.','2025-01-09 12:12:48','189.199.95.118','ACTIVO'),(783,'admin@admin.com','Eliminación de asignación manual','Se eliminó la asignación con ID 373 del grupo ID 920.','2025-01-09 12:13:50','177.240.146.245','ACTIVO'),(784,'admin@admin.com','Eliminación de asignación manual','Se eliminó la asignación con ID 371 del grupo ID 920.','2025-01-09 12:13:52','177.240.146.245','ACTIVO'),(785,'admin@admin.com','Eliminación de asignación manual','Se eliminó la asignación con ID 372 del grupo ID 920.','2025-01-09 12:13:56','177.240.146.245','ACTIVO'),(786,'admin@admin.com','Eliminación de asignación','Se eliminó la asignación ID 19948:  - Grupo .','2025-01-09 12:14:23','177.240.146.245','ACTIVO'),(787,'admin@admin.com','Asignación manual de horario','Se asignó la materia ID 1920 al grupo ID 920 en el día jueves de 07:00:00 a 08:00:00.','2025-01-09 12:14:27','177.240.146.245','ACTIVO'),(788,'admin@admin.com','Eliminación de asignación','Se eliminó la asignación ID 19947:  - Grupo .','2025-01-09 12:14:33','177.240.146.245','ACTIVO'),(789,'admin@admin.com','Asignación manual de horario','Se asignó la materia ID 1920 al grupo ID 920 en el día miércoles de 10:00:00 a 11:00:00.','2025-01-09 12:14:40','177.240.146.245','ACTIVO'),(790,'admin@admin.com','Eliminación de asignación','Se eliminó la asignación ID 19949:  - Grupo .','2025-01-09 12:14:45','177.240.146.245','ACTIVO'),(791,'admin@admin.com','Asignación manual de horario','Se asignó la materia ID 1920 al grupo ID 920 en el día martes de 13:00:00 a 14:00:00.','2025-01-09 12:14:50','177.240.146.245','ACTIVO'),(792,'admin@admin.com','Asignación de materias','Se asignaron materias al profesor con ID 94. Materias asignadas: 1920','2025-01-09 12:15:21','177.240.146.245','ACTIVO'),(793,'jose.rodriguez@ut-morelia.edu.mx','Asignación de materias','Se asignaron materias al profesor con ID 105. Materias asignadas: ','2025-01-09 12:15:37','189.199.95.118','ACTIVO'),(794,'desconocido@dominio.com','Actualización de asignación','Se actualizó la asignación ID 21809. Nuevo día: miércoles, Hora de inicio: 11:00:00, Hora de fin: 12:00:00.','2025-01-09 12:19:28','187.189.191.141','ACTIVO'),(795,'desconocido@dominio.com','Actualización de asignación','Se actualizó la asignación ID 21808. Nuevo día: viernes, Hora de inicio: 07:00:00, Hora de fin: 08:00:00.','2025-01-09 12:19:31','187.189.191.141','ACTIVO'),(796,'jorgerodriguez@ut-morelia.edu.mx','Asignación de materias','Se asignaron materias al profesor con ID 94. Materias asignadas: 1924','2025-01-09 12:19:55','187.189.191.141','ACTIVO'),(797,'jorgerodriguez@ut-morelia.edu.mx','Eliminación de asignación','Se eliminó la asignación ID 19738:  - Grupo .','2025-01-09 12:22:33','187.189.191.141','ACTIVO'),(798,'jorgerodriguez@ut-morelia.edu.mx','Eliminación de asignación','Se eliminó la asignación ID 19739:  - Grupo .','2025-01-09 12:22:44','187.189.191.141','ACTIVO'),(799,'jorgerodriguez@ut-morelia.edu.mx','Eliminación de asignación','Se eliminó la asignación ID 19740:  - Grupo .','2025-01-09 12:22:46','187.189.191.141','ACTIVO'),(800,'desconocido@dominio.com','Actualización de asignación','Se actualizó la asignación ID 20790. Nuevo día: sábado, Hora de inicio: 08:30:00, Hora de fin: 09:30:00.','2025-01-09 12:23:09','187.189.191.141','ACTIVO'),(801,'desconocido@dominio.com','Actualización de asignación','Se actualizó la asignación ID 20790. Nuevo día: sábado, Hora de inicio: 09:00:00, Hora de fin: 10:00:00.','2025-01-09 12:23:12','187.189.191.141','ACTIVO'),(802,'desconocido@dominio.com','Actualización de asignación','Se actualizó la asignación ID 20791. Nuevo día: sábado, Hora de inicio: 10:00:00, Hora de fin: 11:00:00.','2025-01-09 12:23:15','187.189.191.141','ACTIVO'),(803,'desconocido@dominio.com','Actualización de asignación','Se actualizó la asignación ID 20792. Nuevo día: sábado, Hora de inicio: 11:00:00, Hora de fin: 12:00:00.','2025-01-09 12:23:27','187.189.191.141','ACTIVO'),(804,'jorgerodriguez@ut-morelia.edu.mx','Eliminación de asignación manual','Se eliminó la asignación con ID 93 del grupo ID 874.','2025-01-09 12:23:53','187.189.191.141','ACTIVO'),(805,'jorgerodriguez@ut-morelia.edu.mx','Eliminación de asignación manual','Se eliminó la asignación con ID 94 del grupo ID 874.','2025-01-09 12:23:56','187.189.191.141','ACTIVO'),(806,'jorgerodriguez@ut-morelia.edu.mx','Eliminación de asignación manual','Se eliminó la asignación con ID 92 del grupo ID 874.','2025-01-09 12:24:01','187.189.191.141','ACTIVO'),(807,'jorgerodriguez@ut-morelia.edu.mx','Asignación manual de horario','Se asignó la materia ID 1712 al grupo ID 874 en el día jueves de 09:00:00 a 10:00:00.','2025-01-09 12:24:05','187.189.191.141','ACTIVO'),(808,'jorgerodriguez@ut-morelia.edu.mx','Asignación manual de horario','Se asignó la materia ID 1712 al grupo ID 874 en el día jueves de 10:00:00 a 11:00:00.','2025-01-09 12:24:08','187.189.191.141','ACTIVO'),(809,'jorgerodriguez@ut-morelia.edu.mx','Asignación manual de horario','Se asignó la materia ID 1712 al grupo ID 874 en el día jueves de 11:00:00 a 12:00:00.','2025-01-09 12:24:12','187.189.191.141','ACTIVO'),(810,'desconocido@dominio.com','Actualización de asignación','Se actualizó la asignación ID 20790. Nuevo día: lunes, Hora de inicio: 13:00:00, Hora de fin: 14:00:00.','2025-01-09 12:25:30','187.189.191.141','ACTIVO'),(811,'desconocido@dominio.com','Actualización de asignación','Se actualizó la asignación ID 20791. Nuevo día: miércoles, Hora de inicio: 12:00:00, Hora de fin: 13:00:00.','2025-01-09 12:25:33','187.189.191.141','ACTIVO'),(812,'desconocido@dominio.com','Actualización de asignación','Se actualizó la asignación ID 20792. Nuevo día: miércoles, Hora de inicio: 13:00:00, Hora de fin: 14:00:00.','2025-01-09 12:25:37','187.189.191.141','ACTIVO'),(813,'jorgerodriguez@ut-morelia.edu.mx','Eliminación de asignación','Se eliminó la asignación ID 19745:  - Grupo .','2025-01-09 12:26:04','187.189.191.141','ACTIVO'),(814,'jorgerodriguez@ut-morelia.edu.mx','Eliminación de asignación manual','Se eliminó la asignación con ID 99 del grupo ID 877.','2025-01-09 12:26:12','187.189.191.141','ACTIVO'),(815,'desconocido@dominio.com','Actualización de asignación','Se actualizó la asignación ID 20875. Nuevo día: martes, Hora de inicio: 13:00:00, Hora de fin: 14:00:00.','2025-01-09 12:26:26','187.189.191.141','ACTIVO'),(816,'desconocido@dominio.com','Actualización de asignación','Se actualizó la asignación ID 20881. Nuevo día: jueves, Hora de inicio: 16:00:00, Hora de fin: 17:00:00.','2025-01-09 12:29:21','187.189.191.141','ACTIVO'),(817,'desconocido@dominio.com','Actualización de asignación','Se actualizó la asignación ID 20876. Nuevo día: sábado, Hora de inicio: 15:00:00, Hora de fin: 16:00:00.','2025-01-09 12:29:25','187.189.191.141','ACTIVO'),(818,'desconocido@dominio.com','Actualización de asignación','Se actualizó la asignación ID 20877. Nuevo día: jueves, Hora de inicio: 17:00:00, Hora de fin: 18:00:00.','2025-01-09 12:29:27','187.189.191.141','ACTIVO'),(819,'desconocido@dominio.com','Actualización de asignación','Se actualizó la asignación ID 20876. Nuevo día: jueves, Hora de inicio: 18:00:00, Hora de fin: 19:00:00.','2025-01-09 12:29:31','187.189.191.141','ACTIVO'),(820,'jorgerodriguez@ut-morelia.edu.mx','Asignación manual de horario','Se asignó la materia ID 1712 al grupo ID 877 en el día viernes de 15:00:00 a 16:00:00.','2025-01-09 12:29:41','187.189.191.141','ACTIVO'),(821,'jorgerodriguez@ut-morelia.edu.mx','Eliminación de asignación','Se eliminó la asignación ID 22619:  - Grupo .','2025-01-09 12:31:32','187.189.191.141','ACTIVO'),(822,'jorgerodriguez@ut-morelia.edu.mx','Eliminación de asignación','Se eliminó la asignación ID 22620:  - Grupo .','2025-01-09 12:31:35','187.189.191.141','ACTIVO'),(823,'jorgerodriguez@ut-morelia.edu.mx','Eliminación de asignación','Se eliminó la asignación ID 20928:  - Grupo .','2025-01-09 12:31:37','187.189.191.141','ACTIVO'),(824,'jorgerodriguez@ut-morelia.edu.mx','Eliminación de asignación','Se eliminó la asignación ID 20929:  - Grupo .','2025-01-09 12:31:39','187.189.191.141','ACTIVO'),(825,'jorgerodriguez@ut-morelia.edu.mx','Eliminación de asignación','Se eliminó la asignación ID 22621:  - Grupo .','2025-01-09 12:31:44','187.189.191.141','ACTIVO'),(826,'jorgerodriguez@ut-morelia.edu.mx','Eliminación de asignación','Se eliminó la asignación ID 22622:  - Grupo .','2025-01-09 12:31:47','187.189.191.141','ACTIVO'),(827,'srangel@ut-morelia.edu.mx','Registro de profesor','Se registró al profesor \'LÓPEZ SALDAÑA GUSTAVO ADOLFO\' con estado \'1\'.','2025-01-09 12:33:08','189.199.95.118','ACTIVO'),(828,'jorgerodriguez@ut-morelia.edu.mx','Eliminación de asignación manual','Se eliminó la asignación con ID 1063 del grupo ID 879.','2025-01-09 12:33:11','187.189.191.141','ACTIVO'),(829,'jorgerodriguez@ut-morelia.edu.mx','Eliminación de asignación manual','Se eliminó la asignación con ID 1064 del grupo ID 879.','2025-01-09 12:33:13','187.189.191.141','ACTIVO'),(830,'jorgerodriguez@ut-morelia.edu.mx','Eliminación de asignación manual','Se eliminó la asignación con ID 1065 del grupo ID 879.','2025-01-09 12:33:16','187.189.191.141','ACTIVO'),(831,'jorgerodriguez@ut-morelia.edu.mx','Eliminación de asignación manual','Se eliminó la asignación con ID 1066 del grupo ID 879.','2025-01-09 12:33:19','187.189.191.141','ACTIVO'),(832,'jorgerodriguez@ut-morelia.edu.mx','Asignación manual de horario','Se asignó la materia ID 1886 al grupo ID 879 en el día lunes de 10:00:00 a 11:00:00.','2025-01-09 12:33:21','187.189.191.141','ACTIVO'),(833,'jorgerodriguez@ut-morelia.edu.mx','Asignación manual de horario','Se asignó la materia ID 1886 al grupo ID 879 en el día lunes de 11:00:00 a 12:00:00.','2025-01-09 12:33:24','187.189.191.141','ACTIVO'),(834,'jorgerodriguez@ut-morelia.edu.mx','Asignación manual de horario','Se asignó la materia ID 1886 al grupo ID 879 en el día viernes de 10:00:00 a 11:00:00.','2025-01-09 12:33:27','187.189.191.141','ACTIVO'),(835,'jorgerodriguez@ut-morelia.edu.mx','Asignación manual de horario','Se asignó la materia ID 1886 al grupo ID 879 en el día viernes de 11:00:00 a 12:00:00.','2025-01-09 12:33:30','187.189.191.141','ACTIVO'),(836,'jorgerodriguez@ut-morelia.edu.mx','Asignación manual de horario','Se asignó la materia ID 1886 al grupo ID 879 en el día miércoles de 12:00:00 a 13:00:00.','2025-01-09 12:38:20','187.189.191.141','ACTIVO'),(837,'jorgerodriguez@ut-morelia.edu.mx','Asignación manual de horario','Se asignó la materia ID 1886 al grupo ID 879 en el día miércoles de 13:00:00 a 14:00:00.','2025-01-09 12:38:22','187.189.191.141','ACTIVO'),(838,'desconocido@dominio.com','Actualización de asignación','Se actualizó la asignación ID 22375. Nuevo día: viernes, Hora de inicio: 17:00:00, Hora de fin: 18:00:00.','2025-01-09 12:44:02','187.189.191.141','ACTIVO'),(839,'desconocido@dominio.com','Actualización de asignación','Se actualizó la asignación ID 22376. Nuevo día: viernes, Hora de inicio: 18:00:00, Hora de fin: 19:00:00.','2025-01-09 12:44:05','187.189.191.141','ACTIVO'),(840,'desconocido@dominio.com','Actualización de asignación','Se actualizó la asignación ID 22377. Nuevo día: jueves, Hora de inicio: 14:00:00, Hora de fin: 15:00:00.','2025-01-09 12:44:08','187.189.191.141','ACTIVO'),(841,'desconocido@dominio.com','Actualización de asignación','Se actualizó la asignación ID 22378. Nuevo día: jueves, Hora de inicio: 15:00:00, Hora de fin: 16:00:00.','2025-01-09 12:44:10','187.189.191.141','ACTIVO'),(842,'desconocido@dominio.com','Actualización de asignación','Se actualizó la asignación ID 22375. Nuevo día: jueves, Hora de inicio: 16:00:00, Hora de fin: 17:00:00.','2025-01-09 12:44:13','187.189.191.141','ACTIVO'),(843,'desconocido@dominio.com','Actualización de asignación','Se actualizó la asignación ID 22376. Nuevo día: jueves, Hora de inicio: 17:00:00, Hora de fin: 18:00:00.','2025-01-09 12:44:16','187.189.191.141','ACTIVO'),(844,'desconocido@dominio.com','Actualización de asignación','Se actualizó la asignación ID 22372. Nuevo día: viernes, Hora de inicio: 18:00:00, Hora de fin: 19:00:00.','2025-01-09 12:44:23','187.189.191.141','ACTIVO'),(845,'desconocido@dominio.com','Actualización de asignación','Se actualizó la asignación ID 22371. Nuevo día: viernes, Hora de inicio: 17:00:00, Hora de fin: 18:00:00.','2025-01-09 12:44:26','187.189.191.141','ACTIVO'),(846,'desconocido@dominio.com','Actualización de asignación','Se actualizó la asignación ID 22373. Nuevo día: miércoles, Hora de inicio: 15:00:00, Hora de fin: 16:00:00.','2025-01-09 12:44:29','187.189.191.141','ACTIVO'),(847,'desconocido@dominio.com','Actualización de asignación','Se actualizó la asignación ID 22374. Nuevo día: miércoles, Hora de inicio: 16:00:00, Hora de fin: 17:00:00.','2025-01-09 12:44:32','187.189.191.141','ACTIVO'),(848,'desconocido@dominio.com','Actualización de asignación','Se actualizó la asignación ID 22371. Nuevo día: miércoles, Hora de inicio: 17:00:00, Hora de fin: 18:00:00.','2025-01-09 12:44:34','187.189.191.141','ACTIVO'),(849,'desconocido@dominio.com','Actualización de asignación','Se actualizó la asignación ID 22372. Nuevo día: miércoles, Hora de inicio: 18:00:00, Hora de fin: 19:00:00.','2025-01-09 12:44:37','187.189.191.141','ACTIVO'),(850,'jorgerodriguez@ut-morelia.edu.mx','Asignación de materias','Se asignaron materias al profesor con ID 4. Materias asignadas: 2009','2025-01-09 12:44:55','187.189.191.141','ACTIVO'),(851,'desconocido@dominio.com','Actualización de asignación','Se actualizó la asignación ID 22563. Nuevo día: martes, Hora de inicio: 11:00:00, Hora de fin: 12:00:00.','2025-01-09 12:48:07','187.189.191.141','ACTIVO'),(852,'desconocido@dominio.com','Actualización de asignación','Se actualizó la asignación ID 22562. Nuevo día: miércoles, Hora de inicio: 07:00:00, Hora de fin: 08:00:00.','2025-01-09 12:48:31','187.189.191.141','ACTIVO'),(853,'desconocido@dominio.com','Actualización de asignación','Se actualizó la asignación ID 22563. Nuevo día: jueves, Hora de inicio: 07:00:00, Hora de fin: 08:00:00.','2025-01-09 12:48:34','187.189.191.141','ACTIVO'),(854,'desconocido@dominio.com','Actualización de asignación','Se actualizó la asignación ID 22565. Nuevo día: viernes, Hora de inicio: 16:00:00, Hora de fin: 17:00:00.','2025-01-09 12:51:22','187.189.191.141','ACTIVO'),(855,'desconocido@dominio.com','Actualización de asignación','Se actualizó la asignación ID 22521. Nuevo día: viernes, Hora de inicio: 11:00:00, Hora de fin: 12:00:00.','2025-01-09 12:54:22','187.189.191.141','ACTIVO'),(856,'desconocido@dominio.com','Actualización de asignación','Se actualizó la asignación ID 22539. Nuevo día: viernes, Hora de inicio: 13:00:00, Hora de fin: 14:00:00.','2025-01-09 12:55:37','187.189.191.141','ACTIVO'),(857,'desconocido@dominio.com','Actualización de asignación','Se actualizó la asignación ID 22445. Nuevo día: viernes, Hora de inicio: 09:00:00, Hora de fin: 10:00:00.','2025-01-09 12:56:06','187.189.191.141','ACTIVO'),(858,'jose.rodriguez@ut-morelia.edu.mx','Asignación de materias','Se asignaron materias al profesor con ID 173. Materias asignadas: 1718','2025-01-09 13:02:50','189.199.95.118','ACTIVO'),(859,'jose.rodriguez@ut-morelia.edu.mx','Asignación de materias','Se asignaron materias al profesor con ID 173. Materias asignadas: 1905','2025-01-09 13:04:09','189.199.95.118','ACTIVO'),(860,'desconocido@dominio.com','Actualización de asignación','Se actualizó la asignación ID 22358. Nuevo día: viernes, Hora de inicio: 16:00:00, Hora de fin: 17:00:00.','2025-01-09 13:06:35','187.189.191.141','ACTIVO'),(861,'desconocido@dominio.com','Actualización de asignación','Se actualizó la asignación ID 22364. Nuevo día: viernes, Hora de inicio: 17:00:00, Hora de fin: 18:00:00.','2025-01-09 13:06:39','187.189.191.141','ACTIVO'),(862,'desconocido@dominio.com','Actualización de asignación','Se actualizó la asignación ID 22372. Nuevo día: lunes, Hora de inicio: 15:00:00, Hora de fin: 16:00:00.','2025-01-09 13:06:48','187.189.191.141','ACTIVO'),(863,'desconocido@dominio.com','Actualización de asignación','Se actualizó la asignación ID 20716. Nuevo día: sábado, Hora de inicio: 10:00:00, Hora de fin: 11:00:00.','2025-01-09 13:08:38','187.189.191.141','ACTIVO'),(864,'desconocido@dominio.com','Actualización de asignación','Se actualizó la asignación ID 20717. Nuevo día: sábado, Hora de inicio: 11:00:00, Hora de fin: 12:00:00.','2025-01-09 13:08:41','187.189.191.141','ACTIVO'),(865,'desconocido@dominio.com','Actualización de asignación','Se actualizó la asignación ID 20699. Nuevo día: viernes, Hora de inicio: 10:00:00, Hora de fin: 11:00:00.','2025-01-09 13:08:44','187.189.191.141','ACTIVO'),(866,'desconocido@dominio.com','Actualización de asignación','Se actualizó la asignación ID 20699. Nuevo día: lunes, Hora de inicio: 07:00:00, Hora de fin: 08:00:00.','2025-01-09 13:08:53','187.189.191.141','ACTIVO'),(867,'desconocido@dominio.com','Actualización de asignación','Se actualizó la asignación ID 20700. Nuevo día: viernes, Hora de inicio: 10:00:00, Hora de fin: 11:00:00.','2025-01-09 13:08:57','187.189.191.141','ACTIVO'),(868,'desconocido@dominio.com','Actualización de asignación','Se actualizó la asignación ID 20708. Nuevo día: viernes, Hora de inicio: 11:00:00, Hora de fin: 12:00:00.','2025-01-09 13:09:02','187.189.191.141','ACTIVO'),(869,'desconocido@dominio.com','Actualización de asignación','Se actualizó la asignación ID 20716. Nuevo día: martes, Hora de inicio: 08:00:00, Hora de fin: 09:00:00.','2025-01-09 13:09:08','187.189.191.141','ACTIVO'),(870,'desconocido@dominio.com','Actualización de asignación','Se actualizó la asignación ID 20717. Nuevo día: viernes, Hora de inicio: 12:00:00, Hora de fin: 13:00:00.','2025-01-09 13:09:14','187.189.191.141','ACTIVO'),(871,'desconocido@dominio.com','Actualización de asignación','Se actualizó la asignación ID 20732. Nuevo día: lunes, Hora de inicio: 08:00:00, Hora de fin: 09:00:00.','2025-01-09 13:09:17','187.189.191.141','ACTIVO'),(872,'luis.gutierrez@ut-morelia.edu.mx','Asignación de materias','Se asignaron materias al profesor con ID 129. Materias asignadas: 2008','2025-01-09 13:14:08','189.199.95.118','ACTIVO'),(873,'desconocido@dominio.com','Actualización de asignación','Se actualizó la asignación ID 20733. Nuevo día: sábado, Hora de inicio: 12:00:00, Hora de fin: 13:00:00.','2025-01-09 13:21:00','189.199.95.118','ACTIVO'),(874,'desconocido@dominio.com','Actualización de asignación','Se actualizó la asignación ID 20714. Nuevo día: jueves, Hora de inicio: 12:00:00, Hora de fin: 13:00:00.','2025-01-09 13:21:08','189.199.95.118','ACTIVO'),(875,'desconocido@dominio.com','Actualización de asignación','Se actualizó la asignación ID 20733. Nuevo día: jueves, Hora de inicio: 13:00:00, Hora de fin: 14:00:00.','2025-01-09 13:21:49','189.199.95.118','ACTIVO'),(876,'jose.rodriguez@ut-morelia.edu.mx','Asignación de materias','Se asignaron materias al profesor con ID 105. Materias asignadas: 2163','2025-01-09 13:25:05','189.199.95.118','ACTIVO'),(877,'desconocido@dominio.com','Actualización de asignación','Se actualizó la asignación ID 21150. Nuevo día: martes, Hora de inicio: 13:00:00, Hora de fin: 14:00:00.','2025-01-09 13:28:39','189.199.95.118','ACTIVO'),(878,'desconocido@dominio.com','Actualización de asignación','Se actualizó la asignación ID 21151. Nuevo día: martes, Hora de inicio: 14:00:00, Hora de fin: 15:00:00.','2025-01-09 13:28:44','189.199.95.118','ACTIVO'),(879,'desconocido@dominio.com','Actualización de asignación','Se actualizó la asignación ID 21146. Nuevo día: viernes, Hora de inicio: 12:00:00, Hora de fin: 13:00:00.','2025-01-09 13:28:56','189.199.95.118','ACTIVO'),(880,'desconocido@dominio.com','Actualización de asignación','Se actualizó la asignación ID 21810. Nuevo día: viernes, Hora de inicio: 13:00:00, Hora de fin: 14:00:00.','2025-01-09 13:32:39','187.189.191.141','ACTIVO'),(881,'desconocido@dominio.com','Actualización de asignación','Se actualizó la asignación ID 21785. Nuevo día: martes, Hora de inicio: 12:00:00, Hora de fin: 13:00:00.','2025-01-09 13:32:43','187.189.191.141','ACTIVO'),(882,'desconocido@dominio.com','Actualización de asignación','Se actualizó la asignación ID 21810. Nuevo día: viernes, Hora de inicio: 12:00:00, Hora de fin: 13:00:00.','2025-01-09 13:32:46','187.189.191.141','ACTIVO'),(883,'desconocido@dominio.com','Actualización de asignación','Se actualizó la asignación ID 21810. Nuevo día: sábado, Hora de inicio: 11:00:00, Hora de fin: 12:00:00.','2025-01-09 13:35:01','187.189.191.141','ACTIVO'),(884,'desconocido@dominio.com','Actualización de asignación','Se actualizó la asignación ID 21791. Nuevo día: viernes, Hora de inicio: 12:00:00, Hora de fin: 13:00:00.','2025-01-09 13:35:04','187.189.191.141','ACTIVO'),(885,'desconocido@dominio.com','Actualización de asignación','Se actualizó la asignación ID 21810. Nuevo día: viernes, Hora de inicio: 11:00:00, Hora de fin: 12:00:00.','2025-01-09 13:35:07','187.189.191.141','ACTIVO'),(886,'desconocido@dominio.com','Actualización de asignación','Se actualizó la asignación ID 22028. Nuevo día: viernes, Hora de inicio: 11:00:00, Hora de fin: 12:00:00.','2025-01-09 13:36:02','187.189.191.141','ACTIVO'),(887,'desconocido@dominio.com','Actualización de asignación','Se actualizó la asignación ID 22034. Nuevo día: jueves, Hora de inicio: 10:00:00, Hora de fin: 11:00:00.','2025-01-09 13:36:12','187.189.191.141','ACTIVO'),(888,'desconocido@dominio.com','Actualización de asignación','Se actualizó la asignación ID 22052. Nuevo día: viernes, Hora de inicio: 07:00:00, Hora de fin: 08:00:00.','2025-01-09 13:38:26','187.189.191.141','ACTIVO'),(889,'jorgerodriguez@ut-morelia.edu.mx','Asignación de materias','Se asignaron materias al profesor con ID 41. Materias asignadas: 2001','2025-01-09 13:38:54','187.189.191.141','ACTIVO'),(890,'desconocido@dominio.com','Actualización de asignación','Se actualizó la asignación ID 22414. Nuevo día: sábado, Hora de inicio: 13:00:00, Hora de fin: 14:00:00.','2025-01-09 13:42:38','187.189.191.141','ACTIVO'),(891,'desconocido@dominio.com','Actualización de asignación','Se actualizó la asignación ID 22402. Nuevo día: miércoles, Hora de inicio: 13:00:00, Hora de fin: 14:00:00.','2025-01-09 13:42:43','187.189.191.141','ACTIVO'),(892,'desconocido@dominio.com','Actualización de asignación','Se actualizó la asignación ID 22414. Nuevo día: lunes, Hora de inicio: 10:00:00, Hora de fin: 11:00:00.','2025-01-09 13:42:46','187.189.191.141','ACTIVO'),(893,'desconocido@dominio.com','Actualización de asignación','Se actualizó la asignación ID 20717. Nuevo día: sábado, Hora de inicio: 10:00:00, Hora de fin: 11:00:00.','2025-01-09 13:43:23','187.189.191.141','ACTIVO'),(894,'desconocido@dominio.com','Actualización de asignación','Se actualizó la asignación ID 20700. Nuevo día: viernes, Hora de inicio: 13:00:00, Hora de fin: 14:00:00.','2025-01-09 13:43:26','187.189.191.141','ACTIVO'),(895,'desconocido@dominio.com','Actualización de asignación','Se actualizó la asignación ID 20708. Nuevo día: viernes, Hora de inicio: 12:00:00, Hora de fin: 13:00:00.','2025-01-09 13:43:30','187.189.191.141','ACTIVO'),(896,'desconocido@dominio.com','Actualización de asignación','Se actualizó la asignación ID 20717. Nuevo día: viernes, Hora de inicio: 10:00:00, Hora de fin: 11:00:00.','2025-01-09 13:43:34','187.189.191.141','ACTIVO'),(897,'desconocido@dominio.com','Actualización de asignación','Se actualizó la asignación ID 22409. Nuevo día: viernes, Hora de inicio: 14:00:00, Hora de fin: 15:00:00.','2025-01-09 13:44:11','187.189.191.141','ACTIVO'),(898,'desconocido@dominio.com','Actualización de asignación','Se actualizó la asignación ID 22401. Nuevo día: viernes, Hora de inicio: 11:00:00, Hora de fin: 12:00:00.','2025-01-09 13:44:14','187.189.191.141','ACTIVO'),(899,'desconocido@dominio.com','Actualización de asignación','Se actualizó la asignación ID 22409. Nuevo día: lunes, Hora de inicio: 09:00:00, Hora de fin: 10:00:00.','2025-01-09 13:44:23','187.189.191.141','ACTIVO'),(900,'desconocido@dominio.com','Actualización de asignación','Se actualizó la asignación ID 22405. Nuevo día: miércoles, Hora de inicio: 14:00:00, Hora de fin: 15:00:00.','2025-01-09 13:44:29','187.189.191.141','ACTIVO'),(901,'desconocido@dominio.com','Actualización de asignación','Se actualizó la asignación ID 22404. Nuevo día: jueves, Hora de inicio: 14:00:00, Hora de fin: 15:00:00.','2025-01-09 13:44:32','187.189.191.141','ACTIVO'),(902,'desconocido@dominio.com','Actualización de asignación','Se actualizó la asignación ID 20920. Nuevo día: martes, Hora de inicio: 13:00:00, Hora de fin: 14:00:00.','2025-01-09 13:47:17','187.189.191.141','ACTIVO'),(903,'desconocido@dominio.com','Actualización de asignación','Se actualizó la asignación ID 20935. Nuevo día: martes, Hora de inicio: 07:00:00, Hora de fin: 08:00:00.','2025-01-09 13:47:36','187.189.191.141','ACTIVO'),(904,'desconocido@dominio.com','Actualización de asignación','Se actualizó la asignación ID 20925. Nuevo día: viernes, Hora de inicio: 08:00:00, Hora de fin: 09:00:00.','2025-01-09 13:47:39','187.189.191.141','ACTIVO'),(905,'desconocido@dominio.com','Actualización de asignación','Se actualizó la asignación ID 22554. Nuevo día: viernes, Hora de inicio: 14:00:00, Hora de fin: 15:00:00.','2025-01-09 13:52:06','187.189.191.141','ACTIVO'),(906,'desconocido@dominio.com','Actualización de asignación','Se actualizó la asignación ID 22560. Nuevo día: martes, Hora de inicio: 10:00:00, Hora de fin: 11:00:00.','2025-01-09 13:52:12','187.189.191.141','ACTIVO'),(907,'desconocido@dominio.com','Actualización de asignación','Se actualizó la asignación ID 22555. Nuevo día: martes, Hora de inicio: 11:00:00, Hora de fin: 12:00:00.','2025-01-09 13:52:16','187.189.191.141','ACTIVO'),(908,'desconocido@dominio.com','Actualización de asignación','Se actualizó la asignación ID 20402. Nuevo día: martes, Hora de inicio: 11:00:00, Hora de fin: 12:00:00.','2025-01-09 13:55:34','187.189.191.141','ACTIVO'),(909,'desconocido@dominio.com','Actualización de asignación','Se actualizó la asignación ID 20402. Nuevo día: lunes, Hora de inicio: 11:00:00, Hora de fin: 12:00:00.','2025-01-09 13:59:49','187.189.191.141','ACTIVO'),(910,'desconocido@dominio.com','Actualización de asignación','Se actualizó la asignación ID 20405. Nuevo día: martes, Hora de inicio: 11:00:00, Hora de fin: 12:00:00.','2025-01-09 13:59:53','187.189.191.141','ACTIVO'),(911,'desconocido@dominio.com','Actualización de asignación','Se actualizó la asignación ID 22309. Nuevo día: jueves, Hora de inicio: 12:00:00, Hora de fin: 13:00:00.','2025-01-09 14:09:41','187.189.191.141','ACTIVO'),(912,'desconocido@dominio.com','Actualización de asignación','Se actualizó la asignación ID 22309. Nuevo día: viernes, Hora de inicio: 07:00:00, Hora de fin: 08:00:00.','2025-01-09 14:09:55','187.189.191.141','ACTIVO'),(913,'desconocido@dominio.com','Actualización de asignación','Se actualizó la asignación ID 22307. Nuevo día: jueves, Hora de inicio: 12:00:00, Hora de fin: 13:00:00.','2025-01-09 14:09:59','187.189.191.141','ACTIVO'),(914,'desconocido@dominio.com','Actualización de asignación','Se actualizó la asignación ID 22313. Nuevo día: viernes, Hora de inicio: 08:00:00, Hora de fin: 09:00:00.','2025-01-09 14:10:02','187.189.191.141','ACTIVO'),(915,'desconocido@dominio.com','Actualización de asignación','Se actualizó la asignación ID 22199. Nuevo día: lunes, Hora de inicio: 11:00:00, Hora de fin: 12:00:00.','2025-01-09 14:10:41','187.189.191.141','ACTIVO'),(916,'desconocido@dominio.com','Actualización de asignación','Se actualizó la asignación ID 22210. Nuevo día: viernes, Hora de inicio: 11:00:00, Hora de fin: 12:00:00.','2025-01-09 14:10:50','187.189.191.141','ACTIVO'),(917,'desconocido@dominio.com','Actualización de asignación','Se actualizó la asignación ID 22224. Nuevo día: miércoles, Hora de inicio: 15:00:00, Hora de fin: 16:00:00.','2025-01-09 14:11:01','187.189.191.141','ACTIVO'),(918,'desconocido@dominio.com','Actualización de asignación','Se actualizó la asignación ID 21285. Nuevo día: sábado, Hora de inicio: 08:00:00, Hora de fin: 09:00:00.','2025-01-09 14:19:37','187.189.191.141','ACTIVO'),(919,'desconocido@dominio.com','Actualización de asignación','Se actualizó la asignación ID 21286. Nuevo día: viernes, Hora de inicio: 07:00:00, Hora de fin: 08:00:00.','2025-01-09 14:19:41','187.189.191.141','ACTIVO'),(920,'desconocido@dominio.com','Actualización de asignación','Se actualizó la asignación ID 21287. Nuevo día: viernes, Hora de inicio: 08:00:00, Hora de fin: 09:00:00.','2025-01-09 14:19:45','187.189.191.141','ACTIVO'),(921,'desconocido@dominio.com','Actualización de asignación','Se actualizó la asignación ID 21285. Nuevo día: viernes, Hora de inicio: 09:00:00, Hora de fin: 10:00:00.','2025-01-09 14:19:55','187.189.191.141','ACTIVO'),(922,'desconocido@dominio.com','Actualización de asignación','Se actualizó la asignación ID 21285. Nuevo día: sábado, Hora de inicio: 10:00:00, Hora de fin: 11:00:00.','2025-01-09 14:20:03','187.189.191.141','ACTIVO'),(923,'desconocido@dominio.com','Actualización de asignación','Se actualizó la asignación ID 21288. Nuevo día: viernes, Hora de inicio: 09:00:00, Hora de fin: 10:00:00.','2025-01-09 14:20:05','187.189.191.141','ACTIVO'),(924,'desconocido@dominio.com','Actualización de asignación','Se actualizó la asignación ID 21288. Nuevo día: sábado, Hora de inicio: 09:00:00, Hora de fin: 10:00:00.','2025-01-09 14:20:27','187.189.191.141','ACTIVO'),(925,'desconocido@dominio.com','Actualización de asignación','Se actualizó la asignación ID 21287. Nuevo día: viernes, Hora de inicio: 10:00:00, Hora de fin: 11:00:00.','2025-01-09 14:20:31','187.189.191.141','ACTIVO'),(926,'desconocido@dominio.com','Actualización de asignación','Se actualizó la asignación ID 21286. Nuevo día: viernes, Hora de inicio: 09:00:00, Hora de fin: 10:00:00.','2025-01-09 14:20:34','187.189.191.141','ACTIVO'),(927,'desconocido@dominio.com','Actualización de asignación','Se actualizó la asignación ID 21285. Nuevo día: viernes, Hora de inicio: 08:00:00, Hora de fin: 09:00:00.','2025-01-09 14:20:37','187.189.191.141','ACTIVO'),(928,'desconocido@dominio.com','Actualización de asignación','Se actualizó la asignación ID 21288. Nuevo día: viernes, Hora de inicio: 07:00:00, Hora de fin: 08:00:00.','2025-01-09 14:20:40','187.189.191.141','ACTIVO'),(929,'jorgerodriguez@ut-morelia.edu.mx','Asignación de materias','Se asignaron materias al profesor con ID 66. Materias asignadas: 1757','2025-01-09 14:21:36','187.189.191.141','ACTIVO'),(930,'alberto.lucas@ut-morelia.edu.mx','Asignación manual de horario','Se asignó la materia ID 1724 al grupo ID 902 en el día jueves de 07:00:00 a 08:00:00.','2025-01-09 14:32:44','189.199.95.118','ACTIVO'),(931,'alberto.lucas@ut-morelia.edu.mx','Asignación manual de horario','Se asignó la materia ID 1724 al grupo ID 902 en el día jueves de 08:00:00 a 09:00:00.','2025-01-09 14:32:50','189.199.95.118','ACTIVO'),(932,'alberto.lucas@ut-morelia.edu.mx','Asignación manual de horario','Se asignó la materia ID 1724 al grupo ID 902 en el día jueves de 09:00:00 a 10:00:00.','2025-01-09 14:32:57','189.199.95.118','ACTIVO'),(933,'luis.gutierrez@ut-morelia.edu.mx','Eliminación de asignación manual','Se eliminó la asignación con ID 747 del grupo ID 964.','2025-01-09 14:33:00','189.199.95.118','ACTIVO'),(934,'luis.gutierrez@ut-morelia.edu.mx','Eliminación de asignación manual','Se eliminó la asignación con ID 748 del grupo ID 964.','2025-01-09 14:33:02','189.199.95.118','ACTIVO'),(935,'alberto.lucas@ut-morelia.edu.mx','Asignación manual de horario','Se asignó la materia ID 1724 al grupo ID 902 en el día jueves de 10:00:00 a 11:00:00.','2025-01-09 14:33:08','189.199.95.118','ACTIVO'),(936,'alberto.lucas@ut-morelia.edu.mx','Asignación de materias','Se asignaron materias al profesor con ID 143. Materias asignadas: ','2025-01-09 14:34:00','189.199.95.118','ACTIVO'),(937,'alberto.lucas@ut-morelia.edu.mx','Asignación de materias','Se asignaron materias al profesor con ID 143. Materias asignadas: 1724','2025-01-09 14:34:54','189.199.95.118','ACTIVO'),(938,'desconocido@dominio.com','Actualización de asignación','Se actualizó la asignación ID 20278. Nuevo día: miércoles, Hora de inicio: 11:00:00, Hora de fin: 12:00:00.','2025-01-09 14:44:21','187.189.191.141','ACTIVO'),(939,'jorgerodriguez@ut-morelia.edu.mx','Eliminación de asignación manual','Se eliminó la asignación con ID 768 del grupo ID 961.','2025-01-09 14:46:25','187.189.191.141','ACTIVO'),(940,'jorgerodriguez@ut-morelia.edu.mx','Eliminación de asignación manual','Se eliminó la asignación con ID 769 del grupo ID 961.','2025-01-09 14:46:30','187.189.191.141','ACTIVO'),(941,'jorgerodriguez@ut-morelia.edu.mx','Eliminación de asignación','Se eliminó la asignación ID 20278:  - Grupo .','2025-01-09 14:46:38','187.189.191.141','ACTIVO'),(942,'jorgerodriguez@ut-morelia.edu.mx','Eliminación de asignación','Se eliminó la asignación ID 20279:  - Grupo .','2025-01-09 14:46:40','187.189.191.141','ACTIVO'),(943,'jorgerodriguez@ut-morelia.edu.mx','Asignación manual de horario','Se asignó la materia ID 2084 al grupo ID 961 en el día miércoles de 11:00:00 a 12:00:00.','2025-01-09 14:46:46','187.189.191.141','ACTIVO'),(944,'jose.rodriguez@ut-morelia.edu.mx','Asignación de materias','Se asignaron materias al profesor con ID 105. Materias asignadas: 2160','2025-01-09 14:48:43','189.199.95.118','ACTIVO'),(945,'desconocido@dominio.com','Actualización de grupo','Se actualizó el grupo \'TI-5A\' con ID 961. Programa ID 19, Periodo ID 5, Turno ID 1, Salón asignado: 7.','2025-01-09 14:49:54','187.189.191.141','ACTIVO'),(946,'jorgerodriguez@ut-morelia.edu.mx','Asignación manual de horario','Se asignó la materia ID 2084 al grupo ID 961 en el día lunes de 11:00:00 a 12:00:00.','2025-01-09 14:50:45','187.189.191.141','ACTIVO'),(947,'srangel@ut-morelia.edu.mx','Eliminación de asignación manual','Se eliminó la asignación con ID 363 del grupo ID 918.','2025-01-09 14:55:18','187.189.191.141','ACTIVO'),(948,'srangel@ut-morelia.edu.mx','Eliminación de asignación manual','Se eliminó la asignación con ID 364 del grupo ID 918.','2025-01-09 14:55:22','187.189.191.141','ACTIVO'),(949,'srangel@ut-morelia.edu.mx','Eliminación de asignación','Se eliminó la asignación ID 19939:  - Grupo .','2025-01-09 14:55:28','187.189.191.141','ACTIVO'),(950,'srangel@ut-morelia.edu.mx','Eliminación de asignación','Se eliminó la asignación ID 21751:  - Grupo .','2025-01-09 14:55:31','187.189.191.141','ACTIVO'),(951,'srangel@ut-morelia.edu.mx','Asignación manual de horario','Se asignó la materia ID 1740 al grupo ID 918 en el día viernes de 08:00:00 a 09:00:00.','2025-01-09 14:55:45','187.189.191.141','ACTIVO'),(952,'srangel@ut-morelia.edu.mx','Asignación manual de horario','Se asignó la materia ID 1740 al grupo ID 918 en el día viernes de 09:00:00 a 10:00:00.','2025-01-09 14:55:52','187.189.191.141','ACTIVO'),(953,'jorgerodriguez@ut-morelia.edu.mx','Asignación de materias','Se asignaron materias al profesor con ID 145. Materias asignadas: 2084','2025-01-09 14:57:07','187.189.191.141','ACTIVO'),(954,'srangel@ut-morelia.edu.mx','Eliminación de asignación','Se eliminó la asignación ID 21747:  - Grupo .','2025-01-09 14:58:40','187.189.191.141','ACTIVO'),(955,'srangel@ut-morelia.edu.mx','Eliminación de asignación','Se eliminó la asignación ID 21748:  - Grupo .','2025-01-09 14:58:44','187.189.191.141','ACTIVO'),(956,'srangel@ut-morelia.edu.mx','Asignación manual de horario','Se asignó la materia ID 1736 al grupo ID 918 en el día jueves de 08:00:00 a 09:00:00.','2025-01-09 14:58:50','187.189.191.141','ACTIVO'),(957,'desconocido@dominio.com','Actualización de asignación','Se actualizó la asignación ID 22362. Nuevo día: martes, Hora de inicio: 12:00:00, Hora de fin: 13:00:00.','2025-01-09 14:58:52','187.189.191.141','ACTIVO'),(958,'srangel@ut-morelia.edu.mx','Asignación manual de horario','Se asignó la materia ID 1736 al grupo ID 918 en el día jueves de 09:00:00 a 10:00:00.','2025-01-09 14:58:53','187.189.191.141','ACTIVO'),(959,'desconocido@dominio.com','Actualización de asignación','Se actualizó la asignación ID 20344. Nuevo día: miércoles, Hora de inicio: 18:00:00, Hora de fin: 19:00:00.','2025-01-09 15:00:18','187.189.191.141','ACTIVO'),(960,'jorgerodriguez@ut-morelia.edu.mx','Eliminación de asignación manual','Se eliminó la asignación con ID 798 del grupo ID 943.','2025-01-09 15:02:09','187.189.191.141','ACTIVO'),(961,'desconocido@dominio.com','Actualización de asignación','Se actualizó la asignación ID 22628. Nuevo día: martes, Hora de inicio: 14:00:00, Hora de fin: 15:00:00.','2025-01-09 15:02:52','187.189.191.141','ACTIVO'),(962,'srangel@ut-morelia.edu.mx','Eliminación de asignación','Se eliminó la asignación ID 22630:  - Grupo .','2025-01-09 15:03:17','187.189.191.141','ACTIVO'),(963,'srangel@ut-morelia.edu.mx','Eliminación de asignación','Se eliminó la asignación ID 22628:  - Grupo .','2025-01-09 15:03:19','187.189.191.141','ACTIVO'),(964,'jorgerodriguez@ut-morelia.edu.mx','Eliminación de asignación manual','Se eliminó la asignación con ID 857 del grupo ID 943.','2025-01-09 15:03:38','187.189.191.141','ACTIVO'),(965,'srangel@ut-morelia.edu.mx','Eliminación de asignación manual','Se eliminó la asignación con ID 1072 del grupo ID 920.','2025-01-09 15:04:43','187.189.191.141','ACTIVO'),(966,'srangel@ut-morelia.edu.mx','Asignación manual de horario','Se asignó la materia ID 1920 al grupo ID 920 en el día martes de 14:00:00 a 15:00:00.','2025-01-09 15:04:46','187.189.191.141','ACTIVO'),(967,'jorgerodriguez@ut-morelia.edu.mx','Eliminación de asignación','Se eliminó la asignación ID 20296:  - Grupo .','2025-01-09 15:04:50','187.189.191.141','ACTIVO'),(968,'jorgerodriguez@ut-morelia.edu.mx','Asignación manual de horario','Se asignó la materia ID 2007 al grupo ID 943 en el día viernes de 12:00:00 a 13:00:00.','2025-01-09 15:04:54','187.189.191.141','ACTIVO'),(969,'jorgerodriguez@ut-morelia.edu.mx','Asignación de materias','Se asignaron materias al profesor con ID 145. Materias asignadas: 2007','2025-01-09 15:05:23','187.189.191.141','ACTIVO'),(970,'srangel@ut-morelia.edu.mx','Eliminación de asignación manual','Se eliminó la asignación con ID 1073 del grupo ID 920.','2025-01-09 15:06:45','187.189.191.141','ACTIVO'),(971,'admin@admin.com','Eliminación de asignación manual','Se eliminó la asignación con ID 1074 del grupo ID 920.','2025-01-09 15:06:50','177.240.146.245','ACTIVO'),(972,'admin@admin.com','Asignación manual de horario','Se asignó la materia ID 1920 al grupo ID 920 en el día martes de 13:00:00 a 14:00:00.','2025-01-09 15:06:53','177.240.146.245','ACTIVO'),(973,'desconocido@dominio.com','Actualización de asignación','Se actualizó la asignación ID 22319. Nuevo día: miércoles, Hora de inicio: 11:00:00, Hora de fin: 12:00:00.','2025-01-09 15:07:22','187.189.191.141','ACTIVO'),(974,'desconocido@dominio.com','Actualización de asignación','Se actualizó la asignación ID 22319. Nuevo día: jueves, Hora de inicio: 12:00:00, Hora de fin: 13:00:00.','2025-01-09 15:07:57','187.189.191.141','ACTIVO'),(975,'desconocido@dominio.com','Actualización de asignación','Se actualizó la asignación ID 22335. Nuevo día: martes, Hora de inicio: 08:00:00, Hora de fin: 09:00:00.','2025-01-09 15:08:25','187.189.191.141','ACTIVO'),(976,'desconocido@dominio.com','Actualización de asignación','Se actualizó la asignación ID 22319. Nuevo día: viernes, Hora de inicio: 08:00:00, Hora de fin: 09:00:00.','2025-01-09 15:08:27','187.189.191.141','ACTIVO'),(977,'desconocido@dominio.com','Actualización de asignación','Se actualizó la asignación ID 22319. Nuevo día: jueves, Hora de inicio: 12:00:00, Hora de fin: 13:00:00.','2025-01-09 15:08:36','187.189.191.141','ACTIVO'),(978,'desconocido@dominio.com','Actualización de asignación','Se actualizó la asignación ID 22335. Nuevo día: viernes, Hora de inicio: 08:00:00, Hora de fin: 09:00:00.','2025-01-09 15:08:41','187.189.191.141','ACTIVO'),(979,'srangel@ut-morelia.edu.mx','Eliminación de asignación','Se eliminó la asignación ID 21786:  - Grupo .','2025-01-09 15:09:06','187.189.191.141','ACTIVO'),(980,'srangel@ut-morelia.edu.mx','Eliminación de asignación','Se eliminó la asignación ID 21787:  - Grupo .','2025-01-09 15:09:09','187.189.191.141','ACTIVO'),(981,'srangel@ut-morelia.edu.mx','Eliminación de asignación','Se eliminó la asignación ID 21792:  - Grupo .','2025-01-09 15:09:12','187.189.191.141','ACTIVO'),(982,'srangel@ut-morelia.edu.mx','Eliminación de asignación','Se eliminó la asignación ID 21793:  - Grupo .','2025-01-09 15:09:14','187.189.191.141','ACTIVO'),(983,'srangel@ut-morelia.edu.mx','Asignación manual de horario','Se asignó la materia ID 1807 al grupo ID 920 en el día lunes de 07:00:00 a 08:00:00.','2025-01-09 15:09:19','187.189.191.141','ACTIVO'),(984,'srangel@ut-morelia.edu.mx','Asignación manual de horario','Se asignó la materia ID 1807 al grupo ID 920 en el día lunes de 08:00:00 a 09:00:00.','2025-01-09 15:09:24','187.189.191.141','ACTIVO'),(985,'srangel@ut-morelia.edu.mx','Asignación manual de horario','Se asignó la materia ID 1807 al grupo ID 920 en el día martes de 07:00:00 a 08:00:00.','2025-01-09 15:09:27','187.189.191.141','ACTIVO'),(986,'srangel@ut-morelia.edu.mx','Asignación manual de horario','Se asignó la materia ID 1807 al grupo ID 920 en el día martes de 08:00:00 a 09:00:00.','2025-01-09 15:09:30','187.189.191.141','ACTIVO'),(987,'srangel@ut-morelia.edu.mx','Eliminación de asignación','Se eliminó la asignación ID 22056:  - Grupo .','2025-01-09 15:09:57','187.189.191.141','ACTIVO'),(988,'srangel@ut-morelia.edu.mx','Eliminación de asignación','Se eliminó la asignación ID 22057:  - Grupo .','2025-01-09 15:09:59','187.189.191.141','ACTIVO'),(989,'srangel@ut-morelia.edu.mx','Eliminación de asignación','Se eliminó la asignación ID 22058:  - Grupo .','2025-01-09 15:10:03','187.189.191.141','ACTIVO'),(990,'srangel@ut-morelia.edu.mx','Eliminación de asignación','Se eliminó la asignación ID 22059:  - Grupo .','2025-01-09 15:10:07','187.189.191.141','ACTIVO'),(991,'desconocido@dominio.com','Actualización de asignación','Se actualizó la asignación ID 22172. Nuevo día: viernes, Hora de inicio: 16:00:00, Hora de fin: 17:00:00.','2025-01-09 15:10:19','187.189.191.141','ACTIVO'),(992,'desconocido@dominio.com','Actualización de asignación','Se actualizó la asignación ID 22192. Nuevo día: martes, Hora de inicio: 15:00:00, Hora de fin: 16:00:00.','2025-01-09 15:10:23','187.189.191.141','ACTIVO'),(993,'desconocido@dominio.com','Actualización de asignación','Se actualizó la asignación ID 22172. Nuevo día: viernes, Hora de inicio: 14:00:00, Hora de fin: 15:00:00.','2025-01-09 15:10:26','187.189.191.141','ACTIVO'),(994,'srangel@ut-morelia.edu.mx','Asignación manual de horario','Se asignó la materia ID 1921 al grupo ID 928 en el día viernes de 09:00:00 a 10:00:00.','2025-01-09 15:10:38','187.189.191.141','ACTIVO'),(995,'srangel@ut-morelia.edu.mx','Asignación manual de horario','Se asignó la materia ID 1921 al grupo ID 928 en el día viernes de 10:00:00 a 11:00:00.','2025-01-09 15:10:41','187.189.191.141','ACTIVO'),(996,'srangel@ut-morelia.edu.mx','Asignación manual de horario','Se asignó la materia ID 1921 al grupo ID 928 en el día viernes de 11:00:00 a 12:00:00.','2025-01-09 15:10:45','187.189.191.141','ACTIVO'),(997,'srangel@ut-morelia.edu.mx','Asignación manual de horario','Se asignó la materia ID 1921 al grupo ID 928 en el día viernes de 12:00:00 a 13:00:00.','2025-01-09 15:10:49','187.189.191.141','ACTIVO'),(998,'srangel@ut-morelia.edu.mx','Eliminación de asignación','Se eliminó la asignación ID 21909:  - Grupo .','2025-01-09 15:14:41','187.189.191.141','ACTIVO'),(999,'srangel@ut-morelia.edu.mx','Eliminación de asignación','Se eliminó la asignación ID 21910:  - Grupo .','2025-01-09 15:14:45','187.189.191.141','ACTIVO'),(1000,'srangel@ut-morelia.edu.mx','Eliminación de asignación','Se eliminó la asignación ID 21916:  - Grupo .','2025-01-09 15:14:49','187.189.191.141','ACTIVO'),(1001,'srangel@ut-morelia.edu.mx','Eliminación de asignación','Se eliminó la asignación ID 21917:  - Grupo .','2025-01-09 15:14:52','187.189.191.141','ACTIVO'),(1002,'srangel@ut-morelia.edu.mx','Asignación manual de horario','Se asignó la materia ID 1743 al grupo ID 924 en el día martes de 11:00:00 a 12:00:00.','2025-01-09 15:15:24','187.189.191.141','ACTIVO'),(1003,'srangel@ut-morelia.edu.mx','Asignación manual de horario','Se asignó la materia ID 1743 al grupo ID 924 en el día martes de 12:00:00 a 13:00:00.','2025-01-09 15:15:27','187.189.191.141','ACTIVO'),(1004,'srangel@ut-morelia.edu.mx','Asignación manual de horario','Se asignó la materia ID 1743 al grupo ID 924 en el día miércoles de 12:00:00 a 13:00:00.','2025-01-09 15:15:33','187.189.191.141','ACTIVO'),(1005,'srangel@ut-morelia.edu.mx','Asignación manual de horario','Se asignó la materia ID 1743 al grupo ID 924 en el día miércoles de 13:00:00 a 14:00:00.','2025-01-09 15:15:37','187.189.191.141','ACTIVO'),(1006,'srangel@ut-morelia.edu.mx','Eliminación de asignación','Se eliminó la asignación ID 21951:  - Grupo .','2025-01-09 15:16:09','187.189.191.141','ACTIVO'),(1007,'srangel@ut-morelia.edu.mx','Eliminación de asignación','Se eliminó la asignación ID 21952:  - Grupo .','2025-01-09 15:16:11','187.189.191.141','ACTIVO'),(1008,'srangel@ut-morelia.edu.mx','Eliminación de asignación','Se eliminó la asignación ID 21948:  - Grupo .','2025-01-09 15:16:13','187.189.191.141','ACTIVO'),(1009,'srangel@ut-morelia.edu.mx','Eliminación de asignación','Se eliminó la asignación ID 21949:  - Grupo .','2025-01-09 15:16:16','187.189.191.141','ACTIVO'),(1010,'srangel@ut-morelia.edu.mx','Asignación manual de horario','Se asignó la materia ID 1743 al grupo ID 925 en el día jueves de 12:00:00 a 13:00:00.','2025-01-09 15:16:24','187.189.191.141','ACTIVO'),(1011,'srangel@ut-morelia.edu.mx','Asignación manual de horario','Se asignó la materia ID 1743 al grupo ID 925 en el día jueves de 13:00:00 a 14:00:00.','2025-01-09 15:16:28','187.189.191.141','ACTIVO'),(1012,'srangel@ut-morelia.edu.mx','Asignación manual de horario','Se asignó la materia ID 1743 al grupo ID 925 en el día miércoles de 16:00:00 a 17:00:00.','2025-01-09 15:16:35','187.189.191.141','ACTIVO'),(1013,'srangel@ut-morelia.edu.mx','Asignación manual de horario','Se asignó la materia ID 1743 al grupo ID 925 en el día miércoles de 17:00:00 a 18:00:00.','2025-01-09 15:16:39','187.189.191.141','ACTIVO'),(1014,'srangel@ut-morelia.edu.mx','Eliminación de asignación','Se eliminó la asignación ID 21969:  - Grupo .','2025-01-09 15:18:37','187.189.191.141','ACTIVO'),(1015,'srangel@ut-morelia.edu.mx','Eliminación de asignación','Se eliminó la asignación ID 21970:  - Grupo .','2025-01-09 15:18:40','187.189.191.141','ACTIVO'),(1016,'srangel@ut-morelia.edu.mx','Eliminación de asignación','Se eliminó la asignación ID 21975:  - Grupo .','2025-01-09 15:18:44','187.189.191.141','ACTIVO'),(1017,'srangel@ut-morelia.edu.mx','Eliminación de asignación','Se eliminó la asignación ID 21976:  - Grupo .','2025-01-09 15:18:47','187.189.191.141','ACTIVO'),(1018,'desconocido@dominio.com','Actualización de asignación','Se actualizó la asignación ID 22486. Nuevo día: lunes, Hora de inicio: 12:00:00, Hora de fin: 13:00:00.','2025-01-09 15:18:48','187.189.191.141','ACTIVO'),(1019,'srangel@ut-morelia.edu.mx','Eliminación de asignación','Se eliminó la asignación ID 21983:  - Grupo .','2025-01-09 15:18:50','187.189.191.141','ACTIVO'),(1020,'desconocido@dominio.com','Actualización de asignación','Se actualizó la asignación ID 22491. Nuevo día: martes, Hora de inicio: 12:00:00, Hora de fin: 13:00:00.','2025-01-09 15:18:51','187.189.191.141','ACTIVO'),(1021,'srangel@ut-morelia.edu.mx','Asignación manual de horario','Se asignó la materia ID 1902 al grupo ID 926 en el día lunes de 11:00:00 a 12:00:00.','2025-01-09 15:18:59','187.189.191.141','ACTIVO'),(1022,'srangel@ut-morelia.edu.mx','Asignación manual de horario','Se asignó la materia ID 1902 al grupo ID 926 en el día lunes de 12:00:00 a 13:00:00.','2025-01-09 15:19:03','187.189.191.141','ACTIVO'),(1023,'srangel@ut-morelia.edu.mx','Asignación manual de horario','Se asignó la materia ID 1902 al grupo ID 926 en el día martes de 09:00:00 a 10:00:00.','2025-01-09 15:19:10','187.189.191.141','ACTIVO'),(1024,'srangel@ut-morelia.edu.mx','Asignación manual de horario','Se asignó la materia ID 1902 al grupo ID 926 en el día martes de 10:00:00 a 11:00:00.','2025-01-09 15:19:15','187.189.191.141','ACTIVO'),(1025,'srangel@ut-morelia.edu.mx','Asignación manual de horario','Se asignó la materia ID 1902 al grupo ID 926 en el día miércoles de 07:00:00 a 08:00:00.','2025-01-09 15:19:20','187.189.191.141','ACTIVO'),(1026,'desconocido@dominio.com','Actualización de asignación','Se actualizó la asignación ID 22487. Nuevo día: viernes, Hora de inicio: 10:00:00, Hora de fin: 11:00:00.','2025-01-09 15:19:20','187.189.191.141','ACTIVO'),(1027,'srangel@ut-morelia.edu.mx','Eliminación de asignación','Se eliminó la asignación ID 22002:  - Grupo .','2025-01-09 15:19:37','187.189.191.141','ACTIVO'),(1028,'desconocido@dominio.com','Actualización de asignación','Se actualizó la asignación ID 22498. Nuevo día: viernes, Hora de inicio: 08:00:00, Hora de fin: 09:00:00.','2025-01-09 15:19:38','187.189.191.141','ACTIVO'),(1029,'srangel@ut-morelia.edu.mx','Eliminación de asignación','Se eliminó la asignación ID 22003:  - Grupo .','2025-01-09 15:19:40','187.189.191.141','ACTIVO'),(1030,'desconocido@dominio.com','Actualización de asignación','Se actualizó la asignación ID 22495. Nuevo día: jueves, Hora de inicio: 10:00:00, Hora de fin: 11:00:00.','2025-01-09 15:19:41','187.189.191.141','ACTIVO'),(1031,'srangel@ut-morelia.edu.mx','Eliminación de asignación','Se eliminó la asignación ID 22010:  - Grupo .','2025-01-09 15:19:43','187.189.191.141','ACTIVO'),(1032,'srangel@ut-morelia.edu.mx','Eliminación de asignación','Se eliminó la asignación ID 22011:  - Grupo .','2025-01-09 15:19:47','187.189.191.141','ACTIVO'),(1033,'srangel@ut-morelia.edu.mx','Eliminación de asignación','Se eliminó la asignación ID 22018:  - Grupo .','2025-01-09 15:19:50','187.189.191.141','ACTIVO'),(1034,'srangel@ut-morelia.edu.mx','Asignación manual de horario','Se asignó la materia ID 1902 al grupo ID 927 en el día lunes de 07:00:00 a 08:00:00.','2025-01-09 15:20:07','187.189.191.141','ACTIVO'),(1035,'srangel@ut-morelia.edu.mx','Asignación manual de horario','Se asignó la materia ID 1902 al grupo ID 927 en el día martes de 07:00:00 a 08:00:00.','2025-01-09 15:20:11','187.189.191.141','ACTIVO'),(1036,'jorgerodriguez@ut-morelia.edu.mx','Asignación de materias','Se asignaron materias al profesor con ID 88. Materias asignadas: 2155','2025-01-09 15:20:12','187.189.191.141','ACTIVO'),(1037,'srangel@ut-morelia.edu.mx','Asignación manual de horario','Se asignó la materia ID 1902 al grupo ID 927 en el día lunes de 08:00:00 a 09:00:00.','2025-01-09 15:20:16','187.189.191.141','ACTIVO'),(1038,'srangel@ut-morelia.edu.mx','Asignación manual de horario','Se asignó la materia ID 1902 al grupo ID 927 en el día martes de 08:00:00 a 09:00:00.','2025-01-09 15:20:20','187.189.191.141','ACTIVO'),(1039,'srangel@ut-morelia.edu.mx','Asignación manual de horario','Se asignó la materia ID 1902 al grupo ID 927 en el día miércoles de 08:00:00 a 09:00:00.','2025-01-09 15:20:24','187.189.191.141','ACTIVO'),(1040,'srangel@ut-morelia.edu.mx','Eliminación de asignación','Se eliminó la asignación ID 22025:  - Grupo .','2025-01-09 15:20:52','187.189.191.141','ACTIVO'),(1041,'srangel@ut-morelia.edu.mx','Eliminación de asignación','Se eliminó la asignación ID 22021:  - Grupo .','2025-01-09 15:20:54','187.189.191.141','ACTIVO'),(1042,'srangel@ut-morelia.edu.mx','Eliminación de asignación','Se eliminó la asignación ID 22024:  - Grupo .','2025-01-09 15:20:58','187.189.191.141','ACTIVO'),(1043,'srangel@ut-morelia.edu.mx','Eliminación de asignación','Se eliminó la asignación ID 22029:  - Grupo .','2025-01-09 15:21:02','187.189.191.141','ACTIVO'),(1044,'srangel@ut-morelia.edu.mx','Eliminación de asignación','Se eliminó la asignación ID 22030:  - Grupo .','2025-01-09 15:21:05','187.189.191.141','ACTIVO'),(1045,'srangel@ut-morelia.edu.mx','Asignación manual de horario','Se asignó la materia ID 1910 al grupo ID 927 en el día miércoles de 09:00:00 a 10:00:00.','2025-01-09 15:21:32','187.189.191.141','ACTIVO'),(1046,'srangel@ut-morelia.edu.mx','Asignación manual de horario','Se asignó la materia ID 1910 al grupo ID 927 en el día miércoles de 10:00:00 a 11:00:00.','2025-01-09 15:21:35','187.189.191.141','ACTIVO'),(1047,'srangel@ut-morelia.edu.mx','Asignación manual de horario','Se asignó la materia ID 1910 al grupo ID 927 en el día jueves de 07:00:00 a 08:00:00.','2025-01-09 15:21:42','187.189.191.141','ACTIVO'),(1048,'srangel@ut-morelia.edu.mx','Asignación manual de horario','Se asignó la materia ID 1910 al grupo ID 927 en el día viernes de 09:00:00 a 10:00:00.','2025-01-09 15:21:48','187.189.191.141','ACTIVO'),(1049,'srangel@ut-morelia.edu.mx','Asignación manual de horario','Se asignó la materia ID 1910 al grupo ID 927 en el día viernes de 10:00:00 a 11:00:00.','2025-01-09 15:21:51','187.189.191.141','ACTIVO'),(1050,'srangel@ut-morelia.edu.mx','Eliminación de asignación','Se eliminó la asignación ID 21995:  - Grupo .','2025-01-09 15:22:09','187.189.191.141','ACTIVO'),(1051,'srangel@ut-morelia.edu.mx','Eliminación de asignación','Se eliminó la asignación ID 21996:  - Grupo .','2025-01-09 15:22:13','187.189.191.141','ACTIVO'),(1052,'srangel@ut-morelia.edu.mx','Eliminación de asignación','Se eliminó la asignación ID 21990:  - Grupo .','2025-01-09 15:22:16','187.189.191.141','ACTIVO'),(1053,'srangel@ut-morelia.edu.mx','Eliminación de asignación','Se eliminó la asignación ID 21991:  - Grupo .','2025-01-09 15:22:19','187.189.191.141','ACTIVO'),(1054,'srangel@ut-morelia.edu.mx','Eliminación de asignación','Se eliminó la asignación ID 21987:  - Grupo .','2025-01-09 15:22:22','187.189.191.141','ACTIVO'),(1055,'srangel@ut-morelia.edu.mx','Asignación manual de horario','Se asignó la materia ID 1910 al grupo ID 926 en el día jueves de 09:00:00 a 10:00:00.','2025-01-09 15:22:37','187.189.191.141','ACTIVO'),(1056,'srangel@ut-morelia.edu.mx','Asignación manual de horario','Se asignó la materia ID 1910 al grupo ID 926 en el día jueves de 10:00:00 a 11:00:00.','2025-01-09 15:22:42','187.189.191.141','ACTIVO'),(1057,'srangel@ut-morelia.edu.mx','Asignación manual de horario','Se asignó la materia ID 1910 al grupo ID 926 en el día viernes de 07:00:00 a 08:00:00.','2025-01-09 15:22:52','187.189.191.141','ACTIVO'),(1058,'srangel@ut-morelia.edu.mx','Asignación manual de horario','Se asignó la materia ID 1910 al grupo ID 926 en el día viernes de 08:00:00 a 09:00:00.','2025-01-09 15:22:59','187.189.191.141','ACTIVO'),(1059,'srangel@ut-morelia.edu.mx','Asignación manual de horario','Se asignó la materia ID 1910 al grupo ID 926 en el día miércoles de 13:00:00 a 14:00:00.','2025-01-09 15:24:30','187.189.191.141','ACTIVO'),(1060,'srangel@ut-morelia.edu.mx','Eliminación de asignación','Se eliminó la asignación ID 21804:  - Grupo .','2025-01-09 15:30:08','187.189.191.141','ACTIVO'),(1061,'srangel@ut-morelia.edu.mx','Eliminación de asignación','Se eliminó la asignación ID 21805:  - Grupo .','2025-01-09 15:30:10','187.189.191.141','ACTIVO'),(1062,'srangel@ut-morelia.edu.mx','Asignación manual de horario','Se asignó la materia ID 1831 al grupo ID 920 en el día jueves de 10:00:00 a 11:00:00.','2025-01-09 15:30:18','187.189.191.141','ACTIVO'),(1063,'srangel@ut-morelia.edu.mx','Asignación manual de horario','Se asignó la materia ID 1831 al grupo ID 920 en el día jueves de 11:00:00 a 12:00:00.','2025-01-09 15:30:21','187.189.191.141','ACTIVO'),(1064,'desconocido@dominio.com','Actualización de asignación','Se actualizó la asignación ID 20819. Nuevo día: sábado, Hora de inicio: 11:00:00, Hora de fin: 12:00:00.','2025-01-09 15:34:06','187.189.191.141','ACTIVO'),(1065,'mario.gutierrez@ut-morelia.edu.mx','Asignación de materias','Se asignaron materias al profesor con ID 16. Materias asignadas: 1877','2025-01-09 15:34:15','187.189.191.141','ACTIVO'),(1066,'desconocido@dominio.com','Actualización de asignación','Se actualizó la asignación ID 20815. Nuevo día: jueves, Hora de inicio: 11:00:00, Hora de fin: 12:00:00.','2025-01-09 15:34:16','187.189.191.141','ACTIVO'),(1067,'desconocido@dominio.com','Actualización de asignación','Se actualizó la asignación ID 20816. Nuevo día: miércoles, Hora de inicio: 08:00:00, Hora de fin: 09:00:00.','2025-01-09 15:34:20','187.189.191.141','ACTIVO'),(1068,'desconocido@dominio.com','Actualización de asignación','Se actualizó la asignación ID 20814. Nuevo día: miércoles, Hora de inicio: 13:00:00, Hora de fin: 14:00:00.','2025-01-09 15:34:24','187.189.191.141','ACTIVO'),(1069,'desconocido@dominio.com','Actualización de asignación','Se actualizó la asignación ID 20819. Nuevo día: miércoles, Hora de inicio: 07:00:00, Hora de fin: 08:00:00.','2025-01-09 15:34:33','187.189.191.141','ACTIVO'),(1070,'mario.gutierrez@ut-morelia.edu.mx','Asignación de materias','Se asignaron materias al profesor con ID 16. Materias asignadas: 2011','2025-01-09 15:34:55','187.189.191.141','ACTIVO'),(1071,'srangel@ut-morelia.edu.mx','Eliminación de asignación manual','Se eliminó la asignación con ID 1036 del grupo ID 923.','2025-01-09 15:35:04','187.189.191.141','ACTIVO'),(1072,'srangel@ut-morelia.edu.mx','Eliminación de asignación manual','Se eliminó la asignación con ID 1037 del grupo ID 923.','2025-01-09 15:35:07','187.189.191.141','ACTIVO'),(1073,'jorgerodriguez@ut-morelia.edu.mx','Asignación de materias','Se asignaron materias al profesor con ID 88. Materias asignadas: 1755','2025-01-09 15:35:33','187.189.191.141','ACTIVO'),(1074,'mario.gutierrez@ut-morelia.edu.mx','Asignación de materias','Se asignaron materias al profesor con ID 111. Materias asignadas: 2106','2025-01-09 15:35:51','187.189.191.141','ACTIVO'),(1075,'srangel@ut-morelia.edu.mx','Eliminación de asignación','Se eliminó la asignación ID 22592:  - Grupo .','2025-01-09 15:37:11','187.189.191.141','ACTIVO'),(1076,'srangel@ut-morelia.edu.mx','Eliminación de asignación','Se eliminó la asignación ID 22593:  - Grupo .','2025-01-09 15:37:14','187.189.191.141','ACTIVO'),(1077,'srangel@ut-morelia.edu.mx','Asignación manual de horario','Se asignó la materia ID 2143 al grupo ID 923 en el día viernes de 15:00:00 a 16:00:00.','2025-01-09 15:37:24','187.189.191.141','ACTIVO'),(1078,'srangel@ut-morelia.edu.mx','Asignación manual de horario','Se asignó la materia ID 2143 al grupo ID 923 en el día viernes de 16:00:00 a 17:00:00.','2025-01-09 15:37:27','187.189.191.141','ACTIVO'),(1079,'mario.gutierrez@ut-morelia.edu.mx','Asignación de materias','Se asignaron materias al profesor con ID 111. Materias asignadas: 1958','2025-01-09 15:37:33','187.189.191.141','ACTIVO'),(1080,'desconocido@dominio.com','Actualización de asignación','Se actualizó la asignación ID 22320. Nuevo día: viernes, Hora de inicio: 11:00:00, Hora de fin: 12:00:00.','2025-01-09 15:38:56','187.189.191.141','ACTIVO'),(1081,'desconocido@dominio.com','Actualización de asignación','Se actualizó la asignación ID 22334. Nuevo día: martes, Hora de inicio: 09:00:00, Hora de fin: 10:00:00.','2025-01-09 15:38:59','187.189.191.141','ACTIVO'),(1082,'desconocido@dominio.com','Actualización de asignación','Se actualizó la asignación ID 21110. Nuevo día: miércoles, Hora de inicio: 14:00:00, Hora de fin: 15:00:00.','2025-01-09 15:40:16','187.189.191.141','ACTIVO'),(1083,'srangel@ut-morelia.edu.mx','Asignación de materias','Se asignaron materias al profesor con ID 105. Materias asignadas: 1707','2025-01-09 15:40:47','187.189.191.141','ACTIVO'),(1084,'srangel@ut-morelia.edu.mx','Asignación de materias','Se asignaron materias al profesor con ID 152. Materias asignadas: 2160','2025-01-09 15:41:11','187.189.191.141','ACTIVO'),(1085,'srangel@ut-morelia.edu.mx','Eliminación de asignación','Se eliminó la asignación ID 22609:  - Grupo .','2025-01-09 15:44:29','187.189.191.141','ACTIVO'),(1086,'srangel@ut-morelia.edu.mx','Eliminación de asignación','Se eliminó la asignación ID 22616:  - Grupo .','2025-01-09 15:44:31','187.189.191.141','ACTIVO'),(1087,'desconocido@dominio.com','Actualización de asignación','Se actualizó la asignación ID 20402. Nuevo día: lunes, Hora de inicio: 19:00:00, Hora de fin: 20:00:00.','2025-01-09 15:45:13','187.189.191.141','ACTIVO'),(1088,'chef.mario.utm@gmail.com','Asignación de materias','Se asignaron materias al profesor con ID 84. Materias asignadas: 1971','2025-01-09 15:45:23','187.189.191.141','ACTIVO'),(1089,'desconocido@dominio.com','Actualización de asignación','Se actualizó la asignación ID 20402. Nuevo día: lunes, Hora de inicio: 11:00:00, Hora de fin: 12:00:00.','2025-01-09 15:45:27','187.189.191.141','ACTIVO'),(1090,'desconocido@dominio.com','Actualización de asignación','Se actualizó la asignación ID 21598. Nuevo día: sábado, Hora de inicio: 17:00:00, Hora de fin: 18:00:00.','2025-01-09 15:46:18','187.189.191.141','ACTIVO'),(1091,'desconocido@dominio.com','Actualización de asignación','Se actualizó la asignación ID 21599. Nuevo día: sábado, Hora de inicio: 16:00:00, Hora de fin: 17:00:00.','2025-01-09 15:46:21','187.189.191.141','ACTIVO'),(1092,'desconocido@dominio.com','Actualización de asignación','Se actualizó la asignación ID 21597. Nuevo día: sábado, Hora de inicio: 15:00:00, Hora de fin: 16:00:00.','2025-01-09 15:46:53','187.189.191.141','ACTIVO'),(1093,'desconocido@dominio.com','Actualización de asignación','Se actualizó la asignación ID 21595. Nuevo día: sábado, Hora de inicio: 14:00:00, Hora de fin: 15:00:00.','2025-01-09 15:46:57','187.189.191.141','ACTIVO'),(1094,'desconocido@dominio.com','Actualización de asignación','Se actualizó la asignación ID 21574. Nuevo día: jueves, Hora de inicio: 17:00:00, Hora de fin: 18:00:00.','2025-01-09 15:47:01','187.189.191.141','ACTIVO'),(1095,'desconocido@dominio.com','Actualización de asignación','Se actualizó la asignación ID 21575. Nuevo día: jueves, Hora de inicio: 18:00:00, Hora de fin: 19:00:00.','2025-01-09 15:47:06','187.189.191.141','ACTIVO'),(1096,'desconocido@dominio.com','Actualización de asignación','Se actualizó la asignación ID 21600. Nuevo día: lunes, Hora de inicio: 16:00:00, Hora de fin: 17:00:00.','2025-01-09 15:47:20','187.189.191.141','ACTIVO'),(1097,'desconocido@dominio.com','Actualización de asignación','Se actualizó la asignación ID 21601. Nuevo día: lunes, Hora de inicio: 17:00:00, Hora de fin: 18:00:00.','2025-01-09 15:47:23','187.189.191.141','ACTIVO'),(1098,'chef.mario.utm@gmail.com','Asignación de materias','Se asignaron materias al profesor con ID 126. Materias asignadas: 2024','2025-01-09 15:47:30','187.189.191.141','ACTIVO'),(1099,'srangel@ut-morelia.edu.mx','Eliminación de asignación manual','Se eliminó la asignación con ID 1053 del grupo ID 921.','2025-01-09 15:49:50','187.189.191.141','ACTIVO'),(1100,'srangel@ut-morelia.edu.mx','Eliminación de asignación manual','Se eliminó la asignación con ID 1060 del grupo ID 921.','2025-01-09 15:49:53','187.189.191.141','ACTIVO'),(1101,'desconocido@dominio.com','Actualización de asignación','Se actualizó la asignación ID 21602. Nuevo día: martes, Hora de inicio: 17:00:00, Hora de fin: 18:00:00.','2025-01-09 15:49:54','187.189.191.141','ACTIVO'),(1102,'desconocido@dominio.com','Actualización de asignación','Se actualizó la asignación ID 21580. Nuevo día: viernes, Hora de inicio: 18:00:00, Hora de fin: 19:00:00.','2025-01-09 15:49:58','187.189.191.141','ACTIVO'),(1103,'desconocido@dominio.com','Actualización de asignación','Se actualizó la asignación ID 21581. Nuevo día: lunes, Hora de inicio: 18:00:00, Hora de fin: 19:00:00.','2025-01-09 15:50:03','187.189.191.141','ACTIVO'),(1104,'srangel@ut-morelia.edu.mx','Asignación manual de horario','Se asignó la materia ID 1831 al grupo ID 921 en el día viernes de 15:00:00 a 16:00:00.','2025-01-09 15:50:04','187.189.191.141','ACTIVO'),(1105,'desconocido@dominio.com','Actualización de asignación','Se actualizó la asignación ID 21582. Nuevo día: lunes, Hora de inicio: 19:00:00, Hora de fin: 20:00:00.','2025-01-09 15:50:06','187.189.191.141','ACTIVO'),(1106,'desconocido@dominio.com','Actualización de asignación','Se actualizó la asignación ID 21598. Nuevo día: martes, Hora de inicio: 12:00:00, Hora de fin: 13:00:00.','2025-01-09 15:50:09','187.189.191.141','ACTIVO'),(1107,'srangel@ut-morelia.edu.mx','Asignación manual de horario','Se asignó la materia ID 1831 al grupo ID 921 en el día viernes de 16:00:00 a 17:00:00.','2025-01-09 15:50:14','187.189.191.141','ACTIVO'),(1108,'desconocido@dominio.com','Actualización de asignación','Se actualizó la asignación ID 21599. Nuevo día: martes, Hora de inicio: 13:00:00, Hora de fin: 14:00:00.','2025-01-09 15:50:18','187.189.191.141','ACTIVO'),(1109,'desconocido@dominio.com','Actualización de asignación','Se actualizó la asignación ID 21595. Nuevo día: lunes, Hora de inicio: 14:00:00, Hora de fin: 15:00:00.','2025-01-09 15:50:29','187.189.191.141','ACTIVO'),(1110,'desconocido@dominio.com','Actualización de asignación','Se actualizó la asignación ID 21597. Nuevo día: lunes, Hora de inicio: 15:00:00, Hora de fin: 16:00:00.','2025-01-09 15:50:32','187.189.191.141','ACTIVO'),(1111,'desconocido@dominio.com','Actualización de asignación','Se actualizó la asignación ID 21588. Nuevo día: miércoles, Hora de inicio: 19:00:00, Hora de fin: 20:00:00.','2025-01-09 15:50:42','187.189.191.141','ACTIVO'),(1112,'desconocido@dominio.com','Actualización de asignación','Se actualizó la asignación ID 21309. Nuevo día: miércoles, Hora de inicio: 14:00:00, Hora de fin: 15:00:00.','2025-01-09 15:51:25','187.189.191.141','ACTIVO'),(1113,'srangel@ut-morelia.edu.mx','Eliminación de asignación','Se eliminó la asignación ID 22006:  - Grupo .','2025-01-09 15:52:15','187.189.191.141','ACTIVO'),(1114,'srangel@ut-morelia.edu.mx','Eliminación de asignación','Se eliminó la asignación ID 22007:  - Grupo .','2025-01-09 15:52:18','187.189.191.141','ACTIVO'),(1115,'srangel@ut-morelia.edu.mx','Eliminación de asignación','Se eliminó la asignación ID 22014:  - Grupo .','2025-01-09 15:52:24','187.189.191.141','ACTIVO'),(1116,'srangel@ut-morelia.edu.mx','Eliminación de asignación','Se eliminó la asignación ID 22015:  - Grupo .','2025-01-09 15:52:27','187.189.191.141','ACTIVO'),(1117,'srangel@ut-morelia.edu.mx','Asignación manual de horario','Se asignó la materia ID 1907 al grupo ID 927 en el día lunes de 13:00:00 a 14:00:00.','2025-01-09 15:52:38','187.189.191.141','ACTIVO'),(1118,'srangel@ut-morelia.edu.mx','Asignación manual de horario','Se asignó la materia ID 1907 al grupo ID 927 en el día lunes de 14:00:00 a 15:00:00.','2025-01-09 15:52:42','187.189.191.141','ACTIVO'),(1119,'srangel@ut-morelia.edu.mx','Asignación manual de horario','Se asignó la materia ID 1907 al grupo ID 927 en el día martes de 11:00:00 a 12:00:00.','2025-01-09 15:52:46','187.189.191.141','ACTIVO'),(1120,'srangel@ut-morelia.edu.mx','Asignación manual de horario','Se asignó la materia ID 1907 al grupo ID 927 en el día martes de 12:00:00 a 13:00:00.','2025-01-09 15:52:50','187.189.191.141','ACTIVO'),(1121,'srangel@ut-morelia.edu.mx','Eliminación de asignación','Se eliminó la asignación ID 21979:  - Grupo .','2025-01-09 15:53:13','187.189.191.141','ACTIVO'),(1122,'srangel@ut-morelia.edu.mx','Eliminación de asignación','Se eliminó la asignación ID 21980:  - Grupo .','2025-01-09 15:53:15','187.189.191.141','ACTIVO'),(1123,'srangel@ut-morelia.edu.mx','Eliminación de asignación','Se eliminó la asignación ID 21985:  - Grupo .','2025-01-09 15:53:18','187.189.191.141','ACTIVO'),(1124,'srangel@ut-morelia.edu.mx','Eliminación de asignación','Se eliminó la asignación ID 21986:  - Grupo .','2025-01-09 15:53:20','187.189.191.141','ACTIVO'),(1125,'srangel@ut-morelia.edu.mx','Asignación manual de horario','Se asignó la materia ID 1907 al grupo ID 926 en el día martes de 13:00:00 a 14:00:00.','2025-01-09 15:53:32','187.189.191.141','ACTIVO'),(1126,'srangel@ut-morelia.edu.mx','Asignación manual de horario','Se asignó la materia ID 1907 al grupo ID 926 en el día martes de 14:00:00 a 15:00:00.','2025-01-09 15:53:35','187.189.191.141','ACTIVO'),(1127,'srangel@ut-morelia.edu.mx','Asignación manual de horario','Se asignó la materia ID 1907 al grupo ID 926 en el día miércoles de 11:00:00 a 12:00:00.','2025-01-09 15:53:42','187.189.191.141','ACTIVO'),(1128,'srangel@ut-morelia.edu.mx','Asignación manual de horario','Se asignó la materia ID 1907 al grupo ID 926 en el día miércoles de 12:00:00 a 13:00:00.','2025-01-09 15:53:45','187.189.191.141','ACTIVO'),(1129,'jonathan.moreno@ut-morelia.edu.mx','Asignación manual de horario','Se asignó la materia ID 1725 al grupo ID 902 en el día viernes de 13:00:00 a 14:00:00.','2025-01-09 15:54:00','189.199.95.118','ACTIVO'),(1130,'jonathan.moreno@ut-morelia.edu.mx','Asignación manual de horario','Se asignó la materia ID 1725 al grupo ID 902 en el día viernes de 14:00:00 a 15:00:00.','2025-01-09 15:54:06','189.199.95.118','ACTIVO'),(1131,'srangel@ut-morelia.edu.mx','Eliminación de asignación','Se eliminó la asignación ID 21997:  - Grupo .','2025-01-09 15:54:16','187.189.191.141','ACTIVO'),(1132,'srangel@ut-morelia.edu.mx','Eliminación de asignación','Se eliminó la asignación ID 21998:  - Grupo .','2025-01-09 15:54:18','187.189.191.141','ACTIVO'),(1133,'srangel@ut-morelia.edu.mx','Eliminación de asignación','Se eliminó la asignación ID 21993:  - Grupo .','2025-01-09 15:54:20','187.189.191.141','ACTIVO'),(1134,'srangel@ut-morelia.edu.mx','Eliminación de asignación','Se eliminó la asignación ID 21992:  - Grupo .','2025-01-09 15:54:23','187.189.191.141','ACTIVO'),(1135,'srangel@ut-morelia.edu.mx','Asignación manual de horario','Se asignó la materia ID 1934 al grupo ID 926 en el día jueves de 11:00:00 a 12:00:00.','2025-01-09 15:54:37','187.189.191.141','ACTIVO'),(1136,'srangel@ut-morelia.edu.mx','Asignación manual de horario','Se asignó la materia ID 1934 al grupo ID 926 en el día jueves de 12:00:00 a 13:00:00.','2025-01-09 15:54:42','187.189.191.141','ACTIVO'),(1137,'srangel@ut-morelia.edu.mx','Asignación manual de horario','Se asignó la materia ID 1934 al grupo ID 926 en el día viernes de 09:00:00 a 10:00:00.','2025-01-09 15:54:51','187.189.191.141','ACTIVO'),(1138,'srangel@ut-morelia.edu.mx','Asignación manual de horario','Se asignó la materia ID 1934 al grupo ID 926 en el día viernes de 10:00:00 a 11:00:00.','2025-01-09 15:54:54','187.189.191.141','ACTIVO'),(1139,'srangel@ut-morelia.edu.mx','Eliminación de asignación','Se eliminó la asignación ID 22032:  - Grupo .','2025-01-09 15:55:19','187.189.191.141','ACTIVO'),(1140,'srangel@ut-morelia.edu.mx','Eliminación de asignación','Se eliminó la asignación ID 22031:  - Grupo .','2025-01-09 15:55:21','187.189.191.141','ACTIVO'),(1141,'srangel@ut-morelia.edu.mx','Eliminación de asignación','Se eliminó la asignación ID 22027:  - Grupo .','2025-01-09 15:55:24','187.189.191.141','ACTIVO'),(1142,'srangel@ut-morelia.edu.mx','Eliminación de asignación','Se eliminó la asignación ID 22026:  - Grupo .','2025-01-09 15:55:26','187.189.191.141','ACTIVO'),(1143,'desconocido@dominio.com','Actualización de asignación','Se actualizó la asignación ID 20966. Nuevo día: sábado, Hora de inicio: 18:00:00, Hora de fin: 19:00:00.','2025-01-09 15:55:42','187.189.191.141','ACTIVO'),(1144,'desconocido@dominio.com','Actualización de asignación','Se actualizó la asignación ID 20958. Nuevo día: viernes, Hora de inicio: 18:00:00, Hora de fin: 19:00:00.','2025-01-09 15:55:45','187.189.191.141','ACTIVO'),(1145,'desconocido@dominio.com','Actualización de asignación','Se actualizó la asignación ID 20966. Nuevo día: viernes, Hora de inicio: 15:00:00, Hora de fin: 16:00:00.','2025-01-09 15:55:48','187.189.191.141','ACTIVO'),(1146,'srangel@ut-morelia.edu.mx','Asignación manual de horario','Se asignó la materia ID 1934 al grupo ID 927 en el día jueves de 13:00:00 a 14:00:00.','2025-01-09 15:56:17','187.189.191.141','ACTIVO'),(1147,'srangel@ut-morelia.edu.mx','Asignación manual de horario','Se asignó la materia ID 1934 al grupo ID 927 en el día jueves de 14:00:00 a 15:00:00.','2025-01-09 15:56:20','187.189.191.141','ACTIVO'),(1148,'srangel@ut-morelia.edu.mx','Asignación manual de horario','Se asignó la materia ID 1934 al grupo ID 927 en el día viernes de 07:00:00 a 08:00:00.','2025-01-09 15:56:30','187.189.191.141','ACTIVO'),(1149,'srangel@ut-morelia.edu.mx','Asignación manual de horario','Se asignó la materia ID 1934 al grupo ID 927 en el día viernes de 08:00:00 a 09:00:00.','2025-01-09 15:56:33','187.189.191.141','ACTIVO'),(1150,'desconocido@dominio.com','Actualización de asignación','Se actualizó la asignación ID 21618. Nuevo día: miércoles, Hora de inicio: 08:00:00, Hora de fin: 09:00:00.','2025-01-09 15:59:34','187.189.191.141','ACTIVO'),(1151,'desconocido@dominio.com','Actualización de asignación','Se actualizó la asignación ID 21628. Nuevo día: jueves, Hora de inicio: 08:30:00, Hora de fin: 09:30:00.','2025-01-09 15:59:38','187.189.191.141','ACTIVO'),(1152,'desconocido@dominio.com','Actualización de asignación','Se actualizó la asignación ID 21630. Nuevo día: jueves, Hora de inicio: 10:00:00, Hora de fin: 11:00:00.','2025-01-09 15:59:41','187.189.191.141','ACTIVO'),(1153,'desconocido@dominio.com','Actualización de asignación','Se actualizó la asignación ID 21611. Nuevo día: viernes, Hora de inicio: 16:00:00, Hora de fin: 17:00:00.','2025-01-09 15:59:44','187.189.191.141','ACTIVO'),(1154,'desconocido@dominio.com','Actualización de asignación','Se actualizó la asignación ID 21618. Nuevo día: viernes, Hora de inicio: 17:00:00, Hora de fin: 18:00:00.','2025-01-09 15:59:47','187.189.191.141','ACTIVO'),(1155,'desconocido@dominio.com','Actualización de asignación','Se actualizó la asignación ID 21627. Nuevo día: miércoles, Hora de inicio: 08:00:00, Hora de fin: 09:00:00.','2025-01-09 16:00:12','187.189.191.141','ACTIVO'),(1156,'desconocido@dominio.com','Actualización de asignación','Se actualizó la asignación ID 21625. Nuevo día: miércoles, Hora de inicio: 09:00:00, Hora de fin: 10:00:00.','2025-01-09 16:00:18','187.189.191.141','ACTIVO'),(1157,'desconocido@dominio.com','Actualización de asignación','Se actualizó la asignación ID 21607. Nuevo día: miércoles, Hora de inicio: 17:00:00, Hora de fin: 18:00:00.','2025-01-09 16:00:20','187.189.191.141','ACTIVO'),(1158,'desconocido@dominio.com','Actualización de asignación','Se actualizó la asignación ID 21608. Nuevo día: miércoles, Hora de inicio: 18:00:00, Hora de fin: 19:00:00.','2025-01-09 16:00:22','187.189.191.141','ACTIVO'),(1159,'desconocido@dominio.com','Actualización de asignación','Se actualizó la asignación ID 21624. Nuevo día: miércoles, Hora de inicio: 10:00:00, Hora de fin: 11:00:00.','2025-01-09 16:00:28','187.189.191.141','ACTIVO'),(1160,'desconocido@dominio.com','Actualización de asignación','Se actualizó la asignación ID 21612. Nuevo día: martes, Hora de inicio: 19:00:00, Hora de fin: 20:00:00.','2025-01-09 16:00:53','187.189.191.141','ACTIVO'),(1161,'desconocido@dominio.com','Actualización de asignación','Se actualizó la asignación ID 21628. Nuevo día: martes, Hora de inicio: 14:00:00, Hora de fin: 15:00:00.','2025-01-09 16:00:56','187.189.191.141','ACTIVO'),(1162,'desconocido@dominio.com','Actualización de asignación','Se actualizó la asignación ID 21630. Nuevo día: martes, Hora de inicio: 15:00:00, Hora de fin: 16:00:00.','2025-01-09 16:00:59','187.189.191.141','ACTIVO'),(1163,'desconocido@dominio.com','Actualización de asignación','Se actualizó la asignación ID 21624. Nuevo día: miércoles, Hora de inicio: 13:00:00, Hora de fin: 14:00:00.','2025-01-09 16:01:21','187.189.191.141','ACTIVO'),(1164,'desconocido@dominio.com','Actualización de asignación','Se actualizó la asignación ID 21627. Nuevo día: jueves, Hora de inicio: 12:00:00, Hora de fin: 13:00:00.','2025-01-09 16:01:26','187.189.191.141','ACTIVO'),(1165,'desconocido@dominio.com','Actualización de asignación','Se actualizó la asignación ID 21625. Nuevo día: miércoles, Hora de inicio: 14:00:00, Hora de fin: 15:00:00.','2025-01-09 16:01:30','187.189.191.141','ACTIVO'),(1166,'desconocido@dominio.com','Actualización de asignación','Se actualizó la asignación ID 20402. Nuevo día: miércoles, Hora de inicio: 16:00:00, Hora de fin: 17:00:00.','2025-01-09 16:01:53','187.189.191.141','ACTIVO'),(1167,'srangel@ut-morelia.edu.mx','Eliminación de asignación','Se eliminó la asignación ID 21977:  - Grupo .','2025-01-09 16:01:57','187.189.191.141','ACTIVO'),(1168,'srangel@ut-morelia.edu.mx','Eliminación de asignación','Se eliminó la asignación ID 21978:  - Grupo .','2025-01-09 16:01:59','187.189.191.141','ACTIVO'),(1169,'srangel@ut-morelia.edu.mx','Eliminación de asignación','Se eliminó la asignación ID 21971:  - Grupo .','2025-01-09 16:02:02','187.189.191.141','ACTIVO'),(1170,'srangel@ut-morelia.edu.mx','Eliminación de asignación','Se eliminó la asignación ID 21972:  - Grupo .','2025-01-09 16:02:04','187.189.191.141','ACTIVO'),(1171,'desconocido@dominio.com','Actualización de asignación','Se actualizó la asignación ID 21135. Nuevo día: jueves, Hora de inicio: 16:00:00, Hora de fin: 17:00:00.','2025-01-09 16:02:05','187.189.191.141','ACTIVO'),(1172,'desconocido@dominio.com','Actualización de asignación','Se actualizó la asignación ID 21136. Nuevo día: martes, Hora de inicio: 18:00:00, Hora de fin: 19:00:00.','2025-01-09 16:02:13','187.189.191.141','ACTIVO'),(1173,'srangel@ut-morelia.edu.mx','Asignación manual de horario','Se asignó la materia ID 1903 al grupo ID 926 en el día martes de 11:00:00 a 12:00:00.','2025-01-09 16:02:15','187.189.191.141','ACTIVO'),(1174,'srangel@ut-morelia.edu.mx','Asignación manual de horario','Se asignó la materia ID 1903 al grupo ID 926 en el día martes de 12:00:00 a 13:00:00.','2025-01-09 16:02:19','187.189.191.141','ACTIVO'),(1175,'srangel@ut-morelia.edu.mx','Asignación manual de horario','Se asignó la materia ID 1903 al grupo ID 926 en el día lunes de 13:00:00 a 14:00:00.','2025-01-09 16:02:22','187.189.191.141','ACTIVO'),(1176,'srangel@ut-morelia.edu.mx','Asignación manual de horario','Se asignó la materia ID 1903 al grupo ID 926 en el día lunes de 14:00:00 a 15:00:00.','2025-01-09 16:02:26','187.189.191.141','ACTIVO'),(1177,'srangel@ut-morelia.edu.mx','Eliminación de asignación','Se eliminó la asignación ID 22004:  - Grupo .','2025-01-09 16:02:43','187.189.191.141','ACTIVO'),(1178,'srangel@ut-morelia.edu.mx','Eliminación de asignación','Se eliminó la asignación ID 22005:  - Grupo .','2025-01-09 16:02:45','187.189.191.141','ACTIVO'),(1179,'srangel@ut-morelia.edu.mx','Eliminación de asignación','Se eliminó la asignación ID 22012:  - Grupo .','2025-01-09 16:02:47','187.189.191.141','ACTIVO'),(1180,'srangel@ut-morelia.edu.mx','Eliminación de asignación','Se eliminó la asignación ID 22013:  - Grupo .','2025-01-09 16:02:50','187.189.191.141','ACTIVO'),(1181,'srangel@ut-morelia.edu.mx','Asignación manual de horario','Se asignó la materia ID 1903 al grupo ID 927 en el día lunes de 11:00:00 a 12:00:00.','2025-01-09 16:03:01','187.189.191.141','ACTIVO'),(1182,'srangel@ut-morelia.edu.mx','Asignación manual de horario','Se asignó la materia ID 1903 al grupo ID 927 en el día lunes de 12:00:00 a 13:00:00.','2025-01-09 16:03:04','187.189.191.141','ACTIVO'),(1183,'srangel@ut-morelia.edu.mx','Asignación manual de horario','Se asignó la materia ID 1903 al grupo ID 927 en el día martes de 13:00:00 a 14:00:00.','2025-01-09 16:03:07','187.189.191.141','ACTIVO'),(1184,'srangel@ut-morelia.edu.mx','Asignación manual de horario','Se asignó la materia ID 1903 al grupo ID 927 en el día martes de 14:00:00 a 15:00:00.','2025-01-09 16:03:10','187.189.191.141','ACTIVO'),(1185,'srangel@ut-morelia.edu.mx','Eliminación de asignación','Se eliminó la asignación ID 22117:  - Grupo .','2025-01-09 16:04:03','187.189.191.141','ACTIVO'),(1186,'srangel@ut-morelia.edu.mx','Eliminación de asignación','Se eliminó la asignación ID 22118:  - Grupo .','2025-01-09 16:04:06','187.189.191.141','ACTIVO'),(1187,'srangel@ut-morelia.edu.mx','Eliminación de asignación','Se eliminó la asignación ID 22125:  - Grupo .','2025-01-09 16:04:09','187.189.191.141','ACTIVO'),(1188,'srangel@ut-morelia.edu.mx','Eliminación de asignación','Se eliminó la asignación ID 22126:  - Grupo .','2025-01-09 16:04:11','187.189.191.141','ACTIVO'),(1189,'srangel@ut-morelia.edu.mx','Asignación manual de horario','Se asignó la materia ID 2148 al grupo ID 931 en el día martes de 07:00:00 a 08:00:00.','2025-01-09 16:04:16','187.189.191.141','ACTIVO'),(1190,'srangel@ut-morelia.edu.mx','Asignación manual de horario','Se asignó la materia ID 2148 al grupo ID 931 en el día martes de 08:00:00 a 09:00:00.','2025-01-09 16:04:20','187.189.191.141','ACTIVO'),(1191,'srangel@ut-morelia.edu.mx','Asignación manual de horario','Se asignó la materia ID 2148 al grupo ID 931 en el día jueves de 07:00:00 a 08:00:00.','2025-01-09 16:04:23','187.189.191.141','ACTIVO'),(1192,'srangel@ut-morelia.edu.mx','Asignación manual de horario','Se asignó la materia ID 2148 al grupo ID 931 en el día jueves de 08:00:00 a 09:00:00.','2025-01-09 16:04:27','187.189.191.141','ACTIVO'),(1193,'desconocido@dominio.com','Actualización de asignación','Se actualizó la asignación ID 20884. Nuevo día: viernes, Hora de inicio: 18:30:00, Hora de fin: 19:30:00.','2025-01-09 16:06:09','187.189.191.141','ACTIVO'),(1194,'desconocido@dominio.com','Actualización de asignación','Se actualizó la asignación ID 20884. Nuevo día: viernes, Hora de inicio: 19:00:00, Hora de fin: 20:00:00.','2025-01-09 16:06:20','187.189.191.141','ACTIVO'),(1195,'desconocido@dominio.com','Actualización de asignación','Se actualizó la asignación ID 20884. Nuevo día: jueves, Hora de inicio: 19:00:00, Hora de fin: 20:00:00.','2025-01-09 16:06:46','187.189.191.141','ACTIVO'),(1196,'srangel@ut-morelia.edu.mx','Eliminación de asignación','Se eliminó la asignación ID 22127:  - Grupo .','2025-01-09 16:07:10','187.189.191.141','ACTIVO'),(1197,'srangel@ut-morelia.edu.mx','Eliminación de asignación','Se eliminó la asignación ID 22128:  - Grupo .','2025-01-09 16:07:13','187.189.191.141','ACTIVO'),(1198,'srangel@ut-morelia.edu.mx','Eliminación de asignación','Se eliminó la asignación ID 22131:  - Grupo .','2025-01-09 16:07:17','187.189.191.141','ACTIVO'),(1199,'srangel@ut-morelia.edu.mx','Eliminación de asignación','Se eliminó la asignación ID 22132:  - Grupo .','2025-01-09 16:07:21','187.189.191.141','ACTIVO'),(1200,'srangel@ut-morelia.edu.mx','Eliminación de asignación','Se eliminó la asignación ID 22133:  - Grupo .','2025-01-09 16:07:23','187.189.191.141','ACTIVO'),(1201,'srangel@ut-morelia.edu.mx','Asignación manual de horario','Se asignó la materia ID 1931 al grupo ID 931 en el día jueves de 09:00:00 a 10:00:00.','2025-01-09 16:07:45','187.189.191.141','ACTIVO'),(1202,'srangel@ut-morelia.edu.mx','Asignación manual de horario','Se asignó la materia ID 1931 al grupo ID 931 en el día jueves de 10:00:00 a 11:00:00.','2025-01-09 16:07:49','187.189.191.141','ACTIVO'),(1203,'srangel@ut-morelia.edu.mx','Asignación manual de horario','Se asignó la materia ID 1931 al grupo ID 931 en el día viernes de 08:00:00 a 09:00:00.','2025-01-09 16:08:00','187.189.191.141','ACTIVO'),(1204,'srangel@ut-morelia.edu.mx','Asignación manual de horario','Se asignó la materia ID 1931 al grupo ID 931 en el día viernes de 09:00:00 a 10:00:00.','2025-01-09 16:08:04','187.189.191.141','ACTIVO'),(1205,'srangel@ut-morelia.edu.mx','Asignación manual de horario','Se asignó la materia ID 1931 al grupo ID 931 en el día viernes de 10:00:00 a 11:00:00.','2025-01-09 16:08:08','187.189.191.141','ACTIVO'),(1206,'mario.gutierrez@ut-morelia.edu.mx','Asignación de materias','Se asignaron materias al profesor con ID 111. Materias asignadas: 1703','2025-01-09 16:09:10','187.189.191.141','ACTIVO'),(1207,'desconocido@dominio.com','Actualización de asignación','Se actualizó la asignación ID 22245. Nuevo día: viernes, Hora de inicio: 11:00:00, Hora de fin: 12:00:00.','2025-01-09 16:09:21','187.189.191.141','ACTIVO'),(1208,'desconocido@dominio.com','Actualización de asignación','Se actualizó la asignación ID 22246. Nuevo día: viernes, Hora de inicio: 12:00:00, Hora de fin: 13:00:00.','2025-01-09 16:09:24','187.189.191.141','ACTIVO'),(1209,'mario.gutierrez@ut-morelia.edu.mx','Asignación de materias','Se asignaron materias al profesor con ID 111. Materias asignadas: 1703','2025-01-09 16:09:25','187.189.191.141','ACTIVO'),(1210,'desconocido@dominio.com','Actualización de asignación','Se actualizó la asignación ID 22236. Nuevo día: viernes, Hora de inicio: 08:00:00, Hora de fin: 09:00:00.','2025-01-09 16:09:28','187.189.191.141','ACTIVO'),(1211,'desconocido@dominio.com','Actualización de asignación','Se actualizó la asignación ID 22237. Nuevo día: viernes, Hora de inicio: 09:00:00, Hora de fin: 10:00:00.','2025-01-09 16:09:31','187.189.191.141','ACTIVO'),(1212,'desconocido@dominio.com','Actualización de asignación','Se actualizó la asignación ID 22245. Nuevo día: miércoles, Hora de inicio: 11:00:00, Hora de fin: 12:00:00.','2025-01-09 16:09:35','187.189.191.141','ACTIVO'),(1213,'desconocido@dominio.com','Actualización de asignación','Se actualizó la asignación ID 22246. Nuevo día: miércoles, Hora de inicio: 12:00:00, Hora de fin: 13:00:00.','2025-01-09 16:09:39','187.189.191.141','ACTIVO'),(1214,'desconocido@dominio.com','Actualización de asignación','Se actualizó la asignación ID 22242. Nuevo día: viernes, Hora de inicio: 11:00:00, Hora de fin: 12:00:00.','2025-01-09 16:09:52','187.189.191.141','ACTIVO'),(1215,'desconocido@dominio.com','Actualización de asignación','Se actualizó la asignación ID 22243. Nuevo día: viernes, Hora de inicio: 12:00:00, Hora de fin: 13:00:00.','2025-01-09 16:09:56','187.189.191.141','ACTIVO'),(1216,'desconocido@dominio.com','Actualización de asignación','Se actualizó la asignación ID 22182. Nuevo día: viernes, Hora de inicio: 16:00:00, Hora de fin: 17:00:00.','2025-01-09 16:11:06','187.189.191.141','ACTIVO'),(1217,'desconocido@dominio.com','Actualización de asignación','Se actualizó la asignación ID 22191. Nuevo día: jueves, Hora de inicio: 17:00:00, Hora de fin: 18:00:00.','2025-01-09 16:11:18','187.189.191.141','ACTIVO'),(1218,'desconocido@dominio.com','Actualización de asignación','Se actualizó la asignación ID 22186. Nuevo día: viernes, Hora de inicio: 15:00:00, Hora de fin: 16:00:00.','2025-01-09 16:11:21','187.189.191.141','ACTIVO'),(1219,'desconocido@dominio.com','Actualización de asignación','Se actualizó la asignación ID 22191. Nuevo día: jueves, Hora de inicio: 15:00:00, Hora de fin: 16:00:00.','2025-01-09 16:11:23','187.189.191.141','ACTIVO'),(1220,'desconocido@dominio.com','Actualización de asignación','Se actualizó la asignación ID 22206. Nuevo día: jueves, Hora de inicio: 11:00:00, Hora de fin: 12:00:00.','2025-01-09 16:11:57','187.189.191.141','ACTIVO'),(1221,'srangel@ut-morelia.edu.mx','Eliminación de asignación','Se eliminó la asignación ID 22088:  - Grupo .','2025-01-09 16:14:45','187.189.191.141','ACTIVO'),(1222,'srangel@ut-morelia.edu.mx','Eliminación de asignación','Se eliminó la asignación ID 22089:  - Grupo .','2025-01-09 16:14:48','187.189.191.141','ACTIVO'),(1223,'srangel@ut-morelia.edu.mx','Eliminación de asignación','Se eliminó la asignación ID 22092:  - Grupo .','2025-01-09 16:14:50','187.189.191.141','ACTIVO'),(1224,'srangel@ut-morelia.edu.mx','Eliminación de asignación','Se eliminó la asignación ID 22093:  - Grupo .','2025-01-09 16:14:52','187.189.191.141','ACTIVO'),(1225,'srangel@ut-morelia.edu.mx','Asignación manual de horario','Se asignó la materia ID 1925 al grupo ID 930 en el día lunes de 09:00:00 a 10:00:00.','2025-01-09 16:14:58','187.189.191.141','ACTIVO'),(1226,'srangel@ut-morelia.edu.mx','Asignación manual de horario','Se asignó la materia ID 1925 al grupo ID 930 en el día lunes de 10:00:00 a 11:00:00.','2025-01-09 16:15:00','187.189.191.141','ACTIVO'),(1227,'srangel@ut-morelia.edu.mx','Asignación manual de horario','Se asignó la materia ID 1925 al grupo ID 930 en el día martes de 09:00:00 a 10:00:00.','2025-01-09 16:15:03','187.189.191.141','ACTIVO'),(1228,'srangel@ut-morelia.edu.mx','Asignación manual de horario','Se asignó la materia ID 1925 al grupo ID 930 en el día martes de 10:00:00 a 11:00:00.','2025-01-09 16:15:07','187.189.191.141','ACTIVO'),(1229,'desconocido@dominio.com','Actualización de asignación','Se actualizó la asignación ID 22295. Nuevo día: sábado, Hora de inicio: 10:00:00, Hora de fin: 11:00:00.','2025-01-09 16:19:17','187.189.191.141','ACTIVO'),(1230,'desconocido@dominio.com','Actualización de asignación','Se actualizó la asignación ID 22312. Nuevo día: lunes, Hora de inicio: 07:00:00, Hora de fin: 08:00:00.','2025-01-09 16:19:21','187.189.191.141','ACTIVO'),(1231,'desconocido@dominio.com','Actualización de asignación','Se actualizó la asignación ID 22296. Nuevo día: viernes, Hora de inicio: 10:00:00, Hora de fin: 11:00:00.','2025-01-09 16:19:25','187.189.191.141','ACTIVO'),(1232,'desconocido@dominio.com','Actualización de asignación','Se actualizó la asignación ID 22312. Nuevo día: lunes, Hora de inicio: 08:00:00, Hora de fin: 09:00:00.','2025-01-09 16:19:27','187.189.191.141','ACTIVO'),(1233,'desconocido@dominio.com','Actualización de asignación','Se actualizó la asignación ID 22295. Nuevo día: viernes, Hora de inicio: 11:00:00, Hora de fin: 12:00:00.','2025-01-09 16:19:31','187.189.191.141','ACTIVO'),(1234,'srangel@ut-morelia.edu.mx','Eliminación de asignación','Se eliminó la asignación ID 21794:  - Grupo .','2025-01-09 16:19:51','187.189.191.141','ACTIVO'),(1235,'srangel@ut-morelia.edu.mx','Eliminación de asignación','Se eliminó la asignación ID 21801:  - Grupo .','2025-01-09 16:19:53','187.189.191.141','ACTIVO'),(1236,'srangel@ut-morelia.edu.mx','Eliminación de asignación','Se eliminó la asignación ID 21795:  - Grupo .','2025-01-09 16:19:55','187.189.191.141','ACTIVO'),(1237,'srangel@ut-morelia.edu.mx','Asignación manual de horario','Se asignó la materia ID 1821 al grupo ID 920 en el día viernes de 08:00:00 a 09:00:00.','2025-01-09 16:20:01','187.189.191.141','ACTIVO'),(1238,'srangel@ut-morelia.edu.mx','Asignación manual de horario','Se asignó la materia ID 1821 al grupo ID 920 en el día viernes de 09:00:00 a 10:00:00.','2025-01-09 16:20:04','187.189.191.141','ACTIVO'),(1239,'srangel@ut-morelia.edu.mx','Asignación manual de horario','Se asignó la materia ID 1821 al grupo ID 920 en el día viernes de 10:00:00 a 11:00:00.','2025-01-09 16:20:13','187.189.191.141','ACTIVO'),(1240,'srangel@ut-morelia.edu.mx','Eliminación de asignación','Se eliminó la asignación ID 21802:  - Grupo .','2025-01-09 16:20:24','187.189.191.141','ACTIVO'),(1241,'srangel@ut-morelia.edu.mx','Eliminación de asignación','Se eliminó la asignación ID 21803:  - Grupo .','2025-01-09 16:20:26','187.189.191.141','ACTIVO'),(1242,'srangel@ut-morelia.edu.mx','Asignación manual de horario','Se asignó la materia ID 1923 al grupo ID 920 en el día jueves de 08:00:00 a 09:00:00.','2025-01-09 16:20:37','187.189.191.141','ACTIVO'),(1243,'srangel@ut-morelia.edu.mx','Asignación manual de horario','Se asignó la materia ID 1923 al grupo ID 920 en el día jueves de 09:00:00 a 10:00:00.','2025-01-09 16:20:41','187.189.191.141','ACTIVO'),(1244,'srangel@ut-morelia.edu.mx','Eliminación de asignación','Se eliminó la asignación ID 22597:  - Grupo .','2025-01-09 16:21:13','187.189.191.141','ACTIVO'),(1245,'srangel@ut-morelia.edu.mx','Eliminación de asignación','Se eliminó la asignación ID 22598:  - Grupo .','2025-01-09 16:21:16','187.189.191.141','ACTIVO'),(1246,'srangel@ut-morelia.edu.mx','Eliminación de asignación','Se eliminó la asignación ID 22601:  - Grupo .','2025-01-09 16:21:19','187.189.191.141','ACTIVO'),(1247,'srangel@ut-morelia.edu.mx','Eliminación de asignación','Se eliminó la asignación ID 22599:  - Grupo .','2025-01-09 16:21:22','187.189.191.141','ACTIVO'),(1248,'srangel@ut-morelia.edu.mx','Eliminación de asignación','Se eliminó la asignación ID 22600:  - Grupo .','2025-01-09 16:21:24','187.189.191.141','ACTIVO'),(1249,'desconocido@dominio.com','Actualización de asignación','Se actualizó la asignación ID 22338. Nuevo día: martes, Hora de inicio: 13:00:00, Hora de fin: 14:00:00.','2025-01-09 16:21:46','187.189.191.141','ACTIVO'),(1250,'desconocido@dominio.com','Actualización de asignación','Se actualizó la asignación ID 22357. Nuevo día: lunes, Hora de inicio: 11:00:00, Hora de fin: 12:00:00.','2025-01-09 16:21:49','187.189.191.141','ACTIVO'),(1251,'desconocido@dominio.com','Actualización de asignación','Se actualizó la asignación ID 22338. Nuevo día: martes, Hora de inicio: 09:00:00, Hora de fin: 10:00:00.','2025-01-09 16:21:52','187.189.191.141','ACTIVO'),(1252,'srangel@ut-morelia.edu.mx','Eliminación de asignación manual','Se eliminó la asignación con ID 1043 del grupo ID 921.','2025-01-09 16:23:14','187.189.191.141','ACTIVO'),(1253,'srangel@ut-morelia.edu.mx','Eliminación de asignación manual','Se eliminó la asignación con ID 1044 del grupo ID 921.','2025-01-09 16:23:17','187.189.191.141','ACTIVO'),(1254,'desconocido@dominio.com','Actualización de asignación','Se actualizó la asignación ID 22332. Nuevo día: sábado, Hora de inicio: 10:00:00, Hora de fin: 11:00:00.','2025-01-09 16:23:23','187.189.191.141','ACTIVO'),(1255,'desconocido@dominio.com','Actualización de asignación','Se actualizó la asignación ID 22333. Nuevo día: sábado, Hora de inicio: 11:00:00, Hora de fin: 12:00:00.','2025-01-09 16:23:25','187.189.191.141','ACTIVO'),(1256,'desconocido@dominio.com','Actualización de asignación','Se actualizó la asignación ID 22323. Nuevo día: jueves, Hora de inicio: 11:00:00, Hora de fin: 12:00:00.','2025-01-09 16:23:30','187.189.191.141','ACTIVO'),(1257,'srangel@ut-morelia.edu.mx','Eliminación de asignación manual','Se eliminó la asignación con ID 1041 del grupo ID 921.','2025-01-09 16:24:45','187.189.191.141','ACTIVO'),(1258,'srangel@ut-morelia.edu.mx','Eliminación de asignación manual','Se eliminó la asignación con ID 1042 del grupo ID 921.','2025-01-09 16:24:47','187.189.191.141','ACTIVO'),(1259,'srangel@ut-morelia.edu.mx','Eliminación de asignación manual','Se eliminó la asignación con ID 1045 del grupo ID 921.','2025-01-09 16:24:50','187.189.191.141','ACTIVO'),(1260,'srangel@ut-morelia.edu.mx','Asignación manual de horario','Se asignó la materia ID 1923 al grupo ID 921 en el día sábado de 07:00:00 a 08:00:00.','2025-01-09 16:25:11','187.189.191.141','ACTIVO'),(1261,'srangel@ut-morelia.edu.mx','Asignación manual de horario','Se asignó la materia ID 1923 al grupo ID 921 en el día sábado de 08:00:00 a 09:00:00.','2025-01-09 16:25:14','187.189.191.141','ACTIVO'),(1262,'srangel@ut-morelia.edu.mx','Asignación manual de horario','Se asignó la materia ID 1821 al grupo ID 921 en el día sábado de 09:00:00 a 10:00:00.','2025-01-09 16:25:18','187.189.191.141','ACTIVO'),(1263,'srangel@ut-morelia.edu.mx','Asignación manual de horario','Se asignó la materia ID 1821 al grupo ID 921 en el día sábado de 10:00:00 a 11:00:00.','2025-01-09 16:25:21','187.189.191.141','ACTIVO'),(1264,'srangel@ut-morelia.edu.mx','Asignación manual de horario','Se asignó la materia ID 1821 al grupo ID 921 en el día sábado de 11:00:00 a 12:00:00.','2025-01-09 16:25:24','187.189.191.141','ACTIVO'),(1265,'desconocido@dominio.com','Actualización de asignación','Se actualizó la asignación ID 22335. Nuevo día: sábado, Hora de inicio: 09:00:00, Hora de fin: 10:00:00.','2025-01-09 16:27:41','187.189.191.141','ACTIVO'),(1266,'desconocido@dominio.com','Actualización de asignación','Se actualizó la asignación ID 22331. Nuevo día: viernes, Hora de inicio: 08:00:00, Hora de fin: 09:00:00.','2025-01-09 16:37:02','187.189.191.141','ACTIVO'),(1267,'desconocido@dominio.com','Actualización de asignación','Se actualizó la asignación ID 22335. Nuevo día: martes, Hora de inicio: 08:00:00, Hora de fin: 09:00:00.','2025-01-09 16:37:10','187.189.191.141','ACTIVO'),(1268,'desconocido@dominio.com','Actualización de asignación','Se actualizó la asignación ID 22332. Nuevo día: jueves, Hora de inicio: 10:00:00, Hora de fin: 11:00:00.','2025-01-09 16:37:13','187.189.191.141','ACTIVO'),(1269,'desconocido@dominio.com','Actualización de asignación','Se actualizó la asignación ID 22333. Nuevo día: viernes, Hora de inicio: 10:00:00, Hora de fin: 11:00:00.','2025-01-09 16:37:16','187.189.191.141','ACTIVO'),(1270,'desconocido@dominio.com','Actualización de asignación','Se actualizó la asignación ID 22136. Nuevo día: viernes, Hora de inicio: 12:00:00, Hora de fin: 13:00:00.','2025-01-09 16:38:45','187.189.191.141','ACTIVO'),(1271,'desconocido@dominio.com','Actualización de asignación','Se actualizó la asignación ID 22161. Nuevo día: lunes, Hora de inicio: 08:00:00, Hora de fin: 09:00:00.','2025-01-09 16:38:48','187.189.191.141','ACTIVO'),(1272,'desconocido@dominio.com','Actualización de asignación','Se actualizó la asignación ID 22139. Nuevo día: viernes, Hora de inicio: 13:00:00, Hora de fin: 14:00:00.','2025-01-09 16:39:31','187.189.191.141','ACTIVO'),(1273,'desconocido@dominio.com','Actualización de asignación','Se actualizó la asignación ID 22136. Nuevo día: lunes, Hora de inicio: 11:00:00, Hora de fin: 12:00:00.','2025-01-09 16:39:37','187.189.191.141','ACTIVO'),(1274,'desconocido@dominio.com','Actualización de asignación','Se actualizó la asignación ID 22139. Nuevo día: viernes, Hora de inicio: 12:00:00, Hora de fin: 13:00:00.','2025-01-09 16:39:41','187.189.191.141','ACTIVO'),(1275,'desconocido@dominio.com','Actualización de asignación','Se actualizó la asignación ID 22288. Nuevo día: sábado, Hora de inicio: 08:00:00, Hora de fin: 09:00:00.','2025-01-09 16:40:21','187.189.191.141','ACTIVO'),(1276,'desconocido@dominio.com','Actualización de asignación','Se actualizó la asignación ID 22289. Nuevo día: sábado, Hora de inicio: 09:00:00, Hora de fin: 10:00:00.','2025-01-09 16:40:24','187.189.191.141','ACTIVO'),(1277,'desconocido@dominio.com','Actualización de asignación','Se actualizó la asignación ID 22287. Nuevo día: viernes, Hora de inicio: 08:00:00, Hora de fin: 09:00:00.','2025-01-09 16:40:28','187.189.191.141','ACTIVO'),(1278,'desconocido@dominio.com','Actualización de asignación','Se actualizó la asignación ID 22286. Nuevo día: viernes, Hora de inicio: 09:00:00, Hora de fin: 10:00:00.','2025-01-09 16:40:32','187.189.191.141','ACTIVO'),(1279,'desconocido@dominio.com','Actualización de asignación','Se actualizó la asignación ID 22288. Nuevo día: viernes, Hora de inicio: 07:00:00, Hora de fin: 08:00:00.','2025-01-09 16:40:36','187.189.191.141','ACTIVO'),(1280,'desconocido@dominio.com','Actualización de asignación','Se actualizó la asignación ID 22289. Nuevo día: miércoles, Hora de inicio: 12:00:00, Hora de fin: 13:00:00.','2025-01-09 16:40:56','187.189.191.141','ACTIVO'),(1281,'desconocido@dominio.com','Actualización de asignación','Se actualizó la asignación ID 22291. Nuevo día: jueves, Hora de inicio: 11:00:00, Hora de fin: 12:00:00.','2025-01-09 16:41:12','187.189.191.141','ACTIVO'),(1282,'desconocido@dominio.com','Actualización de asignación','Se actualizó la asignación ID 22289. Nuevo día: jueves, Hora de inicio: 12:00:00, Hora de fin: 13:00:00.','2025-01-09 16:41:14','187.189.191.141','ACTIVO'),(1283,'desconocido@dominio.com','Actualización de asignación','Se actualizó la asignación ID 22288. Nuevo día: miércoles, Hora de inicio: 12:00:00, Hora de fin: 13:00:00.','2025-01-09 16:41:40','187.189.191.141','ACTIVO'),(1284,'desconocido@dominio.com','Actualización de asignación','Se actualizó la asignación ID 22206. Nuevo día: sábado, Hora de inicio: 11:00:00, Hora de fin: 12:00:00.','2025-01-10 08:24:53','189.199.95.118','ACTIVO'),(1285,'desconocido@dominio.com','Actualización de asignación','Se actualizó la asignación ID 22224. Nuevo día: sábado, Hora de inicio: 14:00:00, Hora de fin: 15:00:00.','2025-01-10 08:25:14','189.199.95.118','ACTIVO'),(1286,'desconocido@dominio.com','Actualización de asignación','Se actualizó la asignación ID 22206. Nuevo día: miércoles, Hora de inicio: 15:00:00, Hora de fin: 16:00:00.','2025-01-10 08:25:17','189.199.95.118','ACTIVO'),(1287,'desconocido@dominio.com','Actualización de asignación','Se actualizó la asignación ID 22198. Nuevo día: jueves, Hora de inicio: 11:00:00, Hora de fin: 12:00:00.','2025-01-10 08:25:22','189.199.95.118','ACTIVO'),(1288,'desconocido@dominio.com','Actualización de asignación','Se actualizó la asignación ID 22224. Nuevo día: martes, Hora de inicio: 11:00:00, Hora de fin: 12:00:00.','2025-01-10 08:25:26','189.199.95.118','ACTIVO'),(1289,'mario.gutierrez@ut-morelia.edu.mx','Asignación manual de horario','Se asignó la materia ID 1972 al grupo ID 937 en el día martes de 09:00:00 a 10:00:00.','2025-01-10 09:16:29','189.199.95.118','ACTIVO'),(1290,'mario.gutierrez@ut-morelia.edu.mx','Asignación manual de horario','Se asignó la materia ID 1877 al grupo ID 937 en el día miércoles de 09:00:00 a 10:00:00.','2025-01-10 09:17:36','189.199.95.118','ACTIVO'),(1291,'mario.gutierrez@ut-morelia.edu.mx','Asignación manual de horario','Se asignó la materia ID 1877 al grupo ID 937 en el día miércoles de 10:00:00 a 11:00:00.','2025-01-10 09:17:40','189.199.95.118','ACTIVO'),(1292,'mario.gutierrez@ut-morelia.edu.mx','Asignación manual de horario','Se asignó la materia ID 1883 al grupo ID 937 en el día lunes de 08:00:00 a 09:00:00.','2025-01-10 09:18:12','189.199.95.118','ACTIVO'),(1293,'mario.gutierrez@ut-morelia.edu.mx','Asignación manual de horario','Se asignó la materia ID 1883 al grupo ID 937 en el día lunes de 09:00:00 a 10:00:00.','2025-01-10 09:18:17','189.199.95.118','ACTIVO'),(1294,'mario.gutierrez@ut-morelia.edu.mx','Asignación manual de horario','Se asignó la materia ID 1884 al grupo ID 937 en el día lunes de 10:00:00 a 11:00:00.','2025-01-10 09:18:25','189.199.95.118','ACTIVO'),(1295,'mario.gutierrez@ut-morelia.edu.mx','Asignación manual de horario','Se asignó la materia ID 1884 al grupo ID 937 en el día lunes de 11:00:00 a 12:00:00.','2025-01-10 09:18:29','189.199.95.118','ACTIVO'),(1296,'mario.gutierrez@ut-morelia.edu.mx','Asignación manual de horario','Se asignó la materia ID 1956 al grupo ID 937 en el día lunes de 12:00:00 a 13:00:00.','2025-01-10 09:18:42','189.199.95.118','ACTIVO'),(1297,'mario.gutierrez@ut-morelia.edu.mx','Asignación manual de horario','Se asignó la materia ID 1956 al grupo ID 937 en el día lunes de 13:00:00 a 14:00:00.','2025-01-10 09:19:16','189.199.95.118','ACTIVO'),(1298,'mario.gutierrez@ut-morelia.edu.mx','Asignación manual de horario','Se asignó la materia ID 1958 al grupo ID 937 en el día jueves de 08:00:00 a 09:00:00.','2025-01-10 09:19:44','189.199.95.118','ACTIVO'),(1299,'mario.gutierrez@ut-morelia.edu.mx','Asignación manual de horario','Se asignó la materia ID 1958 al grupo ID 937 en el día jueves de 09:00:00 a 10:00:00.','2025-01-10 09:19:49','189.199.95.118','ACTIVO'),(1300,'mario.gutierrez@ut-morelia.edu.mx','Asignación manual de horario','Se asignó la materia ID 1883 al grupo ID 937 en el día martes de 08:00:00 a 09:00:00.','2025-01-10 09:20:20','189.199.95.118','ACTIVO'),(1301,'mario.gutierrez@ut-morelia.edu.mx','Asignación manual de horario','Se asignó la materia ID 1986 al grupo ID 937 en el día martes de 11:00:00 a 12:00:00.','2025-01-10 09:20:51','189.199.95.118','ACTIVO'),(1302,'mario.gutierrez@ut-morelia.edu.mx','Asignación manual de horario','Se asignó la materia ID 1986 al grupo ID 937 en el día martes de 12:00:00 a 13:00:00.','2025-01-10 09:20:56','189.199.95.118','ACTIVO'),(1303,'desconocido@dominio.com','Actualización de asignación','Se actualizó la asignación ID 22555. Nuevo día: lunes, Hora de inicio: 10:00:00, Hora de fin: 11:00:00.','2025-01-10 09:21:13','187.189.191.141','ACTIVO'),(1304,'mario.gutierrez@ut-morelia.edu.mx','Asignación manual de horario','Se asignó la materia ID 1999 al grupo ID 937 en el día miércoles de 08:00:00 a 09:00:00.','2025-01-10 09:22:03','189.199.95.118','ACTIVO'),(1305,'mario.gutierrez@ut-morelia.edu.mx','Asignación manual de horario','Se asignó la materia ID 1999 al grupo ID 937 en el día jueves de 10:00:00 a 11:00:00.','2025-01-10 09:23:07','189.199.95.118','ACTIVO'),(1306,'mario.gutierrez@ut-morelia.edu.mx','Asignación manual de horario','Se asignó la materia ID 1999 al grupo ID 937 en el día martes de 13:00:00 a 14:00:00.','2025-01-10 09:24:03','189.199.95.118','ACTIVO'),(1307,'mario.gutierrez@ut-morelia.edu.mx','Asignación manual de horario','Se asignó la materia ID 1999 al grupo ID 937 en el día miércoles de 11:00:00 a 12:00:00.','2025-01-10 09:24:16','189.199.95.118','ACTIVO'),(1308,'mario.gutierrez@ut-morelia.edu.mx','Asignación manual de horario','Se asignó la materia ID 1999 al grupo ID 937 en el día jueves de 11:00:00 a 12:00:00.','2025-01-10 09:24:27','189.199.95.118','ACTIVO'),(1309,'mario.gutierrez@ut-morelia.edu.mx','Asignación manual de horario','Se asignó la materia ID 1884 al grupo ID 937 en el día miércoles de 12:00:00 a 13:00:00.','2025-01-10 09:25:00','189.199.95.118','ACTIVO'),(1310,'mario.gutierrez@ut-morelia.edu.mx','Asignación manual de horario','Se asignó la materia ID 1884 al grupo ID 937 en el día miércoles de 13:00:00 a 14:00:00.','2025-01-10 09:25:05','189.199.95.118','ACTIVO'),(1311,'desconocido@dominio.com','Actualización de asignación','Se actualizó la asignación ID 22497. Nuevo día: martes, Hora de inicio: 07:00:00, Hora de fin: 08:00:00.','2025-01-10 09:32:09','187.189.191.141','ACTIVO'),(1312,'desconocido@dominio.com','Actualización de asignación','Se actualizó la asignación ID 21104. Nuevo día: viernes, Hora de inicio: 12:00:00, Hora de fin: 13:00:00.','2025-01-10 09:59:51','187.189.191.141','ACTIVO'),(1313,'desconocido@dominio.com','Actualización de asignación','Se actualizó la asignación ID 21105. Nuevo día: viernes, Hora de inicio: 13:00:00, Hora de fin: 14:00:00.','2025-01-10 09:59:54','187.189.191.141','ACTIVO'),(1314,'desconocido@dominio.com','Actualización de asignación','Se actualizó la asignación ID 21106. Nuevo día: jueves, Hora de inicio: 10:00:00, Hora de fin: 11:00:00.','2025-01-10 09:59:59','187.189.191.141','ACTIVO'),(1315,'desconocido@dominio.com','Actualización de asignación','Se actualizó la asignación ID 21107. Nuevo día: jueves, Hora de inicio: 11:00:00, Hora de fin: 12:00:00.','2025-01-10 10:00:03','187.189.191.141','ACTIVO'),(1316,'desconocido@dominio.com','Actualización de asignación','Se actualizó la asignación ID 21105. Nuevo día: jueves, Hora de inicio: 13:00:00, Hora de fin: 14:00:00.','2025-01-10 10:00:24','187.189.191.141','ACTIVO'),(1317,'desconocido@dominio.com','Actualización de asignación','Se actualizó la asignación ID 21107. Nuevo día: jueves, Hora de inicio: 12:00:00, Hora de fin: 13:00:00.','2025-01-10 10:01:02','187.189.191.141','ACTIVO'),(1318,'desconocido@dominio.com','Actualización de asignación','Se actualizó la asignación ID 21106. Nuevo día: jueves, Hora de inicio: 11:00:00, Hora de fin: 12:00:00.','2025-01-10 10:01:13','187.189.191.141','ACTIVO'),(1319,'jorgerodriguez@ut-morelia.edu.mx','Registro de profesor','Se registró al profesor \'Suplencia DMI 1\' con estado \'1\'.','2025-01-10 10:02:47','187.189.191.141','ACTIVO'),(1320,'admin@admin.com','Actualización de materia','Se actualizó la materia con ID 1886. Nombre anterior: \'SISTEMAS DE CONFECCIÓN DEL VESTIDO\', Nuevo nombre: \'SISTEMAS DE CONFECCIÓN INDUSTRIAL\', Horas semanales anteriores: 6, Nuevas horas semanales: 6.','2025-01-10 10:07:36','177.240.136.41','ACTIVO'),(1321,'jorgerodriguez@ut-morelia.edu.mx','Asignación de materias','Se asignaron materias al profesor con ID 174. Materias asignadas: 1886','2025-01-10 10:13:09','187.189.191.141','ACTIVO'),(1322,'jorgerodriguez@ut-morelia.edu.mx','Asignación de materias','Se asignaron materias al profesor con ID 174. Materias asignadas: 1669','2025-01-10 10:13:36','187.189.191.141','ACTIVO'),(1323,'jorgerodriguez@ut-morelia.edu.mx','Asignación de materias','Se asignaron materias al profesor con ID 174. Materias asignadas: 1679','2025-01-10 10:13:51','187.189.191.141','ACTIVO'),(1324,'desconocido@dominio.com','Actualización de asignación','Se actualizó la asignación ID 22134. Nuevo día: viernes, Hora de inicio: 12:00:00, Hora de fin: 13:00:00.','2025-01-10 10:13:58','200.68.166.38','ACTIVO'),(1325,'desconocido@dominio.com','Actualización de asignación','Se actualizó la asignación ID 22129. Nuevo día: jueves, Hora de inicio: 12:00:00, Hora de fin: 13:00:00.','2025-01-10 10:14:00','200.68.166.38','ACTIVO'),(1326,'desconocido@dominio.com','Actualización de asignación','Se actualizó la asignación ID 22123. Nuevo día: jueves, Hora de inicio: 11:00:00, Hora de fin: 12:00:00.','2025-01-10 10:14:03','200.68.166.38','ACTIVO'),(1327,'desconocido@dominio.com','Actualización de asignación','Se actualizó la asignación ID 22124. Nuevo día: viernes, Hora de inicio: 11:00:00, Hora de fin: 12:00:00.','2025-01-10 10:14:07','200.68.166.38','ACTIVO'),(1328,'desconocido@dominio.com','Actualización de asignación','Se actualizó la asignación ID 22129. Nuevo día: miércoles, Hora de inicio: 10:00:00, Hora de fin: 11:00:00.','2025-01-10 10:14:09','200.68.166.38','ACTIVO'),