--
-- Host: localhost    Database: cargaHoraria
-- ------------------------------------------------------


--
-- Table structure for table `building_programs`
--

CREATE TABLE `building_programs` (
  `id` int NOT NULL AUTO_INCREMENT,
  `area` varchar(255) COLLATE utf8mb4_spanish_ci NOT NULL,
  `planta_alta` tinyint(1) NOT NULL DEFAULT '0',
  `planta_baja` tinyint(1) NOT NULL DEFAULT '0',
  `building_name` varchar(255) COLLATE utf8mb4_spanish_ci DEFAULT NULL,
  PRIMARY KEY (`id`),
  KEY `area` (`area`),
  CONSTRAINT `building_programs_ibfk_2` FOREIGN KEY (`area`) REFERENCES `programs` (`area`) ON DELETE CASCADE ON UPDATE CASCADE
) ENGINE=InnoDB AUTO_INCREMENT=26 DEFAULT CHARSET=utf8mb4 COLLATE=utf8mb4_spanish_ci;

--
-- Dumping data for table `building_programs`
--

INSERT INTO `building_programs` VALUES (1,'TI',1,1,'EDIFICIO-A'),(2,'DMI',1,1,'EDIFICIO-A'),(3,'AFC',1,1,'EDIFICIO-A'),(4,'ENF',1,1,'EDIFICIO-A'),(5,'QMBT',1,1,'EDIFICIO-B'),(6,'DMI',1,1,'EDIFICIO-B'),(7,'MAI',1,1,'EDIFICIO-B'),(8,'MEC',1,1,'EDIFICIO-B'),(9,'GST',1,1,'EDIFICIO-B'),(10,'ERV',0,1,'EDIFICIO-C'),(11,'DMI',0,1,'EDIFICIO-C'),(12,'MAI',0,1,'EDIFICIO-C'),(13,'MEC',0,1,'EDIFICIO-C'),(14,'AFC',0,1,'EDIFICIO-C'),(15,'QMBT',0,1,'EDIFICIO-C'),(16,'GST',1,1,'EDIFICIO-D'),(17,'MAI',1,1,'EDIFICIO-D'),(18,'MEC',1,1,'EDIFICIO-D'),(19,'ENF',1,1,'EDIFICIO-D'),(20,'ERV',1,0,'EDIFICIO-E'),(21,'MAI',1,0,'EDIFICIO-P1'),(22,'MEC',1,0,'EDIFICIO-P1'),(23,'ERV',1,0,'EDIFICIO-P1'),(24,'DMI',1,0,'EDIFICIO-P1'),(25,'QMBT',1,0,'EDIFICIO-P1');

--
-- Table structure for table `calendario_escolar`
--

CREATE TABLE `calendario_escolar` (
  `id` int NOT NULL AUTO_INCREMENT,
  `nombre_cuatrimestre` varchar(100) COLLATE utf8mb4_spanish_ci NOT NULL,
  `fecha_inicio` date NOT NULL,
  `fecha_fin` date NOT NULL,
  `estado` enum('ACTIVO','INACTIVO') COLLATE utf8mb4_spanish_ci DEFAULT 'ACTIVO',
  `fyh_creacion` datetime DEFAULT CURRENT_TIMESTAMP,
  `fyh_actualizacion` datetime DEFAULT CURRENT_TIMESTAMP ON UPDATE CURRENT_TIMESTAMP,
  PRIMARY KEY (`id`)
) ENGINE=InnoDB DEFAULT CHARSET=utf8mb4 COLLATE=utf8mb4_spanish_ci;

--
-- Dumping data for table `calendario_escolar`
--


--
-- Table structure for table `classroom_states`
--

CREATE TABLE `classroom_states` (
  `state_id` int NOT NULL AUTO_INCREMENT,
  `classroom_id` int NOT NULL,
  `state` enum('good-condition','medium-condition','bad-condition') COLLATE utf8mb4_spanish_ci NOT NULL DEFAULT 'good-condition',
  `description` varchar(255) COLLATE utf8mb4_spanish_ci DEFAULT NULL,
  `created_at` datetime DEFAULT CURRENT_TIMESTAMP,
  `updated_at` datetime DEFAULT CURRENT_TIMESTAMP ON UPDATE CURRENT_TIMESTAMP,
  PRIMARY KEY (`state_id`)
) ENGINE=InnoDB DEFAULT CHARSET=utf8mb4 COLLATE=utf8mb4_spanish_ci;

--
-- Dumping data for table `classroom_states`
--


--
-- Table structure for table `classrooms`
--

CREATE TABLE `classrooms` (
  `classroom_id` int NOT NULL AUTO_INCREMENT,
  `classroom_name` varchar(50) COLLATE utf8mb4_spanish_ci NOT NULL,
  `capacity` int NOT NULL,
  `building` varchar(100) COLLATE utf8mb4_spanish_ci NOT NULL,
  `floor` enum('ALTA','BAJA') COLLATE utf8mb4_spanish_ci NOT NULL,
  `fyh_creacion` datetime DEFAULT NULL,
  `fyh_actualizacion` datetime DEFAULT NULL,
  `estado` varchar(11) COLLATE utf8mb4_spanish_ci DEFAULT NULL,
  PRIMARY KEY (`classroom_id`)
) ENGINE=InnoDB AUTO_INCREMENT=64 DEFAULT CHARSET=utf8mb4 COLLATE=utf8mb4_spanish_ci;

--
-- Dumping data for table `classrooms`
--

INSERT INTO `classrooms` VALUES (1,'1',38,'EDIFICIO-A','BAJA','2024-11-19 05:27:03','2024-11-19 05:27:03','ACTIVO'),(2,'2',38,'EDIFICIO-A','BAJA','2024-11-19 05:27:03','2024-11-19 05:27:03','ACTIVO'),(3,'3',38,'EDIFICIO-A','BAJA','2024-11-19 05:27:03','2024-11-19 05:27:03','ACTIVO'),(4,'4',38,'EDIFICIO-A','BAJA','2024-11-19 05:27:03','2024-11-19 05:27:03','ACTIVO'),(5,'5',38,'EDIFICIO-A','BAJA','2024-11-19 05:27:03','2024-11-19 05:27:03','ACTIVO'),(6,'6',38,'EDIFICIO-A','BAJA','2024-11-19 05:27:03','2024-11-19 05:27:03','ACTIVO'),(7,'7',38,'EDIFICIO-A','BAJA','2024-11-19 05:27:03','2024-11-19 05:27:03','ACTIVO'),(8,'8',38,'EDIFICIO-A','BAJA','2024-11-19 05:27:03','2024-11-19 05:27:03','ACTIVO'),(9,'9',38,'EDIFICIO-A','BAJA','2024-11-19 05:27:03','2024-11-19 05:27:03','ACTIVO'),(10,'10',38,'EDIFICIO-A','ALTA','2024-11-19 05:27:03','2024-11-19 05:27:03','ACTIVO'),(11,'11',38,'EDIFICIO-A','ALTA','2024-11-19 05:27:03','2024-11-19 05:27:03','ACTIVO'),(12,'12',38,'EDIFICIO-A','ALTA','2024-11-19 05:27:03','2024-11-19 05:27:03','ACTIVO'),(13,'13',38,'EDIFICIO-A','ALTA','2024-11-19 05:27:03','2024-11-19 05:27:03','ACTIVO'),(14,'14',38,'EDIFICIO-A','ALTA','2024-11-19 05:27:03','2024-11-19 05:27:03','ACTIVO'),(15,'15',30,'EDIFICIO-A','ALTA','2024-11-19 05:27:03','2024-11-19 05:27:03','ACTIVO'),(16,'16',30,'EDIFICIO-A','ALTA','2024-11-19 05:27:03','2024-11-19 05:27:03','ACTIVO'),(17,'17',30,'EDIFICIO-A','ALTA','2024-11-19 05:27:03','2024-11-19 05:27:03','ACTIVO'),(18,'M',38,'EDIFICIO-A','ALTA','2024-11-19 05:27:03','2024-11-19 05:27:03','ACTIVO'),(19,'1',30,'EDIFICIO-B','BAJA','2024-11-19 05:27:03','2024-11-19 05:27:03','ACTIVO'),(20,'2',30,'EDIFICIO-B','BAJA','2024-11-19 05:27:03','2024-11-19 05:27:03','ACTIVO'),(21,'3',30,'EDIFICIO-B','BAJA','2024-11-19 05:27:03','2024-11-19 05:27:03','ACTIVO'),(22,'4',30,'EDIFICIO-B','BAJA','2024-11-19 05:27:03','2024-11-19 05:27:03','ACTIVO'),(23,'5',30,'EDIFICIO-B','BAJA','2024-11-19 05:27:03','2024-11-19 05:27:03','ACTIVO'),(24,'6',30,'EDIFICIO-B','BAJA','2024-11-19 05:27:03','2024-11-19 05:27:03','ACTIVO'),(25,'7',30,'EDIFICIO-B','BAJA','2024-11-19 05:27:03','2024-11-19 05:27:03','ACTIVO'),(26,'8',30,'EDIFICIO-B','ALTA','2024-11-19 05:27:03','2024-11-19 05:27:03','ACTIVO'),(27,'9',30,'EDIFICIO-B','ALTA','2024-11-19 05:27:03','2024-11-19 05:27:03','ACTIVO'),(28,'10',30,'EDIFICIO-B','ALTA','2024-11-19 05:27:03','2024-11-19 05:27:03','ACTIVO'),(29,'11',30,'EDIFICIO-B','ALTA','2024-11-19 05:27:03','2024-11-19 05:27:03','ACTIVO'),(30,'12',30,'EDIFICIO-B','ALTA','2024-11-19 05:27:03','2024-11-19 05:27:03','ACTIVO'),(31,'13',30,'EDIFICIO-B','ALTA','2024-11-19 05:27:03','2024-11-19 05:27:03','ACTIVO'),(32,'14',30,'EDIFICIO-B','ALTA','2024-11-19 05:27:03','2024-11-19 05:27:03','ACTIVO'),(33,'15',30,'EDIFICIO-B','ALTA','2024-11-19 05:27:03','2024-11-19 05:27:03','ACTIVO'),(34,'16',25,'EDIFICIO-B','ALTA','2024-11-19 05:27:03','2024-11-19 05:27:03','ACTIVO'),(35,'1',25,'EDIFICIO-C','BAJA','2024-11-19 05:27:03','2024-11-19 05:27:03','ACTIVO'),(36,'2',25,'EDIFICIO-C','BAJA','2024-11-19 05:27:03','2024-11-19 05:27:03','ACTIVO'),(37,'3',25,'EDIFICIO-C','BAJA','2024-11-19 05:27:03','2024-11-19 05:27:03','ACTIVO'),(38,'4',25,'EDIFICIO-C','BAJA','2024-11-19 05:27:03','2024-11-19 05:27:03','ACTIVO'),(39,'5',30,'EDIFICIO-C','BAJA','2024-11-19 05:27:03','2024-11-19 05:27:03','ACTIVO'),(40,'6',30,'EDIFICIO-C','BAJA','2024-11-19 05:27:03','2024-11-19 05:27:03','ACTIVO'),(41,'7',20,'EDIFICIO-C','BAJA','2024-11-19 05:27:03','2024-11-19 05:27:03','ACTIVO'),(42,'8',20,'EDIFICIO-C','BAJA','2024-11-19 05:27:03','2024-11-19 05:27:03','ACTIVO'),(43,'1',30,'EDIFICIO-D','BAJA','2024-11-19 05:27:03','2024-11-19 05:27:03','ACTIVO'),(44,'2',30,'EDIFICIO-D','BAJA','2024-11-19 05:27:03','2024-11-19 05:27:03','ACTIVO'),(45,'3',40,'EDIFICIO-D','BAJA','2024-11-19 05:27:03','2024-11-19 05:27:03','ACTIVO'),(46,'4',40,'EDIFICIO-D','BAJA','2024-11-19 05:27:03','2024-11-19 05:27:03','ACTIVO'),(47,'5',40,'EDIFICIO-D','BAJA','2024-11-19 05:27:03','2024-11-19 05:27:03','ACTIVO'),(48,'6',40,'EDIFICIO-D','BAJA','2024-11-19 05:27:03','2024-11-19 05:27:03','ACTIVO'),(49,'7',40,'EDIFICIO-D','BAJA','2024-11-19 05:27:03','2024-11-19 05:27:03','ACTIVO'),(50,'8',40,'EDIFICIO-D','BAJA','2024-11-19 05:27:03','2024-11-19 05:27:03','ACTIVO'),(51,'9',40,'EDIFICIO-D','BAJA','2024-11-19 05:27:03','2024-11-19 05:27:03','ACTIVO'),(52,'10',40,'EDIFICIO-D','ALTA','2024-11-19 05:27:03','2024-11-19 05:27:03','ACTIVO'),(53,'11',40,'EDIFICIO-D','ALTA','2024-11-19 05:27:03','2024-11-19 05:27:03','ACTIVO'),(54,'12',40,'EDIFICIO-D','ALTA','2024-11-19 05:27:03','2024-11-19 05:27:03','ACTIVO'),(55,'13',40,'EDIFICIO-D','ALTA','2024-11-19 05:27:03','2024-11-19 05:27:03','ACTIVO'),(56,'14',40,'EDIFICIO-D','ALTA','2024-11-19 05:27:03','2024-11-19 05:27:03','ACTIVO'),(57,'15',40,'EDIFICIO-D','ALTA','2024-11-19 05:27:03','2024-11-19 05:27:03','ACTIVO'),(58,'16',40,'EDIFICIO-D','ALTA','2024-11-19 05:27:03','2024-11-19 05:27:03','ACTIVO'),(59,'1',30,'EDIFICIO-E','ALTA','2024-11-19 05:27:03','2024-11-19 05:27:03','ACTIVO'),(60,'2',30,'EDIFICIO-E','ALTA','2024-11-19 05:27:03','2024-11-19 05:27:03','ACTIVO'),(61,'3',30,'EDIFICIO-E','ALTA','2024-11-19 05:27:03','2024-11-19 05:27:03','ACTIVO'),(62,'16',40,'P1','ALTA','2024-11-19 05:27:03','2024-11-19 05:27:03','ACTIVO'),(63,'17',40,'P1','ALTA','2024-11-19 05:27:03','2024-11-19 05:27:03','ACTIVO');

--
-- Table structure for table `configuracion_instituciones`
--

CREATE TABLE `configuracion_instituciones` (
  `id_config_institucion` int NOT NULL AUTO_INCREMENT,
  `nombre_institucion` varchar(255) COLLATE utf8mb4_spanish_ci NOT NULL,
  `logo` varchar(255) COLLATE utf8mb4_spanish_ci DEFAULT NULL,
  `direccion` varchar(255) COLLATE utf8mb4_spanish_ci NOT NULL,
  `telefono` varchar(100) COLLATE utf8mb4_spanish_ci DEFAULT NULL,
  `celular` varchar(100) COLLATE utf8mb4_spanish_ci DEFAULT NULL,
  `correo` varchar(100) COLLATE utf8mb4_spanish_ci DEFAULT NULL,
  `fyh_creacion` datetime DEFAULT NULL,
  `fyh_actualizacion` datetime DEFAULT NULL,
  `estado` varchar(11) COLLATE utf8mb4_spanish_ci DEFAULT NULL,
  PRIMARY KEY (`id_config_institucion`)
) ENGINE=InnoDB AUTO_INCREMENT=2 DEFAULT CHARSET=utf8mb4 COLLATE=utf8mb4_spanish_ci;

--
-- Dumping data for table `configuracion_instituciones`
--

INSERT INTO `configuracion_instituciones` VALUES (1,'Universidad Tecnológica de Morelia','https://ut-morelia.edu.mx/wp-content/uploads/2022/05/Logo-UTM-Claro.png','Av. Vicepresidente Pino Suarez No. 750, Col. Ciudad Industrial, C.P. 58200, Morelia, Michoacán','4431135900','524431135900','informacion@ut-morelia.edu.mx','2023-12-28 20:29:10',NULL,'1');

--
-- Table structure for table `educational_levels`
--

CREATE TABLE `educational_levels` (
  `level_id` int NOT NULL AUTO_INCREMENT,
  `level_name` varchar(255) COLLATE utf8mb4_spanish_ci NOT NULL,
  `group_id` int DEFAULT NULL,
  PRIMARY KEY (`level_id`),
  KEY `group_id` (`group_id`),
  CONSTRAINT `educational_levels_ibfk_1` FOREIGN KEY (`group_id`) REFERENCES `groups` (`group_id`) ON DELETE CASCADE
) ENGINE=InnoDB AUTO_INCREMENT=966 DEFAULT CHARSET=utf8mb4 COLLATE=utf8mb4_spanish_ci;

--
-- Dumping data for table `educational_levels`
--

INSERT INTO `educational_levels` VALUES (1,'TSU',NULL),(2,'LICENCIATURA',NULL),(3,'MAESTRÍA',NULL),(875,'TSU',872),(876,'TSU',873),(877,'TSU',874),(878,'TSU',875),(879,'TSU',876),(880,'TSU',877),(881,'TSU',878),(882,'TSU',879),(883,'TSU',880),(884,'TSU',881),(885,'LIC/ING',882),(886,'LIC/ING',883),(887,'TSU',884),(888,'TSU',885),(889,'TSU',886),(890,'TSU',887),(891,'TSU',888),(892,'TSU',889),(893,'TSU',890),(894,'LIC/ING',891),(895,'LIC/ING',892),(896,'TSU',893),(897,'TSU',894),(898,'TSU',895),(899,'TSU',896),(900,'TSU',897),(901,'TSU',898),(902,'TSU',899),(903,'TSU',900),(904,'TSU',901),(905,'TSU',902),(906,'TSU',903),(907,'TSU',904),(908,'TSU',905),(909,'TSU',906),(910,'TSU',907),(911,'TSU',908),(912,'TSU',909),(913,'TSU',910),(914,'TSU',911),(915,'LIC/ING',912),(916,'LIC/ING',913),(917,'LIC/ING',914),(918,'LIC/ING',915),(919,'LIC/ING',916),(920,'LIC/ING',917),(921,'TSU',918),(922,'TSU',919),(923,'TSU',920),(924,'TSU',921),(925,'LIC/ING',922),(926,'LIC/ING',923),(927,'TSU',924),(928,'TSU',925),(929,'TSU',926),(930,'TSU',927),(931,'TSU',928),(932,'LIC/ING',929),(933,'LIC/ING',930),(934,'LIC/ING',931),(935,'TSU',932),(936,'TSU',933),(937,'TSU',934),(938,'TSU',935),(939,'TSU',936),(940,'TSU',937),(941,'TSU',938),(942,'LIC/ING',939),(943,'LIC/ING',940),(944,'LIC/ING',941),(945,'LIC/ING',942),(946,'TSU',943),(947,'MTRIA',944),(948,'TSU',945),(949,'TSU',946),(950,'TSU',947),(951,'TSU',948),(955,'MTRIA',952),(956,'LIC/ING',953),(957,'LIC/ING',954),(958,'LIC/ING',955),(959,'LIC/ING',956),(960,'LIC/ING',957),(961,'LIC/ING',958),(962,'TSU',961),(963,'TSU',962),(964,'TSU',963),(965,'TSU',964);

--
-- Table structure for table `group_schedule_teacher`
--

CREATE TABLE `group_schedule_teacher` (
  `group_schedule_teacher_id` int NOT NULL AUTO_INCREMENT,
  `schedule_id` int NOT NULL,
  `teacher_id` int NOT NULL,
  `subject_id` int NOT NULL,
  `fyh_creacion` datetime DEFAULT CURRENT_TIMESTAMP,
  `fyh_actualizacion` datetime DEFAULT NULL ON UPDATE CURRENT_TIMESTAMP,
  `estado` varchar(11) COLLATE utf8mb4_spanish_ci DEFAULT '1',
  PRIMARY KEY (`group_schedule_teacher_id`),
  KEY `schedule_id` (`schedule_id`),
  KEY `teacher_id` (`teacher_id`),
  KEY `subject_id` (`subject_id`),
  CONSTRAINT `group_schedule_teacher_ibfk_1` FOREIGN KEY (`schedule_id`) REFERENCES `schedules` (`schedule_id`) ON DELETE CASCADE,
  CONSTRAINT `group_schedule_teacher_ibfk_2` FOREIGN KEY (`teacher_id`) REFERENCES `teachers` (`teacher_id`) ON DELETE CASCADE,
  CONSTRAINT `group_schedule_teacher_ibfk_3` FOREIGN KEY (`subject_id`) REFERENCES `subjects` (`subject_id`) ON DELETE CASCADE
) ENGINE=InnoDB DEFAULT CHARSET=utf8mb4 COLLATE=utf8mb4_spanish_ci;

--
-- Dumping data for table `group_schedule_teacher`
--


--
-- Table structure for table `group_subjects`
--

CREATE TABLE `group_subjects` (
  `group_subject_id` int NOT NULL AUTO_INCREMENT,
  `group_id` int NOT NULL,
  `subject_id` int NOT NULL,
  `fyh_creacion` datetime DEFAULT CURRENT_TIMESTAMP,
  `fyh_actualizacion` datetime DEFAULT NULL ON UPDATE CURRENT_TIMESTAMP,
  `estado` varchar(11) COLLATE utf8mb4_spanish_ci DEFAULT '1',
  PRIMARY KEY (`group_subject_id`),
  KEY `group_id` (`group_id`),
  KEY `subject_id` (`subject_id`),
  CONSTRAINT `group_subjects_ibfk_1` FOREIGN KEY (`group_id`) REFERENCES `groups` (`group_id`) ON DELETE CASCADE ON UPDATE CASCADE,
  CONSTRAINT `group_subjects_ibfk_2` FOREIGN KEY (`subject_id`) REFERENCES `subjects` (`subject_id`) ON DELETE CASCADE ON UPDATE CASCADE
) ENGINE=InnoDB AUTO_INCREMENT=1242 DEFAULT CHARSET=utf8mb4 COLLATE=utf8mb4_spanish_ci;

--
-- Dumping data for table `group_subjects`
--

INSERT INTO `group_subjects` VALUES (597,872,1644,'2024-12-18 07:07:07',NULL,'1'),(598,872,1646,'2024-12-18 07:07:07',NULL,'1'),(599,872,1694,'2024-12-18 07:07:07',NULL,'1'),(600,872,1695,'2024-12-18 07:07:07',NULL,'1'),(601,872,1696,'2024-12-18 07:07:07',NULL,'1'),(602,872,1697,'2024-12-18 07:07:07',NULL,'1'),(603,872,1698,'2024-12-18 07:07:07',NULL,'1'),(604,873,1657,'2024-12-18 07:07:07',NULL,'1'),(605,873,1658,'2024-12-18 07:07:07',NULL,'1'),(606,873,1659,'2024-12-18 07:07:07',NULL,'1'),(607,873,1870,'2024-12-18 07:07:07',NULL,'1'),(608,873,1871,'2024-12-18 07:07:07',NULL,'1'),(609,873,1872,'2024-12-18 07:07:07',NULL,'1'),(610,873,1874,'2024-12-18 07:07:07',NULL,'1'),(611,873,1876,'2024-12-18 07:07:07',NULL,'1'),(612,874,1667,'2024-12-18 07:07:08',NULL,'1'),(613,874,1669,'2024-12-18 07:07:08',NULL,'1'),(614,874,1708,'2024-12-18 07:07:08',NULL,'1'),(615,874,1710,'2024-12-18 07:07:08',NULL,'1'),(616,874,1711,'2024-12-18 07:07:08',NULL,'1'),(617,874,1712,'2024-12-18 07:07:08',NULL,'1'),(618,874,1755,'2024-12-18 07:07:08',NULL,'1'),(619,875,1667,'2024-12-18 07:07:08',NULL,'1'),(620,875,1669,'2024-12-18 07:07:08',NULL,'1'),(621,875,1708,'2024-12-18 07:07:08',NULL,'1'),(622,875,1710,'2024-12-18 07:07:08',NULL,'1'),(623,875,1711,'2024-12-18 07:07:08',NULL,'1'),(624,875,1712,'2024-12-18 07:07:08',NULL,'1'),(625,875,1755,'2024-12-18 07:07:08',NULL,'1'),(626,876,1667,'2024-12-18 07:07:08',NULL,'1'),(627,876,1669,'2024-12-18 07:07:08',NULL,'1'),(628,876,1708,'2024-12-18 07:07:08',NULL,'1'),(629,876,1710,'2024-12-18 07:07:08',NULL,'1'),(630,876,1711,'2024-12-18 07:07:08',NULL,'1'),(631,876,1712,'2024-12-18 07:07:08',NULL,'1'),(632,876,1755,'2024-12-18 07:07:08',NULL,'1'),(633,877,1667,'2024-12-18 07:07:08',NULL,'1'),(634,877,1669,'2024-12-18 07:07:08',NULL,'1'),(635,877,1708,'2024-12-18 07:07:08',NULL,'1'),(636,877,1710,'2024-12-18 07:07:08',NULL,'1'),(637,877,1711,'2024-12-18 07:07:08',NULL,'1'),(638,877,1712,'2024-12-18 07:07:08',NULL,'1'),(639,877,1755,'2024-12-18 07:07:08',NULL,'1'),(640,878,1673,'2024-12-18 07:07:08',NULL,'1'),(641,878,1822,'2024-12-18 07:07:08',NULL,'1'),(642,878,1823,'2024-12-18 07:07:08',NULL,'1'),(643,878,1824,'2024-12-18 07:07:08',NULL,'1'),(644,878,1825,'2024-12-18 07:07:08',NULL,'1'),(645,878,1826,'2024-12-18 07:07:08',NULL,'1'),(646,878,1827,'2024-12-18 07:07:08',NULL,'1'),(647,879,1679,'2024-12-18 07:07:08',NULL,'1'),(648,879,1680,'2024-12-18 07:07:08',NULL,'1'),(649,879,1885,'2024-12-18 07:07:08',NULL,'1'),(650,879,1886,'2024-12-18 07:07:08',NULL,'1'),(651,879,1887,'2024-12-18 07:07:08',NULL,'1'),(652,879,1889,'2024-12-18 07:07:08',NULL,'1'),(653,879,1891,'2024-12-18 07:07:08',NULL,'1'),(654,880,1679,'2024-12-18 07:07:09',NULL,'1'),(655,880,1680,'2024-12-18 07:07:09',NULL,'1'),(656,880,1885,'2024-12-18 07:07:09',NULL,'1'),(657,880,1886,'2024-12-18 07:07:09',NULL,'1'),(658,880,1887,'2024-12-18 07:07:09',NULL,'1'),(659,880,1889,'2024-12-18 07:07:09',NULL,'1'),(660,880,1891,'2024-12-18 07:07:09',NULL,'1'),(661,881,1679,'2024-12-18 07:07:09',NULL,'1'),(662,881,1680,'2024-12-18 07:07:09',NULL,'1'),(663,881,1885,'2024-12-18 07:07:09',NULL,'1'),(664,881,1886,'2024-12-18 07:07:09',NULL,'1'),(665,881,1887,'2024-12-18 07:07:09',NULL,'1'),(666,881,1889,'2024-12-18 07:07:09',NULL,'1'),(667,881,1891,'2024-12-18 07:07:09',NULL,'1'),(668,882,1683,'2024-12-18 07:07:09',NULL,'1'),(669,882,2017,'2024-12-18 07:07:09',NULL,'1'),(670,882,2018,'2024-12-18 07:07:09',NULL,'1'),(671,882,2019,'2024-12-18 07:07:09',NULL,'1'),(672,882,2020,'2024-12-18 07:07:09',NULL,'1'),(673,882,2021,'2024-12-18 07:07:09',NULL,'1'),(674,883,1683,'2024-12-18 07:07:09',NULL,'1'),(675,883,2017,'2024-12-18 07:07:09',NULL,'1'),(676,883,2018,'2024-12-18 07:07:09',NULL,'1'),(677,883,2019,'2024-12-18 07:07:09',NULL,'1'),(678,883,2020,'2024-12-18 07:07:09',NULL,'1'),(679,883,2021,'2024-12-18 07:07:09',NULL,'1'),(680,884,2160,'2024-12-18 07:07:09',NULL,'1'),(681,884,2161,'2024-12-18 07:07:09',NULL,'1'),(682,884,2162,'2024-12-18 07:07:09',NULL,'1'),(683,884,2163,'2024-12-18 07:07:09',NULL,'1'),(684,884,2164,'2024-12-18 07:07:09',NULL,'1'),(685,884,2165,'2024-12-18 07:07:09',NULL,'1'),(686,884,2166,'2024-12-18 07:07:09',NULL,'1'),(687,885,1686,'2024-12-18 07:07:09',NULL,'1'),(688,885,1687,'2024-12-18 07:07:09',NULL,'1'),(689,885,1727,'2024-12-18 07:07:09',NULL,'1'),(690,885,1728,'2024-12-18 07:07:09',NULL,'1'),(691,885,1729,'2024-12-18 07:07:09',NULL,'1'),(692,885,1731,'2024-12-18 07:07:09',NULL,'1'),(693,885,1732,'2024-12-18 07:07:09',NULL,'1'),(694,886,1686,'2024-12-18 07:07:09',NULL,'1'),(695,886,1687,'2024-12-18 07:07:09',NULL,'1'),(696,886,1727,'2024-12-18 07:07:09',NULL,'1'),(697,886,1728,'2024-12-18 07:07:09',NULL,'1'),(698,886,1729,'2024-12-18 07:07:09',NULL,'1'),(699,886,1731,'2024-12-18 07:07:10',NULL,'1'),(700,886,1732,'2024-12-18 07:07:10',NULL,'1'),(701,887,1701,'2024-12-18 07:07:10',NULL,'1'),(702,887,1706,'2024-12-18 07:07:10',NULL,'1'),(703,887,1707,'2024-12-18 07:07:10',NULL,'1'),(704,887,1714,'2024-12-18 07:07:10',NULL,'1'),(705,887,1715,'2024-12-18 07:07:10',NULL,'1'),(706,887,1717,'2024-12-18 07:07:10',NULL,'1'),(707,887,1719,'2024-12-18 07:07:10',NULL,'1'),(708,888,1701,'2024-12-18 07:07:10',NULL,'1'),(709,888,1706,'2024-12-18 07:07:10',NULL,'1'),(710,888,1707,'2024-12-18 07:07:10',NULL,'1'),(711,888,1714,'2024-12-18 07:07:10',NULL,'1'),(712,888,1715,'2024-12-18 07:07:10',NULL,'1'),(713,888,1717,'2024-12-18 07:07:10',NULL,'1'),(714,888,1719,'2024-12-18 07:07:10',NULL,'1'),(715,889,1716,'2024-12-18 07:07:10',NULL,'1'),(716,889,1718,'2024-12-18 07:07:10',NULL,'1'),(717,889,1720,'2024-12-18 07:07:10',NULL,'1'),(718,889,1900,'2024-12-18 07:07:10',NULL,'1'),(719,889,1901,'2024-12-18 07:07:10',NULL,'1'),(720,889,1904,'2024-12-18 07:07:10',NULL,'1'),(721,889,1905,'2024-12-18 07:07:10',NULL,'1'),(722,889,1906,'2024-12-18 07:07:10',NULL,'1'),(723,889,1908,'2024-12-18 07:07:10',NULL,'1'),(724,890,1730,'2024-12-18 07:07:10',NULL,'1'),(725,890,1733,'2024-12-18 07:07:10',NULL,'1'),(726,890,1909,'2024-12-18 07:07:10',NULL,'1'),(727,890,1911,'2024-12-18 07:07:10',NULL,'1'),(728,890,1912,'2024-12-18 07:07:10',NULL,'1'),(729,890,1913,'2024-12-18 07:07:10',NULL,'1'),(730,890,1914,'2024-12-18 07:07:10',NULL,'1'),(731,890,1916,'2024-12-18 07:07:10',NULL,'1'),(732,891,1734,'2024-12-18 07:07:10',NULL,'1'),(733,891,1739,'2024-12-18 07:07:10',NULL,'1'),(734,891,2029,'2024-12-18 07:07:10',NULL,'1'),(735,891,2030,'2024-12-18 07:07:10',NULL,'1'),(736,891,2031,'2024-12-18 07:07:10',NULL,'1'),(737,891,2032,'2024-12-18 07:07:10',NULL,'1'),(738,892,1734,'2024-12-18 07:07:10',NULL,'1'),(739,892,1739,'2024-12-18 07:07:10',NULL,'1'),(740,892,2029,'2024-12-18 07:07:10',NULL,'1'),(741,892,2030,'2024-12-18 07:07:10',NULL,'1'),(742,892,2031,'2024-12-18 07:07:10',NULL,'1'),(743,892,2032,'2024-12-18 07:07:10',NULL,'1'),(744,893,1666,'2024-12-18 07:07:11',NULL,'1'),(745,893,1668,'2024-12-18 07:07:11',NULL,'1'),(746,893,1670,'2024-12-18 07:07:11',NULL,'1'),(747,893,1671,'2024-12-18 07:07:11',NULL,'1'),(748,893,1751,'2024-12-18 07:07:11',NULL,'1'),(749,893,1752,'2024-12-18 07:07:11',NULL,'1'),(750,893,1753,'2024-12-18 07:07:11',NULL,'1'),(751,894,1721,'2024-12-18 07:07:11',NULL,'1'),(752,894,1722,'2024-12-18 07:07:11',NULL,'1'),(753,894,1723,'2024-12-18 07:07:11',NULL,'1'),(754,894,1724,'2024-12-18 07:07:11',NULL,'1'),(755,894,1725,'2024-12-18 07:07:11',NULL,'1'),(756,894,1726,'2024-12-18 07:07:11',NULL,'1'),(757,894,1757,'2024-12-18 07:07:11',NULL,'1'),(758,895,1721,'2024-12-18 07:07:11',NULL,'1'),(759,895,1722,'2024-12-18 07:07:11',NULL,'1'),(760,895,1723,'2024-12-18 07:07:11',NULL,'1'),(761,895,1724,'2024-12-18 07:07:11',NULL,'1'),(762,895,1725,'2024-12-18 07:07:11',NULL,'1'),(763,895,1726,'2024-12-18 07:07:11',NULL,'1'),(764,895,1757,'2024-12-18 07:07:11',NULL,'1'),(765,896,1721,'2024-12-18 07:07:11',NULL,'1'),(766,896,1722,'2024-12-18 07:07:11',NULL,'1'),(767,896,1723,'2024-12-18 07:07:11',NULL,'1'),(768,896,1724,'2024-12-18 07:07:11',NULL,'1'),(769,896,1725,'2024-12-18 07:07:11',NULL,'1'),(770,896,1726,'2024-12-18 07:07:11',NULL,'1'),(771,896,1757,'2024-12-18 07:07:11',NULL,'1'),(772,897,1721,'2024-12-18 07:07:11',NULL,'1'),(773,897,1722,'2024-12-18 07:07:11',NULL,'1'),(774,897,1723,'2024-12-18 07:07:11',NULL,'1'),(775,897,1724,'2024-12-18 07:07:11',NULL,'1'),(776,897,1725,'2024-12-18 07:07:11',NULL,'1'),(777,897,1726,'2024-12-18 07:07:11',NULL,'1'),(778,897,1757,'2024-12-18 07:07:11',NULL,'1'),(779,898,1721,'2024-12-18 07:07:11',NULL,'1'),(780,898,1722,'2024-12-18 07:07:11',NULL,'1'),(781,898,1723,'2024-12-18 07:07:11',NULL,'1'),(782,898,1724,'2024-12-18 07:07:11',NULL,'1'),(783,898,1725,'2024-12-18 07:07:11',NULL,'1'),(784,898,1726,'2024-12-18 07:07:11',NULL,'1'),(785,898,1757,'2024-12-18 07:07:11',NULL,'1'),(786,899,1721,'2024-12-18 07:07:11',NULL,'1'),(787,899,1722,'2024-12-18 07:07:11',NULL,'1'),(788,899,1723,'2024-12-18 07:07:11',NULL,'1'),(789,899,1724,'2024-12-18 07:07:11',NULL,'1'),(790,899,1725,'2024-12-18 07:07:12',NULL,'1'),(791,899,1726,'2024-12-18 07:07:12',NULL,'1'),(792,899,1757,'2024-12-18 07:07:12',NULL,'1'),(793,900,1721,'2024-12-18 07:07:12',NULL,'1'),(794,900,1722,'2024-12-18 07:07:12',NULL,'1'),(795,900,1723,'2024-12-18 07:07:12',NULL,'1'),(796,900,1724,'2024-12-18 07:07:12',NULL,'1'),(797,900,1725,'2024-12-18 07:07:12',NULL,'1'),(798,900,1726,'2024-12-18 07:07:12',NULL,'1'),(799,900,1757,'2024-12-18 07:07:12',NULL,'1'),(800,901,1721,'2024-12-18 07:07:12',NULL,'1'),(801,901,1722,'2024-12-18 07:07:12',NULL,'1'),(802,901,1723,'2024-12-18 07:07:12',NULL,'1'),(803,901,1724,'2024-12-18 07:07:12',NULL,'1'),(804,901,1725,'2024-12-18 07:07:12',NULL,'1'),(805,901,1726,'2024-12-18 07:07:12',NULL,'1'),(806,901,1757,'2024-12-18 07:07:12',NULL,'1'),(807,902,1721,'2024-12-18 07:07:12',NULL,'1'),(808,902,1722,'2024-12-18 07:07:12',NULL,'1'),(809,902,1723,'2024-12-18 07:07:12',NULL,'1'),(810,902,1724,'2024-12-18 07:07:12',NULL,'1'),(811,902,1725,'2024-12-18 07:07:12',NULL,'1'),(812,902,1726,'2024-12-18 07:07:12',NULL,'1'),(813,902,1757,'2024-12-18 07:07:12',NULL,'1'),(814,903,1763,'2024-12-18 07:07:12',NULL,'1'),(815,903,1828,'2024-12-18 07:07:12',NULL,'1'),(816,903,1829,'2024-12-18 07:07:12',NULL,'1'),(817,903,1830,'2024-12-18 07:07:12',NULL,'1'),(818,903,1832,'2024-12-18 07:07:12',NULL,'1'),(819,903,1833,'2024-12-18 07:07:12',NULL,'1'),(820,903,1834,'2024-12-18 07:07:12',NULL,'1'),(821,903,1835,'2024-12-18 07:07:12',NULL,'1'),(822,904,1769,'2024-12-18 07:07:12',NULL,'1'),(823,904,1774,'2024-12-18 07:07:12',NULL,'1'),(824,904,1917,'2024-12-18 07:07:12',NULL,'1'),(825,904,1918,'2024-12-18 07:07:12',NULL,'1'),(826,904,1951,'2024-12-18 07:07:12',NULL,'1'),(827,904,1952,'2024-12-18 07:07:12',NULL,'1'),(828,904,1954,'2024-12-18 07:07:12',NULL,'1'),(829,904,1955,'2024-12-18 07:07:12',NULL,'1'),(830,905,1769,'2024-12-18 07:07:12',NULL,'1'),(831,905,1774,'2024-12-18 07:07:12',NULL,'1'),(832,905,1917,'2024-12-18 07:07:12',NULL,'1'),(833,905,1918,'2024-12-18 07:07:12',NULL,'1'),(834,905,1951,'2024-12-18 07:07:12',NULL,'1'),(835,905,1952,'2024-12-18 07:07:12',NULL,'1'),(836,905,1954,'2024-12-18 07:07:12',NULL,'1'),(837,905,1955,'2024-12-18 07:07:13',NULL,'1'),(838,906,1769,'2024-12-18 07:07:13',NULL,'1'),(839,906,1774,'2024-12-18 07:07:13',NULL,'1'),(840,906,1917,'2024-12-18 07:07:13',NULL,'1'),(841,906,1918,'2024-12-18 07:07:13',NULL,'1'),(842,906,1951,'2024-12-18 07:07:13',NULL,'1'),(843,906,1952,'2024-12-18 07:07:13',NULL,'1'),(844,906,1954,'2024-12-18 07:07:13',NULL,'1'),(845,906,1955,'2024-12-18 07:07:13',NULL,'1'),(846,907,1769,'2024-12-18 07:07:13',NULL,'1'),(847,907,1774,'2024-12-18 07:07:13',NULL,'1'),(848,907,1917,'2024-12-18 07:07:13',NULL,'1'),(849,907,1918,'2024-12-18 07:07:13',NULL,'1'),(850,907,1951,'2024-12-18 07:07:13',NULL,'1'),(851,907,1952,'2024-12-18 07:07:13',NULL,'1'),(852,907,1954,'2024-12-18 07:07:13',NULL,'1'),(853,907,1955,'2024-12-18 07:07:13',NULL,'1'),(854,908,1769,'2024-12-18 07:07:13',NULL,'1'),(855,908,1774,'2024-12-18 07:07:13',NULL,'1'),(856,908,1917,'2024-12-18 07:07:13',NULL,'1'),(857,908,1918,'2024-12-18 07:07:13',NULL,'1'),(858,908,1951,'2024-12-18 07:07:13',NULL,'1'),(859,908,1952,'2024-12-18 07:07:13',NULL,'1'),(860,908,1954,'2024-12-18 07:07:13',NULL,'1'),(861,908,1955,'2024-12-18 07:07:13',NULL,'1'),(862,909,1769,'2024-12-18 07:07:13',NULL,'1'),(863,909,1774,'2024-12-18 07:07:13',NULL,'1'),(864,909,1917,'2024-12-18 07:07:13',NULL,'1'),(865,909,1918,'2024-12-18 07:07:13',NULL,'1'),(866,909,1951,'2024-12-18 07:07:13',NULL,'1'),(867,909,1952,'2024-12-18 07:07:13',NULL,'1'),(868,909,1954,'2024-12-18 07:07:13',NULL,'1'),(869,909,1955,'2024-12-18 07:07:13',NULL,'1'),(870,910,1769,'2024-12-18 07:07:13',NULL,'1'),(871,910,1774,'2024-12-18 07:07:13',NULL,'1'),(872,910,1917,'2024-12-18 07:07:13',NULL,'1'),(873,910,1918,'2024-12-18 07:07:13',NULL,'1'),(874,910,1951,'2024-12-18 07:07:13',NULL,'1'),(875,910,1952,'2024-12-18 07:07:13',NULL,'1'),(876,910,1954,'2024-12-18 07:07:13',NULL,'1'),(877,910,1955,'2024-12-18 07:07:13',NULL,'1'),(878,911,1775,'2024-12-18 07:07:13',NULL,'1'),(879,911,1971,'2024-12-18 07:07:13',NULL,'1'),(880,911,1973,'2024-12-18 07:07:13',NULL,'1'),(881,911,1974,'2024-12-18 07:07:13',NULL,'1'),(882,911,1975,'2024-12-18 07:07:13',NULL,'1'),(883,911,1976,'2024-12-18 07:07:13',NULL,'1'),(884,912,2022,'2024-12-18 07:07:14',NULL,'1'),(885,912,2023,'2024-12-18 07:07:14',NULL,'1'),(886,912,2024,'2024-12-18 07:07:14',NULL,'1'),(887,912,2025,'2024-12-18 07:07:14',NULL,'1'),(888,912,2026,'2024-12-18 07:07:14',NULL,'1'),(889,913,2022,'2024-12-18 07:07:14',NULL,'1'),(890,913,2023,'2024-12-18 07:07:14',NULL,'1'),(891,913,2024,'2024-12-18 07:07:14',NULL,'1'),(892,913,2025,'2024-12-18 07:07:14',NULL,'1'),(893,913,2026,'2024-12-18 07:07:14',NULL,'1'),(894,914,2022,'2024-12-18 07:07:14',NULL,'1'),(895,914,2023,'2024-12-18 07:07:14',NULL,'1'),(896,914,2024,'2024-12-18 07:07:14',NULL,'1'),(897,914,2025,'2024-12-18 07:07:14',NULL,'1'),(898,914,2026,'2024-12-18 07:07:14',NULL,'1'),(899,915,2022,'2024-12-18 07:07:14',NULL,'1'),(900,915,2023,'2024-12-18 07:07:14',NULL,'1'),(901,915,2024,'2024-12-18 07:07:14',NULL,'1'),(902,915,2025,'2024-12-18 07:07:14',NULL,'1'),(903,915,2026,'2024-12-18 07:07:14',NULL,'1'),(904,916,2022,'2024-12-18 07:07:14',NULL,'1'),(905,916,2023,'2024-12-18 07:07:14',NULL,'1'),(906,916,2024,'2024-12-18 07:07:14',NULL,'1'),(907,916,2025,'2024-12-18 07:07:14',NULL,'1'),(908,916,2026,'2024-12-18 07:07:14',NULL,'1'),(909,917,2121,'2024-12-18 07:07:14',NULL,'1'),(910,917,2122,'2024-12-18 07:07:14',NULL,'1'),(911,917,2123,'2024-12-18 07:07:14',NULL,'1'),(912,917,2124,'2024-12-18 07:07:14',NULL,'1'),(913,917,2125,'2024-12-18 07:07:14',NULL,'1'),(914,917,2126,'2024-12-18 07:07:14',NULL,'1'),(915,917,2127,'2024-12-18 07:07:14',NULL,'1'),(916,918,1735,'2024-12-18 07:07:14',NULL,'1'),(917,918,1736,'2024-12-18 07:07:14',NULL,'1'),(918,918,1737,'2024-12-18 07:07:14',NULL,'1'),(919,918,1738,'2024-12-18 07:07:14',NULL,'1'),(920,918,1740,'2024-12-18 07:07:14',NULL,'1'),(921,918,1795,'2024-12-18 07:07:14',NULL,'1'),(922,918,1796,'2024-12-18 07:07:14',NULL,'1'),(923,919,1735,'2024-12-18 07:07:14',NULL,'1'),(924,919,1736,'2024-12-18 07:07:14',NULL,'1'),(925,919,1737,'2024-12-18 07:07:14',NULL,'1'),(926,919,1738,'2024-12-18 07:07:14',NULL,'1'),(927,919,1740,'2024-12-18 07:07:14',NULL,'1'),(928,919,1795,'2024-12-18 07:07:14',NULL,'1'),(929,919,1796,'2024-12-18 07:07:14',NULL,'1'),(930,920,1807,'2024-12-18 07:07:15',NULL,'1'),(931,920,1821,'2024-12-18 07:07:15',NULL,'1'),(932,920,1831,'2024-12-18 07:07:15',NULL,'1'),(933,920,1839,'2024-12-18 07:07:15',NULL,'1'),(934,920,1920,'2024-12-18 07:07:15',NULL,'1'),(935,920,1923,'2024-12-18 07:07:15',NULL,'1'),(936,920,1924,'2024-12-18 07:07:15',NULL,'1'),(937,920,1926,'2024-12-18 07:07:15',NULL,'1'),(938,920,1927,'2024-12-18 07:07:15',NULL,'1'),(939,921,1807,'2024-12-18 07:07:15',NULL,'1'),(940,921,1821,'2024-12-18 07:07:15',NULL,'1'),(941,921,1831,'2024-12-18 07:07:15',NULL,'1'),(942,921,1839,'2024-12-18 07:07:15',NULL,'1'),(943,921,1920,'2024-12-18 07:07:15',NULL,'1'),(944,921,1923,'2024-12-18 07:07:15',NULL,'1'),(945,921,1924,'2024-12-18 07:07:15',NULL,'1'),(946,921,1926,'2024-12-18 07:07:15',NULL,'1'),(947,921,1927,'2024-12-18 07:07:15',NULL,'1'),(948,922,1849,'2024-12-18 07:07:15',NULL,'1'),(949,922,1852,'2024-12-18 07:07:15',NULL,'1'),(950,922,1863,'2024-12-18 07:07:15',NULL,'1'),(951,922,2041,'2024-12-18 07:07:15',NULL,'1'),(952,922,2042,'2024-12-18 07:07:15',NULL,'1'),(953,922,2044,'2024-12-18 07:07:15',NULL,'1'),(954,923,1864,'2024-12-18 07:07:15',NULL,'1'),(955,923,2141,'2024-12-18 07:07:15',NULL,'1'),(956,923,2142,'2024-12-18 07:07:15',NULL,'1'),(957,923,2143,'2024-12-18 07:07:15',NULL,'1'),(958,923,2144,'2024-12-18 07:07:15',NULL,'1'),(959,923,2146,'2024-12-18 07:07:15',NULL,'1'),(960,924,1742,'2024-12-18 07:07:15',NULL,'1'),(961,924,1743,'2024-12-18 07:07:15',NULL,'1'),(962,924,1744,'2024-12-18 07:07:15',NULL,'1'),(963,924,1745,'2024-12-18 07:07:15',NULL,'1'),(964,924,1746,'2024-12-18 07:07:15',NULL,'1'),(965,924,1879,'2024-12-18 07:07:15',NULL,'1'),(966,924,1880,'2024-12-18 07:07:15',NULL,'1'),(967,925,1742,'2024-12-18 07:07:15',NULL,'1'),(968,925,1743,'2024-12-18 07:07:15',NULL,'1'),(969,925,1744,'2024-12-18 07:07:15',NULL,'1'),(970,925,1745,'2024-12-18 07:07:15',NULL,'1'),(971,925,1746,'2024-12-18 07:07:15',NULL,'1'),(972,925,1879,'2024-12-18 07:07:15',NULL,'1'),(973,925,1880,'2024-12-18 07:07:15',NULL,'1'),(974,926,1902,'2024-12-18 07:07:15',NULL,'1'),(975,926,1903,'2024-12-18 07:07:15',NULL,'1'),(976,926,1907,'2024-12-18 07:07:16',NULL,'1'),(977,926,1910,'2024-12-18 07:07:16',NULL,'1'),(978,926,1915,'2024-12-18 07:07:16',NULL,'1'),(979,926,1928,'2024-12-18 07:07:16',NULL,'1'),(980,926,1929,'2024-12-18 07:07:16',NULL,'1'),(981,926,1934,'2024-12-18 07:07:16',NULL,'1'),(982,927,1902,'2024-12-18 07:07:16',NULL,'1'),(983,927,1903,'2024-12-18 07:07:16',NULL,'1'),(984,927,1907,'2024-12-18 07:07:16',NULL,'1'),(985,927,1910,'2024-12-18 07:07:16',NULL,'1'),(986,927,1915,'2024-12-18 07:07:16',NULL,'1'),(987,927,1928,'2024-12-18 07:07:16',NULL,'1'),(988,927,1929,'2024-12-18 07:07:16',NULL,'1'),(989,927,1934,'2024-12-18 07:07:16',NULL,'1'),(990,928,1919,'2024-12-18 07:07:16',NULL,'1'),(991,928,1921,'2024-12-18 07:07:16',NULL,'1'),(992,928,1997,'2024-12-18 07:07:16',NULL,'1'),(993,928,1998,'2024-12-18 07:07:16',NULL,'1'),(994,928,2001,'2024-12-18 07:07:16',NULL,'1'),(995,928,2002,'2024-12-18 07:07:16',NULL,'1'),(996,929,1922,'2024-12-18 07:07:16',NULL,'1'),(997,929,1925,'2024-12-18 07:07:16',NULL,'1'),(998,929,2046,'2024-12-18 07:07:16',NULL,'1'),(999,929,2048,'2024-12-18 07:07:16',NULL,'1'),(1000,929,2049,'2024-12-18 07:07:16',NULL,'1'),(1001,929,2050,'2024-12-18 07:07:16',NULL,'1'),(1002,930,1922,'2024-12-18 07:07:16',NULL,'1'),(1003,930,1925,'2024-12-18 07:07:16',NULL,'1'),(1004,930,2046,'2024-12-18 07:07:16',NULL,'1'),(1005,930,2048,'2024-12-18 07:07:16',NULL,'1'),(1006,930,2049,'2024-12-18 07:07:16',NULL,'1'),(1007,930,2050,'2024-12-18 07:07:16',NULL,'1'),(1008,931,1931,'2024-12-18 07:07:16',NULL,'1'),(1009,931,2147,'2024-12-18 07:07:16',NULL,'1'),(1010,931,2148,'2024-12-18 07:07:16',NULL,'1'),(1011,931,2150,'2024-12-18 07:07:16',NULL,'1'),(1012,931,2151,'2024-12-18 07:07:16',NULL,'1'),(1013,931,2152,'2024-12-18 07:07:16',NULL,'1'),(1014,932,1702,'2024-12-18 07:07:16',NULL,'1'),(1015,932,1703,'2024-12-18 07:07:16',NULL,'1'),(1016,932,1704,'2024-12-18 07:07:16',NULL,'1'),(1017,932,1705,'2024-12-18 07:07:16',NULL,'1'),(1018,932,1939,'2024-12-18 07:07:16',NULL,'1'),(1019,932,1941,'2024-12-18 07:07:16',NULL,'1'),(1020,932,1944,'2024-12-18 07:07:16',NULL,'1'),(1021,933,1702,'2024-12-18 07:07:16',NULL,'1'),(1022,933,1703,'2024-12-18 07:07:16',NULL,'1'),(1023,933,1704,'2024-12-18 07:07:17',NULL,'1'),(1024,933,1705,'2024-12-18 07:07:17',NULL,'1'),(1025,933,1939,'2024-12-18 07:07:17',NULL,'1'),(1026,933,1941,'2024-12-18 07:07:17',NULL,'1'),(1027,933,1944,'2024-12-18 07:07:17',NULL,'1'),(1028,934,1702,'2024-12-18 07:07:17',NULL,'1'),(1029,934,1703,'2024-12-18 07:07:17',NULL,'1'),(1030,934,1704,'2024-12-18 07:07:17',NULL,'1'),(1031,934,1705,'2024-12-18 07:07:17',NULL,'1'),(1032,934,1939,'2024-12-18 07:07:17',NULL,'1'),(1033,934,1941,'2024-12-18 07:07:17',NULL,'1'),(1034,934,1944,'2024-12-18 07:07:17',NULL,'1'),(1035,935,1877,'2024-12-18 07:07:17',NULL,'1'),(1036,935,1883,'2024-12-18 07:07:17',NULL,'1'),(1037,935,1884,'2024-12-18 07:07:17',NULL,'1'),(1038,935,1956,'2024-12-18 07:07:17',NULL,'1'),(1039,935,1958,'2024-12-18 07:07:17',NULL,'1'),(1040,935,1972,'2024-12-18 07:07:17',NULL,'1'),(1041,935,1986,'2024-12-18 07:07:17',NULL,'1'),(1042,935,1999,'2024-12-18 07:07:17',NULL,'1'),(1043,936,1877,'2024-12-18 07:07:17',NULL,'1'),(1044,936,1883,'2024-12-18 07:07:17',NULL,'1'),(1045,936,1884,'2024-12-18 07:07:17',NULL,'1'),(1046,936,1956,'2024-12-18 07:07:17',NULL,'1'),(1047,936,1958,'2024-12-18 07:07:17',NULL,'1'),(1048,936,1972,'2024-12-18 07:07:17',NULL,'1'),(1049,936,1986,'2024-12-18 07:07:17',NULL,'1'),(1050,936,1999,'2024-12-18 07:07:17',NULL,'1'),(1051,937,1877,'2024-12-18 07:07:17',NULL,'1'),(1052,937,1883,'2024-12-18 07:07:17',NULL,'1'),(1053,937,1884,'2024-12-18 07:07:17',NULL,'1'),(1054,937,1956,'2024-12-18 07:07:17',NULL,'1'),(1055,937,1958,'2024-12-18 07:07:17',NULL,'1'),(1056,937,1972,'2024-12-18 07:07:17',NULL,'1'),(1057,937,1986,'2024-12-18 07:07:17',NULL,'1'),(1058,937,1999,'2024-12-18 07:07:17',NULL,'1'),(1059,938,1957,'2024-12-18 07:07:17',NULL,'1'),(1060,938,1959,'2024-12-18 07:07:17',NULL,'1'),(1061,938,1960,'2024-12-18 07:07:17',NULL,'1'),(1062,938,1961,'2024-12-18 07:07:17',NULL,'1'),(1063,938,1962,'2024-12-18 07:07:17',NULL,'1'),(1064,938,1963,'2024-12-18 07:07:17',NULL,'1'),(1065,938,1964,'2024-12-18 07:07:17',NULL,'1'),(1066,938,2000,'2024-12-18 07:07:17',NULL,'1'),(1067,939,2006,'2024-12-18 07:07:17',NULL,'1'),(1068,939,2011,'2024-12-18 07:07:17',NULL,'1'),(1069,939,2012,'2024-12-18 07:07:17',NULL,'1'),(1070,939,2013,'2024-12-18 07:07:17',NULL,'1'),(1071,939,2014,'2024-12-18 07:07:17',NULL,'1'),(1072,939,2015,'2024-12-18 07:07:17',NULL,'1'),(1073,939,2016,'2024-12-18 07:07:18',NULL,'1'),(1074,940,2006,'2024-12-18 07:07:18',NULL,'1'),(1075,940,2011,'2024-12-18 07:07:18',NULL,'1'),(1076,940,2012,'2024-12-18 07:07:18',NULL,'1'),(1077,940,2013,'2024-12-18 07:07:18',NULL,'1'),(1078,940,2014,'2024-12-18 07:07:18',NULL,'1'),(1079,940,2015,'2024-12-18 07:07:18',NULL,'1'),(1080,940,2016,'2024-12-18 07:07:18',NULL,'1'),(1081,941,2006,'2024-12-18 07:07:18',NULL,'1'),(1082,941,2011,'2024-12-18 07:07:18',NULL,'1'),(1083,941,2012,'2024-12-18 07:07:18',NULL,'1'),(1084,941,2013,'2024-12-18 07:07:18',NULL,'1'),(1085,941,2014,'2024-12-18 07:07:18',NULL,'1'),(1086,941,2015,'2024-12-18 07:07:18',NULL,'1'),(1087,941,2016,'2024-12-18 07:07:18',NULL,'1'),(1088,942,2106,'2024-12-18 07:07:18',NULL,'1'),(1089,942,2107,'2024-12-18 07:07:18',NULL,'1'),(1090,942,2108,'2024-12-18 07:07:18',NULL,'1'),(1091,942,2109,'2024-12-18 07:07:18',NULL,'1'),(1092,942,2110,'2024-12-18 07:07:18',NULL,'1'),(1093,942,2111,'2024-12-18 07:07:18',NULL,'1'),(1094,942,2112,'2024-12-18 07:07:18',NULL,'1'),(1095,942,2113,'2024-12-18 07:07:18',NULL,'1'),(1096,943,1688,'2024-12-18 07:07:18',NULL,'1'),(1097,943,2004,'2024-12-18 07:07:18',NULL,'1'),(1098,943,2005,'2024-12-18 07:07:18',NULL,'1'),(1099,943,2007,'2024-12-18 07:07:18',NULL,'1'),(1100,943,2008,'2024-12-18 07:07:18',NULL,'1'),(1101,943,2009,'2024-12-18 07:07:18',NULL,'1'),(1102,943,2039,'2024-12-18 07:07:18',NULL,'1'),(1103,944,1948,'2024-12-18 07:07:18',NULL,'1'),(1104,944,1950,'2024-12-18 07:07:18',NULL,'1'),(1105,944,1984,'2024-12-18 07:07:18',NULL,'1'),(1106,944,1985,'2024-12-18 07:07:18',NULL,'1'),(1107,945,1805,'2024-12-18 07:07:18',NULL,'1'),(1108,945,2027,'2024-12-18 07:07:18',NULL,'1'),(1109,945,2028,'2024-12-18 07:07:18',NULL,'1'),(1110,945,2043,'2024-12-18 07:07:18',NULL,'1'),(1111,945,2045,'2024-12-18 07:07:18',NULL,'1'),(1112,945,2047,'2024-12-18 07:07:18',NULL,'1'),(1113,945,2051,'2024-12-18 07:07:18',NULL,'1'),(1114,946,1805,'2024-12-18 07:07:18',NULL,'1'),(1115,946,2027,'2024-12-18 07:07:18',NULL,'1'),(1116,946,2028,'2024-12-18 07:07:19',NULL,'1'),(1117,946,2043,'2024-12-18 07:07:19',NULL,'1'),(1118,946,2045,'2024-12-18 07:07:19',NULL,'1'),(1119,946,2047,'2024-12-18 07:07:19',NULL,'1'),(1120,946,2051,'2024-12-18 07:07:19',NULL,'1'),(1121,947,1805,'2024-12-18 07:07:19',NULL,'1'),(1122,947,2027,'2024-12-18 07:07:19',NULL,'1'),(1123,947,2028,'2024-12-18 07:07:19',NULL,'1'),(1124,947,2043,'2024-12-18 07:07:19',NULL,'1'),(1125,947,2045,'2024-12-18 07:07:19',NULL,'1'),(1126,947,2047,'2024-12-18 07:07:19',NULL,'1'),(1127,947,2051,'2024-12-18 07:07:19',NULL,'1'),(1128,948,1857,'2024-12-18 07:07:19',NULL,'1'),(1129,948,2054,'2024-12-18 07:07:19',NULL,'1'),(1130,948,2055,'2024-12-18 07:07:19',NULL,'1'),(1131,948,2056,'2024-12-18 07:07:19',NULL,'1'),(1132,948,2060,'2024-12-18 07:07:19',NULL,'1'),(1133,948,2067,'2024-12-18 07:07:19',NULL,'1'),(1134,948,2077,'2024-12-18 07:07:19',NULL,'1'),(1135,948,2078,'2024-12-18 07:07:19',NULL,'1'),(1158,952,1987,'2024-12-18 07:07:19',NULL,'1'),(1159,952,1988,'2024-12-18 07:07:19',NULL,'1'),(1160,952,1989,'2024-12-18 07:07:19',NULL,'1'),(1161,952,2003,'2024-12-18 07:07:19',NULL,'1'),(1162,953,1689,'2024-12-18 07:07:19',NULL,'1'),(1163,953,1690,'2024-12-18 07:07:20',NULL,'1'),(1164,953,1691,'2024-12-18 07:07:20',NULL,'1'),(1165,953,1692,'2024-12-18 07:07:20',NULL,'1'),(1166,953,1749,'2024-12-18 07:07:20',NULL,'1'),(1167,953,2087,'2024-12-18 07:07:20',NULL,'1'),(1168,953,2153,'2024-12-18 07:07:20',NULL,'1'),(1169,954,1754,'2024-12-18 07:07:20',NULL,'1'),(1170,954,1804,'2024-12-18 07:07:20',NULL,'1'),(1171,954,1806,'2024-12-18 07:07:20',NULL,'1'),(1172,954,2105,'2024-12-18 07:07:20',NULL,'1'),(1173,954,2155,'2024-12-18 07:07:20',NULL,'1'),(1174,954,2158,'2024-12-18 07:07:20',NULL,'1'),(1175,955,1754,'2024-12-18 07:07:20',NULL,'1'),(1176,955,1804,'2024-12-18 07:07:20',NULL,'1'),(1177,955,1806,'2024-12-18 07:07:20',NULL,'1'),(1178,955,2105,'2024-12-18 07:07:20',NULL,'1'),(1179,955,2155,'2024-12-18 07:07:20',NULL,'1'),(1180,955,2158,'2024-12-18 07:07:20',NULL,'1'),(1181,956,1858,'2024-12-18 07:07:20',NULL,'1'),(1182,956,1859,'2024-12-18 07:07:20',NULL,'1'),(1183,956,1860,'2024-12-18 07:07:20',NULL,'1'),(1184,956,1861,'2024-12-18 07:07:20',NULL,'1'),(1185,956,1862,'2024-12-18 07:07:20',NULL,'1'),(1186,956,2145,'2024-12-18 07:07:20',NULL,'1'),(1187,957,2038,'2024-12-18 07:07:20',NULL,'1'),(1188,957,2169,'2024-12-18 07:07:20',NULL,'1'),(1189,957,2170,'2024-12-18 07:07:20',NULL,'1'),(1190,957,2171,'2024-12-18 07:07:20',NULL,'1'),(1191,957,2172,'2024-12-18 07:07:20',NULL,'1'),(1192,957,2173,'2024-12-18 07:07:20',NULL,'1'),(1193,957,2174,'2024-12-18 07:07:20',NULL,'1'),(1194,958,1940,'2024-12-18 07:07:20',NULL,'1'),(1195,958,1942,'2024-12-18 07:07:20',NULL,'1'),(1196,958,1943,'2024-12-18 07:07:20',NULL,'1'),(1197,958,1945,'2024-12-18 07:07:20',NULL,'1'),(1198,958,1946,'2024-12-18 07:07:20',NULL,'1'),(1199,958,1947,'2024-12-18 07:07:20',NULL,'1'),(1214,961,2040,'2024-12-18 17:03:03',NULL,'1'),(1215,961,2083,'2024-12-18 17:03:03',NULL,'1'),(1216,961,2084,'2024-12-18 17:03:03',NULL,'1'),(1217,961,2085,'2024-12-18 17:03:03',NULL,'1'),(1218,961,2086,'2024-12-18 17:03:03',NULL,'1'),(1219,961,2088,'2024-12-18 17:03:03',NULL,'1'),(1220,961,2097,'2024-12-18 17:03:03',NULL,'1'),(1221,962,2040,'2024-12-18 17:03:03',NULL,'1'),(1222,962,2083,'2024-12-18 17:03:03',NULL,'1'),(1223,962,2084,'2024-12-18 17:03:03',NULL,'1'),(1224,962,2085,'2024-12-18 17:03:03',NULL,'1'),(1225,962,2086,'2024-12-18 17:03:03',NULL,'1'),(1226,962,2088,'2024-12-18 17:03:03',NULL,'1'),(1227,962,2097,'2024-12-18 17:03:03',NULL,'1'),(1228,963,2052,'2024-12-18 17:03:03',NULL,'1'),(1229,963,2128,'2024-12-18 17:03:03',NULL,'1'),(1230,963,2129,'2024-12-18 17:03:03',NULL,'1'),(1231,963,2135,'2024-12-18 17:03:03',NULL,'1'),(1232,963,2136,'2024-12-18 17:03:03',NULL,'1'),(1233,963,2139,'2024-12-18 17:03:03',NULL,'1'),(1234,963,2140,'2024-12-18 17:03:03',NULL,'1'),(1235,964,2052,'2024-12-18 17:03:03',NULL,'1'),(1236,964,2128,'2024-12-18 17:03:03',NULL,'1'),(1237,964,2129,'2024-12-18 17:03:04',NULL,'1'),(1238,964,2135,'2024-12-18 17:03:04',NULL,'1'),(1239,964,2136,'2024-12-18 17:03:04',NULL,'1'),(1240,964,2139,'2024-12-18 17:03:04',NULL,'1'),(1241,964,2140,'2024-12-18 17:03:04',NULL,'1');

--
-- Table structure for table `groups`
--

CREATE TABLE `groups` (
  `group_id` int NOT NULL AUTO_INCREMENT,
  `group_name` varchar(255) COLLATE utf8mb4_spanish_ci NOT NULL,
  `program_id` int DEFAULT NULL,
  `area` varchar(255) COLLATE utf8mb4_spanish_ci DEFAULT NULL,
  `term_id` int DEFAULT NULL,
  `volume` int DEFAULT NULL,
  `turn_id` int DEFAULT NULL,
  `classroom_assigned` int DEFAULT NULL,
  `lab_assigned` int DEFAULT NULL,
  `fyh_creacion` datetime DEFAULT NULL,
  `fyh_actualizacion` datetime DEFAULT NULL,
  `estado` varchar(11) COLLATE utf8mb4_spanish_ci DEFAULT NULL,
  PRIMARY KEY (`group_id`),
  KEY `program_id` (`program_id`),
  KEY `area` (`area`),
  KEY `term_id` (`term_id`),
  KEY `turn_id` (`turn_id`),
  KEY `classroom_assigned` (`classroom_assigned`),
  KEY `lab_assigned` (`lab_assigned`),
  CONSTRAINT `groups_ibfk_1` FOREIGN KEY (`program_id`) REFERENCES `programs` (`program_id`),
  CONSTRAINT `groups_ibfk_2` FOREIGN KEY (`area`) REFERENCES `programs` (`area`),
  CONSTRAINT `groups_ibfk_3` FOREIGN KEY (`term_id`) REFERENCES `terms` (`term_id`),
  CONSTRAINT `groups_ibfk_4` FOREIGN KEY (`turn_id`) REFERENCES `shifts` (`shift_id`),
  CONSTRAINT `groups_ibfk_5` FOREIGN KEY (`classroom_assigned`) REFERENCES `classrooms` (`classroom_id`),
  CONSTRAINT `groups_ibfk_6` FOREIGN KEY (`lab_assigned`) REFERENCES `labs` (`lab_id`)
) ENGINE=InnoDB AUTO_INCREMENT=965 DEFAULT CHARSET=utf8mb4 COLLATE=utf8mb4_spanish_ci;

--
-- Dumping data for table `groups`
--

INSERT INTO `groups` VALUES (872,'AFC-2A',1,'AFC',2,11,1,NULL,NULL,'2024-12-18 07:07:07',NULL,'1'),(873,'AFC-5A',2,'AFC',5,11,1,NULL,NULL,'2024-12-18 07:07:07',NULL,'1'),(874,'DMI-2A',4,'DMI',2,26,1,NULL,NULL,'2024-12-18 07:07:07',NULL,'1'),(875,'DMI-2B',4,'DMI',2,25,1,NULL,NULL,'2024-12-18 07:07:08',NULL,'1'),(876,'DMI-2C',4,'DMI',2,22,2,NULL,NULL,'2024-12-18 07:07:08',NULL,'1'),(877,'DMI-2D',4,'DMI',2,22,2,NULL,NULL,'2024-12-18 07:07:08',NULL,'1'),(878,'DMI-4A',4,'DMI',4,12,2,NULL,NULL,'2024-12-18 07:07:08',NULL,'1'),(879,'DMI-5A',4,'DMI',5,20,1,NULL,NULL,'2024-12-18 07:07:08',NULL,'1'),(880,'DMI-5B',4,'DMI',5,20,1,NULL,NULL,'2024-12-18 07:07:08',NULL,'1'),(881,'DMI-5C',4,'DMI',5,20,2,NULL,NULL,'2024-12-18 07:07:09',NULL,'1'),(882,'DMI-8A',4,'DMI',8,30,6,NULL,NULL,'2024-12-18 07:07:09',NULL,'1'),(883,'DMI-8B',4,'DMI',8,27,6,NULL,NULL,'2024-12-18 07:07:09',NULL,'1'),(884,'EMV-2A',28,'EMV',2,6,1,NULL,NULL,'2024-12-18 07:07:09',NULL,'1'),(885,'ENF-2A',14,'ENF',2,32,5,NULL,NULL,'2024-12-18 07:07:09',NULL,'1'),(886,'ENF-2B',14,'ENF',2,33,5,NULL,NULL,'2024-12-18 07:07:09',NULL,'1'),(887,'ERV-2A',8,'ERV',2,16,1,NULL,NULL,'2024-12-18 07:07:10',NULL,'1'),(888,'ERV-2B',8,'ERV',2,5,3,NULL,NULL,'2024-12-18 07:07:10',NULL,'1'),(889,'ERV-5B',10,'ERV',5,8,3,NULL,NULL,'2024-12-18 07:07:10',NULL,'1'),(890,'ERV-5A',11,'ERV',5,8,1,NULL,NULL,'2024-12-18 07:07:10',NULL,'1'),(891,'ERV-8A',26,'ERV',8,16,6,NULL,NULL,'2024-12-18 07:07:10',NULL,'1'),(892,'ERV-8B',26,'ERV',8,12,3,NULL,NULL,'2024-12-18 07:07:10',NULL,'1'),(893,'GST-1A',12,'GST',1,20,1,NULL,NULL,'2024-12-18 07:07:10',NULL,'1'),(894,'GST-2A',12,'GST',2,28,1,NULL,NULL,'2024-12-18 07:07:11',NULL,'1'),(895,'GST-2B',12,'GST',2,29,1,NULL,NULL,'2024-12-18 07:07:11',NULL,'1'),(896,'GST-2C',12,'GST',2,30,1,NULL,NULL,'2024-12-18 07:07:11',NULL,'1'),(897,'GST-2D',12,'GST',2,33,1,NULL,NULL,'2024-12-18 07:07:11',NULL,'1'),(898,'GST-2E',12,'GST',2,32,2,NULL,NULL,'2024-12-18 07:07:11',NULL,'1'),(899,'GST-2F',12,'GST',2,32,2,NULL,NULL,'2024-12-18 07:07:11',NULL,'1'),(900,'GST-2G',12,'GST',2,32,2,NULL,NULL,'2024-12-18 07:07:12',NULL,'1'),(901,'GST-2H',12,'GST',2,32,2,NULL,NULL,'2024-12-18 07:07:12',NULL,'1'),(902,'GST-2Z',12,'GST',2,11,4,NULL,NULL,'2024-12-18 07:07:12',NULL,'1'),(903,'GST-4A',12,'GST',4,22,1,NULL,NULL,'2024-12-18 07:07:12',NULL,'1'),(904,'GST-5A',12,'GST',5,27,1,NULL,NULL,'2024-12-18 07:07:12',NULL,'1'),(905,'GST-5B',12,'GST',5,29,1,NULL,NULL,'2024-12-18 07:07:12',NULL,'1'),(906,'GST-5C',12,'GST',5,28,1,NULL,NULL,'2024-12-18 07:07:13',NULL,'1'),(907,'GST-5D',12,'GST',5,24,1,NULL,NULL,'2024-12-18 07:07:13',NULL,'1'),(908,'GST-5E',12,'GST',5,29,2,NULL,NULL,'2024-12-18 07:07:13',NULL,'1'),(909,'GST-5F',12,'GST',5,29,2,NULL,NULL,'2024-12-18 07:07:13',NULL,'1'),(910,'GST-5Z',12,'GST',5,18,4,NULL,NULL,'2024-12-18 07:07:13',NULL,'1'),(911,'GST-7A',12,'GST',7,26,6,NULL,NULL,'2024-12-18 07:07:13',NULL,'1'),(912,'GST-8A',12,'GST',8,27,6,NULL,NULL,'2024-12-18 07:07:13',NULL,'1'),(913,'GST-8B',12,'GST',8,27,6,NULL,NULL,'2024-12-18 07:07:14',NULL,'1'),(914,'GST-8C',12,'GST',8,27,6,NULL,NULL,'2024-12-18 07:07:14',NULL,'1'),(915,'GST-8D',12,'GST',8,27,7,NULL,NULL,'2024-12-18 07:07:14',NULL,'1'),(916,'GST-8Z',12,'GST',8,11,4,NULL,NULL,'2024-12-18 07:07:14',NULL,'1'),(917,'GST-10A',12,'GST',10,15,6,NULL,NULL,'2024-12-18 07:07:14',NULL,'1'),(918,'MAI-2A',15,'MAI',2,26,1,NULL,NULL,'2024-12-18 07:07:14',NULL,'1'),(919,'MAI-2B',15,'MAI',2,14,2,NULL,NULL,'2024-12-18 07:07:14',NULL,'1'),(920,'MAI-5A',15,'MAI',5,15,1,NULL,NULL,'2024-12-18 07:07:14',NULL,'1'),(921,'MAI-5B',15,'MAI',5,6,3,NULL,NULL,'2024-12-18 07:07:15',NULL,'1'),(922,'MAI-8A',15,'MAI',8,22,6,NULL,NULL,'2024-12-18 07:07:15',NULL,'1'),(923,'MAI-10A',15,'MAI',10,9,6,NULL,NULL,'2024-12-18 07:07:15',NULL,'1'),(924,'MEC-2A',16,'MEC',2,30,1,NULL,NULL,'2024-12-18 07:07:15',NULL,'1'),(925,'MEC-2B',16,'MEC',2,21,2,NULL,NULL,'2024-12-18 07:07:15',NULL,'1'),(926,'MEC-5A',16,'MEC',5,17,1,NULL,NULL,'2024-12-18 07:07:15',NULL,'1'),(927,'MEC-5B',16,'MEC',5,17,1,NULL,NULL,'2024-12-18 07:07:16',NULL,'1'),(928,'MEC-7A',16,'MEC',7,13,6,NULL,NULL,'2024-12-18 07:07:16',NULL,'1'),(929,'MEC-8A',16,'MEC',8,19,6,NULL,NULL,'2024-12-18 07:07:16',NULL,'1'),(930,'MEC-8B',16,'MEC',8,14,6,NULL,NULL,'2024-12-18 07:07:16',NULL,'1'),(931,'MEC-10A',16,'MEC',10,16,6,NULL,NULL,'2024-12-18 07:07:16',NULL,'1'),(932,'QMBT-2A',3,'QMBT',2,26,1,NULL,NULL,'2024-12-18 07:07:16',NULL,'1'),(933,'QMBT-2B',3,'QMBT',2,20,2,NULL,NULL,'2024-12-18 07:07:16',NULL,'1'),(934,'QMBT-2C',3,'QMBT',2,22,2,NULL,NULL,'2024-12-18 07:07:17',NULL,'1'),(935,'QMBT-5A',3,'QMBT',5,24,1,NULL,NULL,'2024-12-18 07:07:17',NULL,'1'),(936,'QMBT-5B',3,'QMBT',5,24,1,NULL,NULL,'2024-12-18 07:07:17',NULL,'1'),(937,'QMBT-5C',3,'QMBT',5,10,4,NULL,NULL,'2024-12-18 07:07:17',NULL,'1'),(938,'QMBT-7A',3,'QMBT',7,9,6,NULL,NULL,'2024-12-18 07:07:17',NULL,'1'),(939,'QMBT-8A',3,'QMBT',8,18,6,NULL,NULL,'2024-12-18 07:07:17',NULL,'1'),(940,'QMBT-8B',3,'QMBT',8,19,6,NULL,NULL,'2024-12-18 07:07:18',NULL,'1'),(941,'QMBT-8C',3,'QMBT',8,6,4,NULL,NULL,'2024-12-18 07:07:18',NULL,'1'),(942,'QMBT-10A',3,'QMBT',10,24,6,NULL,NULL,'2024-12-18 07:07:18',NULL,'1'),(943,'TI-1A',18,'TI',1,20,2,NULL,NULL,'2024-12-18 07:07:18',NULL,'1'),(944,'MTI-2A',27,NULL,2,9,3,NULL,NULL,'2024-12-18 07:07:18',NULL,'1'),(945,'TI-2A',18,'TI',2,20,1,NULL,NULL,'2024-12-18 07:07:18',NULL,'1'),(946,'TI-2B',18,'TI',2,20,1,NULL,NULL,'2024-12-18 07:07:18',NULL,'1'),(947,'TI-2C',18,'TI',2,20,2,5,NULL,'2024-12-18 07:07:19','2024-12-18 16:14:22','1'),(948,'TI-4A',19,'TI',4,26,1,NULL,NULL,'2024-12-18 07:07:19',NULL,'1'),(952,'MTI-5A',27,NULL,5,14,3,NULL,NULL,'2024-12-18 07:07:19',NULL,'1'),(953,'TI-7A',22,'TI',7,16,6,NULL,NULL,'2024-12-18 07:07:19',NULL,'1'),(954,'TI-8A',22,'TI',8,23,6,NULL,NULL,'2024-12-18 07:07:20',NULL,'1'),(955,'TI-8B',22,'TI',8,26,6,NULL,NULL,'2024-12-18 07:07:20',NULL,'1'),(956,'TI-8C',13,'TI',8,31,6,NULL,NULL,'2024-12-18 07:07:20',NULL,'1'),(957,'TI-10A',22,'TI',10,13,6,NULL,NULL,'2024-12-18 07:07:20',NULL,'1'),(958,'TI-10B',13,'TI',10,9,6,NULL,NULL,'2024-12-18 07:07:20',NULL,'1'),(961,'TI-5A',19,'TI',5,20,1,NULL,NULL,'2024-12-18 17:03:03',NULL,'1'),(962,'TI-5B',19,'TI',5,21,1,NULL,NULL,'2024-12-18 17:03:03',NULL,'1'),(963,'TI-5C',23,'TI',5,20,1,NULL,NULL,'2024-12-18 17:03:03',NULL,'1'),(964,'TI-5D',23,'TI',5,9,2,NULL,NULL,'2024-12-18 17:03:03',NULL,'1');

--
-- Table structure for table `labs`
--

CREATE TABLE `labs` (
  `lab_id` int NOT NULL AUTO_INCREMENT,
  `lab_name` varchar(100) COLLATE utf8mb4_spanish_ci NOT NULL,
  `description` varchar(255) COLLATE utf8mb4_spanish_ci DEFAULT NULL,
  `fyh_creacion` datetime DEFAULT NULL,
  `fyh_actualizacion` datetime DEFAULT NULL,
  `area` varchar(255) COLLATE utf8mb4_spanish_ci DEFAULT NULL,
  PRIMARY KEY (`lab_id`)
) ENGINE=InnoDB AUTO_INCREMENT=37 DEFAULT CHARSET=utf8mb4 COLLATE=utf8mb4_spanish_ci;

--
-- Dumping data for table `labs`
--

INSERT INTO `labs` VALUES (1,'LABORATORIO AUTOMATIZACION Y CONTROL','ESPACIO PARA SISTEMAS DE AUTOMATIZACIÓN Y CONTROL INDUSTRIAL.','2024-11-19 05:27:02','2024-11-27 20:12:25',NULL),(2,'LABORATORIO DE ALIMENTOS','Laboratorio para el procesamiento y análisis de alimentos.','2024-11-19 05:27:02','2024-12-15 08:43:57','QMBT'),(3,'LABORATORIO DE BEBIDAS','ESPACIO PARA LA PREPARACIÓN Y ESTUDIO DE BEBIDAS.','2024-11-19 05:27:02','2024-12-15 08:26:03','GST'),(4,'LABORATORIO DE COCINA CALIENTE 3 U079','LABORATORIO ESPECIALIZADO EN BIOTECNOLOGÍAS APLICADAS A ALIMENTOS.','2024-11-19 05:27:02','2024-12-15 08:29:13','GST'),(5,'LABORATORIO DE CIENCIAS BASICAS','ESPACIO PARA PRÁCTICAS EN CIENCIAS FUNDAMENTALES.','2024-11-19 05:27:02','2024-12-15 08:36:19','MAI,MEC'),(6,'LABORATORIO DE COCINA CALIENTE 1','ÁREA PARA PRÁCTICAS DE COCINA CALIENTE Y ELABORACIÓN  DE PLATOS.','2024-11-19 05:27:02','2024-12-15 08:29:22','GST'),(7,'LABORATORIO DE COCINA CALIENTE 2','LABORATORIO ADICIONAL PARA TÉCNICAS AVANZADAS DE COCINA CALIENTE.','2024-11-19 05:27:02','2024-12-15 08:29:28','GST'),(8,'LABORATORIO DE COMPUTO A1','LABORATORIO DE COMPUTO EQUIPADO PARA ENSEÑANZA DE INFORMATICA BASICA.','2024-11-19 05:27:02','2024-12-15 08:46:06','TI'),(9,'LABORATORIO DE COMPUTO A2','ESPACIO DE COMPUTO AVANZADO PARA APLICACIONES INFORMATICAS.','2024-11-19 05:27:02','2024-12-15 08:46:11','TI'),(10,'LABORATORIO DE COMPUTO B1','LABORATORIO DE TECNOLOGÍAS DE LA INFORMACIÓN Y COMPUTO.','2024-11-19 05:27:02','2024-12-15 08:46:17','TI'),(11,'LABORATORIO DE COMPUTO B2','ESPACIO PARA DESARROLLO DE SOFTWARE Y APLICACIONES COMPUTACIONALES.','2024-11-19 05:27:02','2024-12-15 08:46:25','TI'),(12,'LABORATORIO DE COMPUTO MULTIDIMENSIONAL','ESPACIO DESTINADO A ENTORNOS COMPUTACIONALES MULTIDIMENSIONALES.','2024-11-19 05:27:02','2024-12-18 16:44:35','EMV,ERV'),(13,'LABORATORIO DE CORTE Y CONFECCIÓN','LABORATORIO PARA LA PRÁCTICA DE CORTE Y CONFECCIÓN TEXTIL.','2024-11-19 05:27:02','2024-12-15 08:33:32','DMI'),(14,'LABORATORIO DE CULTIVO DE TEJIDOS','LABORATORIO PARA CULTIVO DE CELULAS Y TEJIDOS VEGETALES.','2024-11-19 05:27:02','2024-12-15 08:44:08','QMBT'),(15,'LABORATORIO DE DISEÑO Y PATRONAJE','ESPACIO PARA DISEÑO Y DESARROLLO DE PATRONES EN MODA.','2024-11-19 05:27:02','2024-12-15 08:32:59','DMI'),(16,'LABORATORIO DE ELECTRICA Y ELECTRÓNICA','LABORATORIO DE SISTEMAS ELÉCTRICOS Y ELETRÓNICOS.','2024-11-19 05:27:02','2024-12-18 16:55:13','EMV,ERV'),(17,'LABORATORIO DE ELECTRICA','ESPACIO DE ENSEÑANZA EN FUNDAMENTAS ELÉCTRICOS.','2024-11-19 05:27:02','2024-12-15 08:36:43','ERV,MAI,MEC'),(18,'LABORATORIO DE ELECTRÓNICA ANALÓGICA Y DIGITAL','ESPACIO PARA PRÁCTICAS EN ELECTRÓNICA ANALÓGICA Y DIGITAL.','2024-11-19 05:27:02','2024-12-15 08:41:36','MAI,MEC'),(19,'LABORATORIO DE ENERGIAS RENOVABLES','LABORATORIO ENFOCADO EN ENERGÍAS ALTERNATIVAS Y SOSTENIBLES.','2024-11-19 05:27:02','2024-12-15 08:34:44','ERV'),(20,'LABORATORIO DE IDIOMAS A','LABORATORIO DE IDIOMAS CON RECURSOS MULTIMEDIA.','2024-11-19 05:27:02','2024-12-15 08:30:02','AFC,DMI,ENF,ERV,GST,MAI,MEC,QMBT,TI'),(21,'LABORATORIO DE IDIOMAS B','ESPACIO PARA APRENDIZAJE DE IDIOMAS CON HERRAMIENTAS DIGITALES.','2024-11-19 05:27:02','2024-12-15 08:30:15','AFC,DMI,ENF,ERV,GST,MAI,MEC,QMBT,TI'),(22,'LABORATORIO DE CONTROL NUMERICO COMPUTARIZADO','LABORATORIO AVANZADO PARA PRÁCTICA DE IDIOMAS.','2024-11-19 05:27:02','2024-11-27 20:17:37',NULL),(23,'LABORATORIO DE METAL-MECÁNICA','ÁREA PARA PRÁCTICAS DE METALURGIA Y MECANIZADO.','2024-11-19 05:27:02',NULL,NULL),(24,'LABORATORIO DE METROLOGÍA','LABORATORIO DE MEDICIÓN Y CALIBRACIÓN DE INSTRUMENTOS.','2024-11-19 05:27:02','2024-12-15 08:41:45','MAI,MEC'),(25,'LABORATORIO DE MICROBIOLOGÍA','ESPACIO PARA ANÁLISIS DE MICROORGANISMOS Y TÉCNICAS MICROBIOLÓGICAS.','2024-11-19 05:27:02','2024-12-15 08:41:56','QMBT'),(26,'LABORATORIO DE MULTIMEDIA','ESPACIO PARA CREACIÓN Y EDICIÓN DE CONTENIDO MULTIMEDIA.','2024-11-19 05:27:02','2024-12-15 08:46:36','TI'),(27,'LABORATORIO DE ELECTRONICA','LABORATORIO PARA ESTUDIO Y EXPERIMENTACIÓN EN ÓPTICA.','2024-11-19 05:27:02','2024-12-15 08:36:56','MAI'),(28,'LABORATORIO DE PANADERIA','ESPACIO PARA TÉCNICAS DE PANADERÍA Y RESPOSTERÍA BÁSICA.','2024-11-19 05:27:02','2024-12-15 08:29:01','GST'),(29,'LABORATORIO DE REDES DE CÓMPUTO','LABORATORIO PARA REDES DE COMPUTACIÓN Y ADMINISTRACIÓN DE SISTEMAS.','2024-11-19 05:27:02','2024-12-15 08:46:43','TI'),(30,'LABORATORIO DE REPOSTERIA','ESPACIO PARA LA ELABORACIÓN DE PRODUCTOS DE REPOSTERÍA AVANZADA.','2024-11-19 05:27:02','2024-12-15 08:28:50','GST'),(31,'LABORATORIO DE ROBOTICA EDUCATIVA, DISEÑO Y MANUFACTURA ADITIVA','LABORATORIO PARA ROBÓTICA Y FABRICACIÓN ADITIVA.','2024-11-19 05:27:02','2024-12-15 08:40:55','MEC'),(32,'LABORATORIO DE SIMULACIÓN (NO EXISTE)','LABORAATORIO PARA SIMULACIÓN EN ENTORNO VIRTUALES.','2024-11-19 05:27:02','2024-11-27 20:19:30',NULL),(33,'LABORATORIO DE TEJIDOS Y BORDADOS','LABORATORIO PARA TÉCNICAS DE TEJIDO Y BORDADO.','2024-11-19 05:27:02','2024-12-15 08:33:10','DMI'),(34,'LABORATORIO DE TEÑIDO Y ESTAMPADO','ESPACIO PARA PRÁCTICAS DE TEÑIDO Y ESTAMPADO EN TEXTILES.','2024-11-19 05:27:02','2024-12-15 08:33:22','DMI'),(35,'LABORATORIO DE TERMODINÁMICA','LABORATORIO PARA ESTUDIOS EN PRINCIPIOS TERMODINÁMICOS.','2024-11-19 05:27:02','2024-12-18 16:56:05','EMV,ERV'),(36,'LABORATORIO QUIMICA ANALITICA','ESPACIO PARA ANÁLISIS QUÍMICO Y TÉCNICAS DE LABORATORIO.','2024-11-19 05:27:02','2024-12-15 08:43:49','QMBT');

--
-- Table structure for table `login_attempts`
--

CREATE TABLE `login_attempts` (
  `id` int NOT NULL AUTO_INCREMENT,
  `email` varchar(255) COLLATE utf8mb4_spanish_ci NOT NULL,
  `intentos` int DEFAULT '0',
  `intentos_fallidos` int DEFAULT '0',
  `bloqueo_activado` tinyint(1) DEFAULT '0',
  `marca_tiempo` timestamp NULL DEFAULT NULL,
  PRIMARY KEY (`id`),
  UNIQUE KEY `email` (`email`)
) ENGINE=InnoDB AUTO_INCREMENT=25 DEFAULT CHARSET=utf8mb4 COLLATE=utf8mb4_spanish_ci;

--
-- Dumping data for table `login_attempts`
--

INSERT INTO `login_attempts` VALUES (1,'admin@admin.com',0,0,0,'2024-12-18 15:53:59'),(2,'jonathan.moreno@ut-morelia.edu.mx',0,0,0,'2024-12-18 14:54:50'),(3,'esolache@ut-morelia.edu.mx',0,0,0,'2024-12-06 17:56:06'),(4,'rocio.gonzalez@ut-morelia.edu.mx',0,0,0,NULL),(5,'luis.gutierrez@ut-morelia.edu.mx',0,0,0,NULL),(6,'mequihua@ut-morelia.edu.mx',0,0,0,'2024-11-20 20:36:46'),(7,'admin1@admin.com',0,0,0,'2024-12-02 17:15:22'),(8,'laura.vieyra@ut-morelia.edu.mx',0,0,0,'2024-12-18 14:50:44'),(9,'srangel@ut-morelia.edu.mx',0,0,0,'2024-12-18 18:55:22'),(10,'',2,2,0,'2024-12-13 19:17:38'),(11,'rosa.garcia@ut-morelia.edu.mx',0,0,0,'2024-12-18 14:52:21'),(12,'jorgerodriguez@ut-morelia.edu.mx',0,0,0,NULL),(13,'jorgerodriguez@ut-moreliaedu.mx',6,6,0,'2024-12-13 02:24:54'),(14,'alberto.lucas@ut-morelia.edu.mx',0,0,0,'2024-12-18 15:00:17'),(15,'chef.mario.utm@gmail.com',0,0,0,NULL),(16,'chef..mario.utm@gmail.com',1,1,0,'2024-12-18 14:56:12'),(17,'gricelda.rodriguez@ut-morelia.edu.mx',0,0,0,NULL),(18,'jose.rodriguez@ut-morelia.edu.mx',0,0,0,'2024-12-18 18:33:46'),(19,'carlos.lopez@ut-morelia.edu.mx',0,0,0,NULL),(20,'julio.hernandez@ut-morelia.edu.mx',0,0,0,NULL),(21,'mario.gutierrez@ut-morelia.edu.mx',0,0,0,NULL),(22,'dante.garcia@ut-morelia.edu.mx',0,0,0,NULL),(23,'justo.romero@ut-morelia.edu.mx',1,1,0,'2024-12-18 17:39:24'),(24,'albeto.lucas@ut-morelia.edu.mx',1,1,0,'2024-12-18 18:13:24');

--
-- Table structure for table `manual_schedule_assignments`
--

CREATE TABLE `manual_schedule_assignments` (
  `assignment_id` int NOT NULL AUTO_INCREMENT,
  `schedule_id` int DEFAULT NULL,
  `subject_id` int DEFAULT NULL,
  `teacher_id` int DEFAULT NULL,
  `group_id` int DEFAULT NULL,
  `classroom_id` int DEFAULT NULL,
  `start_time` time DEFAULT NULL,
  `end_time` time DEFAULT NULL,
  `schedule_day` enum('Lunes','Martes','Miércoles','Jueves','Viernes','Sábado','Domingo') COLLATE utf8mb4_spanish_ci DEFAULT NULL,
  `estado` varchar(11) COLLATE utf8mb4_spanish_ci DEFAULT NULL,
  `fyh_creacion` datetime DEFAULT NULL,
  `fyh_actualizacion` datetime DEFAULT NULL,
  `tipo_espacio` varchar(50) COLLATE utf8mb4_spanish_ci DEFAULT 'Aula',
  `lab1_assigned` tinyint(1) DEFAULT '0',
  `lab2_assigned` tinyint(1) DEFAULT '0',
  PRIMARY KEY (`assignment_id`),
  KEY `schedule_id` (`schedule_id`),
  KEY `subject_id` (`subject_id`),
  KEY `teacher_id` (`teacher_id`),
  KEY `group_id` (`group_id`),
  KEY `classroom_id` (`classroom_id`)
) ENGINE=InnoDB AUTO_INCREMENT=519 DEFAULT CHARSET=utf8mb4 COLLATE=utf8mb4_spanish_ci;

--
-- Dumping data for table `manual_schedule_assignments`
--

INSERT INTO `manual_schedule_assignments` VALUES (5,NULL,1197,NULL,765,0,'07:00:00','08:00:00','Lunes','activo','2024-12-17 22:44:13',NULL,'Laboratorio',6,0),(6,NULL,1197,NULL,765,0,'08:00:00','09:00:00','Lunes','activo','2024-12-17 22:44:15',NULL,'Laboratorio',6,0),(7,NULL,1197,NULL,765,0,'09:00:00','10:00:00','Lunes','activo','2024-12-17 22:44:18',NULL,'Laboratorio',6,0),(8,NULL,1197,NULL,765,0,'13:00:00','14:00:00','Martes','activo','2024-12-17 22:44:29',NULL,'Laboratorio',6,0),(9,NULL,1197,NULL,765,0,'14:00:00','15:00:00','Martes','activo','2024-12-17 22:44:32',NULL,'Laboratorio',6,0),(10,NULL,1197,NULL,765,0,'15:00:00','16:00:00','Martes','activo','2024-12-17 22:44:35',NULL,'Laboratorio',6,0),(11,NULL,1885,120,879,0,'09:00:00','10:00:00','Martes','activo','2024-12-18 09:17:36',NULL,'Laboratorio',34,0),(12,NULL,1885,120,879,0,'10:00:00','11:00:00','Martes','activo','2024-12-18 09:17:46',NULL,'Laboratorio',34,0),(13,NULL,1885,120,879,0,'09:00:00','10:00:00','Miércoles','activo','2024-12-18 09:17:54',NULL,'Laboratorio',34,0),(14,NULL,1885,120,879,0,'10:00:00','11:00:00','Miércoles','activo','2024-12-18 09:17:59',NULL,'Laboratorio',34,0),(15,NULL,1885,120,880,0,'12:00:00','13:00:00','Lunes','activo','2024-12-18 09:18:02',NULL,'Laboratorio',34,0),(16,NULL,1885,120,879,0,'09:00:00','10:00:00','Jueves','activo','2024-12-18 09:18:04',NULL,'Laboratorio',34,0),(17,NULL,1885,120,879,0,'10:00:00','11:00:00','Jueves','activo','2024-12-18 09:18:08',NULL,'Laboratorio',34,0),(18,NULL,1885,120,880,0,'13:00:00','14:00:00','Lunes','activo','2024-12-18 09:18:11',NULL,'Laboratorio',34,0),(19,NULL,1885,120,880,0,'12:00:00','13:00:00','Martes','activo','2024-12-18 09:18:16',NULL,'Laboratorio',34,0),(20,NULL,1885,120,880,0,'13:00:00','14:00:00','Martes','activo','2024-12-18 09:18:21',NULL,'Laboratorio',34,0),(21,NULL,1885,120,880,0,'12:00:00','13:00:00','Jueves','activo','2024-12-18 09:18:40',NULL,'Laboratorio',34,0),(22,NULL,1885,120,880,0,'13:00:00','14:00:00','Jueves','activo','2024-12-18 09:18:44',NULL,'Laboratorio',34,0),(23,NULL,1679,NULL,879,0,'09:00:00','10:00:00','Viernes','activo','2024-12-18 09:19:08',NULL,'Laboratorio',15,0),(24,NULL,1679,NULL,879,0,'12:00:00','13:00:00','Jueves','activo','2024-12-18 09:19:30',NULL,'Laboratorio',15,0),(25,NULL,1679,NULL,879,0,'13:00:00','14:00:00','Jueves','activo','2024-12-18 09:19:39',NULL,'Laboratorio',15,0),(26,NULL,1679,NULL,879,0,'14:00:00','15:00:00','Jueves','activo','2024-12-18 09:19:42',NULL,'Laboratorio',15,0),(27,NULL,1885,120,881,0,'12:00:00','13:00:00','Miércoles','activo','2024-12-18 09:21:17',NULL,'Aula',0,0),(28,NULL,1885,120,881,0,'13:00:00','14:00:00','Miércoles','activo','2024-12-18 09:21:21',NULL,'Aula',0,0),(29,NULL,1885,120,881,0,'12:00:00','13:00:00','Viernes','activo','2024-12-18 09:21:45',NULL,'Aula',0,0),(30,NULL,1885,120,881,0,'13:00:00','14:00:00','Viernes','activo','2024-12-18 09:21:50',NULL,'Aula',0,0),(31,NULL,1885,120,881,0,'14:00:00','15:00:00','Lunes','activo','2024-12-18 09:21:58',NULL,'Aula',0,0),(32,NULL,1885,120,881,0,'15:00:00','16:00:00','Lunes','activo','2024-12-18 09:22:02',NULL,'Aula',0,0),(33,NULL,1886,NULL,880,0,'07:00:00','08:00:00','Lunes','activo','2024-12-18 09:24:23',NULL,'Laboratorio',13,0),(34,NULL,1886,NULL,880,0,'08:00:00','09:00:00','Lunes','activo','2024-12-18 09:24:27',NULL,'Laboratorio',13,0),(35,NULL,1886,NULL,880,0,'07:00:00','08:00:00','Martes','activo','2024-12-18 09:24:31',NULL,'Laboratorio',13,0),(36,NULL,1886,NULL,880,0,'08:00:00','09:00:00','Martes','activo','2024-12-18 09:24:37',NULL,'Laboratorio',13,0),(37,NULL,1886,NULL,880,0,'07:00:00','08:00:00','Viernes','activo','2024-12-18 09:24:48',NULL,'Laboratorio',13,0),(38,NULL,2017,42,882,0,'07:00:00','08:00:00','Lunes','activo','2024-12-18 09:24:50',NULL,'Laboratorio',15,0),(39,NULL,1886,NULL,880,0,'08:00:00','09:00:00','Viernes','activo','2024-12-18 09:24:51',NULL,'Laboratorio',13,0),(40,NULL,2017,42,882,0,'08:00:00','09:00:00','Lunes','activo','2024-12-18 09:25:00',NULL,'Laboratorio',15,0),(41,NULL,2017,42,882,0,'10:00:00','11:00:00','Miércoles','activo','2024-12-18 09:25:24',NULL,'Laboratorio',15,0),(42,NULL,2017,42,882,0,'11:00:00','12:00:00','Miércoles','activo','2024-12-18 09:25:38',NULL,'Laboratorio',15,0),(43,NULL,1886,NULL,880,0,'07:00:00','08:00:00','Miércoles','activo','2024-12-18 09:25:39',NULL,'Laboratorio',13,0),(44,NULL,1886,NULL,880,0,'08:00:00','09:00:00','Miércoles','activo','2024-12-18 09:25:43',NULL,'Laboratorio',13,0),(45,NULL,2017,42,882,0,'10:00:00','11:00:00','Jueves','activo','2024-12-18 09:25:47',NULL,'Laboratorio',15,0),(46,NULL,2017,42,882,0,'11:00:00','12:00:00','Jueves','activo','2024-12-18 09:25:55',NULL,'Laboratorio',15,0),(47,NULL,1886,NULL,880,0,'10:00:00','11:00:00','Lunes','activo','2024-12-18 09:25:55',NULL,'Laboratorio',13,0),(48,NULL,1886,NULL,880,0,'11:00:00','12:00:00','Lunes','activo','2024-12-18 09:26:00',NULL,'Laboratorio',13,0),(49,NULL,1886,NULL,880,0,'10:00:00','11:00:00','Viernes','activo','2024-12-18 09:26:08',NULL,'Laboratorio',13,0),(50,NULL,1886,NULL,880,0,'11:00:00','12:00:00','Viernes','activo','2024-12-18 09:26:13',NULL,'Laboratorio',13,0),(51,NULL,1683,2,883,0,'09:00:00','10:00:00','Lunes','activo','2024-12-18 09:28:17',NULL,'Laboratorio',15,0),(52,NULL,1683,2,883,0,'10:00:00','11:00:00','Lunes','activo','2024-12-18 09:28:23',NULL,'Laboratorio',15,0),(53,NULL,1683,2,883,0,'07:00:00','08:00:00','Miércoles','activo','2024-12-18 09:28:53',NULL,'Laboratorio',15,0),(54,NULL,1683,2,883,0,'08:00:00','09:00:00','Miércoles','activo','2024-12-18 09:28:58',NULL,'Laboratorio',15,0),(55,NULL,1683,2,883,0,'07:00:00','08:00:00','Jueves','activo','2024-12-18 09:29:04',NULL,'Laboratorio',15,0),(56,NULL,1679,NULL,881,0,'12:00:00','13:00:00','Lunes','activo','2024-12-18 09:30:36',NULL,'Laboratorio',15,0),(57,NULL,1679,NULL,881,0,'13:00:00','14:00:00','Lunes','activo','2024-12-18 09:30:42',NULL,'Laboratorio',15,0),(58,NULL,1679,NULL,881,0,'12:00:00','13:00:00','Martes','activo','2024-12-18 09:30:51',NULL,'Laboratorio',15,0),(61,NULL,1825,NULL,878,0,'14:00:00','15:00:00','Lunes','activo','2024-12-18 09:32:01',NULL,'Laboratorio',15,0),(62,NULL,1825,NULL,878,0,'15:00:00','16:00:00','Lunes','activo','2024-12-18 09:32:16',NULL,'Laboratorio',15,0),(63,NULL,1825,NULL,878,0,'14:00:00','15:00:00','Miércoles','activo','2024-12-18 09:32:42',NULL,'Laboratorio',15,0),(64,NULL,1825,NULL,878,0,'15:00:00','16:00:00','Miércoles','activo','2024-12-18 09:32:54',NULL,'Laboratorio',15,0),(65,NULL,1825,NULL,878,0,'14:00:00','15:00:00','Viernes','activo','2024-12-18 09:33:18',NULL,'Laboratorio',15,0),(66,NULL,1825,NULL,878,0,'15:00:00','16:00:00','Viernes','activo','2024-12-18 09:33:32',NULL,'Laboratorio',15,0),(67,NULL,1683,2,882,0,'07:00:00','08:00:00','Martes','activo','2024-12-18 09:35:28',NULL,'Laboratorio',15,0),(68,NULL,1683,2,882,0,'08:00:00','09:00:00','Martes','activo','2024-12-18 09:35:37',NULL,'Laboratorio',15,0),(69,NULL,1683,2,882,0,'09:00:00','10:00:00','Miércoles','activo','2024-12-18 09:35:53',NULL,'Laboratorio',15,0),(70,NULL,1683,2,882,0,'10:00:00','11:00:00','Viernes','activo','2024-12-18 09:36:28',NULL,'Laboratorio',15,0),(71,NULL,1683,2,882,0,'11:00:00','12:00:00','Viernes','activo','2024-12-18 09:36:37',NULL,'Laboratorio',15,0),(72,NULL,1712,17,875,0,'07:00:00','08:00:00','Jueves','activo','2024-12-18 09:36:52',NULL,'Laboratorio',13,0),(73,NULL,1712,17,875,0,'08:00:00','09:00:00','Jueves','activo','2024-12-18 09:36:58',NULL,'Laboratorio',13,0),(75,NULL,2017,42,883,0,'09:00:00','10:00:00','Martes','activo','2024-12-18 09:37:33',NULL,'Laboratorio',15,0),(76,NULL,2017,42,883,0,'10:00:00','11:00:00','Martes','activo','2024-12-18 09:37:45',NULL,'Laboratorio',15,0),(77,NULL,2017,42,883,0,'08:00:00','09:00:00','Jueves','activo','2024-12-18 09:38:40',NULL,'Laboratorio',15,0),(78,NULL,2017,42,883,0,'09:00:00','10:00:00','Jueves','activo','2024-12-18 09:39:00',NULL,'Laboratorio',15,0),(79,NULL,2017,42,883,0,'07:00:00','08:00:00','Viernes','activo','2024-12-18 09:39:24',NULL,'Laboratorio',15,0),(80,NULL,2017,42,883,0,'08:00:00','09:00:00','Viernes','activo','2024-12-18 09:39:31',NULL,'Laboratorio',15,0),(85,NULL,1712,17,875,0,'10:00:00','11:00:00','Martes','activo','2024-12-18 09:43:03',NULL,'Laboratorio',13,0),(86,NULL,1712,17,875,0,'11:00:00','12:00:00','Martes','activo','2024-12-18 09:43:09',NULL,'Laboratorio',13,0),(87,NULL,1679,NULL,881,0,'13:00:00','14:00:00','Martes','activo','2024-12-18 09:43:25',NULL,'Laboratorio',15,0),(88,NULL,1712,17,875,0,'10:00:00','11:00:00','Miércoles','activo','2024-12-18 09:43:44',NULL,'Laboratorio',13,0),(89,NULL,1712,17,875,0,'11:00:00','12:00:00','Miércoles','activo','2024-12-18 09:43:49',NULL,'Laboratorio',13,0),(90,NULL,1679,NULL,881,0,'16:00:00','17:00:00','Miércoles','activo','2024-12-18 09:44:25',NULL,'Laboratorio',15,0),(91,NULL,1712,NULL,874,0,'12:00:00','13:00:00','Lunes','activo','2024-12-18 09:44:39',NULL,'Laboratorio',13,0),(92,NULL,1712,NULL,874,0,'13:00:00','14:00:00','Lunes','activo','2024-12-18 09:44:50',NULL,'Laboratorio',13,0),(93,NULL,1712,NULL,874,0,'12:00:00','13:00:00','Miércoles','activo','2024-12-18 09:44:59',NULL,'Laboratorio',13,0),(94,NULL,1712,NULL,874,0,'13:00:00','14:00:00','Miércoles','activo','2024-12-18 09:45:05',NULL,'Laboratorio',13,0),(95,NULL,1679,NULL,879,0,'14:00:00','15:00:00','Martes','activo','2024-12-18 09:45:06',NULL,'Laboratorio',15,0),(96,NULL,1712,NULL,874,0,'12:00:00','13:00:00','Viernes','activo','2024-12-18 09:45:20',NULL,'Laboratorio',13,0),(97,NULL,1712,NULL,874,0,'13:00:00','14:00:00','Viernes','activo','2024-12-18 09:45:24',NULL,'Laboratorio',13,0),(98,NULL,1712,NULL,877,0,'12:00:00','13:00:00','Martes','activo','2024-12-18 09:45:46',NULL,'Laboratorio',13,0),(99,NULL,1712,NULL,877,0,'13:00:00','14:00:00','Martes','activo','2024-12-18 09:45:51',NULL,'Laboratorio',13,0),(100,NULL,1712,NULL,877,0,'12:00:00','13:00:00','Jueves','activo','2024-12-18 09:45:57',NULL,'Laboratorio',13,0),(101,NULL,1712,NULL,877,0,'13:00:00','14:00:00','Jueves','activo','2024-12-18 09:46:03',NULL,'Laboratorio',13,0),(102,NULL,1712,NULL,877,0,'14:00:00','15:00:00','Lunes','activo','2024-12-18 09:46:13',NULL,'Laboratorio',13,0),(103,NULL,1712,NULL,877,0,'15:00:00','16:00:00','Lunes','activo','2024-12-18 09:46:19',NULL,'Laboratorio',13,0),(104,NULL,1886,NULL,881,0,'14:00:00','15:00:00','Martes','activo','2024-12-18 09:46:53',NULL,'Laboratorio',13,0),(105,NULL,1886,NULL,881,0,'15:00:00','16:00:00','Martes','activo','2024-12-18 09:46:59',NULL,'Laboratorio',13,0),(106,NULL,1886,NULL,881,0,'14:00:00','15:00:00','Miércoles','activo','2024-12-18 09:47:09',NULL,'Laboratorio',13,0),(107,NULL,1886,NULL,881,0,'15:00:00','16:00:00','Miércoles','activo','2024-12-18 09:47:15',NULL,'Laboratorio',13,0),(108,NULL,1886,NULL,881,0,'14:00:00','15:00:00','Jueves','activo','2024-12-18 09:47:20',NULL,'Laboratorio',13,0),(109,NULL,1886,NULL,881,0,'15:00:00','16:00:00','Jueves','activo','2024-12-18 09:47:26',NULL,'Laboratorio',13,0),(110,NULL,1679,NULL,880,0,'12:00:00','13:00:00','Miércoles','activo','2024-12-18 09:47:41',NULL,'Laboratorio',15,0),(111,NULL,1679,NULL,880,0,'13:00:00','14:00:00','Miércoles','activo','2024-12-18 09:47:46',NULL,'Laboratorio',15,0),(112,NULL,1712,NULL,876,0,'16:00:00','17:00:00','Lunes','activo','2024-12-18 09:48:11',NULL,'Laboratorio',13,0),(113,NULL,1712,NULL,876,0,'17:00:00','18:00:00','Lunes','activo','2024-12-18 09:48:32',NULL,'Laboratorio',13,0),(114,NULL,1712,NULL,876,0,'16:00:00','17:00:00','Miércoles','activo','2024-12-18 09:48:43',NULL,'Laboratorio',13,0),(115,NULL,1712,NULL,876,0,'17:00:00','18:00:00','Miércoles','activo','2024-12-18 09:48:51',NULL,'Laboratorio',13,0),(116,NULL,1712,NULL,876,0,'16:00:00','17:00:00','Viernes','activo','2024-12-18 09:48:57',NULL,'Laboratorio',13,0),(117,NULL,1712,NULL,876,0,'17:00:00','18:00:00','Viernes','activo','2024-12-18 09:49:04',NULL,'Laboratorio',13,0),(118,NULL,1679,NULL,880,0,'11:00:00','12:00:00','Martes','activo','2024-12-18 09:50:41',NULL,'Laboratorio',15,0),(119,NULL,1679,NULL,880,0,'12:00:00','13:00:00','Viernes','activo','2024-12-18 09:51:07',NULL,'Laboratorio',15,0),(120,NULL,1679,NULL,880,0,'13:00:00','14:00:00','Viernes','activo','2024-12-18 09:51:12',NULL,'Laboratorio',15,0),(122,NULL,1972,60,937,0,'09:00:00','10:00:00','Viernes','activo','2024-12-18 09:57:09',NULL,'Laboratorio',25,0),(123,NULL,1972,60,937,0,'10:00:00','11:00:00','Viernes','activo','2024-12-18 09:57:19',NULL,'Laboratorio',25,0),(125,NULL,1972,60,937,0,'11:00:00','12:00:00','Viernes','activo','2024-12-18 09:57:31',NULL,'Laboratorio',25,0),(126,NULL,1889,NULL,879,0,'08:00:00','09:00:00','Lunes','activo','2024-12-18 10:11:11',NULL,'Laboratorio',33,0),(127,NULL,1889,NULL,879,0,'09:00:00','10:00:00','Lunes','activo','2024-12-18 10:11:19',NULL,'Laboratorio',33,0),(128,NULL,1889,NULL,880,0,'09:00:00','10:00:00','Miércoles','activo','2024-12-18 10:11:41',NULL,'Laboratorio',33,0),(129,NULL,1889,NULL,880,0,'10:00:00','11:00:00','Miércoles','activo','2024-12-18 10:11:52',NULL,'Laboratorio',33,0),(130,NULL,1889,NULL,881,0,'14:00:00','15:00:00','Viernes','activo','2024-12-18 10:12:19',NULL,'Laboratorio',33,0),(131,NULL,1889,NULL,881,0,'15:00:00','16:00:00','Viernes','activo','2024-12-18 10:12:27',NULL,'Laboratorio',33,0),(132,NULL,1715,130,887,0,'08:00:00','09:00:00','Martes','activo','2024-12-18 10:17:34',NULL,'Laboratorio',16,0),(133,NULL,1715,130,887,0,'09:00:00','10:00:00','Martes','activo','2024-12-18 10:17:39',NULL,'Laboratorio',16,0),(134,NULL,1715,130,887,0,'08:00:00','09:00:00','Jueves','activo','2024-12-18 10:17:54',NULL,'Laboratorio',16,0),(135,NULL,1730,130,890,0,'08:00:00','09:00:00','Miércoles','activo','2024-12-18 10:19:00',NULL,'Laboratorio',16,0),(136,NULL,1730,130,890,0,'09:00:00','10:00:00','Miércoles','activo','2024-12-18 10:19:33',NULL,'Laboratorio',16,0),(137,NULL,1972,60,935,0,'09:00:00','10:00:00','Lunes','activo','2024-12-18 10:20:19',NULL,'Laboratorio',25,0),(138,NULL,1972,60,935,0,'10:00:00','11:00:00','Lunes','activo','2024-12-18 10:20:25',NULL,'Laboratorio',25,0),(139,NULL,1972,60,935,0,'11:00:00','12:00:00','Lunes','activo','2024-12-18 10:20:31',NULL,'Laboratorio',25,0),(140,NULL,1972,60,936,0,'12:00:00','13:00:00','Lunes','activo','2024-12-18 10:20:53',NULL,'Laboratorio',25,0),(141,NULL,1972,60,936,0,'13:00:00','14:00:00','Lunes','activo','2024-12-18 10:20:58',NULL,'Laboratorio',25,0),(142,NULL,1972,60,936,0,'14:00:00','15:00:00','Lunes','activo','2024-12-18 10:21:04',NULL,'Laboratorio',25,0),(143,NULL,2011,149,939,0,'09:00:00','10:00:00','Martes','activo','2024-12-18 10:21:48',NULL,'Laboratorio',25,0),(144,NULL,2011,149,939,0,'10:00:00','11:00:00','Martes','activo','2024-12-18 10:21:50',NULL,'Laboratorio',25,0),(145,NULL,2011,149,939,0,'11:00:00','12:00:00','Martes','activo','2024-12-18 10:21:55',NULL,'Laboratorio',25,0),(146,NULL,2011,149,940,0,'12:00:00','13:00:00','Martes','activo','2024-12-18 10:22:10',NULL,'Laboratorio',25,0),(147,NULL,2011,149,940,0,'13:00:00','14:00:00','Martes','activo','2024-12-18 10:22:20',NULL,'Laboratorio',25,0),(148,NULL,2011,149,940,0,'14:00:00','15:00:00','Martes','activo','2024-12-18 10:22:28',NULL,'Laboratorio',25,0),(150,NULL,1706,56,887,0,'10:00:00','11:00:00','Martes','activo','2024-12-18 10:24:25',NULL,'Laboratorio',19,0),(151,NULL,1706,56,887,0,'11:00:00','12:00:00','Martes','activo','2024-12-18 10:24:36',NULL,'Laboratorio',19,0),(152,NULL,2011,NULL,941,0,'12:00:00','13:00:00','Viernes','activo','2024-12-18 10:25:07',NULL,'Laboratorio',25,0),(153,NULL,2011,NULL,941,0,'13:00:00','14:00:00','Viernes','activo','2024-12-18 10:25:13',NULL,'Laboratorio',25,0),(154,NULL,2011,NULL,941,0,'14:00:00','15:00:00','Viernes','activo','2024-12-18 10:25:19',NULL,'Laboratorio',25,0),(155,NULL,1911,18,890,0,'10:00:00','11:00:00','Miércoles','activo','2024-12-18 10:25:37',NULL,'Laboratorio',19,0),(156,NULL,1911,18,890,0,'11:00:00','12:00:00','Miércoles','activo','2024-12-18 10:25:42',NULL,'Laboratorio',19,0),(159,NULL,1939,81,932,0,'08:00:00','09:00:00','Martes','activo','2024-12-18 10:27:25',NULL,'Laboratorio',36,0),(160,NULL,1939,81,932,0,'09:00:00','10:00:00','Martes','activo','2024-12-18 10:27:33',NULL,'Laboratorio',36,0),(161,NULL,1939,81,932,0,'10:00:00','11:00:00','Martes','activo','2024-12-18 10:27:39',NULL,'Laboratorio',36,0),(162,NULL,1939,81,933,0,'11:00:00','12:00:00','Martes','activo','2024-12-18 10:28:31',NULL,'Laboratorio',36,0),(163,NULL,1939,81,933,0,'12:00:00','13:00:00','Martes','activo','2024-12-18 10:28:40',NULL,'Laboratorio',36,0),(164,NULL,1939,81,933,0,'13:00:00','14:00:00','Martes','activo','2024-12-18 10:28:46',NULL,'Laboratorio',36,0),(165,NULL,1939,81,934,0,'11:00:00','12:00:00','Miércoles','activo','2024-12-18 10:29:31',NULL,'Laboratorio',36,0),(166,NULL,1939,81,934,0,'12:00:00','13:00:00','Miércoles','activo','2024-12-18 10:29:35',NULL,'Laboratorio',36,0),(167,NULL,1939,81,934,0,'13:00:00','14:00:00','Miércoles','activo','2024-12-18 10:29:40',NULL,'Laboratorio',36,0),(168,NULL,1912,89,890,0,'09:00:00','10:00:00','Martes','activo','2024-12-18 10:30:20',NULL,'Laboratorio',35,0),(169,NULL,1912,89,890,0,'10:00:00','11:00:00','Martes','activo','2024-12-18 10:30:33',NULL,'Laboratorio',35,0),(170,NULL,1959,81,938,0,'09:00:00','10:00:00','Jueves','activo','2024-12-18 10:30:40',NULL,'Laboratorio',36,0),(171,NULL,1959,81,938,0,'10:00:00','11:00:00','Jueves','activo','2024-12-18 10:30:49',NULL,'Laboratorio',36,0),(172,NULL,1739,130,891,0,'09:00:00','10:00:00','Miércoles','activo','2024-12-18 10:33:29',NULL,'Laboratorio',35,0),(173,NULL,1739,130,891,0,'10:00:00','11:00:00','Miércoles','activo','2024-12-18 10:33:41',NULL,'Laboratorio',35,0),(174,NULL,1956,108,935,0,'10:00:00','11:00:00','Martes','activo','2024-12-18 10:33:50',NULL,'Laboratorio',2,0),(175,NULL,1956,108,935,0,'09:00:00','10:00:00','Martes','activo','2024-12-18 10:33:56',NULL,'Laboratorio',2,0),(176,NULL,2030,18,891,0,'09:00:00','10:00:00','Jueves','activo','2024-12-18 10:34:02',NULL,'Laboratorio',35,0),(177,NULL,2030,18,891,0,'10:00:00','11:00:00','Jueves','activo','2024-12-18 10:34:09',NULL,'Laboratorio',35,0),(178,NULL,1956,108,935,0,'11:00:00','12:00:00','Martes','activo','2024-12-18 10:34:20',NULL,'Laboratorio',2,0),(179,NULL,2003,99,952,0,'16:00:00','17:00:00','Jueves','activo','2024-12-18 10:34:54',NULL,'Aula',0,0),(180,NULL,2003,99,952,0,'17:00:00','18:00:00','Jueves','activo','2024-12-18 10:35:06',NULL,'Aula',0,0),(181,NULL,2107,108,942,0,'09:00:00','10:00:00','Miércoles','activo','2024-12-18 10:36:49',NULL,'Laboratorio',2,0),(182,NULL,2107,108,942,0,'10:00:00','11:00:00','Miércoles','activo','2024-12-18 10:36:53',NULL,'Laboratorio',2,0),(183,NULL,2107,108,942,0,'11:00:00','12:00:00','Miércoles','activo','2024-12-18 10:36:57',NULL,'Laboratorio',2,0),(187,NULL,1956,NULL,937,0,'12:00:00','13:00:00','Viernes','activo','2024-12-18 10:38:32',NULL,'Laboratorio',2,0),(188,NULL,1956,NULL,937,0,'13:00:00','14:00:00','Viernes','activo','2024-12-18 10:38:39',NULL,'Laboratorio',2,0),(189,NULL,1956,NULL,937,0,'14:00:00','15:00:00','Viernes','activo','2024-12-18 10:38:45',NULL,'Laboratorio',2,0),(197,NULL,1986,67,935,0,'09:00:00','10:00:00','Martes','activo','2024-12-18 10:42:25',NULL,'Laboratorio',14,0),(198,NULL,1986,67,935,0,'10:00:00','11:00:00','Martes','activo','2024-12-18 10:42:33',NULL,'Laboratorio',14,0),(199,NULL,1986,67,935,0,'11:00:00','12:00:00','Martes','activo','2024-12-18 10:42:39',NULL,'Laboratorio',14,0),(202,NULL,1986,67,936,0,'09:00:00','10:00:00','Miércoles','activo','2024-12-18 10:43:47',NULL,'Laboratorio',14,0),(203,NULL,1986,67,936,0,'10:00:00','11:00:00','Miércoles','activo','2024-12-18 10:43:56',NULL,'Laboratorio',14,0),(204,NULL,1986,67,936,0,'11:00:00','12:00:00','Miércoles','activo','2024-12-18 10:44:02',NULL,'Laboratorio',14,0),(205,NULL,1958,86,935,0,'09:00:00','10:00:00','Jueves','activo','2024-12-18 10:45:04',NULL,'Laboratorio',14,0),(206,NULL,1958,86,935,0,'10:00:00','11:00:00','Jueves','activo','2024-12-18 10:45:08',NULL,'Laboratorio',14,0),(207,NULL,1958,86,935,0,'11:00:00','12:00:00','Jueves','activo','2024-12-18 10:45:13',NULL,'Laboratorio',14,0),(208,NULL,1958,81,936,0,'09:00:00','10:00:00','Viernes','activo','2024-12-18 10:45:34',NULL,'Laboratorio',14,0),(209,NULL,1958,81,936,0,'10:00:00','11:00:00','Viernes','activo','2024-12-18 10:45:39',NULL,'Laboratorio',14,0),(210,NULL,1958,81,936,0,'11:00:00','12:00:00','Viernes','activo','2024-12-18 10:45:45',NULL,'Laboratorio',14,0),(211,NULL,1986,NULL,937,0,'08:00:00','09:00:00','Sábado','activo','2024-12-18 10:46:19',NULL,'Laboratorio',14,0),(212,NULL,1986,NULL,937,0,'09:00:00','10:00:00','Sábado','activo','2024-12-18 10:46:25',NULL,'Laboratorio',14,0),(213,NULL,1986,NULL,937,0,'10:00:00','11:00:00','Sábado','activo','2024-12-18 10:46:29',NULL,'Laboratorio',14,0),(215,NULL,1958,NULL,937,0,'11:00:00','12:00:00','Sábado','activo','2024-12-18 10:46:38',NULL,'Laboratorio',14,0),(216,NULL,1958,NULL,937,0,'12:00:00','13:00:00','Sábado','activo','2024-12-18 10:46:42',NULL,'Laboratorio',14,0),(217,NULL,1958,NULL,937,0,'13:00:00','14:00:00','Sábado','activo','2024-12-18 10:46:46',NULL,'Laboratorio',14,0),(219,NULL,1913,18,890,0,'12:00:00','13:00:00','Jueves','activo','2024-12-18 10:49:18',NULL,'Laboratorio',19,0),(220,NULL,1913,18,890,0,'13:00:00','14:00:00','Jueves','activo','2024-12-18 10:49:23',NULL,'Laboratorio',19,0),(221,NULL,1956,108,936,0,'12:00:00','13:00:00','Martes','activo','2024-12-18 10:49:59',NULL,'Laboratorio',2,0),(222,NULL,1956,108,936,0,'13:00:00','14:00:00','Martes','activo','2024-12-18 10:50:05',NULL,'Laboratorio',2,0),(223,NULL,1956,108,936,0,'14:00:00','15:00:00','Martes','activo','2024-12-18 10:50:12',NULL,'Laboratorio',2,0),(225,NULL,1666,NULL,893,0,'10:00:00','11:00:00','Martes','activo','2024-12-18 10:56:27',NULL,'Laboratorio',6,0),(226,NULL,1666,NULL,893,0,'11:00:00','12:00:00','Martes','activo','2024-12-18 10:56:33',NULL,'Laboratorio',6,0),(227,NULL,1666,NULL,893,0,'12:00:00','13:00:00','Martes','activo','2024-12-18 10:56:39',NULL,'Laboratorio',6,0),(228,NULL,1666,NULL,893,0,'10:00:00','11:00:00','Miércoles','activo','2024-12-18 10:56:46',NULL,'Laboratorio',6,0),(229,NULL,1666,NULL,893,0,'11:00:00','12:00:00','Miércoles','activo','2024-12-18 10:56:51',NULL,'Laboratorio',6,0),(230,NULL,1666,NULL,893,0,'12:00:00','13:00:00','Miércoles','activo','2024-12-18 10:56:58',NULL,'Laboratorio',6,0),(231,NULL,2166,130,884,0,'07:00:00','08:00:00','Lunes','activo','2024-12-18 10:57:04',NULL,'Laboratorio',16,0),(232,NULL,2166,130,884,0,'08:00:00','09:00:00','Lunes','activo','2024-12-18 10:57:08',NULL,'Laboratorio',16,0),(233,NULL,1721,142,894,0,'07:00:00','08:00:00','Jueves','activo','2024-12-18 10:59:00',NULL,'Laboratorio',6,0),(234,NULL,1721,142,894,0,'08:00:00','09:00:00','Jueves','activo','2024-12-18 10:59:07',NULL,'Laboratorio',6,0),(235,NULL,1721,142,894,0,'09:00:00','10:00:00','Jueves','activo','2024-12-18 10:59:14',NULL,'Laboratorio',6,0),(236,NULL,1721,142,894,0,'13:00:00','14:00:00','Viernes','activo','2024-12-18 10:59:37',NULL,'Laboratorio',6,0),(237,NULL,1721,142,894,0,'14:00:00','15:00:00','Viernes','activo','2024-12-18 10:59:43',NULL,'Laboratorio',6,0),(238,NULL,1721,142,894,0,'15:00:00','16:00:00','Viernes','activo','2024-12-18 10:59:49',NULL,'Laboratorio',6,0),(239,NULL,1721,19,895,0,'07:00:00','08:00:00','Martes','activo','2024-12-18 11:01:05',NULL,'Laboratorio',6,0),(240,NULL,2160,NULL,884,0,'09:00:00','10:00:00','Lunes','activo','2024-12-18 11:01:09',NULL,'Laboratorio',35,0),(241,NULL,1721,19,895,0,'08:00:00','09:00:00','Martes','activo','2024-12-18 11:01:09',NULL,'Laboratorio',6,0),(242,NULL,2160,NULL,884,0,'10:00:00','11:00:00','Lunes','activo','2024-12-18 11:01:13',NULL,'Laboratorio',35,0),(243,NULL,1721,19,895,0,'09:00:00','10:00:00','Martes','activo','2024-12-18 11:01:14',NULL,'Laboratorio',6,0),(244,NULL,1721,19,895,0,'07:00:00','08:00:00','Miércoles','activo','2024-12-18 11:01:18',NULL,'Laboratorio',6,0),(245,NULL,1721,19,895,0,'08:00:00','09:00:00','Miércoles','activo','2024-12-18 11:01:23',NULL,'Laboratorio',6,0),(246,NULL,1721,19,895,0,'09:00:00','10:00:00','Miércoles','activo','2024-12-18 11:01:28',NULL,'Laboratorio',6,0),(251,NULL,1721,NULL,897,0,'10:00:00','11:00:00','Lunes','activo','2024-12-18 11:03:10',NULL,'Laboratorio',6,0),(252,NULL,1721,NULL,897,0,'11:00:00','12:00:00','Lunes','activo','2024-12-18 11:03:14',NULL,'Laboratorio',6,0),(253,NULL,1721,NULL,897,0,'12:00:00','13:00:00','Lunes','activo','2024-12-18 11:03:18',NULL,'Laboratorio',6,0),(254,NULL,1721,NULL,897,0,'10:00:00','11:00:00','Jueves','activo','2024-12-18 11:03:37',NULL,'Laboratorio',6,0),(255,NULL,1721,NULL,897,0,'11:00:00','12:00:00','Jueves','activo','2024-12-18 11:03:43',NULL,'Laboratorio',6,0),(256,NULL,1721,NULL,897,0,'12:00:00','13:00:00','Jueves','activo','2024-12-18 11:03:47',NULL,'Laboratorio',6,0),(257,NULL,2047,99,946,0,'07:00:00','08:00:00','Lunes','activo','2024-12-18 11:07:42',NULL,'Laboratorio',8,0),(258,NULL,2047,99,946,0,'08:00:00','09:00:00','Lunes','activo','2024-12-18 11:07:46',NULL,'Laboratorio',8,0),(259,NULL,2047,99,946,0,'07:00:00','08:00:00','Miércoles','activo','2024-12-18 11:07:57',NULL,'Laboratorio',8,0),(260,NULL,2047,99,946,0,'08:00:00','09:00:00','Miércoles','activo','2024-12-18 11:08:01',NULL,'Laboratorio',8,0),(261,NULL,2047,99,946,0,'07:00:00','08:00:00','Viernes','activo','2024-12-18 11:08:09',NULL,'Laboratorio',8,0),(262,NULL,2047,99,945,0,'07:00:00','08:00:00','Martes','activo','2024-12-18 11:08:25',NULL,'Laboratorio',8,0),(263,NULL,2047,99,945,0,'08:00:00','09:00:00','Martes','activo','2024-12-18 11:08:29',NULL,'Laboratorio',8,0),(264,NULL,2047,99,945,0,'07:00:00','08:00:00','Jueves','activo','2024-12-18 11:08:35',NULL,'Laboratorio',8,0),(265,NULL,2047,99,945,0,'08:00:00','09:00:00','Jueves','activo','2024-12-18 11:08:39',NULL,'Laboratorio',8,0),(266,NULL,1721,123,898,0,'13:00:00','14:00:00','Miércoles','activo','2024-12-18 11:08:46',NULL,'Laboratorio',6,0),(267,NULL,2047,99,945,0,'08:00:00','09:00:00','Viernes','activo','2024-12-18 11:08:49',NULL,'Laboratorio',8,0),(268,NULL,1721,123,898,0,'14:00:00','15:00:00','Miércoles','activo','2024-12-18 11:08:50',NULL,'Laboratorio',6,0),(269,NULL,1721,123,898,0,'15:00:00','16:00:00','Miércoles','activo','2024-12-18 11:08:55',NULL,'Laboratorio',6,0),(270,NULL,1721,123,898,0,'13:00:00','14:00:00','Lunes','activo','2024-12-18 11:09:15',NULL,'Laboratorio',7,0),(271,NULL,1804,136,955,0,'09:00:00','10:00:00','Lunes','activo','2024-12-18 11:09:15',NULL,'Laboratorio',8,0),(272,NULL,1804,136,955,0,'09:00:00','10:00:00','Martes','activo','2024-12-18 11:09:19',NULL,'Laboratorio',8,0),(273,NULL,1721,123,898,0,'14:00:00','15:00:00','Lunes','activo','2024-12-18 11:09:19',NULL,'Laboratorio',7,0),(274,NULL,1721,123,898,0,'15:00:00','16:00:00','Lunes','activo','2024-12-18 11:09:23',NULL,'Laboratorio',7,0),(275,NULL,1804,136,955,0,'09:00:00','10:00:00','Miércoles','activo','2024-12-18 11:09:24',NULL,'Laboratorio',8,0),(276,NULL,1804,136,955,0,'09:00:00','10:00:00','Jueves','activo','2024-12-18 11:09:28',NULL,'Laboratorio',8,0),(277,NULL,1721,123,898,0,'16:00:00','17:00:00','Miércoles','activo','2024-12-18 11:10:16',NULL,'Laboratorio',6,0),(278,NULL,1721,123,898,0,'17:00:00','18:00:00','Miércoles','activo','2024-12-18 11:10:20',NULL,'Laboratorio',6,0),(279,NULL,1721,123,898,0,'18:00:00','19:00:00','Miércoles','activo','2024-12-18 11:10:25',NULL,'Laboratorio',6,0),(280,NULL,1721,123,898,0,'16:00:00','17:00:00','Viernes','activo','2024-12-18 11:10:43',NULL,'Laboratorio',6,0),(281,NULL,1721,123,898,0,'17:00:00','18:00:00','Viernes','activo','2024-12-18 11:10:49',NULL,'Laboratorio',6,0),(282,NULL,1721,123,898,0,'18:00:00','19:00:00','Viernes','activo','2024-12-18 11:10:57',NULL,'Laboratorio',6,0),(283,NULL,1721,97,900,0,'13:00:00','14:00:00','Lunes','activo','2024-12-18 11:11:24',NULL,'Laboratorio',6,0),(284,NULL,1721,97,900,0,'14:00:00','15:00:00','Lunes','activo','2024-12-18 11:11:28',NULL,'Laboratorio',6,0),(285,NULL,1721,97,900,0,'15:00:00','16:00:00','Lunes','activo','2024-12-18 11:11:32',NULL,'Laboratorio',6,0),(286,NULL,1721,97,900,0,'13:00:00','14:00:00','Jueves','activo','2024-12-18 11:11:42',NULL,'Laboratorio',6,0),(287,NULL,1721,97,900,0,'14:00:00','15:00:00','Jueves','activo','2024-12-18 11:11:47',NULL,'Laboratorio',6,0),(288,NULL,1721,97,900,0,'15:00:00','16:00:00','Jueves','activo','2024-12-18 11:11:51',NULL,'Laboratorio',6,0),(289,NULL,1721,97,901,0,'16:00:00','17:00:00','Lunes','activo','2024-12-18 11:13:09',NULL,'Laboratorio',6,0),(290,NULL,1721,97,901,0,'17:00:00','18:00:00','Lunes','activo','2024-12-18 11:13:13',NULL,'Laboratorio',6,0),(291,NULL,1721,97,901,0,'18:00:00','19:00:00','Lunes','activo','2024-12-18 11:13:18',NULL,'Laboratorio',6,0),(292,NULL,1721,97,901,0,'16:00:00','17:00:00','Martes','activo','2024-12-18 11:13:24',NULL,'Laboratorio',6,0),(293,NULL,1721,97,901,0,'17:00:00','18:00:00','Martes','activo','2024-12-18 11:13:28',NULL,'Laboratorio',6,0),(294,NULL,1721,97,901,0,'18:00:00','19:00:00','Martes','activo','2024-12-18 11:13:32',NULL,'Laboratorio',6,0),(295,NULL,2024,NULL,916,0,'08:00:00','09:00:00','Viernes','activo','2024-12-18 11:14:04',NULL,'Laboratorio',6,0),(296,NULL,2024,NULL,916,0,'09:00:00','10:00:00','Viernes','activo','2024-12-18 11:14:18',NULL,'Laboratorio',6,0),(297,NULL,2024,NULL,916,0,'10:00:00','11:00:00','Viernes','activo','2024-12-18 11:14:27',NULL,'Laboratorio',6,0),(298,NULL,2024,NULL,916,0,'11:00:00','12:00:00','Viernes','activo','2024-12-18 11:14:31',NULL,'Laboratorio',6,0),(299,NULL,2024,NULL,916,0,'12:00:00','13:00:00','Viernes','activo','2024-12-18 11:14:39',NULL,'Laboratorio',6,0),(300,NULL,1721,NULL,902,0,'08:00:00','09:00:00','Sábado','activo','2024-12-18 11:15:18',NULL,'Laboratorio',6,0),(301,NULL,1721,NULL,902,0,'09:00:00','10:00:00','Sábado','activo','2024-12-18 11:15:26',NULL,'Laboratorio',6,0),(302,NULL,1721,NULL,902,0,'10:00:00','11:00:00','Sábado','activo','2024-12-18 11:15:31',NULL,'Laboratorio',6,0),(303,NULL,1721,NULL,902,0,'11:00:00','12:00:00','Sábado','activo','2024-12-18 11:15:35',NULL,'Laboratorio',6,0),(304,NULL,1721,NULL,902,0,'12:00:00','13:00:00','Sábado','activo','2024-12-18 11:15:40',NULL,'Laboratorio',6,0),(306,NULL,1721,NULL,902,0,'13:00:00','14:00:00','Sábado','activo','2024-12-18 11:15:45',NULL,'Laboratorio',6,0),(309,NULL,2165,56,884,0,'11:00:00','12:00:00','Miércoles','activo','2024-12-18 11:17:00',NULL,'Laboratorio',12,0),(310,NULL,2165,56,884,0,'12:00:00','13:00:00','Miércoles','activo','2024-12-18 11:17:05',NULL,'Laboratorio',12,0),(311,NULL,2170,NULL,957,0,'09:00:00','10:00:00','Viernes','activo','2024-12-18 11:18:32',NULL,'Laboratorio',8,0),(312,NULL,2047,99,947,0,'10:00:00','11:00:00','Lunes','activo','2024-12-18 11:19:09',NULL,'Laboratorio',8,0),(313,NULL,2047,99,947,0,'11:00:00','12:00:00','Lunes','activo','2024-12-18 11:19:15',NULL,'Laboratorio',8,0),(314,NULL,2047,99,947,0,'10:00:00','11:00:00','Martes','activo','2024-12-18 11:19:33',NULL,'Laboratorio',8,0),(315,NULL,2047,99,947,0,'11:00:00','12:00:00','Martes','activo','2024-12-18 11:19:40',NULL,'Laboratorio',8,0),(316,NULL,2045,53,947,0,'10:00:00','11:00:00','Miércoles','activo','2024-12-18 11:19:55',NULL,'Laboratorio',8,0),(317,NULL,2045,53,947,0,'11:00:00','12:00:00','Miércoles','activo','2024-12-18 11:20:01',NULL,'Laboratorio',8,0),(318,NULL,2045,53,947,0,'10:00:00','11:00:00','Jueves','activo','2024-12-18 11:20:13',NULL,'Laboratorio',8,0),(319,NULL,2045,53,947,0,'11:00:00','12:00:00','Jueves','activo','2024-12-18 11:20:19',NULL,'Laboratorio',8,0),(320,NULL,2045,53,947,0,'10:00:00','11:00:00','Viernes','activo','2024-12-18 11:20:28',NULL,'Laboratorio',8,0),(321,NULL,2047,99,947,0,'11:00:00','12:00:00','Viernes','activo','2024-12-18 11:20:39',NULL,'Laboratorio',8,0),(322,NULL,2165,56,884,0,'11:00:00','12:00:00','Jueves','activo','2024-12-18 11:21:46',NULL,'Laboratorio',12,0),(323,NULL,1952,122,904,0,'07:00:00','08:00:00','Martes','activo','2024-12-18 11:21:50',NULL,'Laboratorio',7,0),(324,NULL,2165,56,884,0,'12:00:00','13:00:00','Jueves','activo','2024-12-18 11:21:54',NULL,'Laboratorio',12,0),(325,NULL,1952,122,904,0,'08:00:00','09:00:00','Martes','activo','2024-12-18 11:21:56',NULL,'Laboratorio',7,0),(326,NULL,1952,122,904,0,'09:00:00','10:00:00','Martes','activo','2024-12-18 11:22:01',NULL,'Laboratorio',7,0),(327,NULL,1952,122,904,0,'10:00:00','11:00:00','Miércoles','activo','2024-12-18 11:22:29',NULL,'Laboratorio',4,0),(328,NULL,1952,122,904,0,'11:00:00','12:00:00','Miércoles','activo','2024-12-18 11:22:34',NULL,'Laboratorio',4,0),(329,NULL,1952,122,904,0,'12:00:00','13:00:00','Miércoles','activo','2024-12-18 11:22:40',NULL,'Laboratorio',4,0),(330,NULL,1952,NULL,905,0,'10:00:00','11:00:00','Martes','activo','2024-12-18 11:23:21',NULL,'Laboratorio',7,0),(331,NULL,1952,NULL,905,0,'11:00:00','12:00:00','Martes','activo','2024-12-18 11:23:25',NULL,'Laboratorio',7,0),(332,NULL,1952,NULL,905,0,'12:00:00','13:00:00','Martes','activo','2024-12-18 11:23:31',NULL,'Laboratorio',7,0),(333,NULL,1952,NULL,905,0,'13:00:00','14:00:00','Miércoles','activo','2024-12-18 11:23:47',NULL,'Laboratorio',7,0),(334,NULL,1952,NULL,905,0,'14:00:00','15:00:00','Miércoles','activo','2024-12-18 11:23:52',NULL,'Laboratorio',7,0),(335,NULL,1952,NULL,905,0,'15:00:00','16:00:00','Miércoles','activo','2024-12-18 11:23:56',NULL,'Laboratorio',7,0),(336,NULL,1952,NULL,906,0,'10:00:00','11:00:00','Lunes','activo','2024-12-18 11:24:33',NULL,'Laboratorio',7,0),(337,NULL,1952,NULL,906,0,'11:00:00','12:00:00','Lunes','activo','2024-12-18 11:24:38',NULL,'Laboratorio',7,0),(338,NULL,1952,NULL,906,0,'12:00:00','13:00:00','Lunes','activo','2024-12-18 11:24:41',NULL,'Laboratorio',7,0),(339,NULL,1952,NULL,906,0,'07:00:00','08:00:00','Miércoles','activo','2024-12-18 11:25:02',NULL,'Laboratorio',4,0),(340,NULL,1952,NULL,906,0,'08:00:00','09:00:00','Miércoles','activo','2024-12-18 11:25:06',NULL,'Laboratorio',4,0),(341,NULL,1952,NULL,906,0,'09:00:00','10:00:00','Miércoles','activo','2024-12-18 11:25:10',NULL,'Laboratorio',4,0),(342,NULL,1952,122,907,0,'07:00:00','08:00:00','Lunes','activo','2024-12-18 11:25:39',NULL,'Laboratorio',7,0),(343,NULL,1952,122,907,0,'08:00:00','09:00:00','Lunes','activo','2024-12-18 11:25:43',NULL,'Laboratorio',7,0),(344,NULL,1952,122,907,0,'09:00:00','10:00:00','Lunes','activo','2024-12-18 11:25:47',NULL,'Laboratorio',7,0),(345,NULL,1952,122,907,0,'13:00:00','14:00:00','Martes','activo','2024-12-18 11:26:13',NULL,'Laboratorio',7,0),(346,NULL,1952,122,907,0,'14:00:00','15:00:00','Martes','activo','2024-12-18 11:26:18',NULL,'Laboratorio',7,0),(347,NULL,1952,122,907,0,'15:00:00','16:00:00','Martes','activo','2024-12-18 11:26:21',NULL,'Laboratorio',7,0),(348,NULL,1952,10,908,0,'16:00:00','17:00:00','Miércoles','activo','2024-12-18 11:26:51',NULL,'Laboratorio',7,0),(349,NULL,1952,10,908,0,'17:00:00','18:00:00','Miércoles','activo','2024-12-18 11:26:57',NULL,'Laboratorio',7,0),(350,NULL,1952,10,908,0,'18:00:00','19:00:00','Miércoles','activo','2024-12-18 11:27:02',NULL,'Laboratorio',7,0),(351,NULL,1952,10,908,0,'13:00:00','14:00:00','Jueves','activo','2024-12-18 11:27:27',NULL,'Laboratorio',4,0),(352,NULL,1952,10,908,0,'14:00:00','15:00:00','Jueves','activo','2024-12-18 11:27:37',NULL,'Laboratorio',4,0),(353,NULL,1952,10,908,0,'15:00:00','16:00:00','Jueves','activo','2024-12-18 11:27:41',NULL,'Laboratorio',4,0),(354,NULL,1952,10,909,0,'16:00:00','17:00:00','Lunes','activo','2024-12-18 11:28:02',NULL,'Laboratorio',7,0),(355,NULL,1952,10,909,0,'17:00:00','18:00:00','Lunes','activo','2024-12-18 11:28:06',NULL,'Laboratorio',7,0),(356,NULL,1952,10,909,0,'18:00:00','19:00:00','Lunes','activo','2024-12-18 11:28:14',NULL,'Laboratorio',7,0),(357,NULL,1952,10,909,0,'16:00:00','17:00:00','Martes','activo','2024-12-18 11:28:17',NULL,'Laboratorio',7,0),(358,NULL,1952,10,909,0,'17:00:00','18:00:00','Martes','activo','2024-12-18 11:28:21',NULL,'Laboratorio',7,0),(359,NULL,1952,10,909,0,'18:00:00','19:00:00','Martes','activo','2024-12-18 11:28:26',NULL,'Laboratorio',7,0),(360,NULL,1831,38,920,0,'09:00:00','10:00:00','Lunes','activo','2024-12-18 11:28:53',NULL,'Laboratorio',27,0),(361,NULL,1831,38,920,0,'10:00:00','11:00:00','Lunes','activo','2024-12-18 11:28:57',NULL,'Laboratorio',27,0),(362,NULL,1831,38,920,0,'11:00:00','12:00:00','Lunes','activo','2024-12-18 11:29:03',NULL,'Laboratorio',27,0),(363,NULL,1740,NULL,918,0,'10:00:00','11:00:00','Martes','activo','2024-12-18 11:30:31',NULL,'Laboratorio',24,0),(364,NULL,1740,NULL,918,0,'11:00:00','12:00:00','Martes','activo','2024-12-18 11:30:36',NULL,'Laboratorio',24,0),(365,NULL,1736,14,918,0,'10:00:00','11:00:00','Jueves','activo','2024-12-18 11:30:59',NULL,'Laboratorio',24,0),(366,NULL,1736,14,918,0,'11:00:00','12:00:00','Jueves','activo','2024-12-18 11:31:02',NULL,'Laboratorio',24,0),(367,NULL,1740,NULL,919,0,'12:00:00','13:00:00','Lunes','activo','2024-12-18 11:32:22',NULL,'Laboratorio',24,0),(368,NULL,1740,NULL,919,0,'13:00:00','14:00:00','Lunes','activo','2024-12-18 11:32:25',NULL,'Laboratorio',24,0),(369,NULL,1736,NULL,919,0,'12:00:00','13:00:00','Miércoles','activo','2024-12-18 11:32:55',NULL,'Laboratorio',24,0),(370,NULL,1736,NULL,919,0,'13:00:00','14:00:00','Miércoles','activo','2024-12-18 11:32:59',NULL,'Laboratorio',24,0),(371,NULL,1920,NULL,920,0,'10:00:00','11:00:00','Miércoles','activo','2024-12-18 11:34:14',NULL,'Laboratorio',24,0),(372,NULL,1920,NULL,920,0,'11:00:00','12:00:00','Miércoles','activo','2024-12-18 11:34:21',NULL,'Laboratorio',24,0),(373,NULL,1920,NULL,920,0,'10:00:00','11:00:00','Viernes','activo','2024-12-18 11:34:51',NULL,'Laboratorio',24,0),(374,NULL,1920,NULL,920,0,'11:00:00','12:00:00','Viernes','activo','2024-12-18 11:34:55',NULL,'Laboratorio',24,0),(375,NULL,2025,NULL,914,0,'07:00:00','08:00:00','Miércoles','activo','2024-12-18 11:36:18',NULL,'Laboratorio',7,0),(376,NULL,2025,NULL,914,0,'08:00:00','09:00:00','Miércoles','activo','2024-12-18 11:36:23',NULL,'Laboratorio',7,0),(377,NULL,2025,NULL,914,0,'09:00:00','10:00:00','Miércoles','activo','2024-12-18 11:36:28',NULL,'Laboratorio',7,0),(378,NULL,2025,NULL,914,0,'10:00:00','11:00:00','Miércoles','activo','2024-12-18 11:36:36',NULL,'Laboratorio',7,0),(379,NULL,2025,NULL,914,0,'11:00:00','12:00:00','Miércoles','activo','2024-12-18 11:36:40',NULL,'Laboratorio',7,0),(380,NULL,2025,NULL,914,0,'12:00:00','13:00:00','Miércoles','activo','2024-12-18 11:36:44',NULL,'Laboratorio',7,0),(381,NULL,2025,NULL,912,0,'07:00:00','08:00:00','Jueves','activo','2024-12-18 11:37:05',NULL,'Laboratorio',7,0),(382,NULL,2025,NULL,912,0,'08:00:00','09:00:00','Jueves','activo','2024-12-18 11:37:13',NULL,'Laboratorio',7,0),(383,NULL,2025,NULL,912,0,'09:00:00','10:00:00','Jueves','activo','2024-12-18 11:37:19',NULL,'Laboratorio',7,0),(384,NULL,2025,NULL,912,0,'10:00:00','11:00:00','Jueves','activo','2024-12-18 11:37:25',NULL,'Laboratorio',7,0),(385,NULL,2025,NULL,912,0,'11:00:00','12:00:00','Jueves','activo','2024-12-18 11:37:30',NULL,'Laboratorio',7,0),(386,NULL,2025,NULL,912,0,'12:00:00','13:00:00','Jueves','activo','2024-12-18 11:37:41',NULL,'Laboratorio',7,0),(387,NULL,2025,NULL,913,0,'07:00:00','08:00:00','Viernes','activo','2024-12-18 11:38:07',NULL,'Laboratorio',7,0),(388,NULL,2025,NULL,913,0,'08:00:00','09:00:00','Viernes','activo','2024-12-18 11:38:12',NULL,'Laboratorio',7,0),(389,NULL,2025,NULL,913,0,'09:00:00','10:00:00','Viernes','activo','2024-12-18 11:40:33',NULL,'Laboratorio',7,0),(390,NULL,2025,NULL,913,0,'10:00:00','11:00:00','Viernes','activo','2024-12-18 11:40:42',NULL,'Laboratorio',7,0),(391,NULL,2025,NULL,913,0,'11:00:00','12:00:00','Viernes','activo','2024-12-18 11:40:47',NULL,'Laboratorio',7,0),(392,NULL,2025,NULL,913,0,'12:00:00','13:00:00','Viernes','activo','2024-12-18 11:40:53',NULL,'Laboratorio',7,0),(393,NULL,1952,NULL,910,0,'08:00:00','09:00:00','Sábado','activo','2024-12-18 11:41:18',NULL,'Laboratorio',7,0),(394,NULL,1952,NULL,910,0,'09:00:00','10:00:00','Sábado','activo','2024-12-18 11:41:26',NULL,'Laboratorio',7,0),(395,NULL,1952,NULL,910,0,'10:00:00','11:00:00','Sábado','activo','2024-12-18 11:41:31',NULL,'Laboratorio',7,0),(396,NULL,1952,NULL,910,0,'11:00:00','12:00:00','Sábado','activo','2024-12-18 11:41:35',NULL,'Laboratorio',7,0),(397,NULL,1952,NULL,910,0,'12:00:00','13:00:00','Sábado','activo','2024-12-18 11:41:40',NULL,'Laboratorio',7,0),(398,NULL,1952,NULL,910,0,'13:00:00','14:00:00','Sábado','activo','2024-12-18 11:41:45',NULL,'Laboratorio',7,0),(399,NULL,2025,NULL,915,0,'13:00:00','14:00:00','Jueves','activo','2024-12-18 11:42:15',NULL,'Laboratorio',7,0),(400,NULL,2025,NULL,915,0,'14:00:00','15:00:00','Jueves','activo','2024-12-18 11:42:23',NULL,'Laboratorio',7,0),(401,NULL,2025,NULL,915,0,'15:00:00','16:00:00','Jueves','activo','2024-12-18 11:42:28',NULL,'Laboratorio',7,0),(402,NULL,2025,NULL,915,0,'16:00:00','17:00:00','Jueves','activo','2024-12-18 11:42:33',NULL,'Laboratorio',7,0),(403,NULL,2025,NULL,915,0,'17:00:00','18:00:00','Jueves','activo','2024-12-18 11:42:39',NULL,'Laboratorio',7,0),(404,NULL,2025,NULL,915,0,'18:00:00','19:00:00','Jueves','activo','2024-12-18 11:42:43',NULL,'Laboratorio',7,0),(405,NULL,2024,19,913,0,'07:00:00','08:00:00','Lunes','activo','2024-12-18 11:43:24',NULL,'Laboratorio',4,0),(406,NULL,2024,19,913,0,'08:00:00','09:00:00','Lunes','activo','2024-12-18 11:43:41',NULL,'Laboratorio',4,0),(407,NULL,2024,19,913,0,'09:00:00','10:00:00','Lunes','activo','2024-12-18 11:43:44',NULL,'Laboratorio',4,0),(408,NULL,2024,19,913,0,'10:00:00','11:00:00','Lunes','activo','2024-12-18 11:43:49',NULL,'Laboratorio',4,0),(409,NULL,2024,19,913,0,'11:00:00','12:00:00','Lunes','activo','2024-12-18 11:43:52',NULL,'Laboratorio',4,0),(410,NULL,2024,19,913,0,'12:00:00','13:00:00','Lunes','activo','2024-12-18 11:47:14',NULL,'Laboratorio',4,0),(411,NULL,2024,NULL,914,0,'07:00:00','08:00:00','Martes','activo','2024-12-18 11:47:32',NULL,'Laboratorio',4,0),(412,NULL,2024,NULL,914,0,'08:00:00','09:00:00','Martes','activo','2024-12-18 11:47:37',NULL,'Laboratorio',4,0),(413,NULL,2024,NULL,914,0,'09:00:00','10:00:00','Martes','activo','2024-12-18 11:47:42',NULL,'Laboratorio',4,0),(414,NULL,2024,NULL,914,0,'10:00:00','11:00:00','Martes','activo','2024-12-18 11:47:46',NULL,'Laboratorio',4,0),(415,NULL,2024,NULL,914,0,'11:00:00','12:00:00','Martes','activo','2024-12-18 11:47:50',NULL,'Laboratorio',4,0),(416,NULL,2024,NULL,914,0,'12:00:00','13:00:00','Martes','activo','2024-12-18 11:47:53',NULL,'Laboratorio',4,0),(417,NULL,2024,19,912,0,'07:00:00','08:00:00','Jueves','activo','2024-12-18 11:48:14',NULL,'Laboratorio',4,0),(418,NULL,2024,19,912,0,'08:00:00','09:00:00','Jueves','activo','2024-12-18 11:48:19',NULL,'Laboratorio',4,0),(419,NULL,2024,19,912,0,'09:00:00','10:00:00','Jueves','activo','2024-12-18 11:48:24',NULL,'Laboratorio',4,0),(420,NULL,2024,19,912,0,'10:00:00','11:00:00','Jueves','activo','2024-12-18 11:48:28',NULL,'Laboratorio',4,0),(421,NULL,2024,19,912,0,'11:00:00','12:00:00','Jueves','activo','2024-12-18 11:48:34',NULL,'Laboratorio',4,0),(422,NULL,2024,19,912,0,'12:00:00','13:00:00','Jueves','activo','2024-12-18 11:48:38',NULL,'Laboratorio',4,0),(423,NULL,2123,NULL,917,0,'07:00:00','08:00:00','Viernes','activo','2024-12-18 11:50:14',NULL,'Laboratorio',4,0),(424,NULL,2123,NULL,917,0,'08:00:00','09:00:00','Viernes','activo','2024-12-18 11:50:19',NULL,'Laboratorio',4,0),(425,NULL,2123,NULL,917,0,'09:00:00','10:00:00','Viernes','activo','2024-12-18 11:50:24',NULL,'Laboratorio',4,0),(426,NULL,2123,NULL,917,0,'10:00:00','11:00:00','Viernes','activo','2024-12-18 11:50:28',NULL,'Laboratorio',4,0),(427,NULL,2123,NULL,917,0,'11:00:00','12:00:00','Viernes','activo','2024-12-18 11:50:33',NULL,'Laboratorio',4,0),(428,NULL,2123,NULL,917,0,'12:00:00','13:00:00','Viernes','activo','2024-12-18 11:50:37',NULL,'Laboratorio',4,0),(429,NULL,2025,NULL,916,0,'08:00:00','09:00:00','Sábado','activo','2024-12-18 11:51:16',NULL,'Laboratorio',4,0),(430,NULL,2025,NULL,916,0,'09:00:00','10:00:00','Sábado','activo','2024-12-18 11:51:20',NULL,'Laboratorio',4,0),(431,NULL,2025,NULL,916,0,'10:00:00','11:00:00','Sábado','activo','2024-12-18 11:51:25',NULL,'Laboratorio',4,0),(432,NULL,2025,NULL,916,0,'11:00:00','12:00:00','Sábado','activo','2024-12-18 11:51:29',NULL,'Laboratorio',4,0),(433,NULL,2025,NULL,916,0,'12:00:00','13:00:00','Sábado','activo','2024-12-18 11:51:33',NULL,'Laboratorio',4,0),(434,NULL,2025,NULL,916,0,'13:00:00','14:00:00','Sábado','activo','2024-12-18 11:51:37',NULL,'Laboratorio',4,0),(435,NULL,1971,NULL,911,0,'13:00:00','14:00:00','Lunes','activo','2024-12-18 11:51:54',NULL,'Laboratorio',4,0),(436,NULL,1971,NULL,911,0,'14:00:00','15:00:00','Lunes','activo','2024-12-18 11:52:02',NULL,'Laboratorio',4,0),(437,NULL,1971,NULL,911,0,'15:00:00','16:00:00','Lunes','activo','2024-12-18 11:52:08',NULL,'Laboratorio',4,0),(438,NULL,1971,NULL,911,0,'13:00:00','14:00:00','Martes','activo','2024-12-18 11:52:11',NULL,'Laboratorio',4,0),(439,NULL,1971,NULL,911,0,'14:00:00','15:00:00','Martes','activo','2024-12-18 11:52:15',NULL,'Laboratorio',4,0),(440,NULL,1971,NULL,911,0,'15:00:00','16:00:00','Martes','activo','2024-12-18 11:52:20',NULL,'Laboratorio',4,0),(441,NULL,1725,NULL,895,0,'07:00:00','08:00:00','Lunes','activo','2024-12-18 11:55:12',NULL,'Laboratorio',28,0),(442,NULL,1725,NULL,895,0,'08:00:00','09:00:00','Lunes','activo','2024-12-18 11:55:18',NULL,'Laboratorio',28,0),(443,NULL,1725,NULL,895,0,'09:00:00','10:00:00','Lunes','activo','2024-12-18 11:55:26',NULL,'Laboratorio',28,0),(444,NULL,1725,NULL,895,0,'10:00:00','11:00:00','Lunes','activo','2024-12-18 11:55:30',NULL,'Laboratorio',28,0),(445,NULL,1725,NULL,895,0,'11:00:00','12:00:00','Lunes','activo','2024-12-18 11:55:33',NULL,'Laboratorio',28,0),(446,NULL,1725,NULL,895,0,'12:00:00','13:00:00','Lunes','activo','2024-12-18 11:55:41',NULL,'Laboratorio',28,0),(447,NULL,1725,44,897,0,'07:00:00','08:00:00','Martes','activo','2024-12-18 11:55:58',NULL,'Laboratorio',28,0),(448,NULL,1725,44,897,0,'08:00:00','09:00:00','Martes','activo','2024-12-18 11:56:03',NULL,'Laboratorio',28,0),(449,NULL,1725,44,897,0,'09:00:00','10:00:00','Martes','activo','2024-12-18 11:56:06',NULL,'Laboratorio',28,0),(450,NULL,1725,44,897,0,'10:00:00','11:00:00','Martes','activo','2024-12-18 11:56:10',NULL,'Laboratorio',28,0),(451,NULL,1725,44,897,0,'11:00:00','12:00:00','Martes','activo','2024-12-18 11:56:13',NULL,'Laboratorio',28,0),(452,NULL,1725,44,897,0,'12:00:00','13:00:00','Martes','activo','2024-12-18 11:56:17',NULL,'Laboratorio',28,0),(453,NULL,1725,44,894,0,'07:00:00','08:00:00','Miércoles','activo','2024-12-18 11:56:32',NULL,'Laboratorio',28,0),(454,NULL,1725,44,894,0,'08:00:00','09:00:00','Miércoles','activo','2024-12-18 11:56:38',NULL,'Laboratorio',28,0),(455,NULL,1725,44,894,0,'09:00:00','10:00:00','Miércoles','activo','2024-12-18 11:56:42',NULL,'Laboratorio',28,0),(456,NULL,1725,44,894,0,'10:00:00','11:00:00','Miércoles','activo','2024-12-18 11:56:49',NULL,'Laboratorio',28,0),(457,NULL,1725,44,894,0,'11:00:00','12:00:00','Miércoles','activo','2024-12-18 11:56:53',NULL,'Laboratorio',28,0),(458,NULL,1725,44,894,0,'12:00:00','13:00:00','Miércoles','activo','2024-12-18 11:56:57',NULL,'Laboratorio',28,0),(459,NULL,1725,NULL,896,0,'07:00:00','08:00:00','Jueves','activo','2024-12-18 11:57:20',NULL,'Laboratorio',28,0),(460,NULL,1725,NULL,896,0,'08:00:00','09:00:00','Jueves','activo','2024-12-18 11:57:25',NULL,'Laboratorio',28,0),(461,NULL,1725,NULL,896,0,'09:00:00','10:00:00','Jueves','activo','2024-12-18 11:57:29',NULL,'Laboratorio',28,0),(462,NULL,1725,NULL,896,0,'10:00:00','11:00:00','Jueves','activo','2024-12-18 11:57:33',NULL,'Laboratorio',28,0),(463,NULL,1725,NULL,896,0,'11:00:00','12:00:00','Jueves','activo','2024-12-18 11:57:36',NULL,'Laboratorio',28,0),(464,NULL,1725,NULL,896,0,'12:00:00','13:00:00','Jueves','activo','2024-12-18 11:57:40',NULL,'Laboratorio',28,0),(465,NULL,1725,NULL,902,0,'07:00:00','08:00:00','Viernes','activo','2024-12-18 11:58:02',NULL,'Laboratorio',28,0),(466,NULL,1725,NULL,902,0,'08:00:00','09:00:00','Viernes','activo','2024-12-18 11:58:06',NULL,'Laboratorio',28,0),(467,NULL,1725,NULL,902,0,'09:00:00','10:00:00','Viernes','activo','2024-12-18 11:58:11',NULL,'Laboratorio',28,0),(468,NULL,1725,NULL,902,0,'10:00:00','11:00:00','Viernes','activo','2024-12-18 11:58:16',NULL,'Laboratorio',28,0),(469,NULL,1725,NULL,902,0,'11:00:00','12:00:00','Viernes','activo','2024-12-18 11:58:21',NULL,'Laboratorio',28,0),(470,NULL,1725,NULL,902,0,'12:00:00','13:00:00','Viernes','activo','2024-12-18 11:58:26',NULL,'Laboratorio',28,0),(471,NULL,1725,9,900,0,'13:00:00','14:00:00','Martes','activo','2024-12-18 11:58:51',NULL,'Laboratorio',28,0),(472,NULL,1725,9,900,0,'14:00:00','15:00:00','Martes','activo','2024-12-18 11:59:03',NULL,'Laboratorio',28,0),(473,NULL,1725,9,900,0,'15:00:00','16:00:00','Martes','activo','2024-12-18 11:59:09',NULL,'Laboratorio',28,0),(474,NULL,1725,9,900,0,'16:00:00','17:00:00','Martes','activo','2024-12-18 11:59:15',NULL,'Laboratorio',28,0),(475,NULL,1725,9,900,0,'17:00:00','18:00:00','Martes','activo','2024-12-18 11:59:19',NULL,'Laboratorio',28,0),(476,NULL,1725,9,900,0,'18:00:00','19:00:00','Martes','activo','2024-12-18 11:59:24',NULL,'Laboratorio',28,0),(477,NULL,1725,9,901,0,'13:00:00','14:00:00','Miércoles','activo','2024-12-18 11:59:52',NULL,'Laboratorio',28,0),(478,NULL,1725,9,901,0,'14:00:00','15:00:00','Miércoles','activo','2024-12-18 11:59:56',NULL,'Laboratorio',28,0),(479,NULL,1725,9,901,0,'15:00:00','16:00:00','Miércoles','activo','2024-12-18 12:00:00',NULL,'Laboratorio',28,0),(480,NULL,1725,9,901,0,'16:00:00','17:00:00','Miércoles','activo','2024-12-18 12:00:16',NULL,'Laboratorio',28,0),(481,NULL,1725,9,901,0,'17:00:00','18:00:00','Miércoles','activo','2024-12-18 12:00:20',NULL,'Laboratorio',28,0),(482,NULL,1725,9,901,0,'18:00:00','19:00:00','Miércoles','activo','2024-12-18 12:00:24',NULL,'Laboratorio',28,0),(483,NULL,1725,NULL,899,0,'13:00:00','14:00:00','Jueves','activo','2024-12-18 12:00:53',NULL,'Laboratorio',28,0),(484,NULL,1725,NULL,899,0,'14:00:00','15:00:00','Jueves','activo','2024-12-18 12:00:59',NULL,'Laboratorio',28,0),(485,NULL,1725,NULL,899,0,'15:00:00','16:00:00','Jueves','activo','2024-12-18 12:01:03',NULL,'Laboratorio',28,0),(486,NULL,1725,NULL,899,0,'16:00:00','17:00:00','Jueves','activo','2024-12-18 12:01:08',NULL,'Laboratorio',28,0),(487,NULL,1725,NULL,899,0,'17:00:00','18:00:00','Jueves','activo','2024-12-18 12:01:12',NULL,'Laboratorio',28,0),(488,NULL,1725,NULL,899,0,'18:00:00','19:00:00','Jueves','activo','2024-12-18 12:01:17',NULL,'Laboratorio',28,0),(489,NULL,1725,NULL,898,0,'13:00:00','14:00:00','Viernes','activo','2024-12-18 12:01:41',NULL,'Laboratorio',28,0),(490,NULL,1725,NULL,898,0,'14:00:00','15:00:00','Viernes','activo','2024-12-18 12:01:46',NULL,'Laboratorio',28,0),(491,NULL,1725,NULL,898,0,'15:00:00','16:00:00','Viernes','activo','2024-12-18 12:01:51',NULL,'Laboratorio',28,0),(492,NULL,1725,NULL,898,0,'16:00:00','17:00:00','Viernes','activo','2024-12-18 12:02:03',NULL,'Laboratorio',28,0),(493,NULL,1725,NULL,898,0,'17:00:00','18:00:00','Viernes','activo','2024-12-18 12:02:09',NULL,'Laboratorio',28,0),(494,NULL,1725,NULL,898,0,'18:00:00','19:00:00','Viernes','activo','2024-12-18 12:02:13',NULL,'Laboratorio',28,0),(495,NULL,1830,122,903,0,'10:00:00','11:00:00','Miércoles','activo','2024-12-18 12:02:54',NULL,'Laboratorio',3,0),(496,NULL,1830,122,903,0,'11:00:00','12:00:00','Miércoles','activo','2024-12-18 12:03:02',NULL,'Laboratorio',3,0),(497,NULL,1830,122,903,0,'12:00:00','13:00:00','Miércoles','activo','2024-12-18 12:03:08',NULL,'Laboratorio',3,0),(498,NULL,1830,122,903,0,'13:00:00','14:00:00','Miércoles','activo','2024-12-18 12:03:12',NULL,'Laboratorio',3,0),(499,NULL,1974,NULL,911,0,'09:00:00','10:00:00','Jueves','activo','2024-12-18 12:03:28',NULL,'Laboratorio',3,0),(500,NULL,1974,NULL,911,0,'10:00:00','11:00:00','Jueves','activo','2024-12-18 12:03:40',NULL,'Laboratorio',3,0),(501,NULL,1974,NULL,911,0,'11:00:00','12:00:00','Jueves','activo','2024-12-18 12:03:45',NULL,'Laboratorio',3,0),(502,NULL,1832,142,903,0,'07:00:00','08:00:00','Lunes','activo','2024-12-18 12:04:34',NULL,'Laboratorio',30,0),(503,NULL,1832,142,903,0,'08:00:00','09:00:00','Lunes','activo','2024-12-18 12:04:40',NULL,'Laboratorio',30,0),(504,NULL,1832,142,903,0,'09:00:00','10:00:00','Lunes','activo','2024-12-18 12:04:44',NULL,'Laboratorio',30,0),(505,NULL,1832,142,903,0,'10:00:00','11:00:00','Lunes','activo','2024-12-18 12:04:54',NULL,'Laboratorio',30,0),(506,NULL,1832,142,903,0,'11:00:00','12:00:00','Lunes','activo','2024-12-18 12:04:59',NULL,'Laboratorio',30,0),(507,NULL,1832,142,903,0,'12:00:00','13:00:00','Lunes','activo','2024-12-18 12:05:05',NULL,'Laboratorio',30,0),(508,NULL,1705,149,932,0,'09:00:00','10:00:00','Lunes','activo','2024-12-18 12:29:49',NULL,'Laboratorio',14,0),(512,NULL,1705,149,934,0,'13:00:00','14:00:00','Lunes','activo','2024-12-18 12:31:04',NULL,'Laboratorio',14,0),(513,NULL,1705,149,934,0,'14:00:00','15:00:00','Lunes','activo','2024-12-18 12:31:09',NULL,'Laboratorio',14,0),(516,NULL,1705,149,932,0,'10:00:00','11:00:00','Lunes','activo','2024-12-18 12:41:29',NULL,'Laboratorio',14,0),(517,NULL,1705,149,933,0,'11:00:00','12:00:00','Lunes','activo','2024-12-18 12:41:41',NULL,'Laboratorio',14,0),(518,NULL,1705,149,933,0,'12:00:00','13:00:00','Lunes','activo','2024-12-18 12:41:44',NULL,'Laboratorio',14,0);

--
-- Table structure for table `permisos`
--

CREATE TABLE `permisos` (
  `id_permiso` int NOT NULL AUTO_INCREMENT,
  `nombre_permiso` varchar(100) COLLATE utf8mb4_spanish_ci NOT NULL,
  `descripcion` varchar(255) COLLATE utf8mb4_spanish_ci NOT NULL,
  `fyh_creacion` datetime DEFAULT CURRENT_TIMESTAMP,
  `estado` varchar(11) COLLATE utf8mb4_spanish_ci DEFAULT '1',
  PRIMARY KEY (`id_permiso`),
  UNIQUE KEY `nombre_permiso` (`nombre_permiso`)
) ENGINE=InnoDB AUTO_INCREMENT=11 DEFAULT CHARSET=utf8mb4 COLLATE=utf8mb4_spanish_ci;

--
-- Dumping data for table `permisos`
--

INSERT INTO `permisos` VALUES (1,'admin_access','ACCESO COMPLETO AL PANEL DE ADMINISTRACIÓN','2024-11-19 05:27:01','1'),(2,'user_manage','PERMISO PARA GESTIONAR USUARIOS','2024-11-19 05:27:01','1'),(3,'role_manage','PERMISO PARA GESTIONAR ROLES Y PERMISOS DE USUARIOS','2024-11-19 05:27:01','1'),(4,'schedule_manage','PERMISO PARA GESTIONAR Y ASIGNAR HORARIOS DE CLASES','2024-11-19 05:27:01','1'),(5,'classroom_assign','PERMISO PARA ASIGNAR SALONES A GRUPOS','2024-11-19 05:27:01','1'),(6,'group_view','VER GRUPOS Y SU INFORMACIÓN','2024-11-19 05:27:01','1'),(7,'group_edit','EDITAR GRUPOS Y SUS ASIGNACIONES','2024-11-19 05:27:01','1'),(8,'subject_view','VER LISTA DE MATERIAS','2024-11-19 05:27:01','1'),(9,'subject_edit','EDITAR LISTA DE MATERIAS Y SUS ASIGNACIONES','2024-11-19 05:27:01','1'),(10,'teacher_assign','ASIGNAR PROFESORES A MATERIAS Y GRUPOS','2024-11-19 05:27:01','1');

--
-- Table structure for table `permisos_roles`
--

CREATE TABLE `permisos_roles` (
  `id_permiso_rol` int NOT NULL AUTO_INCREMENT,
  `id_rol` int NOT NULL,
  `id_permiso` int NOT NULL,
  `fyh_creacion` datetime DEFAULT CURRENT_TIMESTAMP,
  PRIMARY KEY (`id_permiso_rol`),
  KEY `id_rol` (`id_rol`),
  KEY `id_permiso` (`id_permiso`),
  CONSTRAINT `permisos_roles_ibfk_1` FOREIGN KEY (`id_rol`) REFERENCES `roles` (`id_rol`) ON DELETE CASCADE,
  CONSTRAINT `permisos_roles_ibfk_2` FOREIGN KEY (`id_permiso`) REFERENCES `permisos` (`id_permiso`) ON DELETE CASCADE
) ENGINE=InnoDB AUTO_INCREMENT=42 DEFAULT CHARSET=utf8mb4 COLLATE=utf8mb4_spanish_ci;

--
-- Dumping data for table `permisos_roles`
--

INSERT INTO `permisos_roles` VALUES (1,1,1,'2024-11-19 05:27:01'),(2,1,5,'2024-11-19 05:27:01'),(3,1,7,'2024-11-19 05:27:01'),(4,1,6,'2024-11-19 05:27:01'),(5,1,3,'2024-11-19 05:27:01'),(6,1,4,'2024-11-19 05:27:01'),(7,1,9,'2024-11-19 05:27:01'),(8,1,8,'2024-11-19 05:27:01'),(9,1,10,'2024-11-19 05:27:01'),(10,1,2,'2024-11-19 05:27:01'),(23,3,6,'2024-11-19 05:27:01'),(24,3,8,'2024-11-19 05:27:01'),(25,3,2,'2024-11-19 05:27:01'),(26,4,1,'2024-11-19 05:27:01'),(27,4,2,'2024-11-19 05:27:01'),(29,5,6,'2024-11-19 05:27:01'),(30,5,8,'2024-11-19 05:27:01'),(39,2,6,'2024-11-21 01:29:40'),(40,2,8,'2024-11-21 01:29:40'),(41,2,10,'2024-11-21 01:29:40');

--
-- Table structure for table `program_term_subjects`
--

CREATE TABLE `program_term_subjects` (
  `program_term_subject_id` int NOT NULL AUTO_INCREMENT,
  `program_id` int DEFAULT NULL,
  `term_id` int DEFAULT NULL,
  `subject_id` int DEFAULT NULL,
  PRIMARY KEY (`program_term_subject_id`),
  KEY `program_id` (`program_id`),
  KEY `term_id` (`term_id`),
  KEY `subject_id` (`subject_id`),
  CONSTRAINT `program_term_subjects_ibfk_1` FOREIGN KEY (`program_id`) REFERENCES `programs` (`program_id`),
  CONSTRAINT `program_term_subjects_ibfk_2` FOREIGN KEY (`term_id`) REFERENCES `terms` (`term_id`),
  CONSTRAINT `program_term_subjects_ibfk_3` FOREIGN KEY (`subject_id`) REFERENCES `subjects` (`subject_id`)
) ENGINE=InnoDB AUTO_INCREMENT=2175 DEFAULT CHARSET=utf8mb4 COLLATE=utf8mb4_spanish_ci;

--
-- Dumping data for table `program_term_subjects`
--

INSERT INTO `program_term_subjects` VALUES (1637,1,1,1637),(1638,1,1,1638),(1639,1,1,1639),(1640,1,1,1640),(1641,1,1,1641),(1642,1,1,1642),(1643,1,1,1643),(1644,1,2,1644),(1645,3,1,1645),(1646,1,2,1646),(1647,3,1,1647),(1648,3,1,1648),(1649,1,3,1649),(1650,3,1,1650),(1651,1,3,1651),(1652,4,1,1652),(1653,4,1,1653),(1654,4,1,1654),(1655,4,1,1655),(1656,4,1,1656),(1657,2,5,1657),(1658,2,5,1658),(1659,2,5,1659),(1660,8,1,1660),(1661,8,1,1661),(1662,4,1,1662),(1663,8,1,1663),(1664,8,1,1664),(1665,4,1,1665),(1666,12,1,1666),(1667,4,2,1667),(1668,12,1,1668),(1669,4,2,1669),(1670,12,1,1670),(1671,12,1,1671),(1672,4,3,1672),(1673,4,4,1673),(1674,15,1,1674),(1675,15,1,1675),(1676,15,1,1676),(1677,15,1,1677),(1678,15,1,1678),(1679,4,5,1679),(1680,4,5,1680),(1681,16,1,1681),(1682,16,1,1682),(1683,4,8,1683),(1684,4,9,1684),(1685,16,1,1685),(1686,14,2,1686),(1687,14,2,1687),(1688,18,1,1688),(1689,22,7,1689),(1690,22,7,1690),(1691,22,7,1691),(1692,22,7,1692),(1693,8,1,1693),(1694,1,2,1694),(1695,1,2,1695),(1696,1,2,1696),(1697,1,2,1697),(1698,1,2,1698),(1699,8,1,1699),(1700,8,1,1700),(1701,8,2,1701),(1702,3,2,1702),(1703,3,2,1703),(1704,3,2,1704),(1705,3,2,1705),(1706,8,2,1706),(1707,8,2,1707),(1708,4,2,1708),(1709,5,3,1709),(1710,4,2,1710),(1711,4,2,1711),(1712,4,2,1712),(1713,9,5,1713),(1714,8,2,1714),(1715,8,2,1715),(1716,10,5,1716),(1717,8,2,1717),(1718,10,5,1718),(1719,8,2,1719),(1720,10,5,1720),(1721,12,2,1721),(1722,12,2,1722),(1723,12,2,1723),(1724,12,2,1724),(1725,12,2,1725),(1726,12,2,1726),(1727,14,2,1727),(1728,14,2,1728),(1729,14,2,1729),(1730,11,5,1730),(1731,14,2,1731),(1732,14,2,1732),(1733,11,5,1733),(1734,26,8,1734),(1735,15,2,1735),(1736,15,2,1736),(1737,15,2,1737),(1738,15,2,1738),(1739,26,8,1739),(1740,15,2,1740),(1741,26,9,1741),(1742,16,2,1742),(1743,16,2,1743),(1744,16,2,1744),(1745,16,2,1745),(1746,16,2,1746),(1747,26,9,1747),(1748,26,10,1748),(1749,22,7,1749),(1750,26,10,1750),(1751,12,1,1751),(1752,12,1,1752),(1753,12,1,1753),(1754,22,8,1754),(1755,4,2,1755),(1756,1,3,1756),(1757,12,2,1757),(1758,1,3,1758),(1759,1,3,1759),(1760,1,3,1760),(1761,1,3,1761),(1762,12,3,1762),(1763,12,4,1763),(1764,3,3,1764),(1765,3,3,1765),(1766,3,3,1766),(1767,3,3,1767),(1768,3,3,1768),(1769,12,5,1769),(1770,4,3,1770),(1771,4,3,1771),(1772,4,3,1772),(1773,4,3,1773),(1774,12,5,1774),(1775,12,7,1775),(1776,5,3,1776),(1777,5,3,1777),(1778,5,3,1778),(1779,5,3,1779),(1780,5,3,1780),(1781,25,3,1781),(1782,15,1,1782),(1783,12,3,1783),(1784,12,3,1784),(1785,12,3,1785),(1786,12,3,1786),(1787,12,3,1787),(1788,12,3,1788),(1789,15,1,1789),(1790,15,3,1790),(1791,15,3,1791),(1792,15,3,1792),(1793,15,3,1793),(1794,15,3,1794),(1795,15,2,1795),(1796,15,2,1796),(1797,16,3,1797),(1798,16,3,1798),(1799,15,3,1799),(1800,16,3,1800),(1801,15,3,1801),(1802,16,3,1802),(1803,15,4,1803),(1804,22,8,1804),(1805,18,2,1805),(1806,22,8,1806),(1807,15,5,1807),(1808,18,3,1808),(1809,13,7,1809),(1810,4,3,1810),(1811,4,3,1811),(1812,3,4,1812),(1813,3,4,1813),(1814,3,4,1814),(1815,3,4,1815),(1816,3,4,1816),(1817,3,4,1817),(1818,3,4,1818),(1819,3,4,1819),(1820,3,4,1820),(1821,15,5,1821),(1822,4,4,1822),(1823,4,4,1823),(1824,4,4,1824),(1825,4,4,1825),(1826,4,4,1826),(1827,4,4,1827),(1828,12,4,1828),(1829,12,4,1829),(1830,12,4,1830),(1831,15,5,1831),(1832,12,4,1832),(1833,12,4,1833),(1834,12,4,1834),(1835,12,4,1835),(1836,15,4,1836),(1837,15,4,1837),(1838,15,4,1838),(1839,15,5,1839),(1840,15,4,1840),(1841,15,4,1841),(1842,15,4,1842),(1843,15,4,1843),(1844,15,4,1844),(1845,16,4,1845),(1846,16,4,1846),(1847,16,4,1847),(1848,16,4,1848),(1849,15,8,1849),(1850,16,4,1850),(1851,16,4,1851),(1852,15,8,1852),(1853,16,4,1853),(1854,13,7,1854),(1855,13,7,1855),(1856,13,7,1856),(1857,19,4,1857),(1858,13,8,1858),(1859,13,8,1859),(1860,13,8,1860),(1861,13,8,1861),(1862,13,8,1862),(1863,15,8,1863),(1864,15,10,1864),(1865,13,9,1865),(1866,13,9,1866),(1867,13,9,1867),(1868,13,9,1868),(1869,16,1,1869),(1870,2,5,1870),(1871,2,5,1871),(1872,2,5,1872),(1873,16,1,1873),(1874,2,5,1874),(1875,16,1,1875),(1876,2,5,1876),(1877,3,5,1877),(1878,16,1,1878),(1879,16,2,1879),(1880,16,2,1880),(1881,16,3,1881),(1882,16,3,1882),(1883,3,5,1883),(1884,3,5,1884),(1885,4,5,1885),(1886,4,5,1886),(1887,4,5,1887),(1888,16,3,1888),(1889,4,5,1889),(1890,16,4,1890),(1891,4,5,1891),(1892,9,5,1892),(1893,9,5,1893),(1894,9,5,1894),(1895,9,5,1895),(1896,9,5,1896),(1897,9,5,1897),(1898,16,4,1898),(1899,9,5,1899),(1900,10,5,1900),(1901,10,5,1901),(1902,16,5,1902),(1903,16,5,1903),(1904,10,5,1904),(1905,10,5,1905),(1906,10,5,1906),(1907,16,5,1907),(1908,10,5,1908),(1909,11,5,1909),(1910,16,5,1910),(1911,11,5,1911),(1912,11,5,1912),(1913,11,5,1913),(1914,11,5,1914),(1915,16,5,1915),(1916,11,5,1916),(1917,12,5,1917),(1918,12,5,1918),(1919,16,7,1919),(1920,15,5,1920),(1921,16,7,1921),(1922,16,8,1922),(1923,15,5,1923),(1924,15,5,1924),(1925,16,8,1925),(1926,15,5,1926),(1927,15,5,1927),(1928,16,5,1928),(1929,16,5,1929),(1930,16,9,1930),(1931,16,10,1931),(1932,3,1,1932),(1933,3,1,1933),(1934,16,5,1934),(1935,3,1,1935),(1936,23,4,1936),(1937,13,7,1937),(1938,13,9,1938),(1939,3,2,1939),(1940,13,10,1940),(1941,3,2,1941),(1942,13,10,1942),(1943,13,10,1943),(1944,3,2,1944),(1945,13,10,1945),(1946,13,10,1946),(1947,13,10,1947),(1948,27,2,1948),(1949,3,3,1949),(1950,27,2,1950),(1951,12,5,1951),(1952,12,5,1952),(1953,3,3,1953),(1954,12,5,1954),(1955,12,5,1955),(1956,3,5,1956),(1957,3,7,1957),(1958,3,5,1958),(1959,3,7,1959),(1960,3,7,1960),(1961,3,7,1961),(1962,3,7,1962),(1963,3,7,1963),(1964,3,7,1964),(1965,4,7,1965),(1966,4,7,1966),(1967,4,7,1967),(1968,4,7,1968),(1969,4,7,1969),(1970,4,7,1970),(1971,12,7,1971),(1972,3,5,1972),(1973,12,7,1973),(1974,12,7,1974),(1975,12,7,1975),(1976,12,7,1976),(1977,26,7,1977),(1978,26,7,1978),(1979,26,7,1979),(1980,26,7,1980),(1981,26,7,1981),(1982,26,7,1982),(1983,26,7,1983),(1984,27,2,1984),(1985,27,2,1985),(1986,3,5,1986),(1987,27,5,1987),(1988,27,5,1988),(1989,27,5,1989),(1990,15,7,1990),(1991,15,7,1991),(1992,15,7,1992),(1993,15,7,1993),(1994,15,7,1994),(1995,15,7,1995),(1996,15,7,1996),(1997,16,7,1997),(1998,16,7,1998),(1999,3,5,1999),(2000,3,7,2000),(2001,16,7,2001),(2002,16,7,2002),(2003,27,5,2003),(2004,18,1,2004),(2005,18,1,2005),(2006,3,8,2006),(2007,18,1,2007),(2008,18,1,2008),(2009,18,1,2009),(2010,3,9,2010),(2011,3,8,2011),(2012,3,8,2012),(2013,3,8,2013),(2014,3,8,2014),(2015,3,8,2015),(2016,3,8,2016),(2017,4,8,2017),(2018,4,8,2018),(2019,4,8,2019),(2020,4,8,2020),(2021,4,8,2021),(2022,12,8,2022),(2023,12,8,2023),(2024,12,8,2024),(2025,12,8,2025),(2026,12,8,2026),(2027,18,2,2027),(2028,18,2,2028),(2029,26,8,2029),(2030,26,8,2030),(2031,26,8,2031),(2032,26,8,2032),(2033,18,3,2033),(2034,18,3,2034),(2035,18,3,2035),(2036,18,3,2036),(2037,18,3,2037),(2038,22,10,2038),(2039,18,1,2039),(2040,19,5,2040),(2041,15,8,2041),(2042,15,8,2042),(2043,18,2,2043),(2044,15,8,2044),(2045,18,2,2045),(2046,16,8,2046),(2047,18,2,2047),(2048,16,8,2048),(2049,16,8,2049),(2050,16,8,2050),(2051,18,2,2051),(2052,23,5,2052),(2053,18,3,2053),(2054,19,4,2054),(2055,19,4,2055),(2056,19,4,2056),(2057,3,9,2057),(2058,3,9,2058),(2059,3,9,2059),(2060,19,4,2060),(2061,3,9,2061),(2062,3,9,2062),(2063,3,9,2063),(2064,4,9,2064),(2065,4,9,2065),(2066,4,9,2066),(2067,19,4,2067),(2068,4,9,2068),(2069,4,9,2069),(2070,4,9,2070),(2071,12,9,2071),(2072,12,9,2072),(2073,12,9,2073),(2074,12,9,2074),(2075,12,9,2075),(2076,12,9,2076),(2077,19,4,2077),(2078,19,4,2078),(2079,26,9,2079),(2080,26,9,2080),(2081,26,9,2081),(2082,26,9,2082),(2083,19,5,2083),(2084,19,5,2084),(2085,19,5,2085),(2086,19,5,2086),(2087,22,7,2087),(2088,19,5,2088),(2089,15,9,2089),(2090,15,9,2090),(2091,15,9,2091),(2092,15,9,2092),(2093,15,9,2093),(2094,16,9,2094),(2095,16,9,2095),(2096,16,9,2096),(2097,19,5,2097),(2098,16,9,2098),(2099,16,9,2099),(2100,13,7,2100),(2101,23,4,2101),(2102,23,4,2102),(2103,23,4,2103),(2104,23,4,2104),(2105,22,8,2105),(2106,3,10,2106),(2107,3,10,2107),(2108,3,10,2108),(2109,3,10,2109),(2110,3,10,2110),(2111,3,10,2111),(2112,3,10,2112),(2113,3,10,2113),(2114,4,10,2114),(2115,4,10,2115),(2116,4,10,2116),(2117,4,10,2117),(2118,4,10,2118),(2119,4,10,2119),(2120,4,10,2120),(2121,12,10,2121),(2122,12,10,2122),(2123,12,10,2123),(2124,12,10,2124),(2125,12,10,2125),(2126,12,10,2126),(2127,12,10,2127),(2128,23,5,2128),(2129,23,5,2129),(2130,26,10,2130),(2131,26,10,2131),(2132,26,10,2132),(2133,26,10,2133),(2134,26,10,2134),(2135,23,5,2135),(2136,23,5,2136),(2137,23,4,2137),(2138,23,4,2138),(2139,23,5,2139),(2140,23,5,2140),(2141,15,10,2141),(2142,15,10,2142),(2143,15,10,2143),(2144,15,10,2144),(2145,13,8,2145),(2146,15,10,2146),(2147,16,10,2147),(2148,16,10,2148),(2149,22,9,2149),(2150,16,10,2150),(2151,16,10,2151),(2152,16,10,2152),(2153,22,7,2153),(2154,22,9,2154),(2155,22,8,2155),(2156,22,9,2156),(2157,13,9,2157),(2158,22,8,2158),(2159,22,9,2159),(2160,28,2,2160),(2161,28,2,2161),(2162,28,2,2162),(2163,28,2,2163),(2164,28,2,2164),(2165,28,2,2165),(2166,28,2,2166),(2167,22,9,2167),(2168,22,9,2168),(2169,22,10,2169),(2170,22,10,2170),(2171,22,10,2171),(2172,22,10,2172),(2173,22,10,2173),(2174,22,10,2174);

--
-- Table structure for table `programs`
--

CREATE TABLE `programs` (
  `program_id` int NOT NULL AUTO_INCREMENT,
  `program_name` varchar(255) COLLATE utf8mb4_spanish_ci NOT NULL,
  `area` varchar(255) COLLATE utf8mb4_spanish_ci NOT NULL,
  `fyh_creacion` datetime DEFAULT NULL,
  `fyh_actualizacion` datetime DEFAULT NULL,
  `estado` varchar(11) COLLATE utf8mb4_spanish_ci DEFAULT NULL,
  PRIMARY KEY (`program_id`),
  KEY `idx_area` (`area`)
) ENGINE=InnoDB AUTO_INCREMENT=29 DEFAULT CHARSET=utf8mb4 COLLATE=utf8mb4_spanish_ci;

--
-- Dumping data for table `programs`
--

INSERT INTO `programs` VALUES (1,'ASESOR FINANCIERO','AFC','2024-11-19 05:27:02',NULL,'1'),(2,'ASESOR FINANCIERO COOPERATIVO','AFC','2024-11-19 05:27:02',NULL,'1'),(3,'BIOTECNOLOGIA','QMBT','2024-11-19 05:27:02','2024-11-20 00:49:06','1'),(4,'DISEÑO Y MODA','DMI','2024-11-19 05:27:02',NULL,'1'),(5,'ENERGIA Y DESARROLLO SOSTENIBLE AREA ENERGIA SOLAR','ERV','2024-11-19 05:27:02','2024-11-20 00:49:16','1'),(6,'ENERGIA Y DESARROLLO SOSTENIBLE AREA TURBOENERGIA','ERV','2024-11-19 05:27:02','2024-11-20 00:50:18','1'),(7,'ENERGIA Y DESARROLLO SOSTENIBLE AREA TURBOSOLAR','ERV','2024-11-19 05:27:02','2024-11-20 00:50:24','1'),(8,'ENERGIAS RENOVABLES','ERV','2024-11-19 05:27:02','2024-11-20 00:50:31','1'),(9,'ENERGIAS RENOVABLES AREA CALIDAD Y AHORRO DE ENERGIA','ERV','2024-11-19 05:27:02','2024-11-20 00:50:37','1'),(10,'ENERGIAS RENOVABLES AREA ENERGIA SOLAR','ERV','2024-11-19 05:27:02','2024-11-20 00:50:42','1'),(11,'ENERGIAS RENOVABLES AREA TURBOENERGIA','ERV','2024-11-19 05:27:02','2024-11-20 00:50:53','1'),(12,'GASTRONOMIA','GST','2024-11-19 05:27:02','2024-11-20 00:51:04','1'),(13,'INGENIERIA EN ENTORNOS VIRTUALES Y NEGOCIOS DIGITALES','TI','2024-11-19 05:27:02','2024-11-20 00:51:11','1'),(14,'LICENCIATURA EN ENFERMERIA','ENF','2024-11-19 05:27:02','2024-11-20 00:51:17','1'),(15,'MANTENIMIENTO INDUSTRIAL','MAI','2024-11-19 05:27:02',NULL,'1'),(16,'MECATRONICA','MEC','2024-11-19 05:27:02','2024-11-20 00:51:37','1'),(17,'MTRIA. EN INGENIERIA APLICADA EN LA INNOVACION TECNOLOGICA','TI','2024-11-19 05:27:02','2024-11-20 00:51:52','1'),(18,'TECNOLOGIAS DE LA INFORMACION','TI','2024-11-19 05:27:02','2024-11-20 00:52:00','1'),(19,'TECNOLOGIAS DE LA INFORMACION AREA DESARROLLO DE SOFTWARE MULTIPLATAFORMA','TI','2024-11-19 05:27:02','2024-11-20 00:52:13','1'),(20,'TECNOLOGIAS DE LA INFORMACION E INNOVACION DIGITAL','TI','2024-11-19 05:27:02','2024-11-20 00:52:23','1'),(21,'TECNOLOGIAS DE LA INFORMACION E INNOVACION DIGITAL AREA ENTORNO VIRTUALES Y NEGOCIOS DIGITALES','TI','2024-11-19 05:27:02','2024-11-20 00:52:33','1'),(22,'INGENIERIA EN DESARROLLO Y GESTION DE SOFTWARE','TI','2024-11-19 05:27:02','2024-12-06 10:59:04','1'),(23,'TECNOLOGÍAS DE LA INFORMACIÓN ÁREA ENTORNOS VIRTUALES Y NEGOCIOS DIGITALES','TI','2024-12-06 07:43:38',NULL,'ACTIVO'),(24,'ENERGÍAS RENOVABLES','ERV','2024-12-06 07:43:48',NULL,'ACTIVO'),(25,'ENERGÍA Y DESARROLLO SOSTENIBLE AREA TURBO SOLAR','ERV','2024-12-06 07:44:01',NULL,'ACTIVO'),(26,'INGENIERIA EN ENERGÍAS RENOVABLES','ERV','2024-12-06 07:44:11',NULL,'ACTIVO'),(27,'MAESTRÍA EN INGENIERÍA APLICADA EN LA INNOVACIÓN TECNOLÓGICA','TI','2024-12-18 00:42:05',NULL,'ACTIVO'),(28,'ELECTROMOVILIDAD','EMV','2024-12-18 00:42:12',NULL,'ACTIVO');

--
-- Table structure for table `registro_actividad`
--

CREATE TABLE `registro_actividad` (
  `id` int NOT NULL AUTO_INCREMENT,
  `email` varchar(255) COLLATE utf8mb4_spanish_ci NOT NULL,
  `status` enum('exitoso','fallido') COLLATE utf8mb4_spanish_ci NOT NULL,
  `ip` varchar(45) COLLATE utf8mb4_spanish_ci NOT NULL,
  `fecha` timestamp NULL DEFAULT CURRENT_TIMESTAMP,
  PRIMARY KEY (`id`)
) ENGINE=InnoDB AUTO_INCREMENT=295 DEFAULT CHARSET=utf8mb4 COLLATE=utf8mb4_spanish_ci;

--
-- Dumping data for table `registro_actividad`
--

INSERT INTO `registro_actividad` VALUES (1,'admin@admin.com','exitoso','177.240.146.245','2024-11-19 05:27:36'),(2,'admin@admin.com','exitoso','177.240.146.245','2024-11-19 18:09:57'),(3,'admin@admin.com','exitoso','177.240.146.245','2024-11-19 18:19:49'),(4,'admin@admin.com','exitoso','177.240.146.245','2024-11-19 20:34:13'),(5,'admin@admin.com','exitoso','177.240.146.245','2024-11-19 20:53:00'),(6,'admin@admin.com','exitoso','207.248.109.2','2024-11-20 01:23:22'),(7,'admin@admin.com','exitoso','177.240.146.245','2024-11-20 01:49:07'),(8,'admin@admin.com','exitoso','177.240.146.245','2024-11-20 03:47:21'),(9,'admin@admin.com','exitoso','177.240.146.245','2024-11-20 04:52:09'),(10,'admin@admin.com','exitoso','177.240.146.245','2024-11-20 05:44:14'),(11,'admin@admin.com','exitoso','177.240.146.245','2024-11-20 05:52:53'),(12,'admin@admin.com','exitoso','177.240.146.245','2024-11-20 05:59:31'),(13,'admin@admin.com','exitoso','189.199.95.118','2024-11-20 17:34:00'),(14,'admin@admin.com','exitoso','187.189.191.141','2024-11-20 20:06:51'),(15,'jonathan.moreno@ut-morelia.edu.mx','exitoso','189.199.95.118','2024-11-20 20:24:16'),(16,'esolache@ut-morelia.edu.mx','exitoso','187.189.191.141','2024-11-20 20:30:05'),(17,'rocio.gonzalez@ut-morelia.edu.mx','exitoso','187.189.191.141','2024-11-20 20:30:26'),(18,'luis.gutierrez@ut-morelia.edu.mx','exitoso','189.199.95.118','2024-11-20 20:31:29'),(19,'luis.gutierrez@ut-morelia.edu.mx','exitoso','189.199.95.118','2024-11-20 20:33:50'),(20,'jonathan.moreno@ut-morelia.edu.mx','exitoso','189.199.95.118','2024-11-20 20:33:56'),(21,'esolache@ut-morelia.edu.mx','exitoso','187.189.191.141','2024-11-20 20:33:58'),(22,'admin@admin.com','exitoso','177.240.146.245','2024-11-20 20:41:08'),(23,'admin@admin.com','exitoso','187.189.191.141','2024-11-20 21:10:00'),(24,'admin@admin.com','exitoso','177.240.146.245','2024-11-20 21:25:06'),(25,'admin@admin.com','exitoso','187.189.191.141','2024-11-20 21:28:31'),(26,'admin@admin.com','exitoso','187.189.191.141','2024-11-20 21:40:29'),(27,'admin@admin.com','exitoso','177.240.146.245','2024-11-20 21:40:56'),(28,'admin1@admin.com','exitoso','177.240.146.245','2024-11-20 21:42:56'),(29,'admin1@admin.com','exitoso','200.68.166.76','2024-11-20 21:45:08'),(30,'admin@admin.com','exitoso','177.240.146.245','2024-11-20 21:46:27'),(31,'admin1@admin.com','exitoso','177.240.146.245','2024-11-20 21:48:30'),(32,'admin@admin.com','fallido','189.243.236.74','2024-11-21 01:13:51'),(33,'admin@admin.com','fallido','189.243.236.74','2024-11-21 01:14:07'),(34,'admin@admin.com','exitoso','189.243.236.74','2024-11-21 01:14:20'),(35,'admin@admin.com','exitoso','189.243.236.74','2024-11-21 02:06:49'),(36,'admin@admin.com','fallido','177.240.146.245','2024-11-21 10:21:30'),(37,'admin@admin.com','exitoso','177.240.146.245','2024-11-21 10:21:35'),(38,'admin@admin.com','exitoso','177.240.146.245','2024-11-21 10:29:10'),(39,'laura.vieyra@ut-morelia.edu.mx','exitoso','189.199.95.118','2024-11-21 15:07:27'),(40,'admin@admin.com','exitoso','177.240.146.245','2024-11-21 22:28:54'),(41,'admin@admin.com','exitoso','177.240.146.245','2024-11-22 04:05:13'),(42,'admin@admin.com','exitoso','177.240.146.245','2024-11-22 05:33:44'),(43,'admin@admin.com','exitoso','177.240.146.245','2024-11-22 05:34:19'),(44,'admin@admin.com','exitoso','177.240.146.245','2024-11-22 09:13:43'),(45,'laura.vieyra@ut-morelia.edu.mx','exitoso','189.199.95.118','2024-11-22 16:36:40'),(46,'admin@admin.com','exitoso','177.240.146.245','2024-11-23 05:57:19'),(47,'admin@admin.com','exitoso','189.243.236.74','2024-11-24 02:35:19'),(48,'srangel@ut-morelia.edu.mx','exitoso','189.243.236.74','2024-11-24 03:22:08'),(49,'srangel@ut-morelia.edu.mx','exitoso','189.243.236.74','2024-11-24 03:25:27'),(50,'admin@admin.com','exitoso','189.243.236.74','2024-11-24 03:25:45'),(51,'jonathan.moreno@ut-morelia.edu.mx','exitoso','187.189.191.141','2024-11-25 14:46:53'),(52,'jonathan.moreno@ut-morelia.edu.mx','exitoso','187.189.191.141','2024-11-25 14:49:44'),(53,'jonathan.moreno@ut-morelia.edu.mx','exitoso','187.189.191.141','2024-11-25 14:51:55'),(54,'admin@admin.com','exitoso','177.240.146.245','2024-11-27 05:52:27'),(55,'admin@admin.com','exitoso','177.240.146.245','2024-11-27 20:07:25'),(56,'admin@admin.com','exitoso','177.240.146.245','2024-11-29 07:19:23'),(57,'admin@admin.com','exitoso','177.240.146.245','2024-11-29 07:21:19'),(58,'admin@admin.com','exitoso','177.240.146.245','2024-11-29 18:14:29'),(59,'admin@admin.com','exitoso','189.199.95.118','2024-11-29 19:20:10'),(60,'admin@admin.com','exitoso','177.240.146.245','2024-11-29 20:23:03'),(61,'admin@admin.com','exitoso','189.199.95.118','2024-11-29 21:41:56'),(62,'admin@admin.com','exitoso','177.240.146.245','2024-11-30 02:16:09'),(63,'admin@admin.com','exitoso','177.240.146.245','2024-11-30 07:06:59'),(64,'admin@admin.com','exitoso','189.243.236.74','2024-12-01 05:25:50'),(65,'admin@admin.com','exitoso','177.240.146.245','2024-12-02 02:49:02'),(66,'admin@admin.com','exitoso','177.240.146.245','2024-12-02 07:50:05'),(67,'admin@admin.com','exitoso','177.240.146.245','2024-12-02 13:05:59'),(68,'admin@admin.com','exitoso','187.189.191.141','2024-12-02 15:06:13'),(69,'rocio.gonzalez@ut-morelia.edu.mx','exitoso','187.189.191.141','2024-12-02 16:40:04'),(70,'admin@admin.com','exitoso','177.240.146.245','2024-12-02 17:02:38'),(71,'admin@admin.com','exitoso','187.189.191.141','2024-12-02 17:13:13'),(72,'admin1@admin.com','fallido','177.240.146.245','2024-12-02 17:15:22'),(73,'admin1@admin.com','exitoso','177.240.146.245','2024-12-02 17:15:27'),(74,'admin@admin.com','exitoso','177.240.136.41','2024-12-03 16:35:40'),(75,'admin@admin.com','exitoso','177.240.136.41','2024-12-03 18:56:53'),(76,'admin@admin.com','exitoso','177.240.136.41','2024-12-03 21:07:19'),(77,'admin@admin.com','exitoso','177.240.146.245','2024-12-05 08:54:38'),(78,'admin@admin.com','exitoso','177.240.136.41','2024-12-06 02:17:33'),(79,'admin@admin.com','exitoso','177.240.136.41','2024-12-06 02:18:47'),(80,'admin@admin.com','exitoso','189.243.236.74','2024-12-06 03:21:18'),(81,'esolache@ut-morelia.edu.mx','fallido','189.243.236.74','2024-12-06 04:12:08'),(82,'esolache@ut-morelia.edu.mx','fallido','189.243.236.74','2024-12-06 04:12:15'),(83,'esolache@ut-morelia.edu.mx','exitoso','189.243.236.74','2024-12-06 04:12:23'),(84,'admin@admin.com','exitoso','177.240.136.41','2024-12-06 05:34:39'),(85,'admin@admin.com','exitoso','177.240.136.41','2024-12-06 06:42:14'),(86,'admin@admin.com','exitoso','177.240.136.41','2024-12-06 07:19:26'),(87,'admin@admin.com','exitoso','177.240.136.41','2024-12-06 07:29:46'),(88,'admin@admin.com','exitoso','177.240.136.41','2024-12-06 07:31:50'),(89,'admin@admin.com','fallido','177.240.146.245','2024-12-06 13:41:09'),(90,'admin@admin.com','exitoso','177.240.146.245','2024-12-06 13:41:13'),(91,'admin@admin.com','exitoso','187.189.191.141','2024-12-06 14:14:58'),(92,'rocio.gonzalez@ut-morelia.edu.mx','exitoso','189.199.95.118','2024-12-06 14:50:50'),(93,'srangel@ut-morelia.edu.mx','exitoso','189.199.95.118','2024-12-06 14:51:59'),(94,'esolache@ut-morelia.edu.mx','fallido','189.199.95.118','2024-12-06 14:52:54'),(95,'esolache@ut-morelia.edu.mx','exitoso','189.199.95.118','2024-12-06 14:53:54'),(96,'admin@admin.com','exitoso','187.189.191.141','2024-12-06 14:54:57'),(97,'srangel@ut-morelia.edu.mx','exitoso','187.189.191.141','2024-12-06 14:57:12'),(98,'admin@admin.com','exitoso','187.189.191.141','2024-12-06 14:58:56'),(99,'srangel@ut-morelia.edu.mx','exitoso','187.189.191.141','2024-12-06 15:01:04'),(100,'esolache@ut-morelia.edu.mx','exitoso','187.189.191.141','2024-12-06 15:07:55'),(101,'jonathan.moreno@ut-morelia.edu.mx','exitoso','189.199.95.118','2024-12-06 15:12:21'),(102,'luis.gutierrez@ut-morelia.edu.mx','exitoso','187.189.191.141','2024-12-06 15:13:33'),(103,'jonathan.moreno@ut-morelia.edu.mx','exitoso','189.199.95.118','2024-12-06 15:13:47'),(104,'luis.gutierrez@ut-morelia.edu.mx','exitoso','189.199.95.118','2024-12-06 15:15:00'),(105,'rosa.garcia@ut-morelia.edu.mx','fallido','187.189.191.141','2024-12-06 15:22:53'),(106,'rosa.garcia@ut-morelia.edu.mx','fallido','187.189.191.141','2024-12-06 15:25:07'),(107,'rosa.garcia@ut-morelia.edu.mx','exitoso','187.189.191.141','2024-12-06 15:35:24'),(108,'admin@admin.com','exitoso','187.189.191.141','2024-12-06 15:49:24'),(109,'rocio.gonzalez@ut-morelia.edu.mx','exitoso','189.199.95.118','2024-12-06 15:49:32'),(110,'esolache@ut-morelia.edu.mx','exitoso','189.199.95.118','2024-12-06 15:49:51'),(111,'esolache@ut-morelia.edu.mx','exitoso','187.189.191.141','2024-12-06 15:51:46'),(112,'mequihua@ut-morelia.edu.mx','exitoso','187.189.191.141','2024-12-06 15:52:07'),(113,'mequihua@ut-morelia.edu.mx','exitoso','187.189.191.141','2024-12-06 15:52:11'),(114,'laura.vieyra@ut-morelia.edu.mx','exitoso','200.68.167.46','2024-12-06 15:58:13'),(115,'mequihua@ut-morelia.edu.mx','exitoso','187.189.191.141','2024-12-06 16:23:12'),(116,'admin@admin.com','exitoso','187.189.191.141','2024-12-06 17:49:44'),(117,'luis.gutierrez@ut-morelia.edu.mx','exitoso','189.199.95.118','2024-12-06 17:55:20'),(118,'esolache@ut-morelia.edu.mx','fallido','187.189.191.141','2024-12-06 17:56:06'),(119,'esolache@ut-morelia.edu.mx','exitoso','187.189.191.141','2024-12-06 17:59:35'),(120,'admin@admin.com','exitoso','187.189.191.141','2024-12-06 18:19:11'),(121,'luis.gutierrez@ut-morelia.edu.mx','exitoso','189.199.95.118','2024-12-06 18:43:09'),(122,'luis.gutierrez@ut-morelia.edu.mx','exitoso','187.189.191.141','2024-12-06 18:49:57'),(123,'rocio.gonzalez@ut-morelia.edu.mx','exitoso','189.199.95.118','2024-12-06 18:51:43'),(124,'esolache@ut-morelia.edu.mx','exitoso','187.189.191.141','2024-12-06 19:31:46'),(125,'jonathan.moreno@ut-morelia.edu.mx','exitoso','189.199.95.118','2024-12-06 19:47:23'),(126,'rosa.garcia@ut-morelia.edu.mx','exitoso','187.189.191.141','2024-12-06 19:55:03'),(127,'admin@admin.com','exitoso','177.240.146.245','2024-12-06 21:15:02'),(128,'admin@admin.com','exitoso','177.240.146.245','2024-12-07 12:04:01'),(129,'admin@admin.com','exitoso','177.240.146.245','2024-12-07 12:04:05'),(130,'admin@admin.com','exitoso','177.240.146.245','2024-12-07 12:04:13'),(131,'admin@admin.com','exitoso','177.240.146.245','2024-12-07 12:04:28'),(132,'admin@admin.com','exitoso','189.243.236.74','2024-12-07 22:13:39'),(133,'jorgerodriguez@ut-morelia.edu.mx','exitoso','189.243.236.74','2024-12-07 22:34:13'),(134,'admin@admin.com','exitoso','177.240.136.41','2024-12-07 22:42:32'),(135,'admin@admin.com','exitoso','177.240.136.41','2024-12-08 02:04:17'),(136,'admin@admin.com','exitoso','177.240.136.41','2024-12-08 03:15:02'),(137,'jorgerodriguez@ut-morelia.edu.mx','exitoso','189.199.95.118','2024-12-09 15:10:56'),(138,'jorgerodriguez@ut-morelia.edu.mx','exitoso','189.199.95.118','2024-12-09 15:24:00'),(139,'jonathan.moreno@ut-morelia.edu.mx','exitoso','187.189.191.141','2024-12-09 15:24:29'),(140,'laura.vieyra@ut-morelia.edu.mx','exitoso','187.189.191.141','2024-12-09 15:24:36'),(141,'admin@admin.com','exitoso','177.240.136.41','2024-12-09 15:35:51'),(142,'jorgerodriguez@ut-morelia.edu.mx','exitoso','189.199.95.118','2024-12-09 15:37:31'),(143,'jorgerodriguez@ut-morelia.edu.mx','exitoso','187.189.191.141','2024-12-09 15:51:21'),(144,'admin@admin.com','fallido','177.240.136.41','2024-12-09 16:49:30'),(145,'admin@admin.com','exitoso','177.240.136.41','2024-12-09 16:49:38'),(146,'admin@admin.com','exitoso','177.240.136.41','2024-12-09 17:29:15'),(147,'mequihua@ut-morelia.edu.mx','exitoso','187.189.191.141','2024-12-09 17:30:02'),(148,'jonathan.moreno@ut-morelia.edu.mx','exitoso','189.199.95.118','2024-12-09 17:30:08'),(149,'esolache@ut-morelia.edu.mx','exitoso','189.199.95.118','2024-12-09 17:30:32'),(150,'laura.vieyra@ut-morelia.edu.mx','exitoso','187.189.191.141','2024-12-09 17:37:52'),(151,'jorgerodriguez@ut-morelia.edu.mx','exitoso','189.199.95.118','2024-12-09 17:53:12'),(152,'admin@admin.com','exitoso','177.240.136.41','2024-12-09 18:29:49'),(153,'admin@admin.com','fallido','177.240.136.41','2024-12-10 01:46:25'),(154,'admin@admin.com','exitoso','177.240.136.41','2024-12-10 01:46:32'),(155,'admin@admin.com','exitoso','189.243.236.74','2024-12-10 02:51:48'),(156,'admin@admin.com','exitoso','177.240.146.245','2024-12-11 08:58:34'),(157,'srangel@ut-morelia.edu.mx','exitoso','187.189.191.141','2024-12-12 16:58:10'),(158,'admin@admin.com','fallido','177.240.146.245','2024-12-12 18:00:42'),(159,'admin@admin.com','exitoso','177.240.146.245','2024-12-12 18:00:51'),(160,'mequihua@ut-morelia.edu.mx','exitoso','189.199.95.118','2024-12-12 18:42:40'),(161,'jorgerodriguez@ut-morelia.edu.mx','exitoso','189.199.95.118','2024-12-12 18:43:06'),(162,'rocio.gonzalez@ut-morelia.edu.mx','exitoso','189.199.95.118','2024-12-12 18:43:34'),(163,'esolache@ut-morelia.edu.mx','exitoso','189.199.95.118','2024-12-12 18:44:03'),(164,'rosa.garcia@ut-morelia.edu.mx','exitoso','187.189.191.141','2024-12-12 18:45:13'),(165,'laura.vieyra@ut-morelia.edu.mx','exitoso','200.68.138.11','2024-12-12 18:48:16'),(166,'admin@admin.com','exitoso','177.240.146.245','2024-12-12 23:53:52'),(167,'admin@admin.com','exitoso','177.240.146.245','2024-12-13 00:27:09'),(168,'jorgerodriguez@ut-morelia.edu.mx','exitoso','189.243.236.74','2024-12-13 02:25:03'),(169,'admin@admin.com','exitoso','177.240.146.245','2024-12-13 02:43:13'),(170,'srangel@ut-morelia.edu.mx','exitoso','177.224.178.72','2024-12-13 03:59:33'),(171,'jonathan.moreno@ut-morelia.edu.mx','exitoso','189.199.95.118','2024-12-13 14:47:11'),(172,'jonathan.moreno@ut-morelia.edu.mx','exitoso','189.199.95.118','2024-12-13 15:01:08'),(173,'jorgerodriguez@ut-morelia.edu.mx','exitoso','189.199.95.118','2024-12-13 15:16:50'),(174,'jorgerodriguez@ut-morelia.edu.mx','exitoso','189.199.95.118','2024-12-13 17:28:32'),(175,'jorgerodriguez@ut-morelia.edu.mx','exitoso','189.199.95.118','2024-12-13 17:54:23'),(176,'srangel@ut-morelia.edu.mx','exitoso','187.189.191.141','2024-12-13 17:58:39'),(177,'admin@admin.com','fallido','187.189.191.141','2024-12-13 18:16:33'),(178,'admin@admin.com','fallido','187.189.191.141','2024-12-13 18:16:41'),(179,'srangel@ut-morelia.edu.mx','exitoso','187.189.191.141','2024-12-13 18:17:11'),(180,'admin@admin.com','exitoso','177.240.136.41','2024-12-13 18:31:15'),(181,'jorgerodriguez@ut-morelia.edu.mx','exitoso','189.199.95.118','2024-12-13 18:51:23'),(182,'jonathan.moreno@ut-morelia.edu.mx','exitoso','187.189.191.141','2024-12-13 19:10:39'),(183,'srangel@ut-morelia.edu.mx','exitoso','187.189.191.141','2024-12-13 19:14:30'),(184,'srangel@ut-morelia.edu.mx','exitoso','187.189.191.141','2024-12-13 19:17:34'),(185,'jonathan.moreno@ut-morelia.edu.mx','exitoso','187.189.191.141','2024-12-13 20:14:02'),(186,'esolache@ut-morelia.edu.mx','exitoso','189.199.95.118','2024-12-13 21:23:59'),(187,'admin@admin.com','exitoso','177.240.136.41','2024-12-13 22:58:56'),(188,'admin@admin.com','exitoso','177.240.136.41','2024-12-13 23:03:07'),(189,'admin@admin.com','exitoso','177.240.136.41','2024-12-14 00:24:30'),(190,'admin@admin.com','exitoso','177.240.136.41','2024-12-14 04:39:35'),(191,'admin@admin.com','exitoso','189.243.236.146','2024-12-14 14:36:39'),(192,'jorgerodriguez@ut-morelia.edu.mx','exitoso','189.243.236.146','2024-12-14 14:57:03'),(193,'admin@admin.com','exitoso','177.240.146.245','2024-12-15 06:37:20'),(194,'admin@admin.com','exitoso','177.240.146.245','2024-12-15 08:23:03'),(195,'admin@admin.com','exitoso','177.240.146.245','2024-12-15 09:20:14'),(196,'admin@admin.com','exitoso','177.240.136.41','2024-12-15 15:11:26'),(197,'admin@admin.com','exitoso','177.240.136.41','2024-12-15 15:52:05'),(198,'luis.gutierrez@ut-morelia.edu.mx','exitoso','177.224.176.24','2024-12-16 01:03:54'),(199,'rocio.gonzalez@ut-morelia.edu.mx','exitoso','187.191.8.252','2024-12-16 14:14:43'),(200,'jonathan.moreno@ut-morelia.edu.mx','exitoso','189.199.95.118','2024-12-16 16:25:25'),(201,'laura.vieyra@ut-morelia.edu.mx','exitoso','187.189.191.141','2024-12-16 17:07:49'),(202,'rosa.garcia@ut-morelia.edu.mx','exitoso','187.189.191.141','2024-12-16 21:15:08'),(203,'jorgerodriguez@ut-morelia.edu.mx','exitoso','189.199.95.118','2024-12-17 19:27:28'),(204,'jorgerodriguez@ut-morelia.edu.mx','exitoso','189.199.95.118','2024-12-17 20:53:31'),(205,'admin@admin.com','exitoso','177.240.136.41','2024-12-17 21:28:06'),(206,'admin@admin.com','exitoso','189.243.236.146','2024-12-18 02:46:17'),(207,'jorgerodriguez@ut-morelia.edu.mx','exitoso','189.243.236.146','2024-12-18 02:46:27'),(208,'srangel@ut-morelia.edu.mx','exitoso','189.243.236.146','2024-12-18 02:47:42'),(209,'jorgerodriguez@ut-morelia.edu.mx','exitoso','189.243.236.146','2024-12-18 02:49:00'),(210,'jonathan.moreno@ut-morelia.edu.mx','fallido','189.243.236.146','2024-12-18 02:49:25'),(211,'jonathan.moreno@ut-morelia.edu.mx','exitoso','189.243.236.146','2024-12-18 02:49:31'),(212,'jorgerodriguez@ut-morelia.edu.mx','exitoso','189.243.236.146','2024-12-18 02:50:08'),(213,'luis.gutierrez@ut-morelia.edu.mx','exitoso','177.224.181.34','2024-12-18 03:55:05'),(214,'admin@admin.com','exitoso','189.243.236.146','2024-12-18 03:55:40'),(215,'admin@admin.com','exitoso','189.243.236.146','2024-12-18 06:33:38'),(216,'jorgerodriguez@ut-morelia.edu.mx','exitoso','189.243.236.146','2024-12-18 06:43:48'),(217,'srangel@ut-morelia.edu.mx','exitoso','189.243.236.146','2024-12-18 06:44:13'),(218,'alberto.lucas@ut-morelia.edu.mx','exitoso','189.243.236.146','2024-12-18 06:45:34'),(219,'srangel@ut-morelia.edu.mx','exitoso','189.243.236.146','2024-12-18 07:00:16'),(220,'srangel@ut-morelia.edu.mx','exitoso','189.243.236.146','2024-12-18 07:08:00'),(221,'jorgerodriguez@ut-morelia.edu.mx','exitoso','189.243.236.146','2024-12-18 07:08:03'),(222,'admin@admin.com','exitoso','177.240.146.245','2024-12-18 07:33:11'),(223,'jorgerodriguez@ut-morelia.edu.mx','exitoso','187.189.191.141','2024-12-18 14:48:43'),(224,'laura.vieyra@ut-morelia.edu.mx','exitoso','189.199.95.118','2024-12-18 14:53:28'),(225,'jonathan.moreno@ut-morelia.edu.mx','fallido','187.189.191.141','2024-12-18 14:54:50'),(226,'chef.mario.utm@gmail.com','exitoso','187.189.191.141','2024-12-18 14:55:24'),(227,'srangel@ut-morelia.edu.mx','fallido','187.189.191.141','2024-12-18 14:56:36'),(228,'chef.mario.utm@gmail.com','exitoso','189.199.95.118','2024-12-18 14:57:16'),(229,'srangel@ut-morelia.edu.mx','exitoso','187.189.191.141','2024-12-18 14:57:29'),(230,'alberto.lucas@ut-morelia.edu.mx','exitoso','187.189.191.141','2024-12-18 14:57:52'),(231,'rosa.garcia@ut-morelia.edu.mx','exitoso','187.189.191.141','2024-12-18 14:59:31'),(232,'rocio.gonzalez@ut-morelia.edu.mx','exitoso','187.189.191.141','2024-12-18 14:59:43'),(233,'alberto.lucas@ut-morelia.edu.mx','fallido','187.189.191.141','2024-12-18 15:00:17'),(234,'alberto.lucas@ut-morelia.edu.mx','exitoso','187.189.191.141','2024-12-18 15:00:30'),(235,'luis.gutierrez@ut-morelia.edu.mx','exitoso','189.199.95.118','2024-12-18 15:02:05'),(236,'gricelda.rodriguez@ut-morelia.edu.mx','exitoso','189.199.95.118','2024-12-18 15:03:17'),(237,'srangel@ut-morelia.edu.mx','exitoso','200.68.139.5','2024-12-18 15:06:31'),(238,'jonathan.moreno@ut-morelia.edu.mx','exitoso','187.189.191.141','2024-12-18 15:10:55'),(239,'luis.gutierrez@ut-morelia.edu.mx','exitoso','187.189.191.141','2024-12-18 15:12:01'),(240,'chef.mario.utm@gmail.com','exitoso','189.199.95.118','2024-12-18 15:12:29'),(241,'gricelda.rodriguez@ut-morelia.edu.mx','exitoso','189.199.95.118','2024-12-18 15:12:38'),(242,'alberto.lucas@ut-morelia.edu.mx','exitoso','187.189.191.141','2024-12-18 15:15:25'),(243,'mequihua@ut-morelia.edu.mx','exitoso','187.189.191.141','2024-12-18 15:16:40'),(244,'luis.gutierrez@ut-morelia.edu.mx','exitoso','187.189.191.141','2024-12-18 15:17:23'),(245,'carlos.lopez@ut-morelia.edu.mx','exitoso','189.199.95.118','2024-12-18 15:22:59'),(246,'julio.hernandez@ut-morelia.edu.mx','exitoso','187.189.191.141','2024-12-18 15:26:16'),(247,'mario.gutierrez@ut-morelia.edu.mx','exitoso','189.199.95.118','2024-12-18 15:28:35'),(248,'julio.hernandez@ut-morelia.edu.mx','exitoso','187.189.191.141','2024-12-18 15:31:32'),(249,'rocio.gonzalez@ut-morelia.edu.mx','exitoso','187.189.191.141','2024-12-18 15:32:32'),(250,'luis.gutierrez@ut-morelia.edu.mx','exitoso','187.189.191.141','2024-12-18 15:33:13'),(251,'admin@admin.com','exitoso','177.240.146.245','2024-12-18 15:37:40'),(252,'chef.mario.utm@gmail.com','exitoso','189.199.95.118','2024-12-18 15:38:35'),(253,'jonathan.moreno@ut-morelia.edu.mx','exitoso','187.189.191.141','2024-12-18 15:48:00'),(254,'jorgerodriguez@ut-morelia.edu.mx','exitoso','200.68.139.5','2024-12-18 15:51:04'),(255,'dante.garcia@ut-morelia.edu.mx','exitoso','189.199.95.118','2024-12-18 15:51:26'),(256,'chef.mario.utm@gmail.com','exitoso','189.199.95.118','2024-12-18 15:53:29'),(257,'luis.gutierrez@ut-morelia.edu.mx','exitoso','187.189.191.141','2024-12-18 15:53:55'),(258,'admin@admin.com','fallido','177.240.146.245','2024-12-18 15:53:59'),(259,'admin@admin.com','exitoso','177.240.146.245','2024-12-18 15:54:07'),(260,'luis.gutierrez@ut-morelia.edu.mx','exitoso','187.189.191.141','2024-12-18 15:55:41'),(261,'luis.gutierrez@ut-morelia.edu.mx','exitoso','187.189.191.141','2024-12-18 15:56:39'),(262,'jose.rodriguez@ut-morelia.edu.mx','exitoso','189.199.95.118','2024-12-18 15:56:40'),(263,'rosa.garcia@ut-morelia.edu.mx','exitoso','187.189.191.141','2024-12-18 16:05:01'),(264,'alberto.lucas@ut-morelia.edu.mx','exitoso','187.189.191.141','2024-12-18 16:09:39'),(265,'srangel@ut-morelia.edu.mx','exitoso','187.189.191.141','2024-12-18 16:26:24'),(266,'admin@admin.com','exitoso','177.240.146.245','2024-12-18 16:43:45'),(267,'jonathan.moreno@ut-morelia.edu.mx','exitoso','187.189.191.141','2024-12-18 16:52:29'),(268,'srangel@ut-morelia.edu.mx','exitoso','187.189.191.141','2024-12-18 16:55:11'),(269,'laura.vieyra@ut-morelia.edu.mx','exitoso','200.68.167.15','2024-12-18 16:57:15'),(270,'luis.gutierrez@ut-morelia.edu.mx','exitoso','187.189.191.141','2024-12-18 17:05:08'),(271,'mario.gutierrez@ut-morelia.edu.mx','exitoso','189.199.95.118','2024-12-18 17:05:59'),(272,'jonathan.moreno@ut-morelia.edu.mx','exitoso','187.189.191.141','2024-12-18 17:07:25'),(273,'rocio.gonzalez@ut-morelia.edu.mx','exitoso','187.189.191.141','2024-12-18 17:41:28'),(274,'julio.hernandez@ut-morelia.edu.mx','exitoso','187.189.191.141','2024-12-18 17:47:39'),(275,'alberto.lucas@ut-morelia.edu.mx','exitoso','187.189.191.141','2024-12-18 18:13:52'),(276,'alberto.lucas@ut-morelia.edu.mx','exitoso','187.189.191.141','2024-12-18 18:26:28'),(277,'jose.rodriguez@ut-morelia.edu.mx','fallido','200.68.139.5','2024-12-18 18:33:46'),(278,'jorgerodriguez@ut-morelia.edu.mx','exitoso','200.68.139.5','2024-12-18 18:34:06'),(279,'carlos.lopez@ut-morelia.edu.mx','exitoso','189.199.95.118','2024-12-18 18:34:41'),(280,'alberto.lucas@ut-morelia.edu.mx','exitoso','187.189.191.141','2024-12-18 18:40:41'),(281,'julio.hernandez@ut-morelia.edu.mx','exitoso','187.189.191.141','2024-12-18 18:41:11'),(282,'jonathan.moreno@ut-morelia.edu.mx','exitoso','187.189.191.141','2024-12-18 18:43:15'),(283,'jose.rodriguez@ut-morelia.edu.mx','exitoso','189.199.95.118','2024-12-18 18:47:46'),(284,'alberto.lucas@ut-morelia.edu.mx','exitoso','187.189.191.141','2024-12-18 18:54:45'),(285,'srangel@ut-morelia.edu.mx','fallido','187.189.191.141','2024-12-18 18:55:11'),(286,'srangel@ut-morelia.edu.mx','fallido','187.189.191.141','2024-12-18 18:55:22'),(287,'rocio.gonzalez@ut-morelia.edu.mx','exitoso','187.189.191.141','2024-12-18 18:55:46'),(288,'srangel@ut-morelia.edu.mx','exitoso','187.189.191.141','2024-12-18 18:56:01'),(289,'jorgerodriguez@ut-morelia.edu.mx','exitoso','189.199.95.118','2024-12-18 19:10:28'),(290,'alberto.lucas@ut-morelia.edu.mx','exitoso','187.189.191.141','2024-12-18 19:27:17'),(291,'luis.gutierrez@ut-morelia.edu.mx','exitoso','187.189.191.141','2024-12-18 19:36:03'),(292,'rocio.gonzalez@ut-morelia.edu.mx','exitoso','187.189.191.141','2024-12-18 19:47:56'),(293,'admin@admin.com','exitoso','177.240.146.245','2024-12-19 02:30:44'),(294,'admin@admin.com','exitoso','177.240.146.245','2024-12-19 03:36:37');

--
-- Table structure for table `reports`
--

CREATE TABLE `reports` (
  `report_id` int NOT NULL AUTO_INCREMENT,
  `user_id` int NOT NULL,
  `admin_id` int DEFAULT NULL,
  `report_message` text COLLATE utf8mb4_spanish_ci NOT NULL,
  `is_read` tinyint(1) DEFAULT '0',
  `created_at` datetime DEFAULT CURRENT_TIMESTAMP,
  `updated_at` datetime DEFAULT CURRENT_TIMESTAMP ON UPDATE CURRENT_TIMESTAMP,
  PRIMARY KEY (`report_id`),
  KEY `user_id` (`user_id`),
  KEY `admin_id` (`admin_id`),
  CONSTRAINT `reports_ibfk_1` FOREIGN KEY (`user_id`) REFERENCES `usuarios` (`id_usuario`) ON DELETE CASCADE,
  CONSTRAINT `reports_ibfk_2` FOREIGN KEY (`admin_id`) REFERENCES `usuarios` (`id_usuario`) ON DELETE SET NULL
) ENGINE=InnoDB AUTO_INCREMENT=2 DEFAULT CHARSET=utf8mb4 COLLATE=utf8mb4_spanish_ci;

--
-- Dumping data for table `reports`
--

INSERT INTO `reports` VALUES (1,1,NULL,'asD',1,'2024-12-02 17:22:44','2024-12-02 17:22:47');

--
-- Table structure for table `roles`
--

CREATE TABLE `roles` (
  `id_rol` int NOT NULL AUTO_INCREMENT,
  `nombre_rol` varchar(255) COLLATE utf8mb4_spanish_ci NOT NULL,
  `fyh_creacion` datetime DEFAULT NULL,
  `fyh_actualizacion` datetime DEFAULT NULL,
  `estado` varchar(11) COLLATE utf8mb4_spanish_ci DEFAULT NULL,
  PRIMARY KEY (`id_rol`),
  UNIQUE KEY `nombre_rol` (`nombre_rol`)
) ENGINE=InnoDB AUTO_INCREMENT=7 DEFAULT CHARSET=utf8mb4 COLLATE=utf8mb4_spanish_ci;

--
-- Dumping data for table `roles`
--

INSERT INTO `roles` VALUES (1,'ADMINISTRADOR','2024-11-19 05:27:00',NULL,'1'),(2,'SUB-DIRECTOR ACADEMICO','2024-11-19 05:27:00',NULL,'1'),(3,'ADMINISTRATIVO','2024-11-19 05:27:00',NULL,'1'),(4,'SOPORTE','2024-11-19 05:27:00',NULL,'1'),(5,'COMISIONES INTERNAS','2024-11-19 05:27:00',NULL,'1'),(6,'OBSERVADOR','2024-11-19 05:27:00',NULL,'1');

--
-- Table structure for table `schedule_assignments`
--

CREATE TABLE `schedule_assignments` (
  `assignment_id` int NOT NULL AUTO_INCREMENT,
  `schedule_id` int DEFAULT NULL,
  `subject_id` int DEFAULT NULL,
  `teacher_id` int DEFAULT NULL,
  `group_id` int DEFAULT NULL,
  `classroom_id` int DEFAULT NULL,
  `start_time` time DEFAULT NULL,
  `end_time` time DEFAULT NULL,
  `schedule_day` enum('Lunes','Martes','Miércoles','Jueves','Viernes','Sábado') COLLATE utf8mb4_spanish_ci DEFAULT NULL,
  `estado` varchar(11) COLLATE utf8mb4_spanish_ci DEFAULT NULL,
  `fyh_creacion` datetime DEFAULT NULL,
  `fyh_actualizacion` datetime DEFAULT NULL,
  `tipo_espacio` varchar(50) COLLATE utf8mb4_spanish_ci DEFAULT 'Aula',
  PRIMARY KEY (`assignment_id`),
  UNIQUE KEY `unique_teacher_schedule` (`teacher_id`,`schedule_day`,`start_time`,`end_time`),
  KEY `schedule_id` (`schedule_id`),
  KEY `subject_id` (`subject_id`),
  KEY `group_id` (`group_id`),
  KEY `classroom_id` (`classroom_id`),
  CONSTRAINT `schedule_assignments_ibfk_1` FOREIGN KEY (`schedule_id`) REFERENCES `schedules` (`schedule_id`),
  CONSTRAINT `schedule_assignments_ibfk_2` FOREIGN KEY (`subject_id`) REFERENCES `subjects` (`subject_id`),
  CONSTRAINT `schedule_assignments_ibfk_3` FOREIGN KEY (`teacher_id`) REFERENCES `teachers` (`teacher_id`),
  CONSTRAINT `schedule_assignments_ibfk_4` FOREIGN KEY (`group_id`) REFERENCES `groups` (`group_id`) ON DELETE CASCADE,
  CONSTRAINT `schedule_assignments_ibfk_5` FOREIGN KEY (`classroom_id`) REFERENCES `classrooms` (`classroom_id`)
) ENGINE=InnoDB DEFAULT CHARSET=utf8mb4 COLLATE=utf8mb4_spanish_ci;

--
-- Dumping data for table `schedule_assignments`
--


--
-- Table structure for table `schedules`
--

CREATE TABLE `schedules` (
  `schedule_id` int NOT NULL AUTO_INCREMENT,
  `teacher_subject_id` int DEFAULT NULL,
  `classroom_id` int DEFAULT NULL,
  `schedule_day` enum('Lunes','Martes','Miércoles','Jueves','Viernes','Sábado') COLLATE utf8mb4_spanish_ci DEFAULT NULL,
  `start_time` time DEFAULT NULL,
  `end_time` time DEFAULT NULL,
  `fyh_creacion` datetime DEFAULT NULL,
  `fyh_actualizacion` datetime DEFAULT NULL,
  `estado` varchar(11) COLLATE utf8mb4_spanish_ci DEFAULT NULL,
  `group_id` int DEFAULT NULL,
  PRIMARY KEY (`schedule_id`),
  KEY `teacher_subject_id` (`teacher_subject_id`),
  KEY `classroom_id` (`classroom_id`),
  KEY `group_id` (`group_id`),
  CONSTRAINT `schedules_ibfk_1` FOREIGN KEY (`teacher_subject_id`) REFERENCES `teacher_subjects` (`teacher_subject_id`) ON DELETE CASCADE,
  CONSTRAINT `schedules_ibfk_2` FOREIGN KEY (`classroom_id`) REFERENCES `classrooms` (`classroom_id`) ON DELETE CASCADE,
  CONSTRAINT `schedules_ibfk_3` FOREIGN KEY (`group_id`) REFERENCES `groups` (`group_id`) ON DELETE CASCADE
) ENGINE=InnoDB DEFAULT CHARSET=utf8mb4 COLLATE=utf8mb4_spanish_ci;

--
-- Dumping data for table `schedules`
--


--
-- Table structure for table `shifts`
--

CREATE TABLE `shifts` (
  `shift_id` int NOT NULL AUTO_INCREMENT,
  `shift_name` enum('MATUTINO','VESPERTINO','MIXTO','ZINAPÉCUARO','ENFERMERIA','MATUTINO AVANZADO','VESPERTINO AVANZADO') CHARACTER SET utf8mb4 COLLATE utf8mb4_spanish_ci NOT NULL,
  `schedule_details` varchar(255) COLLATE utf8mb4_spanish_ci NOT NULL,
  `fyh_creacion` datetime DEFAULT NULL,
  `fyh_actualizacion` datetime DEFAULT NULL,
  `estado` varchar(11) COLLATE utf8mb4_spanish_ci DEFAULT NULL,
  PRIMARY KEY (`shift_id`)
) ENGINE=InnoDB AUTO_INCREMENT=10 DEFAULT CHARSET=utf8mb4 COLLATE=utf8mb4_spanish_ci;

--
-- Dumping data for table `shifts`
--

INSERT INTO `shifts` VALUES (1,'MATUTINO','LUNES A VIERNES de 7:00 A 15:00','2024-11-19 05:27:02',NULL,'1'),(2,'VESPERTINO','LUNES A VIERNES de 12:00 A 20:00','2024-11-19 05:27:02',NULL,'1'),(3,'MIXTO','VIERNES DE 16:00 A 20:00 Y SÁBADO DE 7:00 A 18:00','2024-11-19 05:27:02',NULL,'1'),(4,'ZINAPÉCUARO','VIERNES DE 16:00 A 20:00 Y SÁBADO DE 7:00 A 18:00','2024-11-19 05:27:02',NULL,'1'),(5,'ENFERMERIA','Lunes a viernes de 07:00 a 17:00','2024-12-09 15:22:54',NULL,'1'),(6,'MATUTINO AVANZADO','LUNES A VIERNES de 07:00 A 12:00','2024-12-11 14:47:28',NULL,'1'),(7,'VESPERTINO AVANZADO','LUNES A VIERNES de 12:00 A 17:00','2024-12-11 14:47:28',NULL,'1'),(8,'MATUTINO AVANZADO','LUNES A VIERNES de 07:00 A 12:00','2024-12-12 17:59:24',NULL,'ACTIVO'),(9,'VESPERTINO AVANZADO','LUNES A VIERNES de 12:00 A 17:00','2024-12-12 17:59:24',NULL,'ACTIVO');

--
-- Table structure for table `subject_labs`
--

CREATE TABLE `subject_labs` (
  `subject_lab_id` int NOT NULL AUTO_INCREMENT,
  `subject_id` int DEFAULT NULL,
  `lab_id` int DEFAULT NULL,
  `lab_hours` int DEFAULT '0',
  PRIMARY KEY (`subject_lab_id`),
  KEY `fk_subject` (`subject_id`),
  KEY `fk_lab` (`lab_id`),
  CONSTRAINT `fk_lab` FOREIGN KEY (`lab_id`) REFERENCES `labs` (`lab_id`),
  CONSTRAINT `fk_subject` FOREIGN KEY (`subject_id`) REFERENCES `subjects` (`subject_id`)
) ENGINE=InnoDB AUTO_INCREMENT=1055 DEFAULT CHARSET=utf8mb4 COLLATE=utf8mb4_spanish_ci;

--
-- Dumping data for table `subject_labs`
--

INSERT INTO `subject_labs` VALUES (828,1641,9,5),(829,1645,36,4),(830,1652,34,4),(831,1653,13,6),(832,1661,12,2),(833,1663,35,2),(834,1666,6,6),(835,1675,5,7),(836,1679,15,5),(837,1682,31,2),(838,1683,15,5),(839,1685,5,1),(840,1691,11,3),(841,1692,29,3),(842,1699,12,2),(843,1700,19,2),(844,1705,14,2),(845,1706,19,2),(846,1712,13,6),(847,1715,16,3),(848,1716,19,2),(849,1718,19,2),(850,1721,7,6),(851,1725,28,6),(852,1730,16,2),(853,1735,5,4),(854,1736,24,2),(855,1736,5,0),(856,1737,5,6),(857,1739,19,2),(858,1740,24,2),(859,1741,19,2),(860,1743,17,6),(861,1744,5,3),(862,1745,24,2),(863,1745,5,0),(864,1747,19,2),(865,1748,35,2),(866,1750,35,2),(867,1753,28,3),(868,1754,11,4),(869,1765,25,4),(870,1768,2,3),(871,1773,13,2),(872,1773,33,2),(873,1778,16,3),(874,1779,16,3),(875,1780,35,2),(876,1781,19,2),(877,1783,7,6),(878,1786,3,3),(879,1787,30,6),(880,1790,5,2),(881,1792,27,6),(882,1793,24,7),(883,1794,5,1),(884,1796,5,2),(885,1797,5,2),(886,1800,18,5),(887,1801,17,5),(888,1803,17,4),(889,1804,21,4),(890,1807,17,3),(891,1810,15,6),(892,1811,34,4),(893,1813,25,3),(894,1814,14,2),(895,1815,14,2),(896,1816,14,2),(897,1817,2,2),(898,1818,2,2),(899,1819,14,2),(900,1825,15,6),(901,1830,3,4),(902,1831,27,3),(903,1831,18,0),(904,1832,30,6),(905,1838,5,2),(906,1841,27,3),(907,1841,18,0),(908,1842,27,2),(909,1842,18,0),(910,1848,24,2),(911,1850,18,2),(912,1850,31,0),(913,1851,5,3),(914,1852,5,2),(915,1854,10,6),(916,1855,26,3),(917,1858,9,6),(918,1859,11,6),(919,1860,26,3),(920,1861,8,3),(921,1865,9,6),(922,1866,29,4),(923,1867,11,4),(924,1875,31,4),(925,1875,5,0),(926,1878,24,4),(927,1878,18,0),(928,1880,5,2),(929,1882,18,4),(930,1885,34,6),(931,1886,13,6),(932,1888,24,4),(933,1889,33,2),(934,1890,17,3),(935,1893,16,2),(936,1894,19,2),(937,1896,16,2),(938,1898,18,4),(939,1902,5,4),(940,1903,31,4),(941,1903,5,0),(942,1905,16,2),(943,1907,18,4),(944,1907,31,0),(945,1910,31,4),(946,1910,5,0),(947,1911,19,2),(948,1912,35,2),(949,1913,19,2),(950,1919,31,4),(951,1919,5,0),(952,1921,18,4),(953,1921,17,0),(954,1930,31,4),(955,1931,31,4),(956,1933,36,3),(957,1934,5,0),(958,1937,26,5),(959,1939,36,3),(960,1942,21,6),(961,1943,9,7),(962,1946,8,4),(963,1952,6,6),(964,1956,2,3),(965,1958,14,3),(966,1959,36,2),(967,1965,34,6),(968,1967,33,4),(969,1967,15,2),(970,1968,33,2),(971,1968,13,1),(972,1971,4,6),(973,1972,25,3),(974,1974,3,3),(975,1979,16,2),(976,1986,14,2),(977,1990,5,1),(978,1993,24,2),(979,1997,5,1),(980,2005,29,4),(981,2007,8,4),(982,2011,25,3),(983,2017,15,6),(984,2024,7,6),(985,2025,7,6),(986,2030,35,2),(987,2035,8,2),(988,2036,9,7),(989,2037,29,6),(990,2039,9,5),(991,2045,8,5),(992,2047,8,5),(993,2048,5,4),(994,2051,9,5),(995,2053,21,5),(996,2054,9,3),(997,2055,29,4),(998,2056,11,4),(999,2057,9,4),(1000,2060,9,6),(1001,2061,25,4),(1002,2064,34,6),(1003,2067,21,7),(1004,2072,7,6),(1005,2074,3,3),(1006,2077,26,4),(1007,2079,19,3),(1008,2081,35,2),(1009,2083,29,6),(1010,2084,9,7),(1011,2086,21,6),(1012,2088,11,5),(1013,2089,5,2),(1014,2091,27,5),(1015,2091,18,0),(1016,2094,31,4),(1017,2095,31,1),(1018,2095,5,0),(1019,2096,24,2),(1020,2101,10,6),(1021,2102,10,6),(1022,2103,11,6),(1023,2106,14,2),(1024,2107,2,3),(1025,2109,25,2),(1026,2114,15,4),(1027,2116,33,4),(1028,2117,13,1),(1029,2117,33,1),(1030,2123,6,6),(1031,2128,10,6),(1032,2129,26,6),(1033,2132,19,2),(1034,2135,11,7),(1035,2138,8,2),(1036,2139,10,5),(1037,2143,27,4),(1038,2143,18,0),(1039,2148,31,6),(1040,2149,8,3),(1041,2150,31,5),(1042,2150,5,0),(1043,2151,31,2),(1044,2153,9,5),(1045,2154,21,6),(1046,2158,9,5),(1047,2159,9,5),(1048,2165,12,4),(1049,2166,16,2),(1050,2167,11,5),(1051,2169,29,4),(1052,2170,9,3),(1053,2172,21,6),(1054,2173,10,4);

--
-- Table structure for table `subjects`
--

CREATE TABLE `subjects` (
  `subject_id` int NOT NULL AUTO_INCREMENT,
  `subject_name` varchar(100) COLLATE utf8mb4_spanish_ci NOT NULL,
  `weekly_hours` int DEFAULT '0',
  `class_hours` int DEFAULT '0',
  `lab_hours` int DEFAULT '0',
  `lab1_hours` int DEFAULT '0',
  `lab2_hours` int DEFAULT '0',
  `lab3_hours` int DEFAULT '0',
  `max_consecutive_class_hours` int DEFAULT '0',
  `max_consecutive_lab_hours` int DEFAULT '0',
  `program_id` int DEFAULT NULL,
  `term_id` int DEFAULT NULL,
  `fyh_creacion` datetime DEFAULT NULL,
  `fyh_actualizacion` datetime DEFAULT NULL,
  `estado` varchar(11) COLLATE utf8mb4_spanish_ci DEFAULT NULL,
  PRIMARY KEY (`subject_id`),
  KEY `fk_program_subject` (`program_id`),
  KEY `fk_term` (`term_id`),
  CONSTRAINT `fk_program_subject` FOREIGN KEY (`program_id`) REFERENCES `programs` (`program_id`),
  CONSTRAINT `fk_term` FOREIGN KEY (`term_id`) REFERENCES `terms` (`term_id`)
) ENGINE=InnoDB AUTO_INCREMENT=2175 DEFAULT CHARSET=utf8mb4 COLLATE=utf8mb4_spanish_ci;

--
-- Dumping data for table `subjects`
--

INSERT INTO `subjects` VALUES (1637,'COMUNICACIÓN Y ATENCIÓN AL SOCIO',4,4,0,0,0,0,2,0,1,1,'2024-12-18 06:42:20',NULL,'1'),(1638,'COMUNICACIÓN Y HABILIDADES DIGITALES',5,5,0,0,0,0,2,0,1,1,'2024-12-18 06:42:20',NULL,'1'),(1639,'CONTABILIDAD BÁSICA',7,7,0,0,0,0,2,0,1,1,'2024-12-18 06:42:20',NULL,'1'),(1640,'DESARROLLO HUMANO Y VALORES',4,4,0,0,0,0,2,0,1,1,'2024-12-18 06:42:20',NULL,'1'),(1641,'INFORMÁTICA',6,1,5,5,0,0,1,3,1,1,'2024-12-18 06:42:20',NULL,'1'),(1642,'INGLÉS I',5,5,0,0,0,0,1,0,1,1,'2024-12-18 06:42:21',NULL,'1'),(1643,'MICROECONOMÍA',4,4,0,0,0,0,2,0,1,1,'2024-12-18 06:42:21',NULL,'1'),(1644,'CALIDAD',5,5,0,0,0,0,2,0,1,2,'2024-12-18 06:42:21',NULL,'1'),(1645,'QUÍMICA ORGÁNICA',6,2,4,4,0,0,2,2,3,1,'2024-12-18 06:42:21',NULL,'1'),(1646,'INGLÉS II',5,5,0,0,0,0,1,0,1,2,'2024-12-18 06:42:21',NULL,'1'),(1647,'FUNDAMENTOS MATEMÁTICOS',7,7,0,0,0,0,2,0,3,1,'2024-12-18 06:42:21',NULL,'1'),(1648,'DESARROLLO HUMANO Y VALORES',4,4,0,0,0,0,2,0,3,1,'2024-12-18 06:42:21',NULL,'1'),(1649,'CRÉDITO FINANCIERO Y SERVICIOS FINANCIEROS COMPLEMENTARIOS',5,5,0,0,0,0,2,0,1,3,'2024-12-18 06:42:21',NULL,'1'),(1650,'BIOTECNOLOGÍA Y DESARROLLO SOSTENIBLE',3,3,0,0,0,0,2,0,3,1,'2024-12-18 06:42:21',NULL,'1'),(1651,'INGLÉS III',5,5,0,0,0,0,1,0,1,3,'2024-12-18 06:42:21',NULL,'1'),(1652,'TEXTILES I',4,0,4,4,0,0,0,2,4,1,'2024-12-18 06:42:21',NULL,'1'),(1653,'PRINCIPIOS DE PATRONAJE Y CONFECCIÓN',6,0,6,6,0,0,0,3,4,1,'2024-12-18 06:42:21',NULL,'1'),(1654,'PRINCIPIOS DE DISEÑO DE MODA',4,4,0,0,0,0,2,0,4,1,'2024-12-18 06:42:21',NULL,'1'),(1655,'FUNDAMENTOS MATEMÁTICOS',7,7,0,0,0,0,2,0,4,1,'2024-12-18 06:42:21',NULL,'1'),(1656,'DESARROLLO HUMANO Y VALORES',4,4,0,0,0,0,2,0,4,1,'2024-12-18 06:42:21',NULL,'1'),(1657,'ASESORÍA FINANCIERA INTEGRAL',5,5,0,0,0,0,2,0,2,5,'2024-12-18 06:42:21',NULL,'1'),(1658,'METODOLOGÍA DE LA INVESTIGACIÓN',5,5,0,0,0,0,2,0,2,5,'2024-12-18 06:42:21',NULL,'1'),(1659,'EXPRESIÓN ORAL Y ESCRITA II',5,5,0,0,0,0,2,0,2,5,'2024-12-18 06:42:21',NULL,'1'),(1660,'DESARROLLO HUMANO Y VALORES',4,4,0,0,0,0,2,0,8,1,'2024-12-18 06:42:21',NULL,'1'),(1661,'DIBUJO ASISTIDO POR COMPUTADORA',3,1,2,2,0,0,1,2,8,1,'2024-12-18 06:42:21',NULL,'1'),(1662,'INGLÉS I',5,5,0,0,0,0,1,0,4,1,'2024-12-18 06:42:21',NULL,'1'),(1663,'FÍSICA',6,4,2,2,0,0,2,2,8,1,'2024-12-18 06:42:21',NULL,'1'),(1664,'FUNDAMENTOS MATEMATICOS',7,7,0,0,0,0,2,0,8,1,'2024-12-18 06:42:21',NULL,'1'),(1665,'COMUNICACIÓN Y HABILIDADES DIGITALES',5,5,0,0,0,0,2,0,4,1,'2024-12-18 06:42:21',NULL,'1'),(1666,'BASES CULINARIAS I',8,2,6,6,0,0,2,3,12,1,'2024-12-18 06:42:21',NULL,'1'),(1667,'INGLÉS II',5,5,0,0,0,0,1,0,4,2,'2024-12-18 06:42:21',NULL,'1'),(1668,'DESARROLLO HUMANO Y VALORES',4,4,0,0,0,0,2,0,12,1,'2024-12-18 06:42:22',NULL,'1'),(1669,'ILUSTRACIÓN DE MODA',5,5,0,0,0,0,2,0,4,2,'2024-12-18 06:42:22',NULL,'1'),(1670,'MATEMÁTICAS APLICADAS A LA GASTRONOMÍA',4,4,0,0,0,0,2,0,12,1,'2024-12-18 06:42:22',NULL,'1'),(1671,'SEGURIDAD E HIGIENE EN LOS ALIMENTOS',4,4,0,0,0,0,2,0,12,1,'2024-12-18 06:42:22',NULL,'1'),(1672,'INGLÉS III',5,5,0,0,0,0,1,0,4,3,'2024-12-18 06:42:22',NULL,'1'),(1673,'ESTADÍSTICA',5,5,0,0,0,0,2,0,4,4,'2024-12-18 06:42:22',NULL,'1'),(1674,'DESARROLLO HUMANO Y VALORES',4,4,0,0,0,0,2,0,15,1,'2024-12-18 06:42:22',NULL,'1'),(1675,'DIBUJO INDUSTRIAL',7,0,7,7,0,0,0,4,15,1,'2024-12-18 06:42:22',NULL,'1'),(1676,'FUNDAMENTOS DEL MANTENIMIENTO',4,4,0,0,0,0,2,0,15,1,'2024-12-18 06:42:22',NULL,'1'),(1677,'FUNDAMENTOS MATEMÁTICOS',7,7,0,0,0,0,2,0,15,1,'2024-12-18 06:42:22',NULL,'1'),(1678,'SEGURIDAD INDUSTRIAL',3,3,0,0,0,0,2,0,15,1,'2024-12-18 06:42:22',NULL,'1'),(1679,'GRADUACIÓN POR COMPUTADORA',5,0,5,5,0,0,0,3,4,5,'2024-12-18 06:42:22',NULL,'1'),(1680,'EXPRESIÓN ORAL Y ESCRITA II',5,5,0,0,0,0,2,0,4,5,'2024-12-18 06:42:22',NULL,'1'),(1681,'DESARROLLO HUMANO Y VALORES',4,4,0,0,0,0,2,0,16,1,'2024-12-18 06:42:22',NULL,'1'),(1682,'FUNDAMENTOS MATEMÁTICOS',7,5,2,2,0,0,2,2,16,1,'2024-12-18 06:42:22',NULL,'1'),(1683,'DISEÑO DIGITAL DE TELAS',5,0,5,5,0,0,0,3,4,8,'2024-12-18 06:42:22',NULL,'1'),(1684,'ADMINISTRACIÓN DE LA MANUFACTURA',5,5,0,0,0,0,2,0,4,9,'2024-12-18 06:42:22',NULL,'1'),(1685,'PROCESOS INDUSTRIALES',4,3,1,1,0,0,2,1,16,1,'2024-12-18 06:42:22',NULL,'1'),(1686,'BIOLOGÍA',5,5,0,0,0,0,2,0,14,2,'2024-12-18 06:42:22',NULL,'1'),(1687,'COMUNICACIÓN Y HABIIDADES DIGITALES',5,5,0,0,0,0,2,0,14,2,'2024-12-18 06:42:22',NULL,'1'),(1688,'INGLÉS I',5,2,3,3,0,0,1,0,18,1,'2024-12-18 06:42:22',NULL,'1'),(1689,'MATEMÁTICAS PARA INGENIERÍA I',4,4,0,0,0,0,2,0,22,7,'2024-12-18 06:42:22',NULL,'1'),(1690,'METODOLOGÍA PARA EL DESARROLLO DE PROYECTOS',3,0,3,3,0,0,2,0,22,7,'2024-12-18 06:42:22',NULL,'1'),(1691,'EXPRECIENCIA DE USUARIO',3,0,3,3,0,0,0,1,22,7,'2024-12-18 06:42:22',NULL,'1'),(1692,'SEGURIDAD INFORMATICA',3,0,3,3,0,0,0,1,22,7,'2024-12-18 06:42:22',NULL,'1'),(1693,'INGLÉS I',5,5,0,0,0,0,1,0,8,1,'2024-12-18 06:42:22',NULL,'1'),(1694,'ESTADISTICA ADMINISTRATIVA',6,6,0,0,0,0,2,0,1,2,'2024-12-18 06:42:23',NULL,'1'),(1695,'HABILIDADES SOCIOEMOCIONALES Y MANEJO DE CONFLICTOS',4,4,0,0,0,0,2,0,1,2,'2024-12-18 06:42:23',NULL,'1'),(1696,'INTRODUCCIÓN AL SISTEMA FINANCIERO',4,4,0,0,0,0,2,0,1,2,'2024-12-18 06:42:23',NULL,'1'),(1697,'MACROECONOMÍA',4,4,0,0,0,0,2,0,1,2,'2024-12-18 06:42:23',NULL,'1'),(1698,'MARCO JURÍDICO Y LEGAL',7,7,0,0,0,0,2,0,1,2,'2024-12-18 06:42:23',NULL,'1'),(1699,'COMUNICACIÓN Y HABILIDADES DIGITALES',5,3,2,2,0,0,2,2,8,1,'2024-12-18 06:42:23',NULL,'1'),(1700,'ENERGÍA Y DESARROLLO SOSTENIBLE',5,3,2,2,0,0,2,2,8,1,'2024-12-18 06:42:23',NULL,'1'),(1701,'INGLÉS II',5,5,0,0,0,0,1,0,8,2,'2024-12-18 06:42:23',NULL,'1'),(1702,'HABILIDADES SOCIOEMOCIONALES Y MANEJO DE CONFLICTOS',4,4,0,0,0,0,2,0,3,2,'2024-12-18 06:42:23',NULL,'1'),(1703,'FÍSICA',6,6,0,0,0,0,2,0,3,2,'2024-12-18 06:42:23',NULL,'1'),(1704,'CÁLCULO DIFERENCIAL',6,6,0,0,0,0,2,0,3,2,'2024-12-18 06:42:23',NULL,'1'),(1705,'BIOLOGÍA Y FISIOLOGÍA CELULAR',4,2,2,2,0,0,2,2,3,2,'2024-12-18 06:42:23',NULL,'1'),(1706,'DIAGNOSTICO ENERGETICOS',5,3,2,2,0,0,2,2,8,2,'2024-12-18 06:42:23',NULL,'1'),(1707,'PROBABILIDAD Y ESTADÍSTICA',5,5,0,0,0,0,2,0,8,2,'2024-12-18 06:42:23',NULL,'1'),(1708,'PATRONAJE INDUSTRIAL',6,6,0,0,0,0,2,0,4,2,'2024-12-18 06:42:23',NULL,'1'),(1709,'INGLÉS III',5,5,0,0,0,0,1,0,5,3,'2024-12-18 06:42:23',NULL,'1'),(1710,'HISTORIA Y SOCIOLOGÍA DE LA MODA',3,3,0,0,0,0,2,0,4,2,'2024-12-18 06:42:23',NULL,'1'),(1711,'HABILIDADES SOCIEMOCIONALES Y MANEJO DE CONFLICTOS',4,4,0,0,0,0,2,0,4,2,'2024-12-18 06:42:23',NULL,'1'),(1712,'CONFECCIÓN INDUSTRIAL',6,0,6,6,0,0,0,3,4,2,'2024-12-18 06:42:23',NULL,'1'),(1713,'EXPRESIÓN ORAL Y ESCRITA II',5,5,0,0,0,0,2,0,9,5,'2024-12-18 06:42:23',NULL,'1'),(1714,'CÁLCULO DIFERENCIAL',6,6,0,0,0,0,2,0,8,2,'2024-12-18 06:42:23',NULL,'1'),(1715,'CIRCUITOS ELÉCTRICOS',6,3,3,3,0,0,2,2,8,2,'2024-12-18 06:42:23',NULL,'1'),(1716,'CELDAS FOTOVOLTAICAS',5,3,2,2,0,0,2,2,10,5,'2024-12-18 06:42:23',NULL,'1'),(1717,'HABILIDADES SOCIOEMOCIONALES Y MANEJO DE CONFLICTOS',4,4,0,0,0,0,2,0,8,2,'2024-12-18 06:42:23',NULL,'1'),(1718,'COLECTORES SOLARES',5,3,2,2,0,0,2,2,10,5,'2024-12-18 06:42:23',NULL,'1'),(1719,'SEGURIDAD Y MEDIO AMBIENTE',4,4,0,0,0,0,2,0,8,2,'2024-12-18 06:42:24',NULL,'1'),(1720,'EXPRESIÓN ORAL Y ESCRITA II',5,5,0,0,0,0,2,0,10,5,'2024-12-18 06:42:24',NULL,'1'),(1721,'BASES CULINARIAS II',8,2,6,6,0,0,2,3,12,2,'2024-12-18 06:42:24',NULL,'1'),(1722,'ESTANDARIZACIÓN DE PLATILLOS',3,3,0,0,0,0,2,0,12,2,'2024-12-18 06:42:24',NULL,'1'),(1723,'FUNDAMENTOS DE NUTRICIÓN',3,3,0,0,0,0,2,0,12,2,'2024-12-18 06:42:24',NULL,'1'),(1724,'HABILIDADES SOCIOEMOCIONALES Y MANEJO DE CONFLICTOS',4,4,0,0,0,0,2,0,12,2,'2024-12-18 06:42:24',NULL,'1'),(1725,'PANADERIA',8,2,6,6,0,0,2,6,12,2,'2024-12-18 06:42:24',NULL,'1'),(1726,'SERVICIO DE ALIMENTOS Y BEBIDAS',4,4,0,0,0,0,2,0,12,2,'2024-12-18 06:42:24',NULL,'1'),(1727,'INGLÉS I',15,15,0,0,0,0,3,0,14,2,'2024-12-18 06:42:24',NULL,'1'),(1728,'DESARROLLO HUMANO Y VALORES',4,4,0,0,0,0,2,0,14,2,'2024-12-18 06:42:24',NULL,'1'),(1729,'EPISTEMOLOGÍA EN ENFERMERÍA',4,4,0,0,0,0,2,0,14,2,'2024-12-18 06:42:24',NULL,'1'),(1730,'CONTROL Y AUTOMATIZACIÓN',5,3,2,2,0,0,2,2,11,5,'2024-12-18 06:42:24',NULL,'1'),(1731,'ANATOMÍA Y FIOSIOLOGÍA I',7,7,0,0,0,0,2,0,14,2,'2024-12-18 06:42:24',NULL,'1'),(1732,'FUNDAMENTOS DE ENFERMERÍA I',7,7,0,0,0,0,2,0,14,2,'2024-12-18 06:42:24',NULL,'1'),(1733,'EXPRESIÓN ORAL Y ESCRITA II',5,5,0,0,0,0,2,0,11,5,'2024-12-18 06:42:24',NULL,'1'),(1734,'MATEMÁTICAS PARA INGENIERÍA II',5,5,0,0,0,0,2,0,26,8,'2024-12-18 06:42:24',NULL,'1'),(1735,'CÁLCULO DIFERENCIAL',6,2,4,4,0,0,2,2,15,2,'2024-12-18 06:42:24',NULL,'1'),(1736,'FÍSICA',6,4,2,2,0,0,2,2,15,2,'2024-12-18 06:42:24',NULL,'1'),(1737,'GESTIÓN DEL MANTENIMIENTO',6,0,6,6,0,0,0,3,15,2,'2024-12-18 06:42:24',NULL,'1'),(1738,'HABILIDADES SOCIEMOCIONALES Y MANEJO DE CONFLICTOS',4,4,0,0,0,0,2,0,15,2,'2024-12-18 06:42:24',NULL,'1'),(1739,'DISEÑO DE SISTEMAS',5,3,2,2,0,0,2,2,26,8,'2024-12-18 06:42:24',NULL,'1'),(1740,'TERMODINÁMICA',3,1,2,2,0,0,1,2,15,2,'2024-12-18 06:42:24',NULL,'1'),(1741,'DISEÑO DE PROYECTOS DE ENERGÍA SOLAR',5,3,2,2,0,0,2,2,26,9,'2024-12-18 06:42:24',NULL,'1'),(1742,'CALCULO DIFERENCIAL',6,6,0,0,0,0,2,0,16,2,'2024-12-18 06:42:25',NULL,'1'),(1743,'CIRCUITOS ELÉCTRICOS',6,0,6,6,0,0,2,2,16,2,'2024-12-18 06:42:25',NULL,'1'),(1744,'DIBUJO PARA INGENIERÍA',3,0,3,3,0,0,0,2,16,2,'2024-12-18 06:42:25',NULL,'1'),(1745,'FÍSICA',6,4,2,2,0,0,2,2,16,2,'2024-12-18 06:42:25',NULL,'1'),(1746,'HABILIDADES SOCIOEMOCIONALES Y MANEJO DE CONFLICTOS',4,4,0,0,0,0,2,0,16,2,'2024-12-18 06:42:25',NULL,'1'),(1747,'DISEÑO DE PROYECTOS DE ENERGÍA EÓLICA',5,3,2,2,0,0,2,2,26,9,'2024-12-18 06:42:25',NULL,'1'),(1748,'DISEÑO DE PROYECTOS DE BIOENERGÍA',5,3,2,2,0,0,2,2,26,10,'2024-12-18 06:42:25',NULL,'1'),(1749,'ADMINSITRACIÓN DEL TIEMPO',3,3,0,0,0,0,2,0,22,7,'2024-12-18 06:42:25',NULL,'1'),(1750,'ESTRATEGIAS DE EFICIENCIA ENERGÉTICA',5,3,2,2,0,0,2,2,26,10,'2024-12-18 06:42:25',NULL,'1'),(1751,'INGLÉS I',5,5,0,0,0,0,1,0,12,1,'2024-12-18 06:42:25',NULL,'1'),(1752,'COMUNICACIÓN Y HABILIDADES DIGITALES',5,5,0,0,0,0,2,0,12,1,'2024-12-18 06:42:25',NULL,'1'),(1753,'INTRODUCCIÓN A LA GASTRONOMÍA',5,2,3,3,0,0,2,3,12,1,'2024-12-18 06:42:25',NULL,'1'),(1754,'DESARROLLO WEB PROFESIONAL',4,0,4,4,0,0,0,2,22,8,'2024-12-18 06:42:25',NULL,'1'),(1755,'FÍSICA',6,6,0,0,0,0,2,0,4,2,'2024-12-18 06:42:25',NULL,'1'),(1756,'AHORRO E INVERSIÓN',6,6,0,0,0,0,2,0,1,3,'2024-12-18 06:42:25',NULL,'1'),(1757,'INGLÉS II',5,5,0,0,0,0,1,0,12,2,'2024-12-18 06:42:25',NULL,'1'),(1758,'DESARROLLO DEL PENSAMIENTO Y TOMA DE DECISIONES',4,4,0,0,0,0,2,0,1,3,'2024-12-18 06:42:25',NULL,'1'),(1759,'EDUCACIÓN FINANCIERA',4,4,0,0,0,0,2,0,1,3,'2024-12-18 06:42:25',NULL,'1'),(1760,'MATEMÁTICAS FINANCIERAS',7,7,0,0,0,0,2,0,1,3,'2024-12-18 06:42:25',NULL,'1'),(1761,'PROYECTO INTEGRADOR',4,4,0,0,0,0,2,0,1,3,'2024-12-18 06:42:25',NULL,'1'),(1762,'INGLÉS III',5,5,0,0,0,0,1,0,12,3,'2024-12-18 06:42:25',NULL,'1'),(1763,'ADMINISTRACIÓN DE ALIMENTOS Y BEBIDAS',5,5,0,0,0,0,2,0,12,4,'2024-12-18 06:42:25',NULL,'1'),(1764,'PROYECTO INTEGRADORA I',4,2,2,2,0,0,2,1,3,3,'2024-12-18 06:42:25',NULL,'1'),(1765,'MICROBIOLOGÍA',7,3,4,4,0,0,2,2,3,3,'2024-12-18 06:42:26',NULL,'1'),(1766,'DESARROLLO DEL PENSAMIENTO Y TOMA DE DECISIONES',4,4,0,0,0,0,2,0,3,3,'2024-12-18 06:42:26',NULL,'1'),(1767,'CÁLCULO INTEGRAL',4,4,0,0,0,0,2,0,3,3,'2024-12-18 06:42:26',NULL,'1'),(1768,'BIOQUÍMICA',6,3,3,3,0,0,2,2,3,3,'2024-12-18 06:42:26',NULL,'1'),(1769,'LOGÍSTICA DE EVENTOS',5,5,0,0,0,0,2,0,12,5,'2024-12-18 06:42:26',NULL,'1'),(1770,'DESARROLLO DEL PENSAMIENTO Y TOMA DE DECISIONES',4,4,0,0,0,0,2,0,4,3,'2024-12-18 06:42:26',NULL,'1'),(1771,'PATRONAJE Y GRADUACIÓN INDUSTRIAL',6,6,0,0,0,0,2,0,4,3,'2024-12-18 06:42:26',NULL,'1'),(1772,'PLANEACIÓN DE LA PRODUCCIÓN',6,6,0,0,0,0,2,0,4,3,'2024-12-18 06:42:26',NULL,'1'),(1773,'PROYECTO INTEGRADOR I',4,0,4,2,2,0,0,2,4,3,'2024-12-18 06:42:26',NULL,'1'),(1774,'EXPRESIÓN ORAL Y ESCRITA II',5,5,0,0,0,0,2,0,12,5,'2024-12-18 06:42:26',NULL,'1'),(1775,'PATRIMONIO CULINARIO DE MÉXICO',5,5,0,0,0,0,2,0,12,7,'2024-12-18 06:42:26',NULL,'1'),(1776,'CÁLCULO INTEGRAL',4,4,0,0,0,0,2,0,5,3,'2024-12-18 06:42:26',NULL,'1'),(1777,'DESARROLLO DEL PENSAMIENTO Y TOMA DE DECISIONES',4,4,0,0,0,0,2,0,5,3,'2024-12-18 06:42:26',NULL,'1'),(1778,'ELECTRONICA INDUSTRIAL',6,3,3,3,0,0,2,2,5,3,'2024-12-18 06:42:26',NULL,'1'),(1779,'INSTALACIONES ELÉCTRICAS INDUSTRIALES',6,3,3,3,0,0,2,2,5,3,'2024-12-18 06:42:26',NULL,'1'),(1780,'TEMAS SELECTOS DE QUÍMICA',6,4,2,2,0,0,2,2,5,3,'2024-12-18 06:42:26',NULL,'1'),(1781,'PROYECTO INTEGRADOR I',4,2,2,2,0,0,2,2,25,3,'2024-12-18 06:42:26',NULL,'1'),(1782,'INGLÉS I',5,5,0,0,0,0,1,0,15,1,'2024-12-18 06:42:26',NULL,'1'),(1783,'BASES CULINARIAS III',8,2,6,6,0,0,2,3,12,3,'2024-12-18 06:42:26',NULL,'1'),(1784,'COSTOS Y PRESUPUESTOS',3,3,0,0,0,0,2,0,12,3,'2024-12-18 06:42:26',NULL,'1'),(1785,'DESARROLLO PENSAMIENTO Y TOMA DE DECISIONES',4,4,0,0,0,0,2,0,12,3,'2024-12-18 06:42:26',NULL,'1'),(1786,'OPERACIÓN DE BAR',4,1,3,3,0,0,1,3,12,3,'2024-12-18 06:42:26',NULL,'1'),(1787,'PASTELERÍA',7,1,6,6,0,0,1,3,12,3,'2024-12-18 06:42:26',NULL,'1'),(1788,'PROYECTO INTEGRADOR I',4,4,0,0,0,0,2,0,12,3,'2024-12-18 06:42:26',NULL,'1'),(1789,'COMUNICACIÓN Y HABILIDADES DIGITALES',5,5,0,0,0,0,2,0,15,1,'2024-12-18 06:42:27',NULL,'1'),(1790,'CÁLCULO INTEGRAL',4,2,2,2,0,0,2,2,15,3,'2024-12-18 06:42:27',NULL,'1'),(1791,'DESARROLLO DEL PENSAMIENTO Y TOMA DE DECISIONES',4,4,0,0,0,0,2,0,15,3,'2024-12-18 06:42:27',NULL,'1'),(1792,'ELECTRÓNICA ANALOGICA',6,0,6,6,0,0,0,3,15,3,'2024-12-18 06:42:27',NULL,'1'),(1793,'MÁQUINAS Y MECANISMOS',7,0,7,7,0,0,0,4,15,3,'2024-12-18 06:42:27',NULL,'1'),(1794,'PROYECTO INTEGRADOR I',4,3,1,1,0,0,2,1,15,3,'2024-12-18 06:42:27',NULL,'1'),(1795,'INGLÉS II',5,5,0,0,0,0,1,0,15,2,'2024-12-18 06:42:27',NULL,'1'),(1796,'PROBABILIDAD Y ESTADÍSTICA',5,3,2,2,0,0,2,2,15,2,'2024-12-18 06:42:27',NULL,'1'),(1797,'CÁLCULO INTEGRAL',4,2,2,2,0,0,2,2,16,3,'2024-12-18 06:42:27',NULL,'1'),(1798,'DESARROLLO DEL PENSAMIENTO Y TOMA DE DECISIONES',4,4,0,0,0,0,2,0,16,3,'2024-12-18 06:42:27',NULL,'1'),(1799,'INGLÉS III',5,5,0,0,0,0,1,0,15,3,'2024-12-18 06:42:27',NULL,'1'),(1800,'ELECTRÓNICA DIGITAL',7,2,5,5,0,0,2,2,16,3,'2024-12-18 06:42:27',NULL,'1'),(1801,'SISTEMAS ELÉCTRICOS',5,0,5,5,0,0,0,3,15,3,'2024-12-18 06:42:27',NULL,'1'),(1802,'PROYECTO INTEGRADOR I',4,4,0,0,0,0,2,0,16,3,'2024-12-18 06:42:27',NULL,'1'),(1803,'MÁQUINAS ELÉCTRICAS',5,1,4,4,0,0,1,2,15,4,'2024-12-18 06:42:27',NULL,'1'),(1804,'SEGURIDAD EN EL DESARROLLO DE APLICACIONES',4,0,4,4,0,0,0,2,22,8,'2024-12-18 06:42:27',NULL,'1'),(1805,'INGLÉS II',5,2,3,3,0,0,1,0,18,2,'2024-12-18 06:42:27',NULL,'1'),(1806,'PLANEACIÓN Y ORGANIZACIÓN DEL TRABAJO',3,3,0,0,0,0,2,0,22,8,'2024-12-18 06:42:27',NULL,'1'),(1807,'INSTALACIONES ELÉCTRICAS',5,2,3,3,0,0,2,2,15,5,'2024-12-18 06:42:27',NULL,'1'),(1808,'INGLÉS III',5,4,0,0,0,0,1,0,18,3,'2024-12-18 06:42:27',NULL,'1'),(1809,'MATEMÁTICAS PARA INGENIERÍA I',4,4,0,0,0,0,2,0,13,7,'2024-12-18 06:42:27',NULL,'1'),(1810,'ILUSTRACIÓN DE MODA DIGITAL',6,0,6,6,0,0,0,3,4,3,'2024-12-18 06:42:27',NULL,'1'),(1811,'TEXTILES II',4,0,4,4,0,0,0,2,4,3,'2024-12-18 06:42:27',NULL,'1'),(1812,'CÁLCULO INTEGRAL',4,4,0,0,0,0,2,0,3,4,'2024-12-18 06:42:28',NULL,'1'),(1813,'PROCESOS FERMENTATIVOS',4,1,3,3,0,0,1,3,3,4,'2024-12-18 06:42:28',NULL,'1'),(1814,'FISIOLOGÍA CELULAR Y TEJIDO',4,2,2,2,0,0,2,2,3,4,'2024-12-18 06:42:28',NULL,'1'),(1815,'INMUNOLOGÍA',4,2,2,2,0,0,2,2,3,4,'2024-12-18 06:42:28',NULL,'1'),(1816,'BIOLOGÍA MOLECULAR I',4,2,2,2,0,0,2,2,3,4,'2024-12-18 06:42:28',NULL,'1'),(1817,'BIOQUÍMICA II',4,2,2,2,0,0,2,2,3,4,'2024-12-18 06:42:28',NULL,'1'),(1818,'TECNOLOGÍA ENZIMÁTICA',4,2,2,2,0,0,2,2,3,4,'2024-12-18 06:42:28',NULL,'1'),(1819,'ANÁLISIS CLÍNICOS',4,2,2,2,0,0,2,2,3,4,'2024-12-18 06:42:28',NULL,'1'),(1820,'INGLÉS IV',4,4,0,0,0,0,1,0,3,4,'2024-12-18 06:42:28',NULL,'1'),(1821,'MANTENIMIENTO A PROCESOS DE MANUFACTURA',5,2,3,3,0,0,1,2,15,5,'2024-12-18 06:42:28',NULL,'1'),(1822,'COSTOS DE MANUFACTURA',6,6,0,0,0,0,2,0,4,4,'2024-12-18 06:42:28',NULL,'1'),(1823,'PLANEACIÓN DE LA PRODUCCIÓN',7,7,0,0,0,0,2,0,4,4,'2024-12-18 06:42:28',NULL,'1'),(1824,'MERCADOTECNÍA DE LA MODA',4,4,0,0,0,0,2,0,4,4,'2024-12-18 06:42:28',NULL,'1'),(1825,'PATRONAJE POR COMPUTADORA',6,0,6,6,0,0,0,3,4,4,'2024-12-18 06:42:28',NULL,'1'),(1826,'FORMACIÓN SOCIOCULTURAL IV',3,3,0,0,0,0,2,0,4,4,'2024-12-18 06:42:28',NULL,'1'),(1827,'INGLÉS IV',4,4,0,0,0,0,1,0,4,4,'2024-12-18 06:42:28',NULL,'1'),(1828,'INGLÉS IV',4,4,0,0,0,0,1,0,12,4,'2024-12-18 06:42:28',NULL,'1'),(1829,'MERCADOTECNÍA DE SERVICIOS GASTRONOMICOS',4,4,0,0,0,0,2,0,12,4,'2024-12-18 06:42:28',NULL,'1'),(1830,'FUNDAMENTOS DE VITIVINICULTURA',4,0,4,4,0,0,1,3,12,4,'2024-12-18 06:42:28',NULL,'1'),(1831,'AUTOMATIZACIÓN Y ROBÓTICA',5,2,3,3,0,0,2,2,15,5,'2024-12-18 06:42:28',NULL,'1'),(1832,'REPOSTERÍA',7,1,6,6,0,0,1,3,12,4,'2024-12-18 06:42:28',NULL,'1'),(1833,'INTEGRADORA I',2,2,0,0,0,0,2,0,12,4,'2024-12-18 06:42:28',NULL,'1'),(1834,'FRANCES I',6,6,0,0,0,0,2,0,12,4,'2024-12-18 06:42:28',NULL,'1'),(1835,'FORMACIÓN SOCIOCULTURAL IV',3,3,0,0,0,0,2,0,12,4,'2024-12-18 06:42:28',NULL,'1'),(1836,'INGLÉS IV',4,4,0,0,0,0,1,0,15,4,'2024-12-18 06:42:29',NULL,'1'),(1837,'CÁLCULO INTEGRAL',4,4,0,0,0,0,2,0,15,4,'2024-12-18 06:42:29',NULL,'1'),(1838,'ESTRUCTURA Y PROPIEDADES DE LOS MATERIALES',3,1,2,2,0,0,1,2,15,4,'2024-12-18 06:42:29',NULL,'1'),(1839,'EXPRESIÓN ORAL Y ESCRITA II',5,5,0,0,0,0,2,0,15,5,'2024-12-18 06:42:29',NULL,'1'),(1840,'REDES DE SERVICIOS INDUSTRIALES',3,2,1,1,0,0,2,1,15,4,'2024-12-18 06:42:29',NULL,'1'),(1841,'ELECTRÓNICA DIGITAL',4,1,3,3,0,0,1,2,15,4,'2024-12-18 06:42:29',NULL,'1'),(1842,'PRINCIPIOS DE PROGRAMACIÓN',3,1,2,2,0,0,1,2,15,4,'2024-12-18 06:42:29',NULL,'1'),(1843,'SISTEMAS NEUMÁTICOS E HIDRÁULICOS',7,2,5,5,0,0,2,2,15,4,'2024-12-18 06:42:29',NULL,'1'),(1844,'FORMACIÓN SOCIOCULTURAL III',2,2,0,0,0,0,2,0,15,4,'2024-12-18 06:42:29',NULL,'1'),(1845,'INGLÉS IV',4,4,0,0,0,0,1,0,16,4,'2024-12-18 06:42:29',NULL,'1'),(1846,'CÁLCULO INTEGRAL',4,4,0,0,0,0,2,0,16,4,'2024-12-18 06:42:29',NULL,'1'),(1847,'ESTRUCTURA Y PROPIEDADES DE LOS MATERIALES',3,1,2,2,0,0,1,2,16,4,'2024-12-18 06:42:29',NULL,'1'),(1848,'INSTRUMENTACIÓN INDUSTRIAL',4,2,2,2,0,0,2,2,16,4,'2024-12-18 06:42:29',NULL,'1'),(1849,'MATEMÁTICAS PARA INGENIERÍA II',5,5,0,0,0,0,2,0,15,8,'2024-12-18 06:42:29',NULL,'1'),(1850,'DISPOSITIVOS DIGITALES',3,1,2,2,0,0,1,1,16,4,'2024-12-18 06:42:29',NULL,'1'),(1851,'LENGUAJE DE PROGRAMACIÓN',4,1,3,3,0,0,1,1,16,4,'2024-12-18 06:42:29',NULL,'1'),(1852,'TÉCNICAS TPM Y RCM',5,3,2,2,0,0,2,2,15,8,'2024-12-18 06:42:29',NULL,'1'),(1853,'FORMACIÓN SOCIOCULTURAL',3,3,0,0,0,0,2,0,16,4,'2024-12-18 06:42:29',NULL,'1'),(1854,'PROGRAMACIÓN DE VIDEOJUEGOS I',6,0,6,6,0,0,0,2,13,7,'2024-12-18 06:42:29',NULL,'1'),(1855,'PRODUCCIÓN DE EFECTOS VISUALES',3,0,3,3,0,0,0,2,13,7,'2024-12-18 06:42:29',NULL,'1'),(1856,'ADMINISTRACIÓN DEL TIEMPO',3,3,0,0,0,0,2,0,13,7,'2024-12-18 06:42:29',NULL,'1'),(1857,'INGLÉS IV',4,2,2,2,0,0,1,0,19,4,'2024-12-18 06:42:29',NULL,'1'),(1858,'BASE DE DATOS PARA NEGOCIOS DIGITALES',6,0,6,6,0,0,0,2,13,8,'2024-12-18 06:42:29',NULL,'1'),(1859,'PROGRAMACIÓN PARA ENTORNOS VIRTUALES',6,0,6,6,0,0,0,2,13,8,'2024-12-18 06:42:30',NULL,'1'),(1860,'PROGRAMACIÓN DE VIDEOJUEGOS II',3,0,3,3,0,0,0,2,13,8,'2024-12-18 06:42:30',NULL,'1'),(1861,'EMPRENDIMIENTO DIGITAL',3,0,3,3,0,0,0,2,13,8,'2024-12-18 06:42:30',NULL,'1'),(1862,'PLANEACIÓN Y ORGANIZACIÓN DEL TRABAJO',3,3,0,0,0,0,2,0,13,8,'2024-12-18 06:42:30',NULL,'1'),(1863,'GESTIÓN AMBIENTAL',5,5,0,0,0,0,2,0,15,8,'2024-12-18 06:42:30',NULL,'1'),(1864,'PROYECTOS TECNÓLOGICOS Y DE SERVICIO',5,5,0,0,0,0,2,0,15,10,'2024-12-18 06:42:30',NULL,'1'),(1865,'ANALÍTICA DE DATOS PARA NEGOCIOS DIGITALES',6,0,6,6,0,0,0,2,13,9,'2024-12-18 06:42:30',NULL,'1'),(1866,'CIBERSEGURIDAD APLICADA A LOS NEGOCIOS DIGITALES',4,0,4,4,0,0,0,2,13,9,'2024-12-18 06:42:30',NULL,'1'),(1867,'GESTIÓN DE PROYECTOS I',4,0,4,4,0,0,0,2,13,9,'2024-12-18 06:42:30',NULL,'1'),(1868,'DIRECCIÓN DE EQUIPOS DE ALTO RENDIMIENTO',2,2,0,0,0,0,2,0,13,9,'2024-12-18 06:42:30',NULL,'1'),(1869,'INGLÉS I',5,4,0,0,0,0,1,0,16,1,'2024-12-18 06:42:30',NULL,'1'),(1870,'SERVICIOS FINANCIEROS COMPLEMENTARIOS',3,3,0,0,0,0,2,0,2,5,'2024-12-18 06:42:30',NULL,'1'),(1871,'PROYECTOS DE EMPRENDIMIENTO SOCIAL',4,4,0,0,0,0,2,0,2,5,'2024-12-18 06:42:30',NULL,'1'),(1872,'EVALUACIÓN FINANCIERA',7,7,0,0,0,0,2,0,2,5,'2024-12-18 06:42:30',NULL,'1'),(1873,'COMUNICACIÓN Y HABILIDADES DIGITALES',5,5,0,0,0,0,2,0,16,1,'2024-12-18 06:42:30',NULL,'1'),(1874,'INTEGRADORA II',2,2,0,0,0,0,2,0,2,5,'2024-12-18 06:42:30',NULL,'1'),(1875,'METODOLOGÍA DE LA PROGRAMACIÓN',5,1,4,4,0,0,1,2,16,1,'2024-12-18 06:42:30',NULL,'1'),(1876,'INGLÉS V',4,4,0,0,0,0,1,0,2,5,'2024-12-18 06:42:30',NULL,'1'),(1877,'INTEGRADORA II',2,2,0,0,0,0,2,0,3,5,'2024-12-18 06:42:30',NULL,'1'),(1878,'METROLOGÍA',5,1,4,4,0,0,1,2,16,1,'2024-12-18 06:42:30',NULL,'1'),(1879,'INGLÉS II',5,4,0,0,0,0,1,0,16,2,'2024-12-18 06:42:30',NULL,'1'),(1880,'PROBABILIDAD Y ESTÁDISTICA',5,3,2,2,0,0,2,2,16,2,'2024-12-18 06:42:30',NULL,'1'),(1881,'INGLÉS III',5,4,0,0,0,0,1,0,16,3,'2024-12-18 06:42:30',NULL,'1'),(1882,'ELECTRÓNICA ANALOGICA Y POTENCIA',5,1,4,4,0,0,1,2,16,3,'2024-12-18 06:42:31',NULL,'1'),(1883,'FORMACIÓN SOCIOCULTURAL',3,3,0,0,0,0,2,0,3,5,'2024-12-18 06:42:31',NULL,'1'),(1884,'INGLÉS V',4,4,0,0,0,0,1,0,3,5,'2024-12-18 06:42:31',NULL,'1'),(1885,'CALIDAD EN LA INDUSTRIA DEL VESTIDO',6,0,6,6,0,0,0,3,4,5,'2024-12-18 06:42:31',NULL,'1'),(1886,'SISTEMAS DE CONFECCIÓN DEL VESTIDO',6,0,6,6,0,0,2,2,4,5,'2024-12-18 06:42:31',NULL,'1'),(1887,'PROCESOS DE MANUFACTURA',7,7,0,0,0,0,2,0,4,5,'2024-12-18 06:42:31',NULL,'1'),(1888,'ELEMENTOS MECÁNICOS',5,1,4,4,0,0,1,2,16,3,'2024-12-18 06:42:31',NULL,'1'),(1889,'INTEGRADORA II',2,0,2,2,0,0,0,1,4,5,'2024-12-18 06:42:31',NULL,'1'),(1890,'ANÁLISIS DE CIRCUITOS ELÉCTRICOS',5,2,3,3,0,0,2,1,16,4,'2024-12-18 06:42:31',NULL,'1'),(1891,'INGLÉS V',4,4,0,0,0,0,1,0,4,5,'2024-12-18 06:42:31',NULL,'1'),(1892,'CÁLCULO INTEGRAL',4,4,0,0,0,0,2,0,9,5,'2024-12-18 06:42:31',NULL,'1'),(1893,'CALIDAD DE LA ENERGÍA',6,4,2,2,0,0,2,2,9,5,'2024-12-18 06:42:31',NULL,'1'),(1894,'INSTALACIONES Y ALUMBRADO',6,4,2,2,0,0,2,2,9,5,'2024-12-18 06:42:31',NULL,'1'),(1895,'ADMINISTRACIÓN DE PROYECTOS',3,3,0,0,0,0,2,0,9,5,'2024-12-18 06:42:31',NULL,'1'),(1896,'AUTOMATIZACIÓN Y CONTROL DE LA DEMANDA',4,2,2,2,0,0,2,2,9,5,'2024-12-18 06:42:31',NULL,'1'),(1897,'INTEGRADORA II',2,2,0,0,0,0,2,0,9,5,'2024-12-18 06:42:31',NULL,'1'),(1898,'DISPOSITIVOS ANALÓGICOS',5,1,4,4,0,0,1,2,16,4,'2024-12-18 06:42:31',NULL,'1'),(1899,'INGLÉS V',4,4,0,0,0,0,1,0,9,5,'2024-12-18 06:42:31',NULL,'1'),(1900,'CÁLCULO INTEGRAL',4,4,0,0,0,0,2,0,10,5,'2024-12-18 06:42:31',NULL,'1'),(1901,'SEGURIDAD INDUSTRIAL',3,3,0,0,0,0,2,0,10,5,'2024-12-18 06:42:31',NULL,'1'),(1902,'PROGRAMACIÓN VISUAL',5,1,4,4,0,0,1,2,16,5,'2024-12-18 06:42:31',NULL,'1'),(1903,'INTEGRACIÓN DE SISTEMAS AUTOMÁTICOS',5,1,4,4,0,0,1,2,16,5,'2024-12-18 06:42:31',NULL,'1'),(1904,'ADMINISTRACIÓN DE PROYECTOS',3,3,0,0,0,0,2,0,10,5,'2024-12-18 06:42:32',NULL,'1'),(1905,'ADQUISICIÓN DE DATOS',3,1,2,2,0,0,1,2,10,5,'2024-12-18 06:42:32',NULL,'1'),(1906,'INTEGRADORA II',2,2,0,0,0,0,2,0,10,5,'2024-12-18 06:42:32',NULL,'1'),(1907,'MICROCONTROLADORES',5,1,4,4,0,0,1,2,16,5,'2024-12-18 06:42:32',NULL,'1'),(1908,'INGLÉS V',4,4,0,0,0,0,1,0,10,5,'2024-12-18 06:42:32',NULL,'1'),(1909,'CÁLCULO INTEGRAL',4,4,0,0,0,0,2,0,11,5,'2024-12-18 06:42:32',NULL,'1'),(1910,'FUNDAMENTOS DE INSTRUMENTACIÓN VIRTUAL',5,1,4,4,0,0,1,2,16,5,'2024-12-18 06:42:32',NULL,'1'),(1911,'GESTIÓN DE PROYECTOS EN ENERGÍAS RENOVABLES',4,2,2,2,0,0,2,2,11,5,'2024-12-18 06:42:32',NULL,'1'),(1912,'MANTENIMIENTO A SISTEMAS DE TURBOGENERACIÓN',4,2,2,2,0,0,2,2,11,5,'2024-12-18 06:42:32',NULL,'1'),(1913,'IMPACTO AMBIENTAL DE LA TURBOGENERACIÓN',4,2,2,2,0,0,2,2,11,5,'2024-12-18 06:42:32',NULL,'1'),(1914,'INTEGRADORA II',2,2,0,0,0,0,2,0,11,5,'2024-12-18 06:42:32',NULL,'1'),(1915,'EXPRESIÓN ORAL Y ESCRITA',5,5,0,0,0,0,2,0,16,5,'2024-12-18 06:42:32',NULL,'1'),(1916,'INGLÉS V',4,4,0,0,0,0,1,0,11,5,'2024-12-18 06:42:32',NULL,'1'),(1917,'MÉTODOS Y TÉCNICAS DE INVESTIGACIÓN APLICADAS A LA GASTRONOMÍA',4,4,0,0,0,0,2,0,12,5,'2024-12-18 06:42:32',NULL,'1'),(1918,'INGLÉS V',4,4,0,0,0,0,1,0,12,5,'2024-12-18 06:42:32',NULL,'1'),(1919,'INSTRUMENTACIÓN VIRTUAL',5,1,4,4,0,0,1,2,16,7,'2024-12-18 06:42:32',NULL,'1'),(1920,'MÁQUINAS TÉRMICAS',3,1,2,2,0,0,1,2,15,5,'2024-12-18 06:42:32',NULL,'1'),(1921,'ELECTRICIDAD INDUSTRIAL',5,1,4,4,0,0,1,2,16,7,'2024-12-18 06:42:32',NULL,'1'),(1922,'MATEMÁTICAS PARA INGENIERÍA II',5,5,0,0,0,0,2,0,16,8,'2024-12-18 06:42:32',NULL,'1'),(1923,'INGENIERÍA DE MATERIALES',3,0,3,3,0,0,1,2,15,5,'2024-12-18 06:42:32',NULL,'1'),(1924,'INTEGRADORA II',2,2,0,0,0,0,2,0,15,5,'2024-12-18 06:42:32',NULL,'1'),(1925,'CONTROL DE MOTORES II',5,1,4,4,0,0,1,1,16,8,'2024-12-18 06:42:32',NULL,'1'),(1926,'FORMACIÓN SOCIOCULTURAL IV',3,3,0,0,0,0,2,0,15,5,'2024-12-18 06:42:32',NULL,'1'),(1927,'INGLÉS V',4,4,0,0,0,0,1,0,15,5,'2024-12-18 06:42:33',NULL,'1'),(1928,'INGLÉS V',4,4,0,0,0,0,1,0,16,5,'2024-12-18 06:42:33',NULL,'1'),(1929,'INTEGRADORA II',2,2,0,0,0,0,2,0,16,5,'2024-12-18 06:42:33',NULL,'1'),(1930,'FUNDAMENTOS DE ROBÓTICA INDUSTRIAL',5,1,4,4,0,0,1,2,16,9,'2024-12-18 06:42:33',NULL,'1'),(1931,'CONTROL LÓGICO AVANZADO',5,1,4,4,0,0,0,3,16,10,'2024-12-18 06:42:33',NULL,'1'),(1932,'INGLÉS I',5,4,0,0,0,0,1,0,3,1,'2024-12-18 06:42:33',NULL,'1'),(1933,'QUÍMICA INORGÁNICA',5,2,3,3,0,0,2,3,3,1,'2024-12-18 06:42:33',NULL,'1'),(1934,'SISTEMAS DE CONTROL',4,0,4,4,0,0,1,1,16,5,'2024-12-18 06:42:33',NULL,'1'),(1935,'COMUNICACIÓN Y HABILIDADES DIGITALES',5,5,0,0,0,0,2,0,3,1,'2024-12-18 06:42:33',NULL,'1'),(1936,'INGLÉS IV',4,2,2,2,0,0,1,0,23,4,'2024-12-18 06:42:33',NULL,'1'),(1937,'ANIMACIÓN DIGITAL AVANZADA',5,0,5,5,0,0,0,2,13,7,'2024-12-18 06:42:33',NULL,'1'),(1938,'MATEMÁTICAS PARA INGENIERÍA II',5,5,0,0,0,0,2,0,13,9,'2024-12-18 06:42:33',NULL,'1'),(1939,'QUÍMICA ANALITICA',5,2,3,3,0,0,2,2,3,2,'2024-12-18 06:42:33',NULL,'1'),(1940,'INGLÉS IX',4,4,0,0,0,0,1,0,13,10,'2024-12-18 06:42:33',NULL,'1'),(1941,'PROBABILIDAD Y ESTADÍSTICA',5,5,0,0,0,0,2,0,3,2,'2024-12-18 06:42:33',NULL,'1'),(1942,'INTELIGENCIA DE NEGOCIOS',6,0,6,6,0,0,0,2,13,10,'2024-12-18 06:42:33',NULL,'1'),(1943,'PROGRAMACIÓN DE APLICACIONES WEB PROGRESIVAS',7,0,7,7,0,0,0,2,13,10,'2024-12-18 06:42:33',NULL,'1'),(1944,'INGLÉS II',5,4,0,0,0,0,1,0,3,2,'2024-12-18 06:42:33',NULL,'1'),(1945,'INTEGRADORA',2,2,0,0,0,0,2,0,13,10,'2024-12-18 06:42:33',NULL,'1'),(1946,'GESTIÓN DE PROYECTOS II',4,0,4,4,0,0,0,2,13,10,'2024-12-18 06:42:33',NULL,'1'),(1947,'NEGOCIACIÓN EMPRESARIAL',2,2,0,0,0,0,2,0,13,10,'2024-12-18 06:42:33',NULL,'1'),(1948,'LEAN SERVICE',0,0,0,0,0,0,0,0,27,2,'2024-12-18 06:42:33',NULL,'1'),(1949,'TERMODINÁMICA Y FISICOQUÍMICA',5,5,0,0,0,0,2,0,3,3,'2024-12-18 06:42:33',NULL,'1'),(1950,'INDUTRIS 4.0',0,0,0,0,0,0,0,0,27,2,'2024-12-18 06:42:33',NULL,'1'),(1951,'EVALUACIÓN DE SERVICIOS GASTRONOMICOS',3,3,0,0,0,0,2,0,12,5,'2024-12-18 06:42:33',NULL,'1'),(1952,'CONFORMACIÓN DE MENÚS',8,2,6,6,0,0,2,3,12,5,'2024-12-18 06:42:33',NULL,'1'),(1953,'INGLÉS III',5,4,0,0,0,0,1,0,3,3,'2024-12-18 06:42:34',NULL,'1'),(1954,'INTEGRADORA II',2,2,0,0,0,0,2,0,12,5,'2024-12-18 06:42:34',NULL,'1'),(1955,'FRANCES II',4,4,0,0,0,0,2,0,12,5,'2024-12-18 06:42:34',NULL,'1'),(1956,'PROCESOS ALIMENTARIOS',5,2,3,3,0,0,2,3,3,5,'2024-12-18 06:42:34',NULL,'1'),(1957,'MATEMÁTICAS PARA INGENIERÍA I',4,4,0,0,0,0,2,0,3,7,'2024-12-18 06:42:34',NULL,'1'),(1958,'BIOLOGÍA MOLECULAR II',5,2,3,3,0,0,2,2,3,5,'2024-12-18 06:42:34',NULL,'1'),(1959,'ANÁLISIS INSTRUMENTAL',2,0,2,2,0,0,0,2,3,7,'2024-12-18 06:42:34',NULL,'1'),(1960,'SEGURIDAD E HIGIENE',2,2,0,0,0,0,2,0,3,7,'2024-12-18 06:42:34',NULL,'1'),(1961,'ADMINISTRACIÓN Y CONTABILIDAD',2,2,0,0,0,0,2,0,3,7,'2024-12-18 06:42:34',NULL,'1'),(1962,'TERMODINÁMICA APLICADA',3,3,0,0,0,0,2,0,3,7,'2024-12-18 06:42:34',NULL,'1'),(1963,'ADMINISTRACIÓN DEL TIEMPO',3,3,0,0,0,0,2,0,3,7,'2024-12-18 06:42:34',NULL,'1'),(1964,'INGLÉS VI',4,4,0,0,0,0,1,0,3,7,'2024-12-18 06:42:34',NULL,'1'),(1965,'FÍSICA DE FIBRAS',6,0,6,6,0,0,0,3,4,7,'2024-12-18 06:42:34',NULL,'1'),(1966,'MATERIALES Y ADITAMIENTOS PARA EL DISEÑO',3,3,0,0,0,0,2,0,4,7,'2024-12-18 06:42:34',NULL,'1'),(1967,'DISEÑO DE TELAS',6,0,6,4,2,0,0,2,4,7,'2024-12-18 06:42:34',NULL,'1'),(1968,'MODELADO SOBRE MANIQUÍ',3,0,3,2,1,0,0,1,4,7,'2024-12-18 06:42:34',NULL,'1'),(1969,'ADMINISTRACIÓN DEL TIEMPO',3,3,0,0,0,0,2,0,4,7,'2024-12-18 06:42:34',NULL,'1'),(1970,'INGLÉS VI',4,4,0,0,0,0,1,0,4,7,'2024-12-18 06:42:34',NULL,'1'),(1971,'COCINA MEXICANA I',6,0,6,6,0,0,0,6,12,7,'2024-12-18 06:42:34',NULL,'1'),(1972,'PROCESOS AGROPECUARIOS',5,2,3,3,0,0,2,3,3,5,'2024-12-18 06:42:34',NULL,'1'),(1973,'ADMINISTRACIÓN DE PROCESOS GASTRONÓMICOS',4,4,0,0,0,0,2,0,12,7,'2024-12-18 06:42:34',NULL,'1'),(1974,'BEBIDAS DESTILADAS MEXICANAS',3,0,3,3,0,0,0,3,12,7,'2024-12-18 06:42:34',NULL,'1'),(1975,'ADMINISTRACIÓN DEL TIEMPO',3,3,0,0,0,0,2,0,12,7,'2024-12-18 06:42:34',NULL,'1'),(1976,'INGLÉS VI',4,4,0,0,0,0,1,0,12,7,'2024-12-18 06:42:35',NULL,'1'),(1977,'MATEMÁTICAS PARA INGENIERÍA I',4,4,0,0,0,0,2,0,26,7,'2024-12-18 06:42:35',NULL,'1'),(1978,'FÍSICA PARA INGENIERÍA',4,4,0,0,0,0,2,0,26,7,'2024-12-18 06:42:35',NULL,'1'),(1979,'ANÁLISIS Y ADQUISICIÓN DE DATOS',4,2,2,2,0,0,2,2,26,7,'2024-12-18 06:42:35',NULL,'1'),(1980,'ADMINISTRACIÓN DE NEGOCIOS',4,4,0,0,0,0,2,0,26,7,'2024-12-18 06:42:35',NULL,'1'),(1981,'ADMINISTRACIÓN DEL TIEMPO',3,3,0,0,0,0,2,0,26,7,'2024-12-18 06:42:35',NULL,'1'),(1982,'DIRECCIÓN DE EQUIPO DE ALTO RENDIMIENTO',2,2,0,0,0,0,2,0,26,7,'2024-12-18 06:42:35',NULL,'1'),(1983,'INGLÉS VI',4,4,0,0,0,0,1,0,26,7,'2024-12-18 06:42:35',NULL,'1'),(1984,'ÉTICA PROFESIONAL',0,0,0,0,0,0,0,0,27,2,'2024-12-18 06:42:35',NULL,'1'),(1985,'CÓMPUTO EN LA NUBE II',0,0,0,0,0,0,0,0,27,2,'2024-12-18 06:42:35',NULL,'1'),(1986,'PROCESO DE LA SALUD',5,3,2,2,0,0,2,2,3,5,'2024-12-18 06:42:35',NULL,'1'),(1987,'PROPIEDAD INDUSTRIAL',0,0,0,0,0,0,0,0,27,5,'2024-12-18 06:42:35',NULL,'1'),(1988,'ROBÓTICA',0,0,0,0,0,0,0,0,27,5,'2024-12-18 06:42:35',NULL,'1'),(1989,'CIBERSEGURIDAD',0,0,0,0,0,0,0,0,27,5,'2024-12-18 06:42:35',NULL,'1'),(1990,'MATEMÁTICAS PARA INGENIERÍA I',4,3,1,1,0,0,2,1,15,7,'2024-12-18 06:42:35',NULL,'1'),(1991,'FÍSICA PARA INGENIERÍA',4,2,2,2,0,0,2,2,15,7,'2024-12-18 06:42:35',NULL,'1'),(1992,'PROTOCOLO DE OPERACIÓN Y MANTENIMIENTO',3,3,0,0,0,0,2,0,15,7,'2024-12-18 06:42:35',NULL,'1'),(1993,'TRIBOLOGÍA',4,2,2,2,0,0,2,2,15,7,'2024-12-18 06:42:35',NULL,'1'),(1994,'PLANEACIÓN Y ORGANIZACIÓN DEL TRABAJO',3,3,0,0,0,0,2,0,15,7,'2024-12-18 06:42:35',NULL,'1'),(1995,'ADMINISTRACIÓN DEL TIEMPO',3,3,0,0,0,0,2,0,15,7,'2024-12-18 06:42:35',NULL,'1'),(1996,'INGLÉS VI',4,4,0,0,0,0,1,0,15,7,'2024-12-18 06:42:35',NULL,'1'),(1997,'MATEMÁTICAS PARA INGENIERÍA I',4,3,1,1,0,0,2,1,16,7,'2024-12-18 06:42:35',NULL,'1'),(1998,'FÍSICA PARA INGENIERÍA',4,2,2,2,0,0,2,1,16,7,'2024-12-18 06:42:35',NULL,'1'),(1999,'EXPRESIÓN ORAL Y ESCRITA II',5,5,0,0,0,0,2,0,3,5,'2024-12-18 06:42:35',NULL,'1'),(2000,'OPERACIONES UNITARIAS I',5,5,0,0,0,0,2,0,3,7,'2024-12-18 06:42:35',NULL,'1'),(2001,'ADMINISTRACIÓN DEL TIEMPO',3,3,0,0,0,0,2,0,16,7,'2024-12-18 06:42:36',NULL,'1'),(2002,'INGLÉS VI',4,4,0,0,0,0,1,0,16,7,'2024-12-18 06:42:36',NULL,'1'),(2003,'DESARROLLO DE PROYECTOS TECNOLÓGICOS III',0,0,0,0,0,0,0,0,27,5,'2024-12-18 06:42:36',NULL,'1'),(2004,'DESARROLLO HUMANO Y VALORES',4,4,0,0,0,0,2,0,18,1,'2024-12-18 06:42:36',NULL,'1'),(2005,'FUNDAMENTOS DE REDES',4,0,4,4,0,0,0,2,18,1,'2024-12-18 06:42:36',NULL,'1'),(2006,'MATEMÁTICAS PARA INGENIERÍA II',5,5,0,0,0,0,2,0,3,8,'2024-12-18 06:42:36',NULL,'1'),(2007,'FUNDAMENTOS DE PROGRAMACION',4,0,4,4,0,0,2,2,18,1,'2024-12-18 06:42:36',NULL,'1'),(2008,'FUNDAMENTOS MATEMÁTICOS',7,7,0,0,0,0,2,0,18,1,'2024-12-18 06:42:36',NULL,'1'),(2009,'FÍSICA',6,6,0,0,0,0,2,0,18,1,'2024-12-18 06:42:36',NULL,'1'),(2010,'DISEÑOS EXPERIMENTALES',5,5,0,0,0,0,2,0,3,9,'2024-12-18 06:42:36',NULL,'1'),(2011,'ANÁLISIS FISICOQUÍMICOS Y MICROBIOLÓGICOS',3,0,3,3,0,0,0,3,3,8,'2024-12-18 06:42:36',NULL,'1'),(2012,'OPERACIONES UNITARIAS II',4,4,0,0,0,0,2,0,3,8,'2024-12-18 06:42:36',NULL,'1'),(2013,'DESARROLLO SUSTENTABLE',2,2,0,0,0,0,2,0,3,8,'2024-12-18 06:42:36',NULL,'1'),(2014,'FENÓMENOS DE TRANSPORTE',4,4,0,0,0,0,2,0,3,8,'2024-12-18 06:42:36',NULL,'1'),(2015,'PLANEACIÓN Y ORGANIZACIÓN DEL TRABAJO',3,3,0,0,0,0,2,0,3,8,'2024-12-18 06:42:36',NULL,'1'),(2016,'INGLÉS VII',4,4,0,0,0,0,1,0,3,8,'2024-12-18 06:42:36',NULL,'1'),(2017,'PATRONAJE Y GRADUACIÓN DIGITAL',6,0,6,6,0,0,0,3,4,8,'2024-12-18 06:42:36',NULL,'1'),(2018,'INGENIERÍA DEL PRODUCTO',4,4,0,0,0,0,2,0,4,8,'2024-12-18 06:42:36',NULL,'1'),(2019,'EMPRENDIMIENTO',3,3,0,0,0,0,2,0,4,8,'2024-12-18 06:42:36',NULL,'1'),(2020,'PLANEACIÓN Y ORGANIZACIÓN DEL TRABAJO',3,3,0,0,0,0,2,0,4,8,'2024-12-18 06:42:36',NULL,'1'),(2021,'INGLÉS VII',4,4,0,0,0,0,1,0,4,8,'2024-12-18 06:42:36',NULL,'1'),(2022,'INGENIERÍA DE MENÚ',4,4,0,0,0,0,2,0,12,8,'2024-12-18 06:42:36',NULL,'1'),(2023,'PLANEACIÓN Y ORGANIZACIÓN DEL TRABAJO',3,3,0,0,0,0,2,0,12,8,'2024-12-18 06:42:36',NULL,'1'),(2024,'COCINA MEXICANA II',6,1,6,6,0,0,0,6,12,8,'2024-12-18 06:42:36',NULL,'1'),(2025,'COCINA EUROPEA',8,2,6,6,0,0,2,6,12,8,'2024-12-18 06:42:36',NULL,'1'),(2026,'INGLÉS VII',4,4,0,0,0,0,1,0,12,8,'2024-12-18 06:42:36',NULL,'1'),(2027,'CÁLCULO DIFERENCIAL',6,6,0,0,0,0,2,0,18,2,'2024-12-18 06:42:36',NULL,'1'),(2028,'HABILIDADES SOCIEMOCIONALES Y MANEJO DE CONFLICTOS',4,4,0,0,0,0,2,0,18,2,'2024-12-18 06:42:37',NULL,'1'),(2029,'INGENIERÍA ECONÓMICA',4,4,0,0,0,0,2,0,26,8,'2024-12-18 06:42:37',NULL,'1'),(2030,'AIRE ACONDICIONADO Y REFRIGERACIÓN',4,2,2,2,0,0,2,0,26,8,'2024-12-18 06:42:37',NULL,'1'),(2031,'PLANEACIÓN Y ORGANIZACIÓN DEL TRABAJO',3,3,0,0,0,0,2,0,26,8,'2024-12-18 06:42:37',NULL,'1'),(2032,'INGLÉS VII',4,4,0,0,0,0,1,0,26,8,'2024-12-18 06:42:37',NULL,'1'),(2033,'CÁLCULO INTEGRAL',4,4,0,0,0,0,2,0,18,3,'2024-12-18 06:42:37',NULL,'1'),(2034,'DESARROLLO DEL PENSAMIENTO Y TOMA DE DECISIONES',4,4,0,0,0,0,2,0,18,3,'2024-12-18 06:42:37',NULL,'1'),(2035,'PROYECTO INTEGRADOR I',4,2,2,2,0,0,2,2,18,3,'2024-12-18 06:42:37',NULL,'1'),(2036,'PROGRAMACION ORIENTADA A OBJETOS',7,0,7,7,0,0,0,4,18,3,'2024-12-18 06:42:37',NULL,'1'),(2037,'TOPICOS DE CALIDAD PARA EL DISEÑO DE SOFTWARE',6,0,6,6,0,0,0,3,18,3,'2024-12-18 06:42:37',NULL,'1'),(2038,'INGLÉS IX',4,4,0,0,0,0,1,0,22,10,'2024-12-18 06:42:37',NULL,'1'),(2039,'COMUNICACIÓN Y HABILIDADES DIGITALES',5,0,5,5,0,0,2,2,18,1,'2024-12-18 06:42:37',NULL,'1'),(2040,'INGLÉS V',4,2,2,2,0,0,1,0,19,5,'2024-12-18 06:42:37',NULL,'1'),(2041,'ENSAYOS DESTRUCTIVOS',4,2,2,2,0,0,2,2,15,8,'2024-12-18 06:42:37',NULL,'1'),(2042,'INTEGRADORA I',2,2,0,0,0,0,2,0,15,8,'2024-12-18 06:42:37',NULL,'1'),(2043,'PROBABILIDAD Y ESTADÍSTICA',5,5,0,0,0,0,2,0,18,2,'2024-12-18 06:42:37',NULL,'1'),(2044,'INGLÉS VII',4,4,0,0,0,0,1,0,15,8,'2024-12-18 06:42:37',NULL,'1'),(2045,'PROGRAMACION ESTRUCTURADA',5,0,5,5,0,0,0,3,18,2,'2024-12-18 06:42:37',NULL,'1'),(2046,'MECÁNICA PARA LA AUTOMATIZACIÓN',4,2,2,2,0,0,2,2,16,8,'2024-12-18 06:42:37',NULL,'1'),(2047,'CONMUTACION Y ENRUTAMIENTO DE REDES',5,0,5,5,0,0,0,3,18,2,'2024-12-18 06:42:37',NULL,'1'),(2048,'DISEÑO ASISTIDO POR COMPUTADORA',4,0,4,4,0,0,0,2,16,8,'2024-12-18 06:42:37',NULL,'1'),(2049,'PLANEACIÓN Y ORGANIZACIÓN DEL TRABAJO',3,3,0,0,0,0,2,0,16,8,'2024-12-18 06:42:37',NULL,'1'),(2050,'INGLÉS VII',4,4,0,0,0,0,1,0,16,8,'2024-12-18 06:42:37',NULL,'1'),(2051,'SISTEMAS OPERATIVOS',5,0,5,5,0,0,0,3,18,2,'2024-12-18 06:42:37',NULL,'1'),(2052,'INGLÉS V',4,2,2,2,0,0,1,0,23,5,'2024-12-18 06:42:37',NULL,'1'),(2053,'BASE DE DATOS',5,0,5,5,0,0,0,3,18,3,'2024-12-18 06:42:37',NULL,'1'),(2054,'ESTANDÁRES Y MÉTRICAS PARA EL DESARROLLO DE SOFTWARE',3,0,3,3,0,0,0,1,19,4,'2024-12-18 06:42:38',NULL,'1'),(2055,'PRINCIPIOS PARA IOT',4,0,4,4,0,0,0,2,19,4,'2024-12-18 06:42:38',NULL,'1'),(2056,'DISEÑO DE APPS',4,0,4,4,0,0,0,2,19,4,'2024-12-18 06:42:38',NULL,'1'),(2057,'INFORMÁTICA PARA INGENIEROS',4,0,4,4,0,0,0,2,3,9,'2024-12-18 06:42:38',NULL,'1'),(2058,'INGENIERÍA DE PROYECTOS',4,4,0,0,0,0,2,0,3,9,'2024-12-18 06:42:38',NULL,'1'),(2059,'INTEGRADORA I',2,2,0,0,0,0,2,0,3,9,'2024-12-18 06:42:38',NULL,'1'),(2060,'ESTRUCTURA DE DATOS APLICADAS',6,0,6,6,0,0,0,3,19,4,'2024-12-18 06:42:38',NULL,'1'),(2061,'OPTATIVA I',4,0,4,4,0,0,0,2,3,9,'2024-12-18 06:42:38',NULL,'1'),(2062,'DIRECCIÓN DE EQUIPO DE ALTO RENDIMIENTO',2,2,0,0,0,0,2,0,3,9,'2024-12-18 06:42:38',NULL,'1'),(2063,'INGLÉS VIII',4,4,0,0,0,0,1,0,3,9,'2024-12-18 06:42:38',NULL,'1'),(2064,'QUÍMICA PARA ACABADOS TEXTILES',6,0,6,6,0,0,0,3,4,9,'2024-12-18 06:42:38',NULL,'1'),(2065,'INGENIERÍA ECONÓMICA',3,3,0,0,0,0,2,0,4,9,'2024-12-18 06:42:38',NULL,'1'),(2066,'MÁQUINARIA TEXTIL',3,3,0,0,0,0,2,0,4,9,'2024-12-18 06:42:38',NULL,'1'),(2067,'APLICACIONES WEB ORIENTADA A SERVICIOS',7,0,7,7,0,0,0,4,19,4,'2024-12-18 06:42:38',NULL,'1'),(2068,'MODA SOSTENIBLE',2,2,0,0,0,0,2,0,4,9,'2024-12-18 06:42:38',NULL,'1'),(2069,'DIRECCIÓN DE EQUIPOS DE ALTO RENDIMIENTO',2,2,0,0,0,0,2,0,4,9,'2024-12-18 06:42:38',NULL,'1'),(2070,'INGLÉS VIII',4,4,0,0,0,0,1,0,4,9,'2024-12-18 06:42:38',NULL,'1'),(2071,'CONTABILIDAD',4,4,0,0,0,0,2,0,12,9,'2024-12-18 06:42:38',NULL,'1'),(2072,'COCINA ASIÁTICA',8,2,6,6,0,0,2,3,12,9,'2024-12-18 06:42:38',NULL,'1'),(2073,'CONCEPTOS GASTRONOMICOS',3,3,0,0,0,0,2,0,12,9,'2024-12-18 06:42:38',NULL,'1'),(2074,'MIXOLOGÍA',4,1,3,3,0,0,1,3,12,9,'2024-12-18 06:42:38',NULL,'1'),(2075,'DIRECCIÓN DE EQUIPOS DE ALTO RENDIMIENTO',2,2,0,0,0,0,2,0,12,9,'2024-12-18 06:42:38',NULL,'1'),(2076,'INGLÉS VIII',4,4,0,0,0,0,1,0,12,9,'2024-12-18 06:42:39',NULL,'1'),(2077,'EVALUACIÓN Y MEJORA PARA EL DESARROLLO DE SOFTWARE',4,0,4,4,0,0,0,2,19,4,'2024-12-18 06:42:39',NULL,'1'),(2078,'FORMACIÓN SOCIOCULTURAL',3,3,0,0,0,0,2,0,19,4,'2024-12-18 06:42:39',NULL,'1'),(2079,'INNOVACIÓN TECNOLÓGICA',3,0,3,3,0,0,0,2,26,9,'2024-12-18 06:42:39',NULL,'1'),(2080,'MODELADO DE SISTEMAS EN ENERGÍAS RENOVABLES',4,2,2,2,0,0,2,2,26,9,'2024-12-18 06:42:39',NULL,'1'),(2081,'MANTENIMIENTO A SISTEMAS DE ENERGÍAS RENOVABLES',4,2,2,2,0,0,2,2,26,9,'2024-12-18 06:42:39',NULL,'1'),(2082,'INGLÉS VIII',4,4,0,0,0,0,1,0,26,9,'2024-12-18 06:42:39',NULL,'1'),(2083,'APLICACIÓNES DE IOT',6,0,6,6,0,0,0,3,19,5,'2024-12-18 06:42:39',NULL,'1'),(2084,'DESARROLLO MÓVIL MULTIPLATAFORMA',7,0,7,7,0,0,0,4,19,5,'2024-12-18 06:42:39',NULL,'1'),(2085,'INTEGRADORA II',2,2,0,0,0,0,2,0,19,5,'2024-12-18 06:42:39',NULL,'1'),(2086,'BASES DE DATOS PARA CÓMPUTO EN LA NUBE',6,0,6,6,0,0,0,3,19,5,'2024-12-18 06:42:39',NULL,'1'),(2087,'INGLÉS VI',4,2,2,2,0,0,1,0,22,7,'2024-12-18 06:42:39',NULL,'1'),(2088,'APLICACIONES WEB PARA 14.0',5,0,5,5,0,0,0,3,19,5,'2024-12-18 06:42:39',NULL,'1'),(2089,'ADMINISTRACIÓN ESTRATÉGICA PARA MANTENIMIENTO',6,4,2,2,0,0,2,2,15,9,'2024-12-18 06:42:39',NULL,'1'),(2090,'MANTENIMIENTO PREDICTIVO MECÁNICO',6,3,3,3,0,0,2,2,15,9,'2024-12-18 06:42:39',NULL,'1'),(2091,'SISTEMAS AUTOMATIZADOS Y REDES INDUSTRIALES',7,2,5,5,0,0,2,2,15,9,'2024-12-18 06:42:39',NULL,'1'),(2092,'DIRECCIÓN DE EQUIPOS DE ALTO RENDIMIENTO',2,2,0,0,0,0,2,0,15,9,'2024-12-18 06:42:39',NULL,'1'),(2093,'INGLÉS VIII',4,4,0,0,0,0,1,0,15,9,'2024-12-18 06:42:39',NULL,'1'),(2094,'CONTROL AUTOMÁTICO',6,2,4,4,0,0,2,2,16,9,'2024-12-18 06:42:39',NULL,'1'),(2095,'INGENIERÍA DE PROYECTOS',4,3,1,1,0,0,2,1,16,9,'2024-12-18 06:42:39',NULL,'1'),(2096,'SISTEMAS MECÁNICOS II',4,2,2,2,0,0,2,2,16,9,'2024-12-18 06:42:39',NULL,'1'),(2097,'EXPRESIÓN ORAL Y ESCRITA II',5,5,0,0,0,0,2,0,19,5,'2024-12-18 06:42:39',NULL,'1'),(2098,'DIRECCIÓN DE EQUIPOS DE ALTO RENDIMIENTO',2,2,0,0,0,0,2,0,16,9,'2024-12-18 06:42:40',NULL,'1'),(2099,'INGLÉS VIII',4,4,0,0,0,0,1,0,16,9,'2024-12-18 06:42:40',NULL,'1'),(2100,'INGLÉS VI',4,4,0,0,0,0,1,0,13,7,'2024-12-18 06:42:40',NULL,'1'),(2101,'MODELADO DIGITAL',6,0,6,6,0,0,0,2,23,4,'2024-12-18 06:42:40',NULL,'1'),(2102,'DESARROLLO DE APLICACIONES DE REALIDAD AUMENTADA',6,0,6,6,0,0,0,2,23,4,'2024-12-18 06:42:40',NULL,'1'),(2103,'FRAMEWORKS DE DESARROLLO WEB',6,0,6,6,0,0,0,2,23,4,'2024-12-18 06:42:40',NULL,'1'),(2104,'FORMACIÓN SOCIOCULTURAL IV',3,3,0,0,0,0,2,0,23,4,'2024-12-18 06:42:40',NULL,'1'),(2105,'INGLÉS VII',4,2,2,2,0,0,1,0,22,8,'2024-12-18 06:42:40',NULL,'1'),(2106,'BIOLOGÍA MOLECULAR',4,2,2,2,0,0,2,2,3,10,'2024-12-18 06:42:40',NULL,'1'),(2107,'INGENIERÍA DE LAS FERMENTACIONES',4,1,3,3,0,0,1,2,3,10,'2024-12-18 06:42:40',NULL,'1'),(2108,'INTEGRADORA II',2,2,0,0,0,0,2,0,3,10,'2024-12-18 06:42:40',NULL,'1'),(2109,'BIOINGENIERÍA APLICADA',4,2,2,2,0,0,2,2,3,10,'2024-12-18 06:42:40',NULL,'1'),(2110,'LEGISLACIÓN',2,2,0,0,0,0,2,0,3,10,'2024-12-18 06:42:40',NULL,'1'),(2111,'OPTATIVA II',3,3,0,0,0,0,2,0,3,10,'2024-12-18 06:42:40',NULL,'1'),(2112,'NEGOCIACIÓN EMPRESARIAL',2,2,0,0,0,0,2,0,3,10,'2024-12-18 06:42:40',NULL,'1'),(2113,'INGLÉS IX',4,4,0,0,0,0,1,0,3,10,'2024-12-18 06:42:40',NULL,'1'),(2114,'SIMULACIÓN 3D',4,0,4,4,0,0,0,2,4,10,'2024-12-18 06:42:40',NULL,'1'),(2115,'NORMATIVIDAD TEXTIL Y DE CONFECCIÓN',3,3,0,0,0,0,2,0,4,10,'2024-12-18 06:42:40',NULL,'1'),(2116,'INNOVACIÓN TEXTIL',4,0,4,4,0,0,0,2,4,10,'2024-12-18 06:42:40',NULL,'1'),(2117,'INTEGRADORA',2,0,2,1,1,0,0,1,4,10,'2024-12-18 06:42:40',NULL,'1'),(2118,'DISEÑO DE MODA',6,6,0,0,0,0,2,0,4,10,'2024-12-18 06:42:40',NULL,'1'),(2119,'NEGOCIACIÓN EMPRESARIAL',2,2,0,0,0,0,2,0,4,10,'2024-12-18 06:42:40',NULL,'1'),(2120,'INGLÉS IX',4,4,0,0,0,0,1,0,4,10,'2024-12-18 06:42:40',NULL,'1'),(2121,'INGLÉS IX',4,4,0,0,0,0,1,0,12,10,'2024-12-18 06:42:40',NULL,'1'),(2122,'ANÁLISIS E INTERPRETACIÓN FINANCIERA',4,4,0,0,0,0,2,0,12,10,'2024-12-18 06:42:40',NULL,'1'),(2123,'COCINA CONTEMPORANEA',6,0,6,6,0,0,0,6,12,10,'2024-12-18 06:42:41',NULL,'1'),(2124,'GESTIÓN DE LA CALIDAD EN ESTABLECIMIENTOS DE ALIMENTOS Y BEBIDAS',3,3,0,0,0,0,2,0,12,10,'2024-12-18 06:42:41',NULL,'1'),(2125,'DESARROLLO DE NEGOCIOS GASTRONÓMICOS',4,4,0,0,0,0,2,0,12,10,'2024-12-18 06:42:41',NULL,'1'),(2126,'INTEGRADORA',2,2,0,0,0,0,2,0,12,10,'2024-12-18 06:42:41',NULL,'1'),(2127,'NEGOCIACIÓN EMPRESARIAL',2,2,0,0,0,0,2,0,12,10,'2024-12-18 06:42:41',NULL,'1'),(2128,'ANIMACIÓN 3D',6,0,6,6,0,0,0,2,23,5,'2024-12-18 06:42:41',NULL,'1'),(2129,'DESARROLLO DE APLICACIONES DE REALIDAD VIRTUAL',6,0,6,6,0,0,0,2,23,5,'2024-12-18 06:42:41',NULL,'1'),(2130,'LEGISLACIÓN Y FINANCIAMIENTO AMBIENTAL',4,4,0,0,0,0,2,0,26,10,'2024-12-18 06:42:41',NULL,'1'),(2131,'INTEGRADORA',2,2,0,0,0,0,2,0,26,10,'2024-12-18 06:42:41',NULL,'1'),(2132,'SISTEMAS HIBRIDOS EÓLICO SOLAR INTERCONECTADOS A LA RED',3,1,2,2,0,0,1,2,26,10,'2024-12-18 06:42:41',NULL,'1'),(2133,'NEGOCIACIÓN EMPRESARIAL',2,2,0,0,0,0,2,0,26,10,'2024-12-18 06:42:41',NULL,'1'),(2134,'INGLÉS IX',4,4,0,0,0,0,1,0,26,10,'2024-12-18 06:42:41',NULL,'1'),(2135,'DESARROLLO DE APLICACIONES PARA NEGOCIOS DIGITALES',7,0,7,7,0,0,0,2,23,5,'2024-12-18 06:42:41',NULL,'1'),(2136,'INTEGRADORA II',2,2,0,0,0,0,2,0,23,5,'2024-12-18 06:42:41',NULL,'1'),(2137,'PROBABILIDAD Y ESTADÍSTICA',5,5,0,0,0,0,2,0,23,4,'2024-12-18 06:42:41',NULL,'1'),(2138,'ADMINISTRACIÓN DE PROYECTOS',5,3,2,2,0,0,2,2,23,4,'2024-12-18 06:42:41',NULL,'1'),(2139,'PRODUCCIÓN AUDIOVISUAL',5,0,5,5,0,0,0,2,23,5,'2024-12-18 06:42:41',NULL,'1'),(2140,'EXPRESIÓN ORALY ESCRITA II',5,5,0,0,0,0,2,0,23,5,'2024-12-18 06:42:41',NULL,'1'),(2141,'INGLÉS IX',4,4,0,0,0,0,1,0,15,10,'2024-12-18 06:42:41',NULL,'1'),(2142,'ENSAYOS NO DESTRUCTIVOS',6,3,3,3,0,0,2,2,15,10,'2024-12-18 06:42:41',NULL,'1'),(2143,'VISUALIZACIÓN Y CONTROL DE PROCESOS',6,2,4,4,0,0,2,2,15,10,'2024-12-18 06:42:41',NULL,'1'),(2144,'INTEGRADORA II',2,2,0,0,0,0,2,0,15,10,'2024-12-18 06:42:41',NULL,'1'),(2145,'INGLÉS VII',4,2,2,2,0,0,1,0,13,8,'2024-12-18 06:42:41',NULL,'1'),(2146,'NEGOCIACIÓN EMPRESARIAL',2,2,0,0,0,0,2,0,15,10,'2024-12-18 06:42:41',NULL,'1'),(2147,'INGLÉS IX',4,4,0,0,0,0,1,0,16,10,'2024-12-18 06:42:41',NULL,'1'),(2148,'SISTEMAS DE MANUFACTURA FLEXIBLE',6,0,6,6,0,0,0,3,16,10,'2024-12-18 06:42:42',NULL,'1'),(2149,'ADMINISTRACIÓN DE PROYECTOS DE TI',3,0,3,3,0,0,0,1,22,9,'2024-12-18 06:42:42',NULL,'1'),(2150,'DISPOSITIVOS DIGITALES PROGRAMABLES',6,1,5,5,0,0,1,3,16,10,'2024-12-18 06:42:42',NULL,'1'),(2151,'INTEGRADORA III',2,0,2,2,0,0,0,2,16,10,'2024-12-18 06:42:42',NULL,'1'),(2152,'NEGOCIACIÓN EMPRESARIAL',2,2,0,0,0,0,2,0,16,10,'2024-12-18 06:42:42',NULL,'1'),(2153,'ARQUITECTURA DE SOFTWARE',5,0,5,5,0,0,0,3,22,7,'2024-12-18 06:42:42',NULL,'1'),(2154,'DESARROLLO WEB INTEGRAL',6,0,6,6,0,0,0,3,22,9,'2024-12-18 06:42:42',NULL,'1'),(2155,'MATEMÁTICAS PARA INGENIERÍA II',5,5,0,0,0,0,2,0,22,8,'2024-12-18 06:42:42',NULL,'1'),(2156,'DIRECCIÓN DE EQUIPOS DE ALTO RENDIMIENTO',2,2,0,0,0,0,2,0,22,9,'2024-12-18 06:42:42',NULL,'1'),(2157,'INGLÉS VIII',4,4,0,0,0,0,1,0,13,9,'2024-12-18 06:42:42',NULL,'1'),(2158,'ADMINISTRACIÓN DE BASES DE DATOS',5,0,5,5,0,0,0,3,22,8,'2024-12-18 06:42:42',NULL,'1'),(2159,'EXTRACCIÓN DE CONOCIMIENTOS EN BASES DE DATOS',5,0,5,5,0,0,0,3,22,9,'2024-12-18 06:42:42',NULL,'1'),(2160,'FÍSICA',6,6,0,0,0,0,0,0,28,2,'2024-12-18 06:42:42',NULL,'1'),(2161,'CÁLCULO DIFERENCIAL',6,6,0,0,0,0,0,0,28,2,'2024-12-18 06:42:42',NULL,'1'),(2162,'INGLÉS II',5,5,0,0,0,0,0,0,28,2,'2024-12-18 06:42:42',NULL,'1'),(2163,'PROBABILIDAD Y ESTADÍSTICA',5,5,0,0,0,0,0,0,28,2,'2024-12-18 06:42:42',NULL,'1'),(2164,'HABILIDADES SOCIEMOCIONALES Y MANEJO DE CONFLICTOS',4,4,0,0,0,0,0,0,28,2,'2024-12-18 06:42:42',NULL,'1'),(2165,'DIBUJO TÉCNICO',4,0,4,4,0,0,0,0,28,2,'2024-12-18 06:42:42',NULL,'1'),(2166,'CIRCUITOS ELÉCTRICOS',5,3,2,2,0,0,0,0,28,2,'2024-12-18 06:42:42',NULL,'1'),(2167,'DESARROLLO PARA DISPOSITIVOS INTELIGENTES',5,0,5,5,0,0,0,3,22,9,'2024-12-18 06:42:42',NULL,'1'),(2168,'INGLÉS VIII',4,4,0,0,0,0,1,0,22,9,'2024-12-18 06:42:42',NULL,'1'),(2169,'GESTIÓN DEL PROCESO DE DESARROLLO DE SOFTWARE',4,0,4,4,0,0,0,2,22,10,'2024-12-18 06:42:42',NULL,'1'),(2170,'APLICACIONES WEB PROGRESIVAS',3,0,3,3,0,0,0,1,22,10,'2024-12-18 06:42:43',NULL,'1'),(2171,'INTEGRADORA',2,2,0,0,0,0,2,0,22,10,'2024-12-18 06:42:43',NULL,'1'),(2172,'DESARROLLO MÓVIL INTEGRAL',6,0,6,6,0,0,0,3,22,10,'2024-12-18 06:42:43',NULL,'1'),(2173,'CREACIÓN DE VIDEOJUEGOS',4,0,4,4,0,0,0,2,22,10,'2024-12-18 06:42:43',NULL,'1'),(2174,'NEGOCIACIÓN EMPRESARIAL',2,2,0,0,0,0,2,0,22,10,'2024-12-18 06:42:43',NULL,'1');

--
-- Table structure for table `teacher_availability`
--

CREATE TABLE `teacher_availability` (
  `id` int NOT NULL AUTO_INCREMENT,
  `teacher_id` int NOT NULL,
  `day_of_week` enum('Monday','Tuesday','Wednesday','Thursday','Friday','Saturday','Sunday') COLLATE utf8mb4_spanish_ci NOT NULL,
  `start_time` time NOT NULL,
  `end_time` time NOT NULL,
  `fyh_creacion` datetime DEFAULT CURRENT_TIMESTAMP,
  `fyh_actualizacion` datetime DEFAULT CURRENT_TIMESTAMP ON UPDATE CURRENT_TIMESTAMP,
  PRIMARY KEY (`id`),
  KEY `teacher_id` (`teacher_id`),
  CONSTRAINT `teacher_availability_ibfk_1` FOREIGN KEY (`teacher_id`) REFERENCES `teachers` (`teacher_id`) ON DELETE CASCADE ON UPDATE CASCADE
) ENGINE=InnoDB AUTO_INCREMENT=38 DEFAULT CHARSET=utf8mb4 COLLATE=utf8mb4_spanish_ci;

--
-- Dumping data for table `teacher_availability`
--

INSERT INTO `teacher_availability` VALUES (29,17,'Monday','00:00:00','00:00:00','2024-12-18 09:51:19','2024-12-18 15:51:19'),(30,17,'Tuesday','00:00:00','00:00:00','2024-12-18 09:51:19','2024-12-18 15:51:19'),(31,17,'Wednesday','00:00:00','00:00:00','2024-12-18 09:51:19','2024-12-18 15:51:19'),(32,17,'Thursday','00:00:00','00:00:00','2024-12-18 09:51:19','2024-12-18 15:51:19'),(33,17,'Friday','00:00:00','00:00:00','2024-12-18 09:51:19','2024-12-18 15:51:19'),(37,109,'Monday','07:00:00','15:00:00','2024-12-18 09:54:24','2024-12-18 15:54:24');

--
-- Table structure for table `teacher_groups`
--

CREATE TABLE `teacher_groups` (
  `teacher_group_id` int NOT NULL AUTO_INCREMENT,
  `teacher_id` int NOT NULL,
  `group_id` int NOT NULL,
  `fyh_creacion` datetime DEFAULT CURRENT_TIMESTAMP,
  PRIMARY KEY (`teacher_group_id`),
  KEY `teacher_id` (`teacher_id`),
  KEY `group_id` (`group_id`),
  CONSTRAINT `teacher_groups_ibfk_1` FOREIGN KEY (`teacher_id`) REFERENCES `teachers` (`teacher_id`) ON DELETE CASCADE,
  CONSTRAINT `teacher_groups_ibfk_2` FOREIGN KEY (`group_id`) REFERENCES `groups` (`group_id`) ON DELETE CASCADE
) ENGINE=InnoDB DEFAULT CHARSET=utf8mb4 COLLATE=utf8mb4_spanish_ci;

--
-- Dumping data for table `teacher_groups`
--


--
-- Table structure for table `teacher_program_term`
--

CREATE TABLE `teacher_program_term` (
  `teacher_program_term_id` int NOT NULL AUTO_INCREMENT,
  `teacher_id` int DEFAULT NULL,
  `program_id` int DEFAULT NULL,
  `term_id` int DEFAULT NULL,
  `fyh_creacion` datetime DEFAULT NULL,
  `fyh_actualizacion` datetime DEFAULT NULL,
  `estado` varchar(11) COLLATE utf8mb4_spanish_ci DEFAULT NULL,
  PRIMARY KEY (`teacher_program_term_id`),
  KEY `fk_teacher_program` (`teacher_id`),
  KEY `fk_program_term` (`program_id`),
  KEY `fk_term_program` (`term_id`),
  CONSTRAINT `fk_program_term` FOREIGN KEY (`program_id`) REFERENCES `programs` (`program_id`),
  CONSTRAINT `fk_teacher_program` FOREIGN KEY (`teacher_id`) REFERENCES `teachers` (`teacher_id`),
  CONSTRAINT `fk_term_program` FOREIGN KEY (`term_id`) REFERENCES `terms` (`term_id`)
) ENGINE=InnoDB AUTO_INCREMENT=1993 DEFAULT CHARSET=utf8mb4 COLLATE=utf8mb4_spanish_ci;

--
-- Dumping data for table `teacher_program_term`
--

INSERT INTO `teacher_program_term` VALUES (63,88,1,NULL,'2024-12-06 10:28:27',NULL,'ACTIVO'),(64,88,2,NULL,'2024-12-06 10:28:27',NULL,'ACTIVO'),(65,88,3,NULL,'2024-12-06 10:28:27',NULL,'ACTIVO'),(66,88,4,NULL,'2024-12-06 10:28:27',NULL,'ACTIVO'),(67,88,5,NULL,'2024-12-06 10:28:27',NULL,'ACTIVO'),(68,88,6,NULL,'2024-12-06 10:28:27',NULL,'ACTIVO'),(69,88,7,NULL,'2024-12-06 10:28:27',NULL,'ACTIVO'),(70,88,8,NULL,'2024-12-06 10:28:27',NULL,'ACTIVO'),(71,88,9,NULL,'2024-12-06 10:28:27',NULL,'ACTIVO'),(72,88,10,NULL,'2024-12-06 10:28:27',NULL,'ACTIVO'),(73,88,11,NULL,'2024-12-06 10:28:27',NULL,'ACTIVO'),(74,88,12,NULL,'2024-12-06 10:28:27',NULL,'ACTIVO'),(75,88,13,NULL,'2024-12-06 10:28:27',NULL,'ACTIVO'),(76,88,14,NULL,'2024-12-06 10:28:27',NULL,'ACTIVO'),(77,88,15,NULL,'2024-12-06 10:28:27',NULL,'ACTIVO'),(78,88,16,NULL,'2024-12-06 10:28:27',NULL,'ACTIVO'),(79,88,17,NULL,'2024-12-06 10:28:27',NULL,'ACTIVO'),(80,88,18,NULL,'2024-12-06 10:28:27',NULL,'ACTIVO'),(81,88,19,NULL,'2024-12-06 10:28:27',NULL,'ACTIVO'),(82,88,20,NULL,'2024-12-06 10:28:27',NULL,'ACTIVO'),(83,88,21,NULL,'2024-12-06 10:28:27',NULL,'ACTIVO'),(84,88,22,NULL,'2024-12-06 10:28:27',NULL,'ACTIVO'),(85,88,23,NULL,'2024-12-06 10:28:27',NULL,'ACTIVO'),(86,88,24,NULL,'2024-12-06 10:28:27',NULL,'ACTIVO'),(87,88,25,NULL,'2024-12-06 10:28:27',NULL,'ACTIVO'),(88,88,26,NULL,'2024-12-06 10:28:27',NULL,'ACTIVO'),(279,65,12,NULL,'2024-12-06 11:13:19',NULL,'ACTIVO'),(280,117,12,NULL,'2024-12-06 11:13:39',NULL,'ACTIVO'),(320,52,4,NULL,'2024-12-06 11:39:12',NULL,'ACTIVO'),(322,157,4,NULL,'2024-12-06 11:39:47',NULL,'ACTIVO'),(368,66,1,NULL,'2024-12-06 12:01:19',NULL,'ACTIVO'),(369,66,2,NULL,'2024-12-06 12:01:19',NULL,'ACTIVO'),(370,66,3,NULL,'2024-12-06 12:01:19',NULL,'ACTIVO'),(371,66,4,NULL,'2024-12-06 12:01:19',NULL,'ACTIVO'),(372,66,5,NULL,'2024-12-06 12:01:19',NULL,'ACTIVO'),(373,66,6,NULL,'2024-12-06 12:01:19',NULL,'ACTIVO'),(374,66,7,NULL,'2024-12-06 12:01:19',NULL,'ACTIVO'),(375,66,8,NULL,'2024-12-06 12:01:19',NULL,'ACTIVO'),(376,66,9,NULL,'2024-12-06 12:01:19',NULL,'ACTIVO'),(377,66,10,NULL,'2024-12-06 12:01:19',NULL,'ACTIVO'),(378,66,11,NULL,'2024-12-06 12:01:19',NULL,'ACTIVO'),(379,66,12,NULL,'2024-12-06 12:01:19',NULL,'ACTIVO'),(380,66,13,NULL,'2024-12-06 12:01:19',NULL,'ACTIVO'),(381,66,14,NULL,'2024-12-06 12:01:19',NULL,'ACTIVO'),(382,66,15,NULL,'2024-12-06 12:01:19',NULL,'ACTIVO'),(383,66,16,NULL,'2024-12-06 12:01:19',NULL,'ACTIVO'),(384,66,17,NULL,'2024-12-06 12:01:19',NULL,'ACTIVO'),(385,66,18,NULL,'2024-12-06 12:01:19',NULL,'ACTIVO'),(386,66,19,NULL,'2024-12-06 12:01:19',NULL,'ACTIVO'),(387,66,20,NULL,'2024-12-06 12:01:19',NULL,'ACTIVO'),(388,66,21,NULL,'2024-12-06 12:01:19',NULL,'ACTIVO'),(389,66,22,NULL,'2024-12-06 12:01:19',NULL,'ACTIVO'),(390,66,23,NULL,'2024-12-06 12:01:19',NULL,'ACTIVO'),(391,66,24,NULL,'2024-12-06 12:01:19',NULL,'ACTIVO'),(392,66,25,NULL,'2024-12-06 12:01:19',NULL,'ACTIVO'),(393,66,26,NULL,'2024-12-06 12:01:19',NULL,'ACTIVO'),(394,73,1,NULL,'2024-12-06 12:01:38',NULL,'ACTIVO'),(395,73,2,NULL,'2024-12-06 12:01:38',NULL,'ACTIVO'),(396,73,3,NULL,'2024-12-06 12:01:38',NULL,'ACTIVO'),(397,73,4,NULL,'2024-12-06 12:01:38',NULL,'ACTIVO'),(398,73,5,NULL,'2024-12-06 12:01:38',NULL,'ACTIVO'),(399,73,6,NULL,'2024-12-06 12:01:38',NULL,'ACTIVO'),(400,73,7,NULL,'2024-12-06 12:01:38',NULL,'ACTIVO'),(401,73,8,NULL,'2024-12-06 12:01:38',NULL,'ACTIVO'),(402,73,9,NULL,'2024-12-06 12:01:38',NULL,'ACTIVO'),(403,73,10,NULL,'2024-12-06 12:01:38',NULL,'ACTIVO'),(404,73,11,NULL,'2024-12-06 12:01:38',NULL,'ACTIVO'),(405,73,12,NULL,'2024-12-06 12:01:38',NULL,'ACTIVO'),(406,73,13,NULL,'2024-12-06 12:01:38',NULL,'ACTIVO'),(407,73,14,NULL,'2024-12-06 12:01:38',NULL,'ACTIVO'),(408,73,15,NULL,'2024-12-06 12:01:38',NULL,'ACTIVO'),(409,73,16,NULL,'2024-12-06 12:01:38',NULL,'ACTIVO'),(410,73,17,NULL,'2024-12-06 12:01:38',NULL,'ACTIVO'),(411,73,18,NULL,'2024-12-06 12:01:38',NULL,'ACTIVO'),(412,73,19,NULL,'2024-12-06 12:01:38',NULL,'ACTIVO'),(413,73,20,NULL,'2024-12-06 12:01:38',NULL,'ACTIVO'),(414,73,21,NULL,'2024-12-06 12:01:38',NULL,'ACTIVO'),(415,73,22,NULL,'2024-12-06 12:01:38',NULL,'ACTIVO'),(416,73,23,NULL,'2024-12-06 12:01:38',NULL,'ACTIVO'),(417,73,24,NULL,'2024-12-06 12:01:38',NULL,'ACTIVO'),(418,73,25,NULL,'2024-12-06 12:01:38',NULL,'ACTIVO'),(419,73,26,NULL,'2024-12-06 12:01:38',NULL,'ACTIVO'),(420,85,1,NULL,'2024-12-06 12:02:45',NULL,'ACTIVO'),(421,85,2,NULL,'2024-12-06 12:02:45',NULL,'ACTIVO'),(422,85,3,NULL,'2024-12-06 12:02:45',NULL,'ACTIVO'),(423,85,4,NULL,'2024-12-06 12:02:45',NULL,'ACTIVO'),(424,85,5,NULL,'2024-12-06 12:02:45',NULL,'ACTIVO'),(425,85,6,NULL,'2024-12-06 12:02:45',NULL,'ACTIVO'),(426,85,7,NULL,'2024-12-06 12:02:45',NULL,'ACTIVO'),(427,85,8,NULL,'2024-12-06 12:02:45',NULL,'ACTIVO'),(428,85,9,NULL,'2024-12-06 12:02:45',NULL,'ACTIVO'),(429,85,10,NULL,'2024-12-06 12:02:45',NULL,'ACTIVO'),(430,85,11,NULL,'2024-12-06 12:02:45',NULL,'ACTIVO'),(431,85,12,NULL,'2024-12-06 12:02:45',NULL,'ACTIVO'),(432,85,13,NULL,'2024-12-06 12:02:45',NULL,'ACTIVO'),(433,85,14,NULL,'2024-12-06 12:02:45',NULL,'ACTIVO'),(434,85,15,NULL,'2024-12-06 12:02:45',NULL,'ACTIVO'),(435,85,16,NULL,'2024-12-06 12:02:45',NULL,'ACTIVO'),(436,85,17,NULL,'2024-12-06 12:02:45',NULL,'ACTIVO'),(437,85,18,NULL,'2024-12-06 12:02:45',NULL,'ACTIVO'),(438,85,19,NULL,'2024-12-06 12:02:45',NULL,'ACTIVO'),(439,85,20,NULL,'2024-12-06 12:02:45',NULL,'ACTIVO'),(440,85,21,NULL,'2024-12-06 12:02:45',NULL,'ACTIVO'),(441,85,22,NULL,'2024-12-06 12:02:45',NULL,'ACTIVO'),(442,85,23,NULL,'2024-12-06 12:02:45',NULL,'ACTIVO'),(443,85,25,NULL,'2024-12-06 12:02:45',NULL,'ACTIVO'),(444,107,1,NULL,'2024-12-06 12:03:35',NULL,'ACTIVO'),(445,107,2,NULL,'2024-12-06 12:03:35',NULL,'ACTIVO'),(446,107,3,NULL,'2024-12-06 12:03:35',NULL,'ACTIVO'),(447,107,4,NULL,'2024-12-06 12:03:35',NULL,'ACTIVO'),(448,107,5,NULL,'2024-12-06 12:03:35',NULL,'ACTIVO'),(449,107,6,NULL,'2024-12-06 12:03:35',NULL,'ACTIVO'),(450,107,7,NULL,'2024-12-06 12:03:35',NULL,'ACTIVO'),(451,107,8,NULL,'2024-12-06 12:03:35',NULL,'ACTIVO'),(452,107,9,NULL,'2024-12-06 12:03:35',NULL,'ACTIVO'),(453,107,10,NULL,'2024-12-06 12:03:35',NULL,'ACTIVO'),(454,107,11,NULL,'2024-12-06 12:03:35',NULL,'ACTIVO'),(455,107,12,NULL,'2024-12-06 12:03:35',NULL,'ACTIVO'),(456,107,13,NULL,'2024-12-06 12:03:35',NULL,'ACTIVO'),(457,107,14,NULL,'2024-12-06 12:03:35',NULL,'ACTIVO'),(458,107,15,NULL,'2024-12-06 12:03:35',NULL,'ACTIVO'),(459,107,16,NULL,'2024-12-06 12:03:35',NULL,'ACTIVO'),(460,107,17,NULL,'2024-12-06 12:03:35',NULL,'ACTIVO'),(461,107,18,NULL,'2024-12-06 12:03:35',NULL,'ACTIVO'),(462,107,19,NULL,'2024-12-06 12:03:35',NULL,'ACTIVO'),(463,107,20,NULL,'2024-12-06 12:03:35',NULL,'ACTIVO'),(464,107,21,NULL,'2024-12-06 12:03:35',NULL,'ACTIVO'),(465,107,22,NULL,'2024-12-06 12:03:35',NULL,'ACTIVO'),(466,107,23,NULL,'2024-12-06 12:03:35',NULL,'ACTIVO'),(467,107,24,NULL,'2024-12-06 12:03:35',NULL,'ACTIVO'),(468,107,25,NULL,'2024-12-06 12:03:35',NULL,'ACTIVO'),(469,107,26,NULL,'2024-12-06 12:03:35',NULL,'ACTIVO'),(470,145,1,NULL,'2024-12-06 12:04:21',NULL,'ACTIVO'),(471,145,2,NULL,'2024-12-06 12:04:21',NULL,'ACTIVO'),(472,145,3,NULL,'2024-12-06 12:04:21',NULL,'ACTIVO'),(473,145,4,NULL,'2024-12-06 12:04:21',NULL,'ACTIVO'),(474,145,5,NULL,'2024-12-06 12:04:21',NULL,'ACTIVO'),(475,145,6,NULL,'2024-12-06 12:04:21',NULL,'ACTIVO'),(476,145,7,NULL,'2024-12-06 12:04:21',NULL,'ACTIVO'),(477,145,8,NULL,'2024-12-06 12:04:21',NULL,'ACTIVO'),(478,145,9,NULL,'2024-12-06 12:04:21',NULL,'ACTIVO'),(479,145,10,NULL,'2024-12-06 12:04:21',NULL,'ACTIVO'),(480,145,11,NULL,'2024-12-06 12:04:21',NULL,'ACTIVO'),(481,145,12,NULL,'2024-12-06 12:04:21',NULL,'ACTIVO'),(482,145,13,NULL,'2024-12-06 12:04:21',NULL,'ACTIVO'),(483,145,14,NULL,'2024-12-06 12:04:21',NULL,'ACTIVO'),(484,145,15,NULL,'2024-12-06 12:04:21',NULL,'ACTIVO'),(485,145,16,NULL,'2024-12-06 12:04:21',NULL,'ACTIVO'),(486,145,17,NULL,'2024-12-06 12:04:21',NULL,'ACTIVO'),(487,145,18,NULL,'2024-12-06 12:04:21',NULL,'ACTIVO'),(488,145,19,NULL,'2024-12-06 12:04:21',NULL,'ACTIVO'),(489,145,20,NULL,'2024-12-06 12:04:21',NULL,'ACTIVO'),(490,145,21,NULL,'2024-12-06 12:04:21',NULL,'ACTIVO'),(491,145,22,NULL,'2024-12-06 12:04:21',NULL,'ACTIVO'),(492,145,23,NULL,'2024-12-06 12:04:21',NULL,'ACTIVO'),(493,145,24,NULL,'2024-12-06 12:04:21',NULL,'ACTIVO'),(494,145,25,NULL,'2024-12-06 12:04:21',NULL,'ACTIVO'),(495,145,26,NULL,'2024-12-06 12:04:21',NULL,'ACTIVO'),(496,72,1,NULL,'2024-12-06 12:05:47',NULL,'ACTIVO'),(497,72,2,NULL,'2024-12-06 12:05:47',NULL,'ACTIVO'),(498,72,3,NULL,'2024-12-06 12:05:47',NULL,'ACTIVO'),(499,72,4,NULL,'2024-12-06 12:05:47',NULL,'ACTIVO'),(500,72,5,NULL,'2024-12-06 12:05:47',NULL,'ACTIVO'),(501,72,6,NULL,'2024-12-06 12:05:47',NULL,'ACTIVO'),(502,72,7,NULL,'2024-12-06 12:05:47',NULL,'ACTIVO'),(503,72,8,NULL,'2024-12-06 12:05:47',NULL,'ACTIVO'),(504,72,9,NULL,'2024-12-06 12:05:47',NULL,'ACTIVO'),(505,72,10,NULL,'2024-12-06 12:05:47',NULL,'ACTIVO'),(506,72,11,NULL,'2024-12-06 12:05:47',NULL,'ACTIVO'),(507,72,12,NULL,'2024-12-06 12:05:47',NULL,'ACTIVO'),(508,72,13,NULL,'2024-12-06 12:05:47',NULL,'ACTIVO'),(509,72,14,NULL,'2024-12-06 12:05:47',NULL,'ACTIVO'),(510,72,15,NULL,'2024-12-06 12:05:47',NULL,'ACTIVO'),(511,72,16,NULL,'2024-12-06 12:05:47',NULL,'ACTIVO'),(512,72,17,NULL,'2024-12-06 12:05:47',NULL,'ACTIVO'),(513,72,18,NULL,'2024-12-06 12:05:47',NULL,'ACTIVO'),(514,72,19,NULL,'2024-12-06 12:05:47',NULL,'ACTIVO'),(515,72,20,NULL,'2024-12-06 12:05:47',NULL,'ACTIVO'),(516,72,21,NULL,'2024-12-06 12:05:47',NULL,'ACTIVO'),(517,72,22,NULL,'2024-12-06 12:05:47',NULL,'ACTIVO'),(518,72,23,NULL,'2024-12-06 12:05:47',NULL,'ACTIVO'),(519,72,24,NULL,'2024-12-06 12:05:47',NULL,'ACTIVO'),(520,72,25,NULL,'2024-12-06 12:05:47',NULL,'ACTIVO'),(521,72,26,NULL,'2024-12-06 12:05:47',NULL,'ACTIVO'),(522,63,1,NULL,'2024-12-06 12:06:56',NULL,'ACTIVO'),(523,63,2,NULL,'2024-12-06 12:06:56',NULL,'ACTIVO'),(524,63,3,NULL,'2024-12-06 12:06:56',NULL,'ACTIVO'),(525,63,4,NULL,'2024-12-06 12:06:56',NULL,'ACTIVO'),(526,63,5,NULL,'2024-12-06 12:06:56',NULL,'ACTIVO'),(527,63,6,NULL,'2024-12-06 12:06:56',NULL,'ACTIVO'),(528,63,7,NULL,'2024-12-06 12:06:56',NULL,'ACTIVO'),(529,63,8,NULL,'2024-12-06 12:06:56',NULL,'ACTIVO'),(530,63,9,NULL,'2024-12-06 12:06:56',NULL,'ACTIVO'),(531,63,10,NULL,'2024-12-06 12:06:56',NULL,'ACTIVO'),(532,63,11,NULL,'2024-12-06 12:06:56',NULL,'ACTIVO'),(533,63,12,NULL,'2024-12-06 12:06:56',NULL,'ACTIVO'),(534,63,13,NULL,'2024-12-06 12:06:56',NULL,'ACTIVO'),(535,63,14,NULL,'2024-12-06 12:06:56',NULL,'ACTIVO'),(536,63,15,NULL,'2024-12-06 12:06:56',NULL,'ACTIVO'),(537,63,16,NULL,'2024-12-06 12:06:56',NULL,'ACTIVO'),(538,63,17,NULL,'2024-12-06 12:06:56',NULL,'ACTIVO'),(539,63,18,NULL,'2024-12-06 12:06:56',NULL,'ACTIVO'),(540,63,19,NULL,'2024-12-06 12:06:56',NULL,'ACTIVO'),(541,63,20,NULL,'2024-12-06 12:06:56',NULL,'ACTIVO'),(542,63,21,NULL,'2024-12-06 12:06:56',NULL,'ACTIVO'),(543,63,22,NULL,'2024-12-06 12:06:56',NULL,'ACTIVO'),(544,63,23,NULL,'2024-12-06 12:06:56',NULL,'ACTIVO'),(545,63,24,NULL,'2024-12-06 12:06:56',NULL,'ACTIVO'),(546,63,25,NULL,'2024-12-06 12:06:56',NULL,'ACTIVO'),(547,63,26,NULL,'2024-12-06 12:06:56',NULL,'ACTIVO'),(600,4,1,NULL,'2024-12-06 12:09:52',NULL,'ACTIVO'),(601,4,2,NULL,'2024-12-06 12:09:52',NULL,'ACTIVO'),(602,4,3,NULL,'2024-12-06 12:09:52',NULL,'ACTIVO'),(603,4,4,NULL,'2024-12-06 12:09:52',NULL,'ACTIVO'),(604,4,5,NULL,'2024-12-06 12:09:52',NULL,'ACTIVO'),(605,4,6,NULL,'2024-12-06 12:09:52',NULL,'ACTIVO'),(606,4,7,NULL,'2024-12-06 12:09:52',NULL,'ACTIVO'),(607,4,8,NULL,'2024-12-06 12:09:52',NULL,'ACTIVO'),(608,4,9,NULL,'2024-12-06 12:09:52',NULL,'ACTIVO'),(609,4,10,NULL,'2024-12-06 12:09:52',NULL,'ACTIVO'),(610,4,11,NULL,'2024-12-06 12:09:52',NULL,'ACTIVO'),(611,4,12,NULL,'2024-12-06 12:09:52',NULL,'ACTIVO'),(612,4,13,NULL,'2024-12-06 12:09:52',NULL,'ACTIVO'),(613,4,14,NULL,'2024-12-06 12:09:52',NULL,'ACTIVO'),(614,4,15,NULL,'2024-12-06 12:09:52',NULL,'ACTIVO'),(615,4,16,NULL,'2024-12-06 12:09:52',NULL,'ACTIVO'),(616,4,17,NULL,'2024-12-06 12:09:52',NULL,'ACTIVO'),(617,4,18,NULL,'2024-12-06 12:09:52',NULL,'ACTIVO'),(618,4,19,NULL,'2024-12-06 12:09:52',NULL,'ACTIVO'),(619,4,20,NULL,'2024-12-06 12:09:52',NULL,'ACTIVO'),(620,4,21,NULL,'2024-12-06 12:09:52',NULL,'ACTIVO'),(621,4,22,NULL,'2024-12-06 12:09:52',NULL,'ACTIVO'),(622,4,23,NULL,'2024-12-06 12:09:52',NULL,'ACTIVO'),(623,4,24,NULL,'2024-12-06 12:09:52',NULL,'ACTIVO'),(624,4,25,NULL,'2024-12-06 12:09:52',NULL,'ACTIVO'),(625,4,26,NULL,'2024-12-06 12:09:52',NULL,'ACTIVO'),(652,158,1,NULL,'2024-12-06 12:14:02',NULL,'ACTIVO'),(653,158,2,NULL,'2024-12-06 12:14:02',NULL,'ACTIVO'),(654,158,3,NULL,'2024-12-06 12:14:02',NULL,'ACTIVO'),(655,158,4,NULL,'2024-12-06 12:14:02',NULL,'ACTIVO'),(656,158,5,NULL,'2024-12-06 12:14:02',NULL,'ACTIVO'),(657,158,6,NULL,'2024-12-06 12:14:02',NULL,'ACTIVO'),(658,158,7,NULL,'2024-12-06 12:14:02',NULL,'ACTIVO'),(659,158,8,NULL,'2024-12-06 12:14:02',NULL,'ACTIVO'),(660,158,9,NULL,'2024-12-06 12:14:02',NULL,'ACTIVO'),(661,158,10,NULL,'2024-12-06 12:14:02',NULL,'ACTIVO'),(662,158,11,NULL,'2024-12-06 12:14:02',NULL,'ACTIVO'),(663,158,12,NULL,'2024-12-06 12:14:02',NULL,'ACTIVO'),(664,158,13,NULL,'2024-12-06 12:14:02',NULL,'ACTIVO'),(665,158,14,NULL,'2024-12-06 12:14:02',NULL,'ACTIVO'),(666,158,15,NULL,'2024-12-06 12:14:02',NULL,'ACTIVO'),(667,158,16,NULL,'2024-12-06 12:14:02',NULL,'ACTIVO'),(668,158,17,NULL,'2024-12-06 12:14:02',NULL,'ACTIVO'),(669,158,18,NULL,'2024-12-06 12:14:02',NULL,'ACTIVO'),(670,158,19,NULL,'2024-12-06 12:14:02',NULL,'ACTIVO'),(671,158,20,NULL,'2024-12-06 12:14:02',NULL,'ACTIVO'),(672,158,21,NULL,'2024-12-06 12:14:02',NULL,'ACTIVO'),(673,158,22,NULL,'2024-12-06 12:14:02',NULL,'ACTIVO'),(674,158,23,NULL,'2024-12-06 12:14:02',NULL,'ACTIVO'),(675,158,24,NULL,'2024-12-06 12:14:02',NULL,'ACTIVO'),(676,158,25,NULL,'2024-12-06 12:14:02',NULL,'ACTIVO'),(677,158,26,NULL,'2024-12-06 12:14:02',NULL,'ACTIVO'),(679,41,1,NULL,'2024-12-06 12:14:49',NULL,'ACTIVO'),(680,41,2,NULL,'2024-12-06 12:14:49',NULL,'ACTIVO'),(681,41,3,NULL,'2024-12-06 12:14:49',NULL,'ACTIVO'),(682,41,4,NULL,'2024-12-06 12:14:49',NULL,'ACTIVO'),(683,41,5,NULL,'2024-12-06 12:14:49',NULL,'ACTIVO'),(684,41,6,NULL,'2024-12-06 12:14:49',NULL,'ACTIVO'),(685,41,7,NULL,'2024-12-06 12:14:49',NULL,'ACTIVO'),(686,41,8,NULL,'2024-12-06 12:14:49',NULL,'ACTIVO'),(687,41,9,NULL,'2024-12-06 12:14:49',NULL,'ACTIVO'),(688,41,10,NULL,'2024-12-06 12:14:49',NULL,'ACTIVO'),(689,41,11,NULL,'2024-12-06 12:14:49',NULL,'ACTIVO'),(690,41,12,NULL,'2024-12-06 12:14:49',NULL,'ACTIVO'),(691,41,13,NULL,'2024-12-06 12:14:49',NULL,'ACTIVO'),(692,41,14,NULL,'2024-12-06 12:14:49',NULL,'ACTIVO'),(693,41,15,NULL,'2024-12-06 12:14:49',NULL,'ACTIVO'),(694,41,16,NULL,'2024-12-06 12:14:49',NULL,'ACTIVO'),(695,41,17,NULL,'2024-12-06 12:14:49',NULL,'ACTIVO'),(696,41,18,NULL,'2024-12-06 12:14:49',NULL,'ACTIVO'),(697,41,19,NULL,'2024-12-06 12:14:49',NULL,'ACTIVO'),(698,41,20,NULL,'2024-12-06 12:14:49',NULL,'ACTIVO'),(699,41,21,NULL,'2024-12-06 12:14:49',NULL,'ACTIVO'),(700,41,22,NULL,'2024-12-06 12:14:49',NULL,'ACTIVO'),(701,41,23,NULL,'2024-12-06 12:14:49',NULL,'ACTIVO'),(702,41,24,NULL,'2024-12-06 12:14:49',NULL,'ACTIVO'),(703,41,25,NULL,'2024-12-06 12:14:49',NULL,'ACTIVO'),(704,41,26,NULL,'2024-12-06 12:14:49',NULL,'ACTIVO'),(748,159,1,NULL,'2024-12-06 12:20:32',NULL,'ACTIVO'),(749,159,2,NULL,'2024-12-06 12:20:32',NULL,'ACTIVO'),(750,159,3,NULL,'2024-12-06 12:20:32',NULL,'ACTIVO'),(751,159,4,NULL,'2024-12-06 12:20:32',NULL,'ACTIVO'),(752,159,5,NULL,'2024-12-06 12:20:32',NULL,'ACTIVO'),(753,159,6,NULL,'2024-12-06 12:20:32',NULL,'ACTIVO'),(754,159,7,NULL,'2024-12-06 12:20:32',NULL,'ACTIVO'),(755,159,8,NULL,'2024-12-06 12:20:32',NULL,'ACTIVO'),(756,159,9,NULL,'2024-12-06 12:20:32',NULL,'ACTIVO'),(757,159,10,NULL,'2024-12-06 12:20:32',NULL,'ACTIVO'),(758,159,11,NULL,'2024-12-06 12:20:32',NULL,'ACTIVO'),(759,159,12,NULL,'2024-12-06 12:20:32',NULL,'ACTIVO'),(760,159,13,NULL,'2024-12-06 12:20:32',NULL,'ACTIVO'),(761,159,14,NULL,'2024-12-06 12:20:32',NULL,'ACTIVO'),(762,159,15,NULL,'2024-12-06 12:20:32',NULL,'ACTIVO'),(763,159,16,NULL,'2024-12-06 12:20:32',NULL,'ACTIVO'),(764,159,18,NULL,'2024-12-06 12:20:32',NULL,'ACTIVO'),(765,159,19,NULL,'2024-12-06 12:20:32',NULL,'ACTIVO'),(766,159,20,NULL,'2024-12-06 12:20:32',NULL,'ACTIVO'),(767,159,21,NULL,'2024-12-06 12:20:32',NULL,'ACTIVO'),(768,159,22,NULL,'2024-12-06 12:20:32',NULL,'ACTIVO'),(769,159,23,NULL,'2024-12-06 12:20:32',NULL,'ACTIVO'),(770,159,24,NULL,'2024-12-06 12:20:32',NULL,'ACTIVO'),(771,159,25,NULL,'2024-12-06 12:20:32',NULL,'ACTIVO'),(772,159,26,NULL,'2024-12-06 12:20:32',NULL,'ACTIVO'),(799,143,1,NULL,'2024-12-06 12:22:50',NULL,'ACTIVO'),(800,143,2,NULL,'2024-12-06 12:22:50',NULL,'ACTIVO'),(801,143,3,NULL,'2024-12-06 12:22:50',NULL,'ACTIVO'),(802,143,4,NULL,'2024-12-06 12:22:50',NULL,'ACTIVO'),(803,143,5,NULL,'2024-12-06 12:22:50',NULL,'ACTIVO'),(804,143,6,NULL,'2024-12-06 12:22:50',NULL,'ACTIVO'),(805,143,7,NULL,'2024-12-06 12:22:50',NULL,'ACTIVO'),(806,143,8,NULL,'2024-12-06 12:22:50',NULL,'ACTIVO'),(807,143,9,NULL,'2024-12-06 12:22:50',NULL,'ACTIVO'),(808,143,10,NULL,'2024-12-06 12:22:50',NULL,'ACTIVO'),(809,143,11,NULL,'2024-12-06 12:22:50',NULL,'ACTIVO'),(810,143,12,NULL,'2024-12-06 12:22:50',NULL,'ACTIVO'),(811,143,13,NULL,'2024-12-06 12:22:50',NULL,'ACTIVO'),(812,143,14,NULL,'2024-12-06 12:22:50',NULL,'ACTIVO'),(813,143,15,NULL,'2024-12-06 12:22:50',NULL,'ACTIVO'),(814,143,16,NULL,'2024-12-06 12:22:50',NULL,'ACTIVO'),(815,143,17,NULL,'2024-12-06 12:22:50',NULL,'ACTIVO'),(816,143,18,NULL,'2024-12-06 12:22:50',NULL,'ACTIVO'),(817,143,19,NULL,'2024-12-06 12:22:50',NULL,'ACTIVO'),(818,143,20,NULL,'2024-12-06 12:22:50',NULL,'ACTIVO'),(819,143,21,NULL,'2024-12-06 12:22:50',NULL,'ACTIVO'),(820,143,22,NULL,'2024-12-06 12:22:50',NULL,'ACTIVO'),(821,143,23,NULL,'2024-12-06 12:22:50',NULL,'ACTIVO'),(822,143,24,NULL,'2024-12-06 12:22:50',NULL,'ACTIVO'),(823,143,25,NULL,'2024-12-06 12:22:50',NULL,'ACTIVO'),(824,143,26,NULL,'2024-12-06 12:22:50',NULL,'ACTIVO'),(851,64,1,NULL,'2024-12-06 12:25:18',NULL,'ACTIVO'),(852,64,2,NULL,'2024-12-06 12:25:18',NULL,'ACTIVO'),(853,64,3,NULL,'2024-12-06 12:25:18',NULL,'ACTIVO'),(854,64,4,NULL,'2024-12-06 12:25:18',NULL,'ACTIVO'),(855,64,5,NULL,'2024-12-06 12:25:18',NULL,'ACTIVO'),(856,64,6,NULL,'2024-12-06 12:25:18',NULL,'ACTIVO'),(857,64,7,NULL,'2024-12-06 12:25:18',NULL,'ACTIVO'),(858,64,8,NULL,'2024-12-06 12:25:18',NULL,'ACTIVO'),(859,64,9,NULL,'2024-12-06 12:25:18',NULL,'ACTIVO'),(860,64,10,NULL,'2024-12-06 12:25:18',NULL,'ACTIVO'),(861,64,11,NULL,'2024-12-06 12:25:18',NULL,'ACTIVO'),(862,64,12,NULL,'2024-12-06 12:25:18',NULL,'ACTIVO'),(863,64,13,NULL,'2024-12-06 12:25:18',NULL,'ACTIVO'),(864,64,14,NULL,'2024-12-06 12:25:18',NULL,'ACTIVO'),(865,64,15,NULL,'2024-12-06 12:25:18',NULL,'ACTIVO'),(866,64,16,NULL,'2024-12-06 12:25:18',NULL,'ACTIVO'),(867,64,17,NULL,'2024-12-06 12:25:18',NULL,'ACTIVO'),(868,64,18,NULL,'2024-12-06 12:25:18',NULL,'ACTIVO'),(869,64,19,NULL,'2024-12-06 12:25:18',NULL,'ACTIVO'),(870,64,20,NULL,'2024-12-06 12:25:18',NULL,'ACTIVO'),(871,64,21,NULL,'2024-12-06 12:25:18',NULL,'ACTIVO'),(872,64,22,NULL,'2024-12-06 12:25:18',NULL,'ACTIVO'),(873,64,23,NULL,'2024-12-06 12:25:18',NULL,'ACTIVO'),(874,64,24,NULL,'2024-12-06 12:25:18',NULL,'ACTIVO'),(875,64,25,NULL,'2024-12-06 12:25:18',NULL,'ACTIVO'),(876,64,26,NULL,'2024-12-06 12:25:18',NULL,'ACTIVO'),(880,133,1,NULL,'2024-12-06 12:50:00',NULL,'ACTIVO'),(881,133,2,NULL,'2024-12-06 12:50:00',NULL,'ACTIVO'),(882,133,3,NULL,'2024-12-06 12:50:00',NULL,'ACTIVO'),(883,133,4,NULL,'2024-12-06 12:50:00',NULL,'ACTIVO'),(884,133,5,NULL,'2024-12-06 12:50:00',NULL,'ACTIVO'),(885,133,6,NULL,'2024-12-06 12:50:00',NULL,'ACTIVO'),(886,133,7,NULL,'2024-12-06 12:50:00',NULL,'ACTIVO'),(887,133,8,NULL,'2024-12-06 12:50:00',NULL,'ACTIVO'),(888,133,9,NULL,'2024-12-06 12:50:00',NULL,'ACTIVO'),(889,133,10,NULL,'2024-12-06 12:50:00',NULL,'ACTIVO'),(890,133,11,NULL,'2024-12-06 12:50:00',NULL,'ACTIVO'),(891,133,12,NULL,'2024-12-06 12:50:00',NULL,'ACTIVO'),(892,133,13,NULL,'2024-12-06 12:50:00',NULL,'ACTIVO'),(893,133,14,NULL,'2024-12-06 12:50:00',NULL,'ACTIVO'),(894,133,15,NULL,'2024-12-06 12:50:00',NULL,'ACTIVO'),(895,133,16,NULL,'2024-12-06 12:50:00',NULL,'ACTIVO'),(896,133,17,NULL,'2024-12-06 12:50:00',NULL,'ACTIVO'),(897,133,18,NULL,'2024-12-06 12:50:00',NULL,'ACTIVO'),(898,133,19,NULL,'2024-12-06 12:50:00',NULL,'ACTIVO'),(899,133,20,NULL,'2024-12-06 12:50:00',NULL,'ACTIVO'),(900,133,21,NULL,'2024-12-06 12:50:00',NULL,'ACTIVO'),(901,133,22,NULL,'2024-12-06 12:50:00',NULL,'ACTIVO'),(902,133,23,NULL,'2024-12-06 12:50:00',NULL,'ACTIVO'),(903,133,24,NULL,'2024-12-06 12:50:00',NULL,'ACTIVO'),(904,133,25,NULL,'2024-12-06 12:50:00',NULL,'ACTIVO'),(905,133,26,NULL,'2024-12-06 12:50:00',NULL,'ACTIVO'),(906,153,1,NULL,'2024-12-06 12:50:44',NULL,'ACTIVO'),(907,153,2,NULL,'2024-12-06 12:50:44',NULL,'ACTIVO'),(908,153,3,NULL,'2024-12-06 12:50:44',NULL,'ACTIVO'),(909,153,4,NULL,'2024-12-06 12:50:44',NULL,'ACTIVO'),(910,153,5,NULL,'2024-12-06 12:50:44',NULL,'ACTIVO'),(911,153,6,NULL,'2024-12-06 12:50:44',NULL,'ACTIVO'),(912,153,7,NULL,'2024-12-06 12:50:44',NULL,'ACTIVO'),(913,153,8,NULL,'2024-12-06 12:50:44',NULL,'ACTIVO'),(914,153,9,NULL,'2024-12-06 12:50:44',NULL,'ACTIVO'),(915,153,10,NULL,'2024-12-06 12:50:44',NULL,'ACTIVO'),(916,153,11,NULL,'2024-12-06 12:50:44',NULL,'ACTIVO'),(917,153,12,NULL,'2024-12-06 12:50:44',NULL,'ACTIVO'),(918,153,13,NULL,'2024-12-06 12:50:44',NULL,'ACTIVO'),(919,153,15,NULL,'2024-12-06 12:50:44',NULL,'ACTIVO'),(920,153,16,NULL,'2024-12-06 12:50:44',NULL,'ACTIVO'),(921,153,17,NULL,'2024-12-06 12:50:44',NULL,'ACTIVO'),(922,153,18,NULL,'2024-12-06 12:50:44',NULL,'ACTIVO'),(923,153,19,NULL,'2024-12-06 12:50:44',NULL,'ACTIVO'),(924,153,20,NULL,'2024-12-06 12:50:44',NULL,'ACTIVO'),(925,153,21,NULL,'2024-12-06 12:50:44',NULL,'ACTIVO'),(926,153,22,NULL,'2024-12-06 12:50:44',NULL,'ACTIVO'),(927,153,23,NULL,'2024-12-06 12:50:44',NULL,'ACTIVO'),(928,153,24,NULL,'2024-12-06 12:50:44',NULL,'ACTIVO'),(929,153,25,NULL,'2024-12-06 12:50:44',NULL,'ACTIVO'),(930,153,26,NULL,'2024-12-06 12:50:44',NULL,'ACTIVO'),(931,128,12,NULL,'2024-12-06 12:51:46',NULL,'ACTIVO'),(932,91,12,NULL,'2024-12-06 12:54:15',NULL,'ACTIVO'),(936,165,1,NULL,'2024-12-06 12:56:47',NULL,'ACTIVO'),(937,165,2,NULL,'2024-12-06 12:56:47',NULL,'ACTIVO'),(938,165,3,NULL,'2024-12-06 12:56:47',NULL,'ACTIVO'),(939,165,4,NULL,'2024-12-06 12:56:47',NULL,'ACTIVO'),(940,165,5,NULL,'2024-12-06 12:56:47',NULL,'ACTIVO'),(941,165,6,NULL,'2024-12-06 12:56:47',NULL,'ACTIVO'),(942,165,7,NULL,'2024-12-06 12:56:47',NULL,'ACTIVO'),(943,165,8,NULL,'2024-12-06 12:56:47',NULL,'ACTIVO'),(944,165,9,NULL,'2024-12-06 12:56:47',NULL,'ACTIVO'),(945,165,10,NULL,'2024-12-06 12:56:47',NULL,'ACTIVO'),(946,165,11,NULL,'2024-12-06 12:56:47',NULL,'ACTIVO'),(947,165,12,NULL,'2024-12-06 12:56:47',NULL,'ACTIVO'),(948,165,14,NULL,'2024-12-06 12:56:47',NULL,'ACTIVO'),(949,165,15,NULL,'2024-12-06 12:56:47',NULL,'ACTIVO'),(950,165,16,NULL,'2024-12-06 12:56:47',NULL,'ACTIVO'),(951,165,17,NULL,'2024-12-06 12:56:47',NULL,'ACTIVO'),(952,165,18,NULL,'2024-12-06 12:56:47',NULL,'ACTIVO'),(953,165,19,NULL,'2024-12-06 12:56:47',NULL,'ACTIVO'),(954,165,20,NULL,'2024-12-06 12:56:47',NULL,'ACTIVO'),(955,165,21,NULL,'2024-12-06 12:56:47',NULL,'ACTIVO'),(956,165,22,NULL,'2024-12-06 12:56:47',NULL,'ACTIVO'),(957,165,23,NULL,'2024-12-06 12:56:47',NULL,'ACTIVO'),(958,165,24,NULL,'2024-12-06 12:56:47',NULL,'ACTIVO'),(959,165,25,NULL,'2024-12-06 12:56:47',NULL,'ACTIVO'),(960,165,26,NULL,'2024-12-06 12:56:47',NULL,'ACTIVO'),(961,55,1,NULL,'2024-12-06 13:04:12',NULL,'ACTIVO'),(962,55,2,NULL,'2024-12-06 13:04:12',NULL,'ACTIVO'),(963,55,3,NULL,'2024-12-06 13:04:12',NULL,'ACTIVO'),(964,55,4,NULL,'2024-12-06 13:04:12',NULL,'ACTIVO'),(965,55,5,NULL,'2024-12-06 13:04:12',NULL,'ACTIVO'),(966,55,6,NULL,'2024-12-06 13:04:12',NULL,'ACTIVO'),(967,55,7,NULL,'2024-12-06 13:04:12',NULL,'ACTIVO'),(968,55,8,NULL,'2024-12-06 13:04:12',NULL,'ACTIVO'),(969,55,9,NULL,'2024-12-06 13:04:12',NULL,'ACTIVO'),(970,55,10,NULL,'2024-12-06 13:04:12',NULL,'ACTIVO'),(971,55,11,NULL,'2024-12-06 13:04:12',NULL,'ACTIVO'),(972,55,12,NULL,'2024-12-06 13:04:12',NULL,'ACTIVO'),(973,55,13,NULL,'2024-12-06 13:04:12',NULL,'ACTIVO'),(974,55,14,NULL,'2024-12-06 13:04:12',NULL,'ACTIVO'),(975,55,15,NULL,'2024-12-06 13:04:12',NULL,'ACTIVO'),(976,55,16,NULL,'2024-12-06 13:04:12',NULL,'ACTIVO'),(977,55,17,NULL,'2024-12-06 13:04:12',NULL,'ACTIVO'),(978,55,18,NULL,'2024-12-06 13:04:12',NULL,'ACTIVO'),(979,55,19,NULL,'2024-12-06 13:04:12',NULL,'ACTIVO'),(980,55,20,NULL,'2024-12-06 13:04:12',NULL,'ACTIVO'),(981,55,21,NULL,'2024-12-06 13:04:12',NULL,'ACTIVO'),(982,55,22,NULL,'2024-12-06 13:04:12',NULL,'ACTIVO'),(983,55,23,NULL,'2024-12-06 13:04:12',NULL,'ACTIVO'),(984,55,24,NULL,'2024-12-06 13:04:12',NULL,'ACTIVO'),(985,55,25,NULL,'2024-12-06 13:04:12',NULL,'ACTIVO'),(986,55,26,NULL,'2024-12-06 13:04:12',NULL,'ACTIVO'),(1014,119,1,NULL,'2024-12-06 13:41:09',NULL,'ACTIVO'),(1015,119,2,NULL,'2024-12-06 13:41:09',NULL,'ACTIVO'),(1016,119,3,NULL,'2024-12-06 13:41:09',NULL,'ACTIVO'),(1017,119,4,NULL,'2024-12-06 13:41:09',NULL,'ACTIVO'),(1018,119,5,NULL,'2024-12-06 13:41:09',NULL,'ACTIVO'),(1019,119,6,NULL,'2024-12-06 13:41:09',NULL,'ACTIVO'),(1020,119,7,NULL,'2024-12-06 13:41:09',NULL,'ACTIVO'),(1021,119,8,NULL,'2024-12-06 13:41:09',NULL,'ACTIVO'),(1022,119,9,NULL,'2024-12-06 13:41:09',NULL,'ACTIVO'),(1023,119,10,NULL,'2024-12-06 13:41:09',NULL,'ACTIVO'),(1024,119,11,NULL,'2024-12-06 13:41:09',NULL,'ACTIVO'),(1025,119,12,NULL,'2024-12-06 13:41:09',NULL,'ACTIVO'),(1026,119,13,NULL,'2024-12-06 13:41:09',NULL,'ACTIVO'),(1027,119,14,NULL,'2024-12-06 13:41:09',NULL,'ACTIVO'),(1028,119,15,NULL,'2024-12-06 13:41:09',NULL,'ACTIVO'),(1029,119,16,NULL,'2024-12-06 13:41:09',NULL,'ACTIVO'),(1030,119,17,NULL,'2024-12-06 13:41:09',NULL,'ACTIVO'),(1031,119,18,NULL,'2024-12-06 13:41:09',NULL,'ACTIVO'),(1032,119,19,NULL,'2024-12-06 13:41:09',NULL,'ACTIVO'),(1033,119,20,NULL,'2024-12-06 13:41:09',NULL,'ACTIVO'),(1034,119,21,NULL,'2024-12-06 13:41:09',NULL,'ACTIVO'),(1035,119,22,NULL,'2024-12-06 13:41:09',NULL,'ACTIVO'),(1036,119,23,NULL,'2024-12-06 13:41:09',NULL,'ACTIVO'),(1037,119,24,NULL,'2024-12-06 13:41:09',NULL,'ACTIVO'),(1038,119,25,NULL,'2024-12-06 13:41:09',NULL,'ACTIVO'),(1039,119,26,NULL,'2024-12-06 13:41:09',NULL,'ACTIVO'),(1066,126,1,NULL,'2024-12-06 13:47:08',NULL,'ACTIVO'),(1067,126,2,NULL,'2024-12-06 13:47:08',NULL,'ACTIVO'),(1068,126,3,NULL,'2024-12-06 13:47:08',NULL,'ACTIVO'),(1069,126,4,NULL,'2024-12-06 13:47:08',NULL,'ACTIVO'),(1070,126,5,NULL,'2024-12-06 13:47:08',NULL,'ACTIVO'),(1071,126,6,NULL,'2024-12-06 13:47:08',NULL,'ACTIVO'),(1072,126,7,NULL,'2024-12-06 13:47:08',NULL,'ACTIVO'),(1073,126,8,NULL,'2024-12-06 13:47:08',NULL,'ACTIVO'),(1074,126,9,NULL,'2024-12-06 13:47:08',NULL,'ACTIVO'),(1075,126,10,NULL,'2024-12-06 13:47:08',NULL,'ACTIVO'),(1076,126,11,NULL,'2024-12-06 13:47:08',NULL,'ACTIVO'),(1077,126,12,NULL,'2024-12-06 13:47:08',NULL,'ACTIVO'),(1078,126,13,NULL,'2024-12-06 13:47:08',NULL,'ACTIVO'),(1079,126,14,NULL,'2024-12-06 13:47:08',NULL,'ACTIVO'),(1080,126,15,NULL,'2024-12-06 13:47:08',NULL,'ACTIVO'),(1081,126,16,NULL,'2024-12-06 13:47:08',NULL,'ACTIVO'),(1082,126,17,NULL,'2024-12-06 13:47:08',NULL,'ACTIVO'),(1083,126,18,NULL,'2024-12-06 13:47:08',NULL,'ACTIVO'),(1084,126,19,NULL,'2024-12-06 13:47:08',NULL,'ACTIVO'),(1085,126,21,NULL,'2024-12-06 13:47:08',NULL,'ACTIVO'),(1086,126,22,NULL,'2024-12-06 13:47:08',NULL,'ACTIVO'),(1087,126,23,NULL,'2024-12-06 13:47:08',NULL,'ACTIVO'),(1088,126,24,NULL,'2024-12-06 13:47:08',NULL,'ACTIVO'),(1089,126,25,NULL,'2024-12-06 13:47:08',NULL,'ACTIVO'),(1090,126,26,NULL,'2024-12-06 13:47:08',NULL,'ACTIVO'),(1091,171,1,NULL,'2024-12-06 13:48:29',NULL,'ACTIVO'),(1092,171,2,NULL,'2024-12-06 13:48:29',NULL,'ACTIVO'),(1093,171,3,NULL,'2024-12-06 13:48:29',NULL,'ACTIVO'),(1094,171,4,NULL,'2024-12-06 13:48:29',NULL,'ACTIVO'),(1095,171,5,NULL,'2024-12-06 13:48:29',NULL,'ACTIVO'),(1096,171,6,NULL,'2024-12-06 13:48:29',NULL,'ACTIVO'),(1097,171,7,NULL,'2024-12-06 13:48:29',NULL,'ACTIVO'),(1098,171,8,NULL,'2024-12-06 13:48:29',NULL,'ACTIVO'),(1099,171,9,NULL,'2024-12-06 13:48:29',NULL,'ACTIVO'),(1100,171,10,NULL,'2024-12-06 13:48:29',NULL,'ACTIVO'),(1101,171,11,NULL,'2024-12-06 13:48:29',NULL,'ACTIVO'),(1102,171,12,NULL,'2024-12-06 13:48:29',NULL,'ACTIVO'),(1103,171,13,NULL,'2024-12-06 13:48:29',NULL,'ACTIVO'),(1104,171,14,NULL,'2024-12-06 13:48:29',NULL,'ACTIVO'),(1105,171,15,NULL,'2024-12-06 13:48:29',NULL,'ACTIVO'),(1106,171,16,NULL,'2024-12-06 13:48:29',NULL,'ACTIVO'),(1107,171,17,NULL,'2024-12-06 13:48:29',NULL,'ACTIVO'),(1108,171,18,NULL,'2024-12-06 13:48:29',NULL,'ACTIVO'),(1109,171,19,NULL,'2024-12-06 13:48:29',NULL,'ACTIVO'),(1110,171,20,NULL,'2024-12-06 13:48:29',NULL,'ACTIVO'),(1111,171,21,NULL,'2024-12-06 13:48:29',NULL,'ACTIVO'),(1112,171,22,NULL,'2024-12-06 13:48:29',NULL,'ACTIVO'),(1113,171,23,NULL,'2024-12-06 13:48:29',NULL,'ACTIVO'),(1114,171,24,NULL,'2024-12-06 13:48:29',NULL,'ACTIVO'),(1115,171,25,NULL,'2024-12-06 13:48:29',NULL,'ACTIVO'),(1116,171,26,NULL,'2024-12-06 13:48:29',NULL,'ACTIVO'),(1117,156,1,NULL,'2024-12-06 13:49:21',NULL,'ACTIVO'),(1118,156,2,NULL,'2024-12-06 13:49:21',NULL,'ACTIVO'),(1119,156,3,NULL,'2024-12-06 13:49:21',NULL,'ACTIVO'),(1120,156,4,NULL,'2024-12-06 13:49:21',NULL,'ACTIVO'),(1121,156,5,NULL,'2024-12-06 13:49:21',NULL,'ACTIVO'),(1122,156,6,NULL,'2024-12-06 13:49:21',NULL,'ACTIVO'),(1123,156,7,NULL,'2024-12-06 13:49:21',NULL,'ACTIVO'),(1124,156,9,NULL,'2024-12-06 13:49:21',NULL,'ACTIVO'),(1125,156,10,NULL,'2024-12-06 13:49:21',NULL,'ACTIVO'),(1126,156,11,NULL,'2024-12-06 13:49:21',NULL,'ACTIVO'),(1127,156,12,NULL,'2024-12-06 13:49:21',NULL,'ACTIVO'),(1128,156,13,NULL,'2024-12-06 13:49:21',NULL,'ACTIVO'),(1129,156,14,NULL,'2024-12-06 13:49:21',NULL,'ACTIVO'),(1130,156,15,NULL,'2024-12-06 13:49:21',NULL,'ACTIVO'),(1131,156,16,NULL,'2024-12-06 13:49:21',NULL,'ACTIVO'),(1132,156,17,NULL,'2024-12-06 13:49:21',NULL,'ACTIVO'),(1133,156,18,NULL,'2024-12-06 13:49:21',NULL,'ACTIVO'),(1134,156,19,NULL,'2024-12-06 13:49:21',NULL,'ACTIVO'),(1135,156,20,NULL,'2024-12-06 13:49:21',NULL,'ACTIVO'),(1136,156,21,NULL,'2024-12-06 13:49:21',NULL,'ACTIVO'),(1137,156,22,NULL,'2024-12-06 13:49:21',NULL,'ACTIVO'),(1138,156,23,NULL,'2024-12-06 13:49:21',NULL,'ACTIVO'),(1139,156,24,NULL,'2024-12-06 13:49:21',NULL,'ACTIVO'),(1140,156,25,NULL,'2024-12-06 13:49:21',NULL,'ACTIVO'),(1141,156,26,NULL,'2024-12-06 13:49:21',NULL,'ACTIVO'),(1142,57,1,NULL,'2024-12-06 13:50:02',NULL,'ACTIVO'),(1143,57,2,NULL,'2024-12-06 13:50:02',NULL,'ACTIVO'),(1144,57,3,NULL,'2024-12-06 13:50:02',NULL,'ACTIVO'),(1145,57,4,NULL,'2024-12-06 13:50:02',NULL,'ACTIVO'),(1146,57,5,NULL,'2024-12-06 13:50:02',NULL,'ACTIVO'),(1147,57,6,NULL,'2024-12-06 13:50:02',NULL,'ACTIVO'),(1148,57,7,NULL,'2024-12-06 13:50:02',NULL,'ACTIVO'),(1149,57,8,NULL,'2024-12-06 13:50:02',NULL,'ACTIVO'),(1150,57,9,NULL,'2024-12-06 13:50:02',NULL,'ACTIVO'),(1151,57,10,NULL,'2024-12-06 13:50:02',NULL,'ACTIVO'),(1152,57,11,NULL,'2024-12-06 13:50:02',NULL,'ACTIVO'),(1153,57,12,NULL,'2024-12-06 13:50:02',NULL,'ACTIVO'),(1154,57,13,NULL,'2024-12-06 13:50:02',NULL,'ACTIVO'),(1155,57,14,NULL,'2024-12-06 13:50:02',NULL,'ACTIVO'),(1156,57,15,NULL,'2024-12-06 13:50:02',NULL,'ACTIVO'),(1157,57,16,NULL,'2024-12-06 13:50:02',NULL,'ACTIVO'),(1158,57,17,NULL,'2024-12-06 13:50:02',NULL,'ACTIVO'),(1159,57,18,NULL,'2024-12-06 13:50:02',NULL,'ACTIVO'),(1160,57,19,NULL,'2024-12-06 13:50:02',NULL,'ACTIVO'),(1161,57,20,NULL,'2024-12-06 13:50:02',NULL,'ACTIVO'),(1162,57,21,NULL,'2024-12-06 13:50:02',NULL,'ACTIVO'),(1163,57,22,NULL,'2024-12-06 13:50:02',NULL,'ACTIVO'),(1164,57,23,NULL,'2024-12-06 13:50:02',NULL,'ACTIVO'),(1165,57,24,NULL,'2024-12-06 13:50:02',NULL,'ACTIVO'),(1166,57,25,NULL,'2024-12-06 13:50:02',NULL,'ACTIVO'),(1167,57,26,NULL,'2024-12-06 13:50:02',NULL,'ACTIVO'),(1168,127,1,NULL,'2024-12-06 13:50:37',NULL,'ACTIVO'),(1169,127,2,NULL,'2024-12-06 13:50:37',NULL,'ACTIVO'),(1170,127,3,NULL,'2024-12-06 13:50:37',NULL,'ACTIVO'),(1171,127,4,NULL,'2024-12-06 13:50:37',NULL,'ACTIVO'),(1172,127,5,NULL,'2024-12-06 13:50:37',NULL,'ACTIVO'),(1173,127,6,NULL,'2024-12-06 13:50:37',NULL,'ACTIVO'),(1174,127,7,NULL,'2024-12-06 13:50:37',NULL,'ACTIVO'),(1175,127,8,NULL,'2024-12-06 13:50:37',NULL,'ACTIVO'),(1176,127,9,NULL,'2024-12-06 13:50:37',NULL,'ACTIVO'),(1177,127,10,NULL,'2024-12-06 13:50:37',NULL,'ACTIVO'),(1178,127,11,NULL,'2024-12-06 13:50:37',NULL,'ACTIVO'),(1179,127,12,NULL,'2024-12-06 13:50:37',NULL,'ACTIVO'),(1180,127,13,NULL,'2024-12-06 13:50:37',NULL,'ACTIVO'),(1181,127,14,NULL,'2024-12-06 13:50:37',NULL,'ACTIVO'),(1182,127,15,NULL,'2024-12-06 13:50:37',NULL,'ACTIVO'),(1183,127,16,NULL,'2024-12-06 13:50:37',NULL,'ACTIVO'),(1184,127,17,NULL,'2024-12-06 13:50:37',NULL,'ACTIVO'),(1185,127,18,NULL,'2024-12-06 13:50:37',NULL,'ACTIVO'),(1186,127,19,NULL,'2024-12-06 13:50:37',NULL,'ACTIVO'),(1187,127,20,NULL,'2024-12-06 13:50:37',NULL,'ACTIVO'),(1188,127,21,NULL,'2024-12-06 13:50:37',NULL,'ACTIVO'),(1189,127,22,NULL,'2024-12-06 13:50:37',NULL,'ACTIVO'),(1190,127,23,NULL,'2024-12-06 13:50:37',NULL,'ACTIVO'),(1191,127,24,NULL,'2024-12-06 13:50:37',NULL,'ACTIVO'),(1192,127,25,NULL,'2024-12-06 13:50:37',NULL,'ACTIVO'),(1193,127,26,NULL,'2024-12-06 13:50:37',NULL,'ACTIVO'),(1194,68,1,NULL,'2024-12-06 13:51:28',NULL,'ACTIVO'),(1195,68,2,NULL,'2024-12-06 13:51:28',NULL,'ACTIVO'),(1196,68,3,NULL,'2024-12-06 13:51:28',NULL,'ACTIVO'),(1197,68,4,NULL,'2024-12-06 13:51:28',NULL,'ACTIVO'),(1198,68,5,NULL,'2024-12-06 13:51:28',NULL,'ACTIVO'),(1199,68,6,NULL,'2024-12-06 13:51:28',NULL,'ACTIVO'),(1200,68,7,NULL,'2024-12-06 13:51:28',NULL,'ACTIVO'),(1201,68,8,NULL,'2024-12-06 13:51:28',NULL,'ACTIVO'),(1202,68,9,NULL,'2024-12-06 13:51:28',NULL,'ACTIVO'),(1203,68,10,NULL,'2024-12-06 13:51:28',NULL,'ACTIVO'),(1204,68,11,NULL,'2024-12-06 13:51:28',NULL,'ACTIVO'),(1205,68,12,NULL,'2024-12-06 13:51:28',NULL,'ACTIVO'),(1206,68,13,NULL,'2024-12-06 13:51:28',NULL,'ACTIVO'),(1207,68,14,NULL,'2024-12-06 13:51:28',NULL,'ACTIVO'),(1208,68,15,NULL,'2024-12-06 13:51:28',NULL,'ACTIVO'),(1209,68,16,NULL,'2024-12-06 13:51:28',NULL,'ACTIVO'),(1210,68,17,NULL,'2024-12-06 13:51:28',NULL,'ACTIVO'),(1211,68,18,NULL,'2024-12-06 13:51:28',NULL,'ACTIVO'),(1212,68,19,NULL,'2024-12-06 13:51:28',NULL,'ACTIVO'),(1213,68,20,NULL,'2024-12-06 13:51:28',NULL,'ACTIVO'),(1214,68,21,NULL,'2024-12-06 13:51:28',NULL,'ACTIVO'),(1215,68,22,NULL,'2024-12-06 13:51:28',NULL,'ACTIVO'),(1216,68,23,NULL,'2024-12-06 13:51:28',NULL,'ACTIVO'),(1217,68,24,NULL,'2024-12-06 13:51:28',NULL,'ACTIVO'),(1218,68,25,NULL,'2024-12-06 13:51:28',NULL,'ACTIVO'),(1219,68,26,NULL,'2024-12-06 13:51:28',NULL,'ACTIVO'),(1298,103,13,NULL,'2024-12-12 12:49:06',NULL,'ACTIVO'),(1299,103,17,NULL,'2024-12-12 12:49:06',NULL,'ACTIVO'),(1300,103,18,NULL,'2024-12-12 12:49:06',NULL,'ACTIVO'),(1301,103,19,NULL,'2024-12-12 12:49:06',NULL,'ACTIVO'),(1302,103,20,NULL,'2024-12-12 12:49:06',NULL,'ACTIVO'),(1303,103,21,NULL,'2024-12-12 12:49:06',NULL,'ACTIVO'),(1304,103,22,NULL,'2024-12-12 12:49:06',NULL,'ACTIVO'),(1305,103,23,NULL,'2024-12-12 12:49:06',NULL,'ACTIVO'),(1377,140,13,NULL,'2024-12-13 13:28:05',NULL,'ACTIVO'),(1378,140,17,NULL,'2024-12-13 13:28:05',NULL,'ACTIVO'),(1379,140,18,NULL,'2024-12-13 13:28:05',NULL,'ACTIVO'),(1380,140,19,NULL,'2024-12-13 13:28:05',NULL,'ACTIVO'),(1381,140,20,NULL,'2024-12-13 13:28:05',NULL,'ACTIVO'),(1382,140,21,NULL,'2024-12-13 13:28:05',NULL,'ACTIVO'),(1383,140,22,NULL,'2024-12-13 13:28:05',NULL,'ACTIVO'),(1384,140,23,NULL,'2024-12-13 13:28:05',NULL,'ACTIVO'),(1385,132,4,NULL,'2024-12-13 13:29:32',NULL,'ACTIVO'),(1421,120,4,NULL,'2024-12-13 13:45:52',NULL,'ACTIVO'),(1434,104,13,NULL,'2024-12-13 13:51:52',NULL,'ACTIVO'),(1435,104,17,NULL,'2024-12-13 13:51:52',NULL,'ACTIVO'),(1436,104,18,NULL,'2024-12-13 13:51:52',NULL,'ACTIVO'),(1437,104,19,NULL,'2024-12-13 13:51:52',NULL,'ACTIVO'),(1438,104,20,NULL,'2024-12-13 13:51:52',NULL,'ACTIVO'),(1439,104,21,NULL,'2024-12-13 13:51:52',NULL,'ACTIVO'),(1440,104,22,NULL,'2024-12-13 13:51:52',NULL,'ACTIVO'),(1441,104,23,NULL,'2024-12-13 13:51:52',NULL,'ACTIVO'),(1478,2,13,NULL,'2024-12-17 13:30:35',NULL,'ACTIVO'),(1479,2,17,NULL,'2024-12-17 13:30:35',NULL,'ACTIVO'),(1480,2,18,NULL,'2024-12-17 13:30:35',NULL,'ACTIVO'),(1481,2,19,NULL,'2024-12-17 13:30:35',NULL,'ACTIVO'),(1482,2,20,NULL,'2024-12-17 13:30:35',NULL,'ACTIVO'),(1483,2,21,NULL,'2024-12-17 13:30:35',NULL,'ACTIVO'),(1484,2,22,NULL,'2024-12-17 13:30:35',NULL,'ACTIVO'),(1485,2,23,NULL,'2024-12-17 13:30:35',NULL,'ACTIVO'),(1487,29,12,NULL,'2024-12-18 09:21:01',NULL,'ACTIVO'),(1501,125,12,NULL,'2024-12-18 09:22:40',NULL,'ACTIVO'),(1502,32,12,NULL,'2024-12-18 09:23:01',NULL,'ACTIVO'),(1503,123,12,NULL,'2024-12-18 09:23:48',NULL,'ACTIVO'),(1504,97,12,NULL,'2024-12-18 09:24:26',NULL,'ACTIVO'),(1505,122,12,NULL,'2024-12-18 09:24:46',NULL,'ACTIVO'),(1517,142,12,NULL,'2024-12-18 09:25:04',NULL,'ACTIVO'),(1518,44,12,NULL,'2024-12-18 09:25:27',NULL,'ACTIVO'),(1519,9,12,NULL,'2024-12-18 09:25:48',NULL,'ACTIVO'),(1521,19,12,NULL,'2024-12-18 09:26:32',NULL,'ACTIVO'),(1522,106,12,NULL,'2024-12-18 09:26:47',NULL,'ACTIVO'),(1523,10,12,NULL,'2024-12-18 09:27:04',NULL,'ACTIVO'),(1524,82,12,NULL,'2024-12-18 09:27:20',NULL,'ACTIVO'),(1583,98,12,NULL,'2024-12-18 09:37:02',NULL,'ACTIVO'),(1630,17,4,NULL,'2024-12-18 09:51:19',NULL,'ACTIVO'),(1675,109,1,NULL,'2024-12-18 09:54:24',NULL,'ACTIVO'),(1676,109,2,NULL,'2024-12-18 09:54:24',NULL,'ACTIVO'),(1677,109,13,NULL,'2024-12-18 09:54:24',NULL,'ACTIVO'),(1678,109,17,NULL,'2024-12-18 09:54:24',NULL,'ACTIVO'),(1679,109,18,NULL,'2024-12-18 09:54:24',NULL,'ACTIVO'),(1680,109,19,NULL,'2024-12-18 09:54:24',NULL,'ACTIVO'),(1681,109,20,NULL,'2024-12-18 09:54:24',NULL,'ACTIVO'),(1682,109,21,NULL,'2024-12-18 09:54:24',NULL,'ACTIVO'),(1683,109,22,NULL,'2024-12-18 09:54:24',NULL,'ACTIVO'),(1684,109,23,NULL,'2024-12-18 09:54:24',NULL,'ACTIVO'),(1685,109,27,NULL,'2024-12-18 09:54:24',NULL,'ACTIVO'),(1689,95,1,NULL,'2024-12-18 09:58:16',NULL,'ACTIVO'),(1690,95,2,NULL,'2024-12-18 09:58:16',NULL,'ACTIVO'),(1691,95,12,NULL,'2024-12-18 09:58:16',NULL,'ACTIVO'),(1697,78,16,NULL,'2024-12-18 10:04:53',NULL,'ACTIVO'),(1740,150,15,NULL,'2024-12-18 10:11:30',NULL,'ACTIVO'),(1741,150,16,NULL,'2024-12-18 10:11:30',NULL,'ACTIVO'),(1742,150,13,NULL,'2024-12-18 10:11:30',NULL,'ACTIVO'),(1743,150,17,NULL,'2024-12-18 10:11:30',NULL,'ACTIVO'),(1744,150,18,NULL,'2024-12-18 10:11:30',NULL,'ACTIVO'),(1745,150,19,NULL,'2024-12-18 10:11:30',NULL,'ACTIVO'),(1746,150,20,NULL,'2024-12-18 10:11:30',NULL,'ACTIVO'),(1747,150,21,NULL,'2024-12-18 10:11:30',NULL,'ACTIVO'),(1748,150,22,NULL,'2024-12-18 10:11:30',NULL,'ACTIVO'),(1749,150,23,NULL,'2024-12-18 10:11:30',NULL,'ACTIVO'),(1750,150,27,NULL,'2024-12-18 10:11:30',NULL,'ACTIVO'),(1751,130,28,NULL,'2024-12-18 10:12:32',NULL,'ACTIVO'),(1752,130,5,NULL,'2024-12-18 10:12:32',NULL,'ACTIVO'),(1753,130,6,NULL,'2024-12-18 10:12:32',NULL,'ACTIVO'),(1754,130,7,NULL,'2024-12-18 10:12:32',NULL,'ACTIVO'),(1755,130,8,NULL,'2024-12-18 10:12:32',NULL,'ACTIVO'),(1756,130,9,NULL,'2024-12-18 10:12:32',NULL,'ACTIVO'),(1757,130,10,NULL,'2024-12-18 10:12:32',NULL,'ACTIVO'),(1758,130,11,NULL,'2024-12-18 10:12:32',NULL,'ACTIVO'),(1759,130,24,NULL,'2024-12-18 10:12:32',NULL,'ACTIVO'),(1760,130,25,NULL,'2024-12-18 10:12:32',NULL,'ACTIVO'),(1761,130,26,NULL,'2024-12-18 10:12:32',NULL,'ACTIVO'),(1762,38,15,NULL,'2024-12-18 10:19:48',NULL,'ACTIVO'),(1763,38,16,NULL,'2024-12-18 10:19:48',NULL,'ACTIVO'),(1764,99,13,NULL,'2024-12-18 10:19:56',NULL,'ACTIVO'),(1765,99,17,NULL,'2024-12-18 10:19:56',NULL,'ACTIVO'),(1766,99,18,NULL,'2024-12-18 10:19:56',NULL,'ACTIVO'),(1767,99,19,NULL,'2024-12-18 10:19:56',NULL,'ACTIVO'),(1768,99,20,NULL,'2024-12-18 10:19:56',NULL,'ACTIVO'),(1769,99,21,NULL,'2024-12-18 10:19:56',NULL,'ACTIVO'),(1770,99,22,NULL,'2024-12-18 10:19:56',NULL,'ACTIVO'),(1771,99,23,NULL,'2024-12-18 10:19:56',NULL,'ACTIVO'),(1772,99,27,NULL,'2024-12-18 10:19:56',NULL,'ACTIVO'),(1773,18,28,NULL,'2024-12-18 10:22:29',NULL,'ACTIVO'),(1774,18,5,NULL,'2024-12-18 10:22:29',NULL,'ACTIVO'),(1775,18,6,NULL,'2024-12-18 10:22:29',NULL,'ACTIVO'),(1776,18,7,NULL,'2024-12-18 10:22:29',NULL,'ACTIVO'),(1777,18,8,NULL,'2024-12-18 10:22:29',NULL,'ACTIVO'),(1778,18,9,NULL,'2024-12-18 10:22:29',NULL,'ACTIVO'),(1779,18,10,NULL,'2024-12-18 10:22:29',NULL,'ACTIVO'),(1780,18,11,NULL,'2024-12-18 10:22:29',NULL,'ACTIVO'),(1781,18,24,NULL,'2024-12-18 10:22:29',NULL,'ACTIVO'),(1782,18,25,NULL,'2024-12-18 10:22:29',NULL,'ACTIVO'),(1783,18,26,NULL,'2024-12-18 10:22:29',NULL,'ACTIVO'),(1786,7,15,NULL,'2024-12-18 10:26:50',NULL,'ACTIVO'),(1787,7,16,NULL,'2024-12-18 10:26:50',NULL,'ACTIVO'),(1788,39,15,NULL,'2024-12-18 10:31:54',NULL,'ACTIVO'),(1789,39,16,NULL,'2024-12-18 10:31:54',NULL,'ACTIVO'),(1799,131,15,NULL,'2024-12-18 10:44:55',NULL,'ACTIVO'),(1800,131,16,NULL,'2024-12-18 10:44:55',NULL,'ACTIVO'),(1801,101,15,NULL,'2024-12-18 10:52:12',NULL,'ACTIVO'),(1802,101,16,NULL,'2024-12-18 10:52:12',NULL,'ACTIVO'),(1803,89,5,NULL,'2024-12-18 10:52:42',NULL,'ACTIVO'),(1804,89,6,NULL,'2024-12-18 10:52:42',NULL,'ACTIVO'),(1805,89,7,NULL,'2024-12-18 10:52:42',NULL,'ACTIVO'),(1806,89,8,NULL,'2024-12-18 10:52:42',NULL,'ACTIVO'),(1807,89,9,NULL,'2024-12-18 10:52:42',NULL,'ACTIVO'),(1808,89,10,NULL,'2024-12-18 10:52:42',NULL,'ACTIVO'),(1809,89,11,NULL,'2024-12-18 10:52:42',NULL,'ACTIVO'),(1810,89,24,NULL,'2024-12-18 10:52:42',NULL,'ACTIVO'),(1811,89,25,NULL,'2024-12-18 10:52:42',NULL,'ACTIVO'),(1812,89,26,NULL,'2024-12-18 10:52:42',NULL,'ACTIVO'),(1814,108,1,NULL,'2024-12-18 10:53:46',NULL,'ACTIVO'),(1815,108,2,NULL,'2024-12-18 10:53:46',NULL,'ACTIVO'),(1816,108,3,NULL,'2024-12-18 10:53:46',NULL,'ACTIVO'),(1817,81,3,NULL,'2024-12-18 10:54:02',NULL,'ACTIVO'),(1818,134,3,NULL,'2024-12-18 10:54:17',NULL,'ACTIVO'),(1819,67,14,NULL,'2024-12-18 10:54:34',NULL,'ACTIVO'),(1820,67,3,NULL,'2024-12-18 10:54:34',NULL,'ACTIVO'),(1821,90,1,NULL,'2024-12-18 10:55:16',NULL,'ACTIVO'),(1822,90,2,NULL,'2024-12-18 10:55:16',NULL,'ACTIVO'),(1823,90,3,NULL,'2024-12-18 10:55:16',NULL,'ACTIVO'),(1834,149,12,NULL,'2024-12-18 10:56:23',NULL,'ACTIVO'),(1835,149,3,NULL,'2024-12-18 10:56:23',NULL,'ACTIVO'),(1836,76,13,NULL,'2024-12-18 10:56:34',NULL,'ACTIVO'),(1837,76,17,NULL,'2024-12-18 10:56:34',NULL,'ACTIVO'),(1838,76,18,NULL,'2024-12-18 10:56:34',NULL,'ACTIVO'),(1839,76,19,NULL,'2024-12-18 10:56:34',NULL,'ACTIVO'),(1840,76,20,NULL,'2024-12-18 10:56:34',NULL,'ACTIVO'),(1841,76,21,NULL,'2024-12-18 10:56:34',NULL,'ACTIVO'),(1842,76,22,NULL,'2024-12-18 10:56:34',NULL,'ACTIVO'),(1843,76,23,NULL,'2024-12-18 10:56:34',NULL,'ACTIVO'),(1844,76,27,NULL,'2024-12-18 10:56:34',NULL,'ACTIVO'),(1845,74,3,NULL,'2024-12-18 10:56:39',NULL,'ACTIVO'),(1846,86,3,NULL,'2024-12-18 10:56:58',NULL,'ACTIVO'),(1847,59,3,NULL,'2024-12-18 10:57:17',NULL,'ACTIVO'),(1857,136,13,NULL,'2024-12-18 11:02:11',NULL,'ACTIVO'),(1858,136,17,NULL,'2024-12-18 11:02:11',NULL,'ACTIVO'),(1859,136,18,NULL,'2024-12-18 11:02:11',NULL,'ACTIVO'),(1860,136,19,NULL,'2024-12-18 11:02:11',NULL,'ACTIVO'),(1861,136,20,NULL,'2024-12-18 11:02:11',NULL,'ACTIVO'),(1862,136,21,NULL,'2024-12-18 11:02:11',NULL,'ACTIVO'),(1863,136,22,NULL,'2024-12-18 11:02:11',NULL,'ACTIVO'),(1864,136,23,NULL,'2024-12-18 11:02:11',NULL,'ACTIVO'),(1865,136,27,NULL,'2024-12-18 11:02:11',NULL,'ACTIVO'),(1866,60,3,NULL,'2024-12-18 11:05:32',NULL,'ACTIVO'),(1878,94,15,NULL,'2024-12-18 11:10:00',NULL,'ACTIVO'),(1879,94,16,NULL,'2024-12-18 11:10:00',NULL,'ACTIVO'),(1880,56,28,NULL,'2024-12-18 11:13:08',NULL,'ACTIVO'),(1881,155,13,NULL,'2024-12-18 11:14:57',NULL,'ACTIVO'),(1882,155,17,NULL,'2024-12-18 11:14:57',NULL,'ACTIVO'),(1883,155,18,NULL,'2024-12-18 11:14:57',NULL,'ACTIVO'),(1884,155,19,NULL,'2024-12-18 11:14:57',NULL,'ACTIVO'),(1885,155,20,NULL,'2024-12-18 11:14:57',NULL,'ACTIVO'),(1886,155,21,NULL,'2024-12-18 11:14:57',NULL,'ACTIVO'),(1887,155,22,NULL,'2024-12-18 11:14:57',NULL,'ACTIVO'),(1888,155,23,NULL,'2024-12-18 11:14:57',NULL,'ACTIVO'),(1889,155,27,NULL,'2024-12-18 11:14:57',NULL,'ACTIVO'),(1890,11,15,NULL,'2024-12-18 11:16:01',NULL,'ACTIVO'),(1891,11,16,NULL,'2024-12-18 11:16:01',NULL,'ACTIVO'),(1892,14,15,NULL,'2024-12-18 11:26:24',NULL,'ACTIVO'),(1893,14,16,NULL,'2024-12-18 11:26:24',NULL,'ACTIVO'),(1898,77,13,NULL,'2024-12-18 12:03:12',NULL,'ACTIVO'),(1899,77,17,NULL,'2024-12-18 12:03:12',NULL,'ACTIVO'),(1900,77,18,NULL,'2024-12-18 12:03:12',NULL,'ACTIVO'),(1901,77,19,NULL,'2024-12-18 12:03:12',NULL,'ACTIVO'),(1902,77,20,NULL,'2024-12-18 12:03:12',NULL,'ACTIVO'),(1903,77,21,NULL,'2024-12-18 12:03:12',NULL,'ACTIVO'),(1904,77,22,NULL,'2024-12-18 12:03:12',NULL,'ACTIVO'),(1905,77,23,NULL,'2024-12-18 12:03:12',NULL,'ACTIVO'),(1906,77,27,NULL,'2024-12-18 12:03:12',NULL,'ACTIVO'),(1918,21,5,NULL,'2024-12-18 12:22:19',NULL,'ACTIVO'),(1919,21,6,NULL,'2024-12-18 12:22:19',NULL,'ACTIVO'),(1920,21,7,NULL,'2024-12-18 12:22:19',NULL,'ACTIVO'),(1921,21,8,NULL,'2024-12-18 12:22:19',NULL,'ACTIVO'),(1922,21,9,NULL,'2024-12-18 12:22:19',NULL,'ACTIVO'),(1923,21,10,NULL,'2024-12-18 12:22:19',NULL,'ACTIVO'),(1924,21,11,NULL,'2024-12-18 12:22:19',NULL,'ACTIVO'),(1925,21,24,NULL,'2024-12-18 12:22:19',NULL,'ACTIVO'),(1926,21,25,NULL,'2024-12-18 12:22:19',NULL,'ACTIVO'),(1927,21,26,NULL,'2024-12-18 12:22:19',NULL,'ACTIVO'),(1928,21,3,NULL,'2024-12-18 12:22:19',NULL,'ACTIVO'),(1938,33,4,NULL,'2024-12-18 12:28:28',NULL,'ACTIVO'),(1939,33,13,NULL,'2024-12-18 12:28:28',NULL,'ACTIVO'),(1940,33,17,NULL,'2024-12-18 12:28:28',NULL,'ACTIVO'),(1941,33,18,NULL,'2024-12-18 12:28:28',NULL,'ACTIVO'),(1942,33,19,NULL,'2024-12-18 12:28:28',NULL,'ACTIVO'),(1943,33,20,NULL,'2024-12-18 12:28:28',NULL,'ACTIVO'),(1944,33,21,NULL,'2024-12-18 12:28:28',NULL,'ACTIVO'),(1945,33,22,NULL,'2024-12-18 12:28:28',NULL,'ACTIVO'),(1946,33,23,NULL,'2024-12-18 12:28:28',NULL,'ACTIVO'),(1947,33,27,NULL,'2024-12-18 12:28:28',NULL,'ACTIVO'),(1948,12,13,NULL,'2024-12-18 12:41:09',NULL,'ACTIVO'),(1949,12,17,NULL,'2024-12-18 12:41:09',NULL,'ACTIVO'),(1950,12,18,NULL,'2024-12-18 12:41:09',NULL,'ACTIVO'),(1951,12,19,NULL,'2024-12-18 12:41:09',NULL,'ACTIVO'),(1952,12,20,NULL,'2024-12-18 12:41:09',NULL,'ACTIVO'),(1953,12,21,NULL,'2024-12-18 12:41:09',NULL,'ACTIVO'),(1954,12,22,NULL,'2024-12-18 12:41:09',NULL,'ACTIVO'),(1955,12,23,NULL,'2024-12-18 12:41:09',NULL,'ACTIVO'),(1956,12,27,NULL,'2024-12-18 12:41:09',NULL,'ACTIVO'),(1957,28,13,NULL,'2024-12-18 12:43:39',NULL,'ACTIVO'),(1958,28,17,NULL,'2024-12-18 12:43:39',NULL,'ACTIVO'),(1959,28,18,NULL,'2024-12-18 12:43:39',NULL,'ACTIVO'),(1960,28,19,NULL,'2024-12-18 12:43:39',NULL,'ACTIVO'),(1961,28,20,NULL,'2024-12-18 12:43:39',NULL,'ACTIVO'),(1962,28,21,NULL,'2024-12-18 12:43:39',NULL,'ACTIVO'),(1963,28,22,NULL,'2024-12-18 12:43:39',NULL,'ACTIVO'),(1964,28,23,NULL,'2024-12-18 12:43:39',NULL,'ACTIVO'),(1965,28,27,NULL,'2024-12-18 12:43:39',NULL,'ACTIVO'),(1966,93,13,NULL,'2024-12-18 12:51:08',NULL,'ACTIVO'),(1967,93,17,NULL,'2024-12-18 12:51:08',NULL,'ACTIVO'),(1968,93,18,NULL,'2024-12-18 12:51:08',NULL,'ACTIVO'),(1969,93,19,NULL,'2024-12-18 12:51:08',NULL,'ACTIVO'),(1970,93,20,NULL,'2024-12-18 12:51:08',NULL,'ACTIVO'),(1971,93,21,NULL,'2024-12-18 12:51:08',NULL,'ACTIVO'),(1972,93,22,NULL,'2024-12-18 12:51:08',NULL,'ACTIVO'),(1973,93,23,NULL,'2024-12-18 12:51:08',NULL,'ACTIVO'),(1974,93,27,NULL,'2024-12-18 12:51:08',NULL,'ACTIVO'),(1984,167,13,NULL,'2024-12-18 12:56:28',NULL,'ACTIVO'),(1985,167,17,NULL,'2024-12-18 12:56:28',NULL,'ACTIVO'),(1986,167,18,NULL,'2024-12-18 12:56:28',NULL,'ACTIVO'),(1987,167,19,NULL,'2024-12-18 12:56:28',NULL,'ACTIVO'),(1988,167,20,NULL,'2024-12-18 12:56:28',NULL,'ACTIVO'),(1989,167,21,NULL,'2024-12-18 12:56:28',NULL,'ACTIVO'),(1990,167,22,NULL,'2024-12-18 12:56:28',NULL,'ACTIVO'),(1991,167,23,NULL,'2024-12-18 12:56:28',NULL,'ACTIVO'),(1992,167,27,NULL,'2024-12-18 12:56:28',NULL,'ACTIVO');

--
-- Table structure for table `teacher_subjects`
--

CREATE TABLE `teacher_subjects` (
  `teacher_subject_id` int NOT NULL AUTO_INCREMENT,
  `teacher_id` int DEFAULT NULL,
  `subject_id` int DEFAULT NULL,
  `group_id` int DEFAULT NULL,
  `fyh_creacion` datetime DEFAULT NULL,
  `fyh_actualizacion` datetime DEFAULT NULL,
  `estado` varchar(11) COLLATE utf8mb4_spanish_ci DEFAULT NULL,
  PRIMARY KEY (`teacher_subject_id`),
  KEY `teacher_id` (`teacher_id`),
  KEY `subject_id` (`subject_id`),
  KEY `fk_group_teacher_subject` (`group_id`),
  CONSTRAINT `fk_group_teacher_subject` FOREIGN KEY (`group_id`) REFERENCES `groups` (`group_id`) ON DELETE CASCADE ON UPDATE CASCADE,
  CONSTRAINT `teacher_subjects_ibfk_1` FOREIGN KEY (`teacher_id`) REFERENCES `teachers` (`teacher_id`) ON DELETE CASCADE ON UPDATE CASCADE,
  CONSTRAINT `teacher_subjects_ibfk_2` FOREIGN KEY (`subject_id`) REFERENCES `subjects` (`subject_id`) ON DELETE CASCADE ON UPDATE CASCADE
) ENGINE=InnoDB AUTO_INCREMENT=746 DEFAULT CHARSET=utf8mb4 COLLATE=utf8mb4_spanish_ci;

--
-- Dumping data for table `teacher_subjects`
--

INSERT INTO `teacher_subjects` VALUES (488,120,1885,879,'2024-12-18 09:21:45','2024-12-18 09:21:45',NULL),(489,120,1885,880,'2024-12-18 09:22:08','2024-12-18 09:22:08',NULL),(490,120,1885,881,'2024-12-18 09:22:32','2024-12-18 09:22:32',NULL),(491,17,1708,874,'2024-12-18 09:51:35','2024-12-18 09:51:35',NULL),(492,109,1644,872,'2024-12-18 09:51:55','2024-12-18 09:51:55',NULL),(493,109,1658,873,'2024-12-18 09:52:21','2024-12-18 09:52:21',NULL),(494,17,1708,875,'2024-12-18 09:52:23','2024-12-18 09:52:23',NULL),(495,17,1712,875,'2024-12-18 09:52:57','2024-12-18 09:52:57',NULL),(496,106,1917,904,'2024-12-18 09:54:38','2024-12-18 09:54:38',NULL),(497,106,1917,905,'2024-12-18 09:55:07','2024-12-18 09:55:07',NULL),(498,106,1917,906,'2024-12-18 09:55:21','2024-12-18 09:55:21',NULL),(499,106,1917,907,'2024-12-18 09:56:06','2024-12-18 09:56:06',NULL),(500,106,1917,908,'2024-12-18 09:56:22','2024-12-18 09:56:22',NULL),(501,132,1887,879,'2024-12-18 09:56:43','2024-12-18 09:56:43',NULL),(502,132,2018,882,'2024-12-18 09:57:04','2024-12-18 09:57:04',NULL),(503,132,2019,882,'2024-12-18 09:57:28','2024-12-18 09:57:28',NULL),(504,132,2018,883,'2024-12-18 09:57:49','2024-12-18 09:57:49',NULL),(505,42,1886,879,'2024-12-18 09:59:13','2024-12-18 09:59:13',NULL),(506,42,2017,882,'2024-12-18 09:59:31','2024-12-18 09:59:31',NULL),(507,125,1951,904,'2024-12-18 09:59:47','2024-12-18 09:59:47',NULL),(508,42,2017,883,'2024-12-18 09:59:57','2024-12-18 09:59:57',NULL),(509,125,1951,906,'2024-12-18 10:00:11','2024-12-18 10:00:11',NULL),(510,125,2023,912,'2024-12-18 10:00:38','2024-12-18 10:00:38',NULL),(511,125,2023,913,'2024-12-18 10:01:00','2024-12-18 10:01:00',NULL),(512,125,2023,914,'2024-12-18 10:01:28','2024-12-18 10:01:28',NULL),(513,125,1951,909,'2024-12-18 10:02:19','2024-12-18 10:02:19',NULL),(514,78,1922,929,'2024-12-18 10:03:32','2024-12-18 10:03:32',NULL),(515,78,1922,930,'2024-12-18 10:04:40','2024-12-18 10:04:40',NULL),(516,98,1769,905,'2024-12-18 10:05:02','2024-12-18 10:05:02',NULL),(517,2,1683,882,'2024-12-18 10:05:11','2024-12-18 10:05:11',NULL),(518,98,1769,906,'2024-12-18 10:05:29','2024-12-18 10:05:29',NULL),(519,2,1683,883,'2024-12-18 10:05:31','2024-12-18 10:05:31',NULL),(520,2,1823,878,'2024-12-18 10:06:08','2024-12-18 10:06:08',NULL),(521,98,1769,907,'2024-12-18 10:06:11','2024-12-18 10:06:11',NULL),(522,98,1769,909,'2024-12-18 10:06:30','2024-12-18 10:06:30',NULL),(524,78,1849,922,'2024-12-18 10:07:32','2024-12-18 10:07:32',NULL),(525,78,1807,920,'2024-12-18 10:08:11','2024-12-18 10:08:11',NULL),(526,32,1769,904,'2024-12-18 10:09:41','2024-12-18 10:09:41',NULL),(527,32,1769,908,'2024-12-18 10:09:55','2024-12-18 10:09:55',NULL),(528,32,1954,905,'2024-12-18 10:10:52','2024-12-18 10:10:52',NULL),(529,32,1954,906,'2024-12-18 10:11:08','2024-12-18 10:11:08',NULL),(530,32,1954,907,'2024-12-18 10:11:40','2024-12-18 10:11:40',NULL),(531,130,1715,887,'2024-12-18 10:11:51','2024-12-18 10:11:51',NULL),(532,32,1954,909,'2024-12-18 10:11:59','2024-12-18 10:11:59',NULL),(534,150,1910,926,'2024-12-18 10:12:52','2024-12-18 10:12:52',NULL),(535,150,1902,926,'2024-12-18 10:13:08','2024-12-18 10:13:08',NULL),(536,150,1910,927,'2024-12-18 10:13:26','2024-12-18 10:13:26',NULL),(537,150,1902,927,'2024-12-18 10:13:42','2024-12-18 10:13:42',NULL),(538,130,1730,890,'2024-12-18 10:16:21','2024-12-18 10:16:21',NULL),(539,130,1739,891,'2024-12-18 10:16:50','2024-12-18 10:16:50',NULL),(540,130,2166,884,'2024-12-18 10:17:59','2024-12-18 10:17:59',NULL),(541,97,1721,900,'2024-12-18 10:18:02','2024-12-18 10:18:02',NULL),(542,97,1721,901,'2024-12-18 10:18:26','2024-12-18 10:18:26',NULL),(543,97,1833,903,'2024-12-18 10:18:46','2024-12-18 10:18:46',NULL),(544,18,1719,887,'2024-12-18 10:19:46','2024-12-18 10:19:46',NULL),(545,18,1911,890,'2024-12-18 10:20:33','2024-12-18 10:20:33',NULL),(546,38,1907,926,'2024-12-18 10:20:46','2024-12-18 10:20:46',NULL),(547,38,1907,927,'2024-12-18 10:21:10','2024-12-18 10:21:10',NULL),(548,18,2030,891,'2024-12-18 10:21:11','2024-12-18 10:21:11',NULL),(549,123,1721,896,'2024-12-18 10:22:12','2024-12-18 10:22:12',NULL),(550,123,1721,898,'2024-12-18 10:22:26','2024-12-18 10:22:26',NULL),(551,38,1831,920,'2024-12-18 10:22:48','2024-12-18 10:22:48',NULL),(552,123,2126,917,'2024-12-18 10:22:49','2024-12-18 10:22:49',NULL),(553,38,1831,921,'2024-12-18 10:23:48','2024-12-18 10:23:48',NULL),(554,122,1830,903,'2024-12-18 10:24:29','2024-12-18 10:24:29',NULL),(555,122,1952,904,'2024-12-18 10:25:05','2024-12-18 10:25:05',NULL),(556,99,2047,945,'2024-12-18 10:25:17','2024-12-18 10:25:17',NULL),(557,122,1952,907,'2024-12-18 10:25:26','2024-12-18 10:25:26',NULL),(558,99,2047,946,'2024-12-18 10:27:31','2024-12-18 10:27:31',NULL),(559,99,2047,947,'2024-12-18 10:27:58','2024-12-18 10:27:58',NULL),(560,7,1743,924,'2024-12-18 10:27:59','2024-12-18 10:27:59',NULL),(561,7,1743,925,'2024-12-18 10:28:20','2024-12-18 10:28:20',NULL),(562,106,1694,872,'2024-12-18 10:31:01','2024-12-18 10:31:01',NULL),(563,99,2005,943,'2024-12-18 10:32:10','2024-12-18 10:32:10',NULL),(564,142,1832,903,'2024-12-18 10:33:12','2024-12-18 10:33:12',NULL),(565,142,1721,894,'2024-12-18 10:34:08','2024-12-18 10:34:08',NULL),(566,39,1931,931,'2024-12-18 10:34:14','2024-12-18 10:34:14',NULL),(567,39,1903,926,'2024-12-18 10:34:45','2024-12-18 10:34:45',NULL),(568,7,1737,918,'2024-12-18 10:35:07','2024-12-18 10:35:07',NULL),(569,39,1903,927,'2024-12-18 10:35:10','2024-12-18 10:35:10',NULL),(570,142,1951,905,'2024-12-18 10:35:16','2024-12-18 10:35:16',NULL),(571,39,2148,931,'2024-12-18 10:36:32','2024-12-18 10:36:32',NULL),(572,18,2031,891,'2024-12-18 10:36:45','2024-12-18 10:36:45',NULL),(573,7,1929,926,'2024-12-18 10:38:20','2024-12-18 10:38:20',NULL),(574,99,2003,952,'2024-12-18 10:38:26','2024-12-18 10:38:26',NULL),(575,44,1725,894,'2024-12-18 10:38:48','2024-12-18 10:38:48',NULL),(576,7,1929,927,'2024-12-18 10:39:00','2024-12-18 10:39:00',NULL),(577,44,1725,897,'2024-12-18 10:39:39','2024-12-18 10:39:39',NULL),(578,44,1954,904,'2024-12-18 10:40:04','2024-12-18 10:40:04',NULL),(582,131,1821,920,'2024-12-18 10:46:52','2024-12-18 10:46:52',NULL),(583,131,1923,920,'2024-12-18 10:46:52','2024-12-18 10:46:52',NULL),(584,131,1821,921,'2024-12-18 10:47:22','2024-12-18 10:47:22',NULL),(585,131,1923,921,'2024-12-18 10:49:33','2024-12-18 10:49:33',NULL),(586,18,1913,890,'2024-12-18 10:49:47','2024-12-18 10:49:47',NULL),(587,131,2144,923,'2024-12-18 10:50:12','2024-12-18 10:50:12',NULL),(588,18,1914,890,'2024-12-18 10:50:42','2024-12-18 10:50:42',NULL),(589,101,1934,926,'2024-12-18 10:52:44','2024-12-18 10:52:44',NULL),(590,101,1934,927,'2024-12-18 10:52:57','2024-12-18 10:52:57',NULL),(591,9,1725,900,'2024-12-18 10:53:42','2024-12-18 10:53:42',NULL),(592,9,1725,901,'2024-12-18 10:53:56','2024-12-18 10:53:56',NULL),(593,9,1954,908,'2024-12-18 10:54:23','2024-12-18 10:54:23',NULL),(594,89,1719,888,'2024-12-18 10:56:06','2024-12-18 10:56:06',NULL),(595,101,1742,924,'2024-12-18 10:56:40','2024-12-18 10:56:40',NULL),(597,89,1901,889,'2024-12-18 10:58:00','2024-12-18 10:58:00',NULL),(598,95,2122,917,'2024-12-18 10:58:03','2024-12-18 10:58:03',NULL),(599,95,1829,903,'2024-12-18 10:58:22','2024-12-18 10:58:22',NULL),(600,89,1912,890,'2024-12-18 10:58:23','2024-12-18 10:58:23',NULL),(601,89,2030,892,'2024-12-18 10:58:42','2024-12-18 10:58:42',NULL),(602,76,2153,953,'2024-12-18 10:59:22','2024-12-18 10:59:22',NULL),(603,76,1950,944,'2024-12-18 10:59:45','2024-12-18 10:59:45',NULL),(604,101,1742,925,'2024-12-18 11:00:53','2024-12-18 11:00:53',NULL),(605,95,1917,909,'2024-12-18 11:01:02','2024-12-18 11:01:02',NULL),(606,89,2031,892,'2024-12-18 11:01:13','2024-12-18 11:01:13',NULL),(607,2,2019,883,'2024-12-18 11:01:48','2024-12-18 11:01:48',NULL),(608,95,2023,915,'2024-12-18 11:02:14','2024-12-18 11:02:14',NULL),(609,95,1975,911,'2024-12-18 11:04:20','2024-12-18 11:04:20',NULL),(610,89,1906,889,'2024-12-18 11:04:47','2024-12-18 11:04:47',NULL),(611,60,1972,935,'2024-12-18 11:06:26','2024-12-18 11:06:26',NULL),(612,60,1972,936,'2024-12-18 11:06:46','2024-12-18 11:06:46',NULL),(613,95,1951,907,'2024-12-18 11:06:47','2024-12-18 11:06:47',NULL),(614,60,1972,937,'2024-12-18 11:07:02','2024-12-18 11:07:02',NULL),(615,76,1942,958,'2024-12-18 11:07:03','2024-12-18 11:07:03',NULL),(617,56,1706,887,'2024-12-18 11:07:24','2024-12-18 11:07:24',NULL),(618,60,2013,940,'2024-12-18 11:07:52','2024-12-18 11:07:52',NULL),(619,136,2086,961,'2024-12-18 11:07:52','2024-12-18 11:07:52',NULL),(620,56,2029,891,'2024-12-18 11:08:17','2024-12-18 11:08:17',NULL),(621,136,2086,962,'2024-12-18 11:08:18','2024-12-18 11:08:18',NULL),(622,60,2013,939,'2024-12-18 11:08:37','2024-12-18 11:08:37',NULL),(623,60,2013,941,'2024-12-18 11:10:12','2024-12-18 11:10:12',NULL),(624,76,1945,958,'2024-12-18 11:11:08','2024-12-18 11:11:08',NULL),(625,94,1796,918,'2024-12-18 11:11:49','2024-12-18 11:11:49',NULL),(626,94,1735,918,'2024-12-18 11:11:49','2024-12-18 11:11:49',NULL),(627,94,1796,919,'2024-12-18 11:12:19','2024-12-18 11:12:19',NULL),(628,94,1735,919,'2024-12-18 11:12:19','2024-12-18 11:12:19',NULL),(629,19,1721,895,'2024-12-18 11:12:44','2024-12-18 11:12:44',NULL),(630,19,2024,912,'2024-12-18 11:13:04','2024-12-18 11:13:04',NULL),(631,19,2024,913,'2024-12-18 11:13:18','2024-12-18 11:13:18',NULL),(632,134,1877,935,'2024-12-18 11:15:51','2024-12-18 11:15:51',NULL),(633,134,1877,936,'2024-12-18 11:16:06','2024-12-18 11:16:06',NULL),(634,134,2000,938,'2024-12-18 11:16:24','2024-12-18 11:16:24',NULL),(635,134,2012,939,'2024-12-18 11:16:45','2024-12-18 11:16:45',NULL),(636,134,2012,940,'2024-12-18 11:17:09','2024-12-18 11:17:09',NULL),(637,134,2109,942,'2024-12-18 11:17:33','2024-12-18 11:17:33',NULL),(638,10,1952,908,'2024-12-18 11:17:34','2024-12-18 11:17:34',NULL),(639,10,1952,909,'2024-12-18 11:17:52','2024-12-18 11:17:52',NULL),(640,10,2125,917,'2024-12-18 11:18:29','2024-12-18 11:18:29',NULL),(641,11,1925,929,'2024-12-18 11:19:06','2024-12-18 11:19:06',NULL),(642,11,1925,930,'2024-12-18 11:19:21','2024-12-18 11:19:21',NULL),(643,90,1702,932,'2024-12-18 11:19:24','2024-12-18 11:19:24',NULL),(644,82,1955,905,'2024-12-18 11:19:39','2024-12-18 11:19:39',NULL),(645,90,1702,934,'2024-12-18 11:19:42','2024-12-18 11:19:42',NULL),(646,82,1955,906,'2024-12-18 11:19:52','2024-12-18 11:19:52',NULL),(647,90,1999,935,'2024-12-18 11:19:58','2024-12-18 11:19:58',NULL),(648,136,1804,954,'2024-12-18 11:20:03','2024-12-18 11:20:03',NULL),(649,90,1999,936,'2024-12-18 11:20:12','2024-12-18 11:20:12',NULL),(650,82,1955,907,'2024-12-18 11:20:12','2024-12-18 11:20:12',NULL),(651,90,2110,942,'2024-12-18 11:20:26','2024-12-18 11:20:26',NULL),(652,11,1921,928,'2024-12-18 11:20:30','2024-12-18 11:20:30',NULL),(653,82,1757,894,'2024-12-18 11:21:13','2024-12-18 11:21:13',NULL),(654,82,1918,904,'2024-12-18 11:21:39','2024-12-18 11:21:39',NULL),(655,11,1880,924,'2024-12-18 11:22:54','2024-12-18 11:22:54',NULL),(656,67,1986,935,'2024-12-18 11:23:27','2024-12-18 11:23:27',NULL),(657,67,1986,936,'2024-12-18 11:23:47','2024-12-18 11:23:47',NULL),(658,56,2165,884,'2024-12-18 11:24:01','2024-12-18 11:24:01',NULL),(659,56,1706,888,'2024-12-18 11:24:36','2024-12-18 11:24:36',NULL),(660,56,2029,892,'2024-12-18 11:25:29','2024-12-18 11:25:29',NULL),(661,67,1686,885,'2024-12-18 11:29:23','2024-12-18 11:29:23',NULL),(663,155,2051,945,'2024-12-18 11:30:15','2024-12-18 11:30:15',NULL),(664,155,2051,946,'2024-12-18 11:30:36','2024-12-18 11:30:36',NULL),(665,67,1686,886,'2024-12-18 11:31:13','2024-12-18 11:31:13',NULL),(666,155,2051,947,'2024-12-18 11:31:29','2024-12-18 11:31:29',NULL),(667,136,1804,955,'2024-12-18 11:33:15','2024-12-18 11:33:15',NULL),(668,14,1736,918,'2024-12-18 11:33:22','2024-12-18 11:33:22',NULL),(669,14,2041,922,'2024-12-18 11:35:00','2024-12-18 11:35:00',NULL),(670,155,2039,943,'2024-12-18 11:36:03','2024-12-18 11:36:03',NULL),(671,155,1984,944,'2024-12-18 11:36:25','2024-12-18 11:36:25',NULL),(672,140,2085,962,'2024-12-18 11:37:07','2024-12-18 11:37:07',NULL),(673,14,2046,929,'2024-12-18 11:37:38','2024-12-18 11:37:38',NULL),(674,14,2046,930,'2024-12-18 11:38:17','2024-12-18 11:38:17',NULL),(675,108,1956,935,'2024-12-18 11:38:46','2024-12-18 11:38:46',NULL),(676,108,1956,936,'2024-12-18 11:39:01','2024-12-18 11:39:01',NULL),(677,108,1960,938,'2024-12-18 11:39:18','2024-12-18 11:39:18',NULL),(678,108,2107,942,'2024-12-18 11:39:44','2024-12-18 11:39:44',NULL),(679,108,1941,934,'2024-12-18 11:40:05','2024-12-18 11:40:05',NULL),(680,108,1871,873,'2024-12-18 11:42:40','2024-12-18 11:42:40',NULL),(681,104,2139,964,'2024-12-18 11:42:52','2024-12-18 11:42:52',NULL),(682,104,2135,964,'2024-12-18 11:42:52','2024-12-18 11:42:52',NULL),(683,104,2139,963,'2024-12-18 11:43:23','2024-12-18 11:43:23',NULL),(684,104,1948,944,'2024-12-18 11:43:48','2024-12-18 11:43:48',NULL),(685,104,1987,952,'2024-12-18 11:44:47','2024-12-18 11:44:47',NULL),(686,109,1806,954,'2024-12-18 11:46:22','2024-12-18 11:46:22',NULL),(687,109,2028,945,'2024-12-18 11:46:59','2024-12-18 11:46:59',NULL),(689,124,1744,925,'2024-12-18 11:47:38','2024-12-18 11:47:38',NULL),(690,95,1872,873,'2024-12-18 11:47:49','2024-12-18 11:47:49',NULL),(691,95,1696,872,'2024-12-18 11:49:24','2024-12-18 11:49:24',NULL),(692,86,1958,935,'2024-12-18 11:50:07','2024-12-18 11:50:07',NULL),(693,22,1744,924,'2024-12-18 11:52:11','2024-12-18 11:52:11',NULL),(694,81,1939,932,'2024-12-18 11:55:11','2024-12-18 11:55:11',NULL),(695,81,1939,933,'2024-12-18 11:55:31','2024-12-18 11:55:31',NULL),(696,81,1939,934,'2024-12-18 11:55:48','2024-12-18 11:55:48',NULL),(697,81,1958,936,'2024-12-18 11:56:08','2024-12-18 11:56:08',NULL),(698,81,1959,938,'2024-12-18 11:56:26','2024-12-18 11:56:26',NULL),(699,53,2045,945,'2024-12-18 11:59:51','2024-12-18 11:59:51',NULL),(700,53,2045,946,'2024-12-18 12:00:09','2024-12-18 12:00:09',NULL),(701,53,2045,947,'2024-12-18 12:00:47','2024-12-18 12:00:47',NULL),(702,53,1946,958,'2024-12-18 12:01:34','2024-12-18 12:01:34',NULL),(703,77,2128,963,'2024-12-18 12:11:12','2024-12-18 12:11:12',NULL),(704,77,2128,964,'2024-12-18 12:11:34','2024-12-18 12:11:34',NULL),(705,149,2011,939,'2024-12-18 12:12:46','2024-12-18 12:12:46',NULL),(706,149,2011,940,'2024-12-18 12:13:08','2024-12-18 12:13:08',NULL),(707,77,2174,957,'2024-12-18 12:13:15','2024-12-18 12:13:15',NULL),(708,77,1947,958,'2024-12-18 12:13:50','2024-12-18 12:13:50',NULL),(709,77,1861,956,'2024-12-18 12:14:15','2024-12-18 12:14:15',NULL),(711,139,2085,961,'2024-12-18 12:23:44','2024-12-18 12:23:44',NULL),(712,139,2158,954,'2024-12-18 12:24:03','2024-12-18 12:24:03',NULL),(713,139,2158,955,'2024-12-18 12:24:18','2024-12-18 12:24:18',NULL),(714,139,1858,956,'2024-12-18 12:24:34','2024-12-18 12:24:34',NULL),(715,149,1705,932,'2024-12-18 12:32:32','2024-12-18 12:32:32',NULL),(716,149,1705,933,'2024-12-18 12:32:52','2024-12-18 12:32:52',NULL),(717,149,1705,934,'2024-12-18 12:33:09','2024-12-18 12:33:09',NULL),(718,33,2129,963,'2024-12-18 12:38:22','2024-12-18 12:38:22',NULL),(719,33,2129,964,'2024-12-18 12:38:38','2024-12-18 12:38:38',NULL),(720,33,1860,956,'2024-12-18 12:39:09','2024-12-18 12:39:09',NULL),(721,33,2173,957,'2024-12-18 12:39:33','2024-12-18 12:39:33',NULL),(722,21,1941,932,'2024-12-18 12:44:08','2024-12-18 12:44:08',NULL),(723,21,1941,933,'2024-12-18 12:44:21','2024-12-18 12:44:21',NULL),(724,21,2014,939,'2024-12-18 12:44:38','2024-12-18 12:44:38',NULL),(725,21,2014,940,'2024-12-18 12:44:54','2024-12-18 12:44:54',NULL),(726,21,2108,942,'2024-12-18 12:45:07','2024-12-18 12:45:07',NULL),(727,149,1671,893,'2024-12-18 12:46:37','2024-12-18 12:46:37',NULL),(728,167,2067,948,'2024-12-18 13:13:18','2024-12-18 13:13:18',NULL),(729,167,2135,963,'2024-12-18 13:14:33','2024-12-18 13:14:33',NULL),(730,167,1754,954,'2024-12-18 13:15:06','2024-12-18 13:15:06',NULL),(731,93,1943,958,'2024-12-18 13:17:56','2024-12-18 13:17:56',NULL),(732,93,2172,957,'2024-12-18 13:18:20','2024-12-18 13:18:20',NULL),(733,93,2060,948,'2024-12-18 13:19:15','2024-12-18 13:19:15',NULL),(734,28,2055,948,'2024-12-18 13:34:45','2024-12-18 13:34:45',NULL),(735,28,2077,948,'2024-12-18 13:35:09','2024-12-18 13:35:09',NULL),(736,28,1989,952,'2024-12-18 13:36:27','2024-12-18 13:36:27',NULL),(737,12,2097,961,'2024-12-18 13:36:50','2024-12-18 13:36:50',NULL),(738,74,1962,938,'2024-12-18 13:37:06','2024-12-18 13:37:06',NULL),(739,12,2097,962,'2024-12-18 13:37:06','2024-12-18 13:37:06',NULL),(740,12,2140,963,'2024-12-18 13:37:59','2024-12-18 13:37:59',NULL),(741,12,2140,964,'2024-12-18 13:38:20','2024-12-18 13:38:20',NULL),(742,74,1704,932,'2024-12-18 13:38:47','2024-12-18 13:38:47',NULL),(743,28,2083,961,'2024-12-18 13:38:49','2024-12-18 13:38:49',NULL),(744,74,1704,933,'2024-12-18 13:39:09','2024-12-18 13:39:09',NULL),(745,74,1704,934,'2024-12-18 13:39:28','2024-12-18 13:39:28',NULL);

--
-- Table structure for table `teachers`
--

CREATE TABLE `teachers` (
  `teacher_id` int NOT NULL AUTO_INCREMENT,
  `teacher_name` varchar(100) COLLATE utf8mb4_spanish_ci NOT NULL,
  `puesto` varchar(100) COLLATE utf8mb4_spanish_ci DEFAULT NULL,
  `hours` int DEFAULT '0',
  `specialization_area` varchar(255) COLLATE utf8mb4_spanish_ci DEFAULT NULL,
  `specialization_program_id` int DEFAULT NULL,
  `program_id` int DEFAULT NULL,
  `area` varchar(255) COLLATE utf8mb4_spanish_ci DEFAULT NULL,
  `clasificacion` varchar(100) COLLATE utf8mb4_spanish_ci DEFAULT NULL,
  `fyh_creacion` datetime DEFAULT NULL,
  `fyh_actualizacion` datetime DEFAULT NULL,
  `estado` varchar(11) COLLATE utf8mb4_spanish_ci DEFAULT NULL,
  PRIMARY KEY (`teacher_id`),
  KEY `program_id` (`program_id`),
  KEY `specialization_program_id` (`specialization_program_id`),
  KEY `area` (`area`),
  CONSTRAINT `teachers_ibfk_1` FOREIGN KEY (`program_id`) REFERENCES `programs` (`program_id`),
  CONSTRAINT `teachers_ibfk_2` FOREIGN KEY (`specialization_program_id`) REFERENCES `programs` (`program_id`),
  CONSTRAINT `teachers_ibfk_3` FOREIGN KEY (`area`) REFERENCES `programs` (`area`)
) ENGINE=InnoDB AUTO_INCREMENT=172 DEFAULT CHARSET=utf8mb4 COLLATE=utf8mb4_spanish_ci;

--
-- Dumping data for table `teachers`
--

INSERT INTO `teachers` VALUES (2,'JESUS EDUARDO RODRÍGUEZ GUTIÉRREZ','PROFESOR DE ASIGNATURA B',20,NULL,NULL,NULL,NULL,'PTC','2024-11-21 01:15:50','2024-12-18 11:01:48','1'),(3,'MARCOS ENRIQUE PACHECO CEDEÑO','TÉCNICO ACADÉMICO C',0,NULL,NULL,NULL,'TI','PA','2024-11-21 01:15:50','2024-12-12 21:59:57','1'),(4,'MARINA JOSEFINA TAPIA MERLO','PROFESOR DE ASIGNATURA B',0,NULL,NULL,NULL,'MAI','PA','2024-11-21 01:15:50','2024-12-06 12:09:52','1'),(5,'ROCIO GONZALEZ SANCHEZ','PROFESOR DE ASIGNATURA B',0,NULL,NULL,NULL,'GST','PA','2024-11-21 01:15:50','2024-12-13 12:22:50','1'),(6,'ADRIAN BOLAÑOS LOPEZ','PROFESOR DE ASIGNATURA B',0,NULL,NULL,NULL,'DMI','PA','2024-11-21 01:15:50','2024-12-13 12:23:33','1'),(7,'JOSE GERARDO TORRES RENDON','PROFESOR TITULAR C',22,NULL,NULL,NULL,'MAI','PTC','2024-11-21 01:15:50','2024-12-18 10:39:00','1'),(8,'AGUSTIN DE LA TORRE TORRES','PROFESOR DE ASIGNATURA B',0,NULL,NULL,NULL,'MAI','PA','2024-11-21 01:15:50','2024-12-13 12:28:27','1'),(9,'DANIEL CONTRERAS ESTRADA','PROFESOR ASOCIADO C',18,NULL,NULL,NULL,'GST','PTC','2024-11-21 01:15:50','2024-12-18 10:54:23','1'),(10,'VICTOR HUGO GARCIA CAZARES','PROFESOR ASOCIADO C',20,NULL,NULL,NULL,'GST','PTC','2024-11-21 01:15:50','2024-12-18 11:18:29','1'),(11,'FRANCISCO JAVIER MAURICIO FUENTES','PROFESOR ASOCIADO C',20,NULL,NULL,NULL,'MAI','PTC','2024-11-21 01:15:50','2024-12-18 11:22:54','1'),(12,'JOAQUIN COLIN SOTO','PROFESOR TITULAR C',20,NULL,NULL,NULL,'TI','PA','2024-11-21 01:15:50','2024-12-18 13:38:20','1'),(13,'MAGDA FERNANDA TORRES RENERO','PROFESOR DE ASIGNATURA B',0,NULL,NULL,NULL,NULL,'DETERMINADO','2024-11-21 01:15:50',NULL,'1'),(14,'DANTE GARCIA GARCIA','PROFESOR ASOCIADO C',18,NULL,NULL,NULL,'MAI','PA','2024-11-21 01:15:50','2024-12-18 11:38:17','1'),(15,'EDGAR JONATHAN TALAVERA ZAMORA','PROFESOR DE ASIGNATURA B',0,NULL,NULL,NULL,NULL,'DETERMINADO','2024-11-21 01:15:50',NULL,'1'),(16,'SALVADOR ROJAS VILLANUEVA','TÉCNICO ACADÉMICO C',0,NULL,NULL,NULL,'QMBT','BIOTECNOLOGÍA','2024-11-21 01:15:50',NULL,'1'),(17,'ADRIANA CALDERON MARTINEZ','PROFESOR ASOCIADO C',18,NULL,NULL,NULL,'DMI','PTC','2024-11-21 01:15:50','2024-12-18 09:52:57','1'),(18,'MIGUEL BARRAGAN BUENO','PROFESOR TITULAR C',21,NULL,NULL,NULL,'ERV','PA','2024-11-21 01:15:50','2024-12-18 10:50:42','1'),(19,'JAIME FABIAN GONZALEZ FIGUEROA','PROFESOR ASOCIADO C',20,NULL,NULL,NULL,'GST','PTC','2024-11-21 01:15:50','2024-12-18 11:13:18','1'),(20,'YOHATZIN LARA GOMEZ','PROFESOR DE ASIGNATURA B',0,NULL,NULL,NULL,NULL,'PA','2024-11-21 01:15:50','2024-12-13 14:12:09','1'),(21,'HOMERO SILVA NUÑEZ','PROFESOR ASOCIADO C',20,NULL,NULL,NULL,'QMBT','PTC','2024-11-21 01:15:50','2024-12-18 12:45:07','1'),(22,'EDGAR EDUARDO TAPIA SILVA','PROFESOR ASOCIADO C',3,NULL,NULL,NULL,'MAI','PTC','2024-11-21 01:15:50','2024-12-18 11:52:11','1'),(23,'CAROLINA CARRILLO LOPEZ','PROFESOR DE ASIGNATURA B',0,NULL,NULL,NULL,NULL,'PA','2024-11-21 01:15:50','2024-12-13 14:16:31','1'),(24,'ERIC BETANCOURT GASCA','TÉCNICO ACADÉMICO C',0,NULL,NULL,NULL,'TI','PA','2024-11-21 01:15:51','2024-12-13 13:41:44','1'),(25,'JOSE ARTURO MORALES TINOCO','TÉCNICO ACADÉMICO A',0,NULL,NULL,NULL,'MAI','TA','2024-11-21 01:15:51','2024-12-13 13:42:28','1'),(26,'HUMBERTO JECSAN LEON ACOSTA','PROFESOR DE ASIGNATURA B',0,NULL,NULL,NULL,NULL,'PTC','2024-11-21 01:15:51','2024-12-13 13:39:05','1'),(27,'JOSE ALFREDO GAMIÑO ORTIZ','PROFESOR DE ASIGNATURA B',0,NULL,NULL,NULL,NULL,'DETERMINADO','2024-11-21 01:15:51',NULL,'1'),(28,'GERARDO CHAVEZ HERNANDEZ','PROFESOR ASOCIADO C',14,NULL,NULL,NULL,'TI','PA','2024-11-21 01:15:51','2024-12-18 13:38:49','1'),(29,'HEBER LEOPOLDO MANZO FERNANDEZ','PROFESOR ASOCIADO C',0,NULL,NULL,NULL,'GST','PTC','2024-11-21 01:15:51','2024-12-18 09:21:01','1'),(30,'CESAR ADRIAN GOMEZ CORREA','TÉCNICO ACADÉMICO A',0,NULL,NULL,NULL,'QMBT','TA','2024-11-21 01:15:51','2024-12-13 13:45:18','1'),(31,'JOSE ISRAEL RODRIGUEZ FLORES','PROFESOR DE ASIGNATURA B',0,NULL,NULL,NULL,'ERV','PA','2024-11-21 01:15:51','2024-12-13 14:32:25','1'),(32,'VICTOR MANUEL CHAVEZ OROZCO','PROFESOR ASOCIADO C',18,NULL,NULL,NULL,'GST','PTC','2024-11-21 01:15:51','2024-12-18 10:11:59','1'),(33,'MARIA DEL CARMEN SOLORIO RAYA','PROFESOR TITULAR A',19,NULL,NULL,NULL,'TI','PTC','2024-11-21 01:15:51','2024-12-18 12:39:33','1'),(34,'MARCO ANTONIO BELMAN ARGUELLO','PROFESOR DE ASIGNATURA B',0,NULL,NULL,NULL,NULL,'DETERMINADO','2024-11-21 01:15:51',NULL,'1'),(35,'JULIO DAMIAN ZUÑIGA RAMIREZ','PROFESOR DE ASIGNATURA B',0,NULL,NULL,NULL,NULL,'DETERMINADO','2024-11-21 01:15:51',NULL,'1'),(36,'ALMA NAYELY MERCADO GOMEZ','TÉCNICO ACADÉMICO A',0,NULL,NULL,NULL,'TI','SIGO','2024-11-21 01:15:51',NULL,'1'),(37,'FRIDA CAROLINA GUIDO GONZALEZ','PROFESOR DE ASIGNATURA B',0,NULL,NULL,NULL,'TI','INDETERMINADO','2024-11-21 01:15:51',NULL,'1'),(38,'JUAN CARLOS CAMPOS VILLAFUERTE','PROFESOR ASOCIADO C',20,NULL,NULL,NULL,'MAI','PA','2024-11-21 01:15:51','2024-12-18 10:23:48','1'),(39,'JULIO CESAR HERNANDEZ RAMIREZ','PROFESOR TITULAR B',21,NULL,NULL,NULL,'MAI','PTC','2024-11-21 01:15:51','2024-12-18 10:36:32','1'),(40,'SALVADOR VAZQUEZ RANGEL','PROFESOR DE ASIGNATURA B',0,NULL,NULL,NULL,NULL,'DETERMINADO','2024-11-21 01:15:51',NULL,'1'),(41,'LAURA PEREZ PAZOS','PROFESOR DE ASIGNATURA B',0,NULL,NULL,NULL,'TI','PA','2024-11-21 01:15:51','2024-12-06 12:14:49','1'),(42,'GRISELDA YUNUEN VILLA GARCIA','PROFESOR ASOCIADO C',18,NULL,NULL,NULL,'DMI','PTC','2024-11-21 01:15:51','2024-12-18 09:59:57','1'),(43,'ERICK MOISÉS ZARCO MORALES','PROFESOR DE ASIGNATURA B',0,NULL,NULL,NULL,NULL,'DETERMINADO','2024-11-21 01:15:51',NULL,'1'),(44,'OSCAR VAZQUEZ GARCIA','PROFESOR ASOCIADO C',18,NULL,NULL,NULL,'GST','PTC','2024-11-21 01:15:51','2024-12-18 10:40:04','1'),(45,'JOSE FERNANDO LINARES FACIO','PROFESOR DE ASIGNATURA B',0,NULL,NULL,NULL,NULL,'DETERMINADO','2024-11-21 01:15:51',NULL,'1'),(46,'KARLA IVONNE RODRIGUEZ SOLORZANO','PROFESOR DE ASIGNATURA B',0,NULL,NULL,NULL,NULL,'PA','2024-11-21 01:15:51','2024-12-13 14:44:46','1'),(47,'GABRIEL GUZMAN RODRIGUEZ','PROFESOR DE ASIGNATURA B',0,NULL,NULL,NULL,NULL,'DETERMINADO','2024-11-21 01:15:51',NULL,'1'),(48,'EZEQUIEL FARIAS ARRIAGA','TÉCNICO ACADÉMICO A',0,NULL,NULL,NULL,'MAI','PA','2024-11-21 01:15:51','2024-12-13 13:53:28','1'),(49,'JUAN GHALEB SANCHEZ LOPEZ','PROFESOR DE ASIGNATURA B',0,NULL,NULL,NULL,'TI','PA','2024-11-21 01:15:51','2024-12-13 13:54:05','1'),(50,'ANGEL ABRAHAM GUTIERREZ GARCIA ROJAS','PROFESOR DE ASIGNATURA B',0,NULL,NULL,NULL,NULL,'DETERMINADO','2024-11-21 01:15:51',NULL,'1'),(51,'KARLA FERNANDA LOPEZ LAZARO','PROFESOR DE ASIGNATURA B',0,NULL,NULL,NULL,NULL,'TA','2024-11-21 01:15:51','2024-12-13 14:48:04','1'),(52,'MAGNOLIA GISELA CHAVEZ HERNANDEZ','PROFESOR DE ASIGNATURA B',0,NULL,NULL,NULL,'DMI','PA','2024-11-21 01:15:51','2024-12-06 12:12:39','1'),(53,'GRICELDA RODRIGUEZ ROBLEDO','PROFESOR TITULAR C',19,NULL,NULL,NULL,'TI','PTC','2024-11-21 01:15:51','2024-12-18 12:01:34','1'),(54,'ANGELICA CECILIA JIMENEZ ALVAREZ','TÉCNICO ACADÉMICO B',0,NULL,NULL,NULL,'DMI','TA','2024-11-21 01:15:51','2024-12-13 13:24:53','1'),(55,'YUNUHEN ANAYD ESTRADA BARRIGA','PROFESOR DE ASIGNATURA B',0,NULL,NULL,NULL,'TI','PA','2024-11-21 01:15:51','2024-12-06 13:05:35','1'),(56,'CARLOS FERNANDO LOPEZ BUCIO','PROFESOR ASOCIADO C',22,NULL,NULL,NULL,'ERV','PTC','2024-11-21 01:15:51','2024-12-18 11:25:29','1'),(57,'HECTOR RODRIGUEZ VARGAS','PROFESOR DE ASIGNATURA B',0,NULL,NULL,NULL,NULL,'PA','2024-11-21 01:15:51','2024-12-06 13:50:02','1'),(58,'FLORINDA RANGEL BETANCOURT','TÉCNICO ACADÉMICO A',0,NULL,NULL,NULL,'DMI','TA','2024-11-21 01:15:51','2024-12-13 13:27:44','1'),(59,'ISAIAS NEGRA JIMENEZ','PROFESOR ASOCIADO C',0,NULL,NULL,NULL,'QMBT','PTC','2024-11-21 01:15:51','2024-12-18 10:57:17','1'),(60,'DAVID GARCIA HERNANDEZ','PROFESOR TITULAR B',21,NULL,NULL,NULL,'QMBT','PTC','2024-11-21 01:15:51','2024-12-18 11:10:12','1'),(61,'EMANUEL LOPEZ MARTINEZ','PROFESOR DE ASIGNATURA B',0,NULL,NULL,NULL,NULL,'PA','2024-11-21 01:15:51','2024-12-13 13:39:16','1'),(62,'GIOVANNA CORTEZ MIRANDA','PROFESOR DE ASIGNATURA B',0,NULL,NULL,NULL,'TI','PA','2024-11-21 01:15:51','2024-12-13 13:39:57','1'),(63,'JUAN JOSE BERMUDEZ CAMILLE','PROFESOR DE ASIGNATURA B',0,NULL,NULL,NULL,NULL,'PA','2024-11-21 01:15:51','2024-12-06 12:06:56','1'),(64,'ELENA PÉREZ CAMPOS','PROFESOR DE ASIGNATURA B',0,NULL,NULL,NULL,NULL,'PA','2024-11-21 01:15:51','2024-12-06 12:34:58','1'),(65,'MACARIO AMBRIZ VALENCIA','PROFESOR DE ASIGNATURA B',0,NULL,NULL,NULL,NULL,'PA','2024-11-21 01:15:51','2024-12-06 11:22:41','1'),(66,'MARIA VERONICA ALVAREZ RIOS','PROFESOR DE ASIGNATURA B',0,NULL,NULL,NULL,'MEC','PA','2024-11-21 01:15:51','2024-12-06 12:30:50','1'),(67,'ANA PATRICIA OROZCO ORTIZ','PROFESOR ASOCIADO C',20,NULL,NULL,NULL,'QMBT','PTC','2024-11-21 01:15:51','2024-12-18 11:31:13','1'),(68,'TSITSIKI MARTINEZ HERNANDEZ','PROFESOR DE ASIGNATURA B',0,NULL,NULL,NULL,NULL,'PA','2024-11-21 01:15:51','2024-12-06 13:51:28','1'),(69,'ALBERTO GARDUÑO SALAZAR','TÉCNICO ACADÉMICO B',0,NULL,NULL,NULL,'TI','TA','2024-11-21 01:15:51','2024-12-13 13:40:59','1'),(70,'LUIS ALBERTO GUTIERREZ GARCIA','TÉCNICO ACADÉMICO C',0,NULL,NULL,NULL,'TI','TA','2024-11-21 01:15:51','2024-12-13 13:41:53','1'),(71,'MOISES ORTIZ RODRIGUEZ','TÉCNICO ACADÉMICO B',0,NULL,NULL,NULL,NULL,'PA','2024-11-21 01:15:52','2024-12-13 13:42:33','1'),(72,'LINDA CITLALLI CERDAN MAYEN','PROFESOR DE ASIGNATURA B',0,NULL,NULL,NULL,NULL,'PA','2024-11-21 01:15:52','2024-12-06 12:36:39','1'),(73,'FRANCISCO JAVIER FRIAS CORREA','PROFESOR DE ASIGNATURA B',0,NULL,NULL,NULL,'GST','PA','2024-11-21 01:15:52','2024-12-06 12:10:34','1'),(74,'GERARDO MALDONADO VIDAL','PROFESOR TITULAR B',21,NULL,NULL,NULL,'QMBT','PTC','2024-11-21 01:15:52','2024-12-18 13:39:28','1'),(75,'AGUSTIN IVAN CABEZAS AGUILAR','TÉCNICO ACADÉMICO B',0,NULL,NULL,NULL,'QMBT','TA','2024-11-21 01:15:52','2024-12-13 13:45:29','1'),(76,'JOSE LUIS CENDEJAS VALDEZ','PROFESOR TITULAR C',13,NULL,NULL,NULL,'TI','PTC','2024-11-21 01:15:52','2024-12-18 11:11:08','1'),(77,'ALMA LILIA GONZALEZ ASPERA','PROFESOR TITULAR C',19,NULL,NULL,NULL,'TI','PTC','2024-11-21 01:15:52','2024-12-18 12:14:15','1'),(78,'JOSE LUIS CAMPOS VILLAFUERTE','PROFESOR TITULAR C',20,NULL,NULL,NULL,'MAI','PTC','2024-11-21 01:15:52','2024-12-18 10:08:11','1'),(80,'ALEJANDRO ALVAREZ','PROFESOR DE ASIGNATURA B',0,NULL,NULL,NULL,'MEC','PA','2024-11-21 01:15:52','2024-12-13 15:00:28','1'),(81,'MARIO JAVIER GUTIERREZ FERNANDEZ','PROFESOR ASOCIADO C',22,NULL,NULL,NULL,'QMBT','PTC','2024-11-21 01:15:52','2024-12-18 11:56:26','1'),(82,'FROYLAN ZAMORA SANCHEZ','PROFESOR ASOCIADO C',21,NULL,NULL,NULL,'GST','PTC','2024-11-21 01:15:52','2024-12-18 11:21:39','1'),(83,'JUAN ROBERTO AGUILAR GARCIA','TÉCNICO ACADÉMICO A',0,NULL,NULL,NULL,'TI','TA','2024-11-21 01:15:52','2024-12-13 13:54:54','1'),(84,'CRISTOPHER EMANUELL CERVANTEZ DIAZ','TÉCNICO ACADÉMICO A',0,NULL,NULL,NULL,NULL,'TA','2024-11-21 01:15:52','2024-12-13 13:56:08','1'),(85,'OSHIN ESMERALDA ESQUIVEL GASPAR','PROFESOR DE ASIGNATURA B',0,NULL,NULL,NULL,'TI','PA','2024-11-21 01:15:52','2024-12-06 12:02:45','1'),(86,'ALMA TERESA MIRANDA QUIROZ','PROFESOR TITULAR C',5,NULL,NULL,NULL,'QMBT','PTC','2024-11-21 01:15:52','2024-12-18 11:50:07','1'),(87,'JOSE FRANCISCO CARRILLO MASTACHE','TÉCNICO ACADÉMICO A',0,NULL,NULL,NULL,'TI','TA','2024-11-21 01:15:52','2024-12-13 13:59:33','1'),(88,'JUAN CARLOS LOPEZ LOPEZ','PROFESOR DE ASIGNATURA B',0,NULL,NULL,NULL,'QMBT','PA','2024-11-21 01:15:52','2024-12-06 10:28:27','1'),(89,'BENJAMIN COLIN RICO','PROFESOR ASOCIADO C',20,NULL,NULL,NULL,'ERV','PTC','2024-11-21 01:15:52','2024-12-18 11:04:47','1'),(90,'LETICIA ARGUELLO CORREA','PROFESOR TITULAR B',20,NULL,NULL,NULL,'QMBT','PTC','2024-11-21 01:15:52','2024-12-18 11:20:26','1'),(91,'BARAQUIEL CHAVEZ RODRIGUEZ','TÉCNICO ACADÉMICO A',0,NULL,NULL,NULL,'GST','TA','2024-11-21 01:15:52','2024-12-06 12:54:15','1'),(92,'GILBERTO ALEJANDRO ROMERO PEDRAZA','PROFESOR ASOCIADO C',0,NULL,NULL,NULL,'TI','PTC','2024-11-21 01:15:52','2024-12-13 14:58:23','1'),(93,'MARIA ELENA BENITEZ RAMIREZ','PROFESOR TITULAR B',19,NULL,NULL,NULL,'TI','PTC','2024-11-21 01:15:52','2024-12-18 13:19:15','1'),(94,'JORGE HERNANDEZ CALZADA','PROFESOR TITULAR B',22,NULL,NULL,NULL,'MAI','PTC','2024-11-21 01:15:52','2024-12-18 11:12:19','1'),(95,'BERENICE CEJA GUZMAN','PROFESOR TITULAR B',32,NULL,NULL,NULL,'GST','PTC','2024-11-21 01:15:52','2024-12-18 11:49:24','1'),(96,'MARIO FERNANDEZ GUZMAN','PROFESOR DE ASIGNATURA B',0,NULL,NULL,NULL,'QMBT','PTC','2024-11-21 01:15:52','2024-12-13 14:06:37','1'),(97,'RICARDO LEON SOLORZANO','PROFESOR ASOCIADO C',18,NULL,NULL,NULL,'GST','PTC','2024-11-21 01:15:52','2024-12-18 10:18:46','1'),(98,'ALFREDO EMMANUEL HERNANDEZ DUARTE','PROFESOR ASOCIADO C',20,NULL,NULL,NULL,'GST','PTC','2024-11-21 01:15:52','2024-12-18 10:06:30','1'),(99,'ROSARIO HERNANDEZ CALDERON','PROFESOR TITULAR A',19,NULL,NULL,NULL,'TI','PTC','2024-11-21 01:15:52','2024-12-18 10:38:26','1'),(100,'ALBERTO ALVAREZ ZAMUDIO','PROFESOR DE ASIGNATURA B',0,NULL,NULL,NULL,'TI','SIGO','2024-11-21 01:15:52',NULL,'1'),(101,'VICTOR HUGO ZALAPA MEDINA','PROFESOR TITULAR C',20,NULL,NULL,NULL,'MAI','PTC','2024-11-21 01:15:52','2024-12-18 11:00:53','1'),(102,'DEYANIRA MARTINEZ RODRIGUEZ','PROFESOR DE ASIGNATURA B',0,NULL,NULL,NULL,'TI','INDETERMINADO','2024-11-21 01:15:52',NULL,'1'),(103,'HUGO JESUS PACHECO ALVEZ','PROFESOR DE ASIGNATURA B',0,NULL,NULL,NULL,NULL,'TA','2024-11-21 01:15:52','2024-12-12 12:49:06','1'),(104,'OMAR ORDOÑEZ TOLEDO','PROFESOR TITULAR C',17,NULL,NULL,NULL,'TI','PTC','2024-11-21 01:15:52','2024-12-18 11:44:47','1'),(105,'MARTIN CASTILLEJOS CARDENAS','TÉCNICO ACADÉMICO A',0,NULL,NULL,NULL,'ERV','ENERGÍAS RENOVABLES','2024-11-21 01:15:52',NULL,'1'),(106,'ZACARIAS ESAU TORRES OLGUIN','PROFESOR ASOCIADO C',26,NULL,NULL,NULL,'GST','PTC','2024-11-21 01:15:52','2024-12-18 10:31:01','1'),(107,'CAROLINA MATEO MEJIA','PROFESOR DE ASIGNATURA B',0,NULL,NULL,NULL,'GST','PA','2024-11-21 01:15:52','2024-12-06 12:03:35','1'),(108,'NORMA GARCIA MONTAÑEZ','PROFESOR TITULAR B',25,NULL,NULL,NULL,'QMBT','PTC','2024-11-21 01:15:52','2024-12-18 11:42:40','1'),(109,'LETICIA RUBICELA RODRIGUEZ RUIZ','PROFESOR TITULAR C',17,NULL,NULL,NULL,'TI','PTC','2024-11-21 01:15:52','2024-12-18 11:46:59','1'),(110,'JESUS RICARDO VILLA GARCIA','PROFESOR DE ASIGNATURA B',0,NULL,NULL,NULL,NULL,'DETERMINADO','2024-11-21 01:15:52',NULL,'1'),(111,'ROXANA COLIN AVILES','PROFESOR DE ASIGNATURA B',0,NULL,NULL,NULL,'QMBT','INDETERMINADO','2024-11-21 01:15:52',NULL,'1'),(112,'AMBAR RODRIGUEZ MILLAN','PROFESOR DE ASIGNATURA B',0,NULL,NULL,NULL,NULL,'DETERMINADO','2024-11-21 01:15:52',NULL,'1'),(113,'JUAN CARLOS ANDRADE ORTIZ','TÉCNICO ACADÉMICO C',0,NULL,NULL,NULL,'TI','TA','2024-11-21 01:15:52','2024-12-13 13:46:34','1'),(114,'NELSON CROZBY PADILLA ALVAREZ','TÉCNICO ACADÉMICO C',0,NULL,NULL,NULL,'TI','SIGO','2024-11-21 01:15:52',NULL,'1'),(115,'CLAUDIA BARCENAS CORTES','PROFESOR DE ASIGNATURA B',0,NULL,NULL,NULL,NULL,'DETERMINADO','2024-11-21 01:15:52',NULL,'1'),(116,'RAQUEL SARAHI RODRIGUEZ ANGULO','PROFESOR DE ASIGNATURA B',0,NULL,NULL,NULL,NULL,'DETERMINADO','2024-11-21 01:15:52',NULL,'1'),(117,'JOSE EDUARDO VALDES DUEÑAS','TÉCNICO ACADÉMICO A',0,NULL,NULL,NULL,'GST','PA','2024-11-21 01:15:52','2024-12-06 11:38:22','1'),(118,'RAFAEL AYALA ZAMUDIO','TÉCNICO ACADÉMICO A',0,NULL,NULL,NULL,'MAI','MANTENIMIENTO INDUSTRIAL','2024-11-21 01:15:52',NULL,'1'),(119,'DIANA ITZEL SALINAS AGUILAR','PROFESOR DE ASIGNATURA B',0,NULL,NULL,NULL,NULL,'PA','2024-11-21 01:15:52','2024-12-06 13:48:47','1'),(120,'JOSE OSCAR HERNANDEZ BAUTISTA','PROFESOR TITULAR B',18,NULL,NULL,NULL,'DMI','PTC','2024-11-21 01:15:52','2024-12-18 09:22:32','1'),(121,'ESMERALDA DAFNE VELAZQUEZ HERRERA','PROFESOR DE ASIGNATURA B',0,NULL,NULL,NULL,NULL,'DETERMINADO','2024-11-21 01:15:52',NULL,'1'),(122,'IDRI SANTILLAN FUENTES','PROFESOR ASOCIADO C',20,NULL,NULL,NULL,'GST','PTC','2024-11-21 01:15:53','2024-12-18 10:25:26','1'),(123,'MARIO EDMUNDO MONTAÑO PEREZ','PROFESOR ASOCIADO C',18,NULL,NULL,NULL,'GST','PTC','2024-11-21 01:15:53','2024-12-18 10:22:49','1'),(124,'MAURICIO GUZMAN TAPIA','PROFESOR TITULAR C',3,NULL,NULL,NULL,'MAI','PTC','2024-11-21 01:15:53','2024-12-18 11:51:32','1'),(125,'HUGO VARGAS LOPEZ','PROFESOR ASOCIADO C',18,NULL,NULL,NULL,'GST','PTC','2024-11-21 01:15:53','2024-12-18 10:02:19','1'),(126,'EKATERINA SANDOVAL FLORES','TÉCNICO ACADÉMICO A',0,NULL,NULL,NULL,'GST','PA','2024-11-21 01:15:53','2024-12-06 13:47:08','1'),(127,'JAQUELINE SANCHEZ NUÑEZ','PROFESOR DE ASIGNATURA B',0,NULL,NULL,NULL,NULL,'PA','2024-11-21 01:15:53','2024-12-06 13:50:37','1'),(128,'BERENICE VARGAS SALGADO','TÉCNICO ACADÉMICO A',0,NULL,NULL,NULL,'GST','TA','2024-11-21 01:15:53','2024-12-06 12:53:30','1'),(129,'WILEBALDO RODRIGUEZ SAENZ','TÉCNICO ACADÉMICO C',0,NULL,NULL,NULL,'TI','TECNOLOGÍAS DE LA INFORMACIÓN','2024-11-21 01:15:53',NULL,'1'),(130,'ARMANDO MOLINA MORENO','PROFESOR ASOCIADO C',21,NULL,NULL,NULL,'ERV','PTC','2024-11-21 01:15:53','2024-12-18 10:17:59','1'),(131,'EDGAR OCTAVIO GARCIA CASTRO','PROFESOR ASOCIADO C',18,NULL,NULL,NULL,'MAI','PTC','2024-11-21 01:15:53','2024-12-18 10:50:12','1'),(132,'ARTURO CALDERON CASTRO','PROFESOR TITULAR A',18,NULL,NULL,NULL,'DMI','PTC','2024-11-21 01:15:53','2024-12-18 09:57:49','1'),(133,'ZENAIDA ANDRADE ORTIZ','PROFESOR DE ASIGNATURA B',0,NULL,NULL,NULL,'QMBT','PA','2024-11-21 01:15:53','2024-12-06 13:39:42','1'),(134,'SILVIA LILIANA BUCIO LOPEZ','PROFESOR TITULAR C',21,NULL,NULL,NULL,'QMBT','PTC','2024-11-21 01:15:53','2024-12-18 11:17:33','1'),(135,'MARIA JAZMIN LOPEZ RIVERA','TÉCNICO ACADÉMICO A',0,NULL,NULL,NULL,'MEC','MECATRÓNICA','2024-11-21 01:15:53',NULL,'1'),(136,'GUSTAVO ABRAHAM VANEGAS CONTRERAS','PROFESOR TITULAR C',20,NULL,NULL,NULL,'TI','PTC','2024-11-21 01:15:53','2024-12-18 11:33:15','1'),(137,'JOSE CERVANTES CORONADO','TÉCNICO ACADÉMICO C',0,NULL,NULL,NULL,'MAI','MANTENIMIENTO INDUSTRIAL','2024-11-21 01:15:53',NULL,'1'),(138,'JOSE LUIS CALVILLO BANDA','PROFESOR DE ASIGNATURA B',0,NULL,NULL,NULL,'GST','INDETERMINADO','2024-11-21 01:15:53',NULL,'1'),(139,'MARCELA ALVAREZ VIVANCO','PROFESOR TITULAR B',18,NULL,NULL,NULL,'TI','PTC','2024-11-21 01:15:53','2024-12-18 12:24:34','1'),(140,'GRACIELA ISOLINA MARTINEZ AVILA','PROFESOR TITULAR C',2,NULL,NULL,NULL,'TI','PTC','2024-11-21 01:15:53','2024-12-18 11:37:07','1'),(141,'ANDREA ALEJANDRA PATIÑO LECUONA','PROFESOR DE ASIGNATURA B',0,NULL,NULL,NULL,NULL,'DETERMINADO','2024-11-21 01:15:53',NULL,'1'),(142,'HUGO MORA ALCARAZ','PROFESOR ASOCIADO C',18,NULL,NULL,NULL,'GST','PTC','2024-11-21 01:15:53','2024-12-18 10:35:16','1'),(143,'ANTONIO ORTIZ GARCILAZO','PROFESOR DE ASIGNATURA B',0,NULL,NULL,NULL,'MEC','PA','2024-11-21 01:15:53','2024-12-06 12:22:50','1'),(144,'LUISA KARINA SERRANO ORTIZ','PROFESOR DE ASIGNATURA B',0,NULL,NULL,NULL,NULL,'DETERMINADO','2024-11-21 01:15:53',NULL,'1'),(145,'JULIO CESAR CORREA TORRES','PROFESOR DE ASIGNATURA B',0,NULL,NULL,NULL,'TI','PA','2024-11-21 01:15:53','2024-12-06 12:04:21','1'),(146,'BENJAMIN ORTEGA GOMEZ','PROFESOR DE ASIGNATURA B',0,NULL,NULL,NULL,NULL,'CULTURA Y DEPORTES','2024-11-21 01:15:53',NULL,'1'),(147,'JONATAN JOEL SALAZAR AYALA','PROFESOR DE ASIGNATURA B',0,NULL,NULL,NULL,'MEC','INDETERMINADO','2024-11-21 01:15:53',NULL,'1'),(148,'FRANCISCO CORTES ARREDONDO','TÉCNICO ACADÉMICO A',0,NULL,NULL,NULL,'MAI','MANTENIMIENTO INDUSTRIAL','2024-11-21 01:15:53',NULL,'1'),(149,'VANIA MARILYN MARIN RANGEL','PROFESOR ASOCIADO C',22,NULL,NULL,NULL,'QMBT','PTC','2024-11-21 01:15:53','2024-12-18 12:46:37','1'),(150,'MIGUEL ANGEL ACUÑA LOPEZ','PROFESOR TITULAR C',20,NULL,NULL,NULL,'TI','PTC','2024-11-21 01:15:53','2024-12-18 10:13:42','1'),(151,'JORGE ARTURO MEJIA BARAJAS','PROFESOR DE ASIGNATURA B',0,NULL,NULL,NULL,NULL,'DETERMINADO','2024-11-21 01:15:53',NULL,'1'),(152,'JUSTO ROMAN ROMERO ROMERO','TÉCNICO ACADÉMICO A',0,NULL,NULL,NULL,'ERV','ENERGÍAS RENOVABLES','2024-11-21 01:15:53',NULL,'1'),(153,'ROCIO COLIN MENDOZA','PROFESOR DE ASIGNATURA B',0,NULL,NULL,NULL,'ERV','PA','2024-11-21 01:15:53','2024-12-06 13:47:11','1'),(154,'ORLANDO SOTO ZAVALA','PROFESOR DE ASIGNATURA B',0,NULL,NULL,NULL,NULL,'DETERMINADO','2024-11-21 01:15:53',NULL,'1'),(155,'OLGA LETICIA ROBLES GARCIA','PROFESOR TITULAR C',20,NULL,NULL,NULL,'TI','PTC','2024-11-21 01:15:53','2024-12-18 11:36:25','1'),(156,'DIEGO ALEJANDRO ZURITA ANGELES','PROFESOR DE ASIGNATURA B',0,NULL,NULL,NULL,NULL,'PA','2024-11-21 01:15:53','2024-12-06 13:49:21','1'),(157,'MARIA ARACELI PEREZ ESCUTIA','TÉCNICO ACADÉMICO B',0,NULL,NULL,NULL,'DMI','PA','2024-11-21 01:15:53','2024-12-09 09:49:51','1'),(158,'EDITH SARAI RODRIGUEZ CALDERON','PROFESOR DE ASIGNATURA B',0,NULL,NULL,NULL,'GST','PA','2024-11-21 01:15:53','2024-12-06 13:07:05','1'),(159,'MANUEL ALVAREZ VIVANCO','PROFESOR DE ASIGNATURA B',0,NULL,NULL,NULL,'ERV','PA','2024-11-21 01:15:53','2024-12-13 12:02:28','1'),(160,'VICTOR DELFINO FERNÁNDEZ FLORES','PROFESOR DE ASIGNATURA B',0,NULL,NULL,NULL,NULL,'DETERMINADO','2024-11-21 01:15:53',NULL,'1'),(161,'ROSA ISELA GONZÁLEZ RAYA','PROFESOR DE ASIGNATURA B',0,NULL,NULL,NULL,NULL,'PA','2024-11-21 01:15:53','2024-12-13 13:15:22','1'),(162,'JUAN PABLO CHACÓN SAAVEDRA','PROFESOR DE ASIGNATURA B',0,NULL,NULL,NULL,NULL,'DETERMINADO','2024-11-21 01:15:53',NULL,'1'),(163,'JESÚS MEDINA MIRAMAR','PROFESOR DE ASIGNATURA B',0,NULL,NULL,NULL,NULL,'DETERMINADO','2024-11-21 01:15:53',NULL,'1'),(164,'JUAN PABLO GUTIÉRREZ MONTES','PROFESOR DE ASIGNATURA B',0,NULL,NULL,NULL,NULL,'DETERMINADO','2024-11-21 01:15:53',NULL,'1'),(165,'MARTHA YADIRA LEYVA GIL','PROFESOR DE ASIGNATURA B',0,NULL,NULL,NULL,NULL,'PA','2024-11-21 01:15:53','2024-12-06 12:56:47','1'),(166,'JONATHAN MORENO JARAMILLO',NULL,0,NULL,NULL,NULL,NULL,'PA','2024-12-06 11:14:53','2024-12-13 15:10:28','1'),(167,'PAULINA SOLORZANO SALGADO',NULL,18,NULL,NULL,NULL,NULL,'PTC','2024-12-06 11:45:01','2024-12-18 13:15:06','1'),(168,'DAMARIS ULAHI OLMOS MORFIN',NULL,0,NULL,NULL,NULL,NULL,'PA','2024-12-06 12:23:24','2024-12-13 15:08:27','1'),(169,'BARAQUIEL CHAVEZ RODRIGUEZ',NULL,0,NULL,NULL,NULL,NULL,NULL,'2024-12-06 12:52:25',NULL,'1'),(171,'CHRISTOPHER EMANUEL CERVANTES DIAZ',NULL,0,NULL,NULL,NULL,NULL,'PA','2024-12-06 13:47:52','2024-12-06 13:48:29','1');

--
-- Table structure for table `terms`
--

CREATE TABLE `terms` (
  `term_id` int NOT NULL AUTO_INCREMENT,
  `term_name` varchar(255) COLLATE utf8mb4_spanish_ci NOT NULL,
  `fyh_creacion` datetime DEFAULT NULL,
  `fyh_actualizacion` datetime DEFAULT NULL,
  `estado` varchar(11) COLLATE utf8mb4_spanish_ci DEFAULT NULL,
  PRIMARY KEY (`term_id`)
) ENGINE=InnoDB AUTO_INCREMENT=21 DEFAULT CHARSET=utf8mb4 COLLATE=utf8mb4_spanish_ci;

--
-- Dumping data for table `terms`
--

INSERT INTO `terms` VALUES (1,'1','2024-11-19 05:27:02',NULL,'1'),(2,'2','2024-11-19 05:27:02',NULL,'1'),(3,'3','2024-11-19 05:27:02',NULL,'1'),(4,'4','2024-11-19 05:27:02',NULL,'1'),(5,'5','2024-11-19 05:27:02',NULL,'1'),(6,'6','2024-11-19 05:27:02',NULL,'1'),(7,'7','2024-11-19 05:27:02',NULL,'1'),(8,'8','2024-11-19 05:27:02',NULL,'1'),(9,'9','2024-11-19 05:27:02',NULL,'1'),(10,'10','2024-11-19 05:27:02',NULL,'1'),(11,'11','2024-11-19 05:27:02',NULL,'1'),(12,'12','2024-11-19 05:27:02',NULL,'1'),(13,'13','2024-11-19 05:27:02',NULL,'1'),(14,'14','2024-11-19 05:27:02',NULL,'1'),(15,'15','2024-11-19 05:27:02',NULL,'1'),(16,'16','2024-11-19 05:27:02',NULL,'1'),(17,'17','2024-11-19 05:27:02',NULL,'1'),(18,'18','2024-11-19 05:27:02',NULL,'1'),(19,'19','2024-11-19 05:27:02',NULL,'1'),(20,'20','2024-11-19 05:27:02',NULL,'1');


