--
-- Host: localhost    Database: cargaHoraria
-- ------------------------------------------------------


--
-- Table structure for table `building_programs`
--

CREATE TABLE `building_programs` (
  `id` int NOT NULL AUTO_INCREMENT,
  `area` varchar(255) CHARACTER SET utf8mb4 COLLATE utf8mb4_spanish_ci DEFAULT NULL,
  `planta_alta` tinyint(1) NOT NULL DEFAULT '0',
  `planta_baja` tinyint(1) NOT NULL DEFAULT '0',
  `fyh_creacion` datetime DEFAULT NULL,
  `fyh_actualizacion` datetime DEFAULT NULL,
  `building_name` varchar(255) CHARACTER SET utf8mb4 COLLATE utf8mb4_spanish_ci DEFAULT NULL,
  PRIMARY KEY (`id`),
  KEY `area` (`area`),
  CONSTRAINT `building_programs_ibfk_2` FOREIGN KEY (`area`) REFERENCES `programs` (`area`) ON DELETE CASCADE ON UPDATE CASCADE
) ENGINE=InnoDB AUTO_INCREMENT=29 DEFAULT CHARSET=utf8mb4 COLLATE=utf8mb4_spanish_ci;

--
-- Dumping data for table `building_programs`
--

INSERT INTO `building_programs` VALUES (1,'MTI',1,1,NULL,NULL,'EDIFICIO-A'),(2,'DMI',1,1,NULL,NULL,'EDIFICIO-A'),(3,'AFC',1,1,NULL,NULL,'EDIFICIO-A'),(4,'ENF',1,1,NULL,NULL,'EDIFICIO-A'),(5,'QMBT',1,1,NULL,NULL,'EDIFICIO-B'),(6,'DMI',1,1,NULL,NULL,'EDIFICIO-B'),(7,'MAI',1,1,NULL,NULL,'EDIFICIO-B'),(8,'MEC',1,1,NULL,NULL,'EDIFICIO-B'),(9,'GST',1,1,NULL,NULL,'EDIFICIO-B'),(10,'ERV',0,1,NULL,NULL,'EDIFICIO-C'),(11,'DMI',0,1,NULL,NULL,'EDIFICIO-C'),(12,'MAI',0,1,NULL,NULL,'EDIFICIO-C'),(13,'MEC',0,1,NULL,NULL,'EDIFICIO-C'),(14,'AFC',0,1,NULL,NULL,'EDIFICIO-C'),(15,'QMBT',0,1,NULL,NULL,'EDIFICIO-C'),(16,'GST',1,1,NULL,NULL,'EDIFICIO-D'),(17,'MAI',1,1,NULL,NULL,'EDIFICIO-D'),(18,'MEC',1,1,NULL,NULL,'EDIFICIO-D'),(19,'ENF',1,1,NULL,NULL,'EDIFICIO-D'),(20,'ERV',1,0,NULL,NULL,'EDIFICIO-E'),(21,'MAI',1,0,NULL,NULL,'EDIFICIO-P1'),(22,'MEC',1,0,NULL,NULL,'EDIFICIO-P1'),(23,'ERV',1,0,NULL,NULL,'EDIFICIO-P1'),(24,'DMI',1,0,NULL,NULL,'EDIFICIO-P1'),(25,'QMBT',1,0,NULL,NULL,'EDIFICIO-P1'),(26,NULL,0,1,'2025-01-06 17:26:16',NULL,'Zinapécuaro'),(27,'GST',0,1,'2025-01-06 17:26:16',NULL,'Zinapécuaro'),(28,'GST',0,1,'2025-01-06 17:26:16',NULL,'Zinapécuaro');

--
-- Table structure for table `calendario_escolar`
--

CREATE TABLE `calendario_escolar` (
  `id` int NOT NULL AUTO_INCREMENT,
  `nombre_cuatrimestre` varchar(100) CHARACTER SET utf8mb4 COLLATE utf8mb4_spanish_ci NOT NULL,
  `fecha_inicio` date NOT NULL,
  `fecha_fin` date NOT NULL,
  `estado` enum('ACTIVO','INACTIVO') CHARACTER SET utf8mb4 COLLATE utf8mb4_spanish_ci DEFAULT 'ACTIVO',
  `fyh_creacion` datetime DEFAULT CURRENT_TIMESTAMP,
  `fyh_actualizacion` datetime DEFAULT CURRENT_TIMESTAMP ON UPDATE CURRENT_TIMESTAMP,
  PRIMARY KEY (`id`)
) ENGINE=InnoDB DEFAULT CHARSET=utf8mb4 COLLATE=utf8mb4_spanish_ci;

--
-- Dumping data for table `calendario_escolar`
--


--
-- Table structure for table `classroom_states`
--

CREATE TABLE `classroom_states` (
  `state_id` int NOT NULL AUTO_INCREMENT,
  `classroom_id` int NOT NULL,
  `state` enum('good-condition','medium-condition','bad-condition') CHARACTER SET utf8mb4 COLLATE utf8mb4_spanish_ci NOT NULL DEFAULT 'good-condition',
  `description` varchar(255) CHARACTER SET utf8mb4 COLLATE utf8mb4_spanish_ci DEFAULT NULL,
  `created_at` datetime DEFAULT CURRENT_TIMESTAMP,
  `updated_at` datetime DEFAULT CURRENT_TIMESTAMP ON UPDATE CURRENT_TIMESTAMP,
  PRIMARY KEY (`state_id`)
) ENGINE=InnoDB DEFAULT CHARSET=utf8mb4 COLLATE=utf8mb4_spanish_ci;

--
-- Dumping data for table `classroom_states`
--


--
-- Table structure for table `classrooms`
--

CREATE TABLE `classrooms` (
  `classroom_id` int NOT NULL AUTO_INCREMENT,
  `classroom_name` varchar(50) CHARACTER SET utf8mb4 COLLATE utf8mb4_spanish_ci NOT NULL,
  `capacity` int NOT NULL,
  `building` varchar(100) CHARACTER SET utf8mb4 COLLATE utf8mb4_spanish_ci NOT NULL,
  `floor` enum('ALTA','BAJA') CHARACTER SET utf8mb4 COLLATE utf8mb4_spanish_ci NOT NULL,
  `fyh_creacion` datetime DEFAULT NULL,
  `fyh_actualizacion` datetime DEFAULT NULL,
  `estado` varchar(11) CHARACTER SET utf8mb4 COLLATE utf8mb4_spanish_ci DEFAULT NULL,
  PRIMARY KEY (`classroom_id`)
) ENGINE=InnoDB AUTO_INCREMENT=68 DEFAULT CHARSET=utf8mb4 COLLATE=utf8mb4_spanish_ci;

--
-- Dumping data for table `classrooms`
--

INSERT INTO `classrooms` VALUES (1,'1',38,'EDIFICIO-A','BAJA','2024-11-19 05:27:03','2024-11-19 05:27:03','ACTIVO'),(2,'2',38,'EDIFICIO-A','BAJA','2024-11-19 05:27:03','2024-11-19 05:27:03','ACTIVO'),(3,'3',38,'EDIFICIO-A','BAJA','2024-11-19 05:27:03','2024-11-19 05:27:03','ACTIVO'),(4,'4',38,'EDIFICIO-A','BAJA','2024-11-19 05:27:03','2024-11-19 05:27:03','ACTIVO'),(5,'5',38,'EDIFICIO-A','BAJA','2024-11-19 05:27:03','2024-11-19 05:27:03','ACTIVO'),(6,'6',38,'EDIFICIO-A','BAJA','2024-11-19 05:27:03','2024-11-19 05:27:03','ACTIVO'),(7,'7',38,'EDIFICIO-A','BAJA','2024-11-19 05:27:03','2024-11-19 05:27:03','ACTIVO'),(8,'8',38,'EDIFICIO-A','BAJA','2024-11-19 05:27:03','2024-11-19 05:27:03','ACTIVO'),(9,'9',38,'EDIFICIO-A','BAJA','2024-11-19 05:27:03','2024-11-19 05:27:03','ACTIVO'),(10,'10',38,'EDIFICIO-A','ALTA','2024-11-19 05:27:03','2024-11-19 05:27:03','ACTIVO'),(11,'11',38,'EDIFICIO-A','ALTA','2024-11-19 05:27:03','2024-11-19 05:27:03','ACTIVO'),(12,'12',38,'EDIFICIO-A','ALTA','2024-11-19 05:27:03','2024-11-19 05:27:03','ACTIVO'),(13,'13',38,'EDIFICIO-A','ALTA','2024-11-19 05:27:03','2024-11-19 05:27:03','ACTIVO'),(14,'14',38,'EDIFICIO-A','ALTA','2024-11-19 05:27:03','2024-11-19 05:27:03','ACTIVO'),(15,'15',30,'EDIFICIO-A','ALTA','2024-11-19 05:27:03','2024-11-19 05:27:03','ACTIVO'),(16,'16',30,'EDIFICIO-A','ALTA','2024-11-19 05:27:03','2024-11-19 05:27:03','ACTIVO'),(17,'17',30,'EDIFICIO-A','ALTA','2024-11-19 05:27:03','2024-11-19 05:27:03','ACTIVO'),(18,'M',38,'EDIFICIO-A','ALTA','2024-11-19 05:27:03','2024-11-19 05:27:03','ACTIVO'),(19,'1',30,'EDIFICIO-B','BAJA','2024-11-19 05:27:03','2024-11-19 05:27:03','ACTIVO'),(20,'2',30,'EDIFICIO-B','BAJA','2024-11-19 05:27:03','2024-11-19 05:27:03','ACTIVO'),(21,'3',30,'EDIFICIO-B','BAJA','2024-11-19 05:27:03','2024-11-19 05:27:03','ACTIVO'),(22,'4',30,'EDIFICIO-B','BAJA','2024-11-19 05:27:03','2024-11-19 05:27:03','ACTIVO'),(23,'5',30,'EDIFICIO-B','BAJA','2024-11-19 05:27:03','2024-11-19 05:27:03','ACTIVO'),(24,'6',30,'EDIFICIO-B','BAJA','2024-11-19 05:27:03','2024-11-19 05:27:03','ACTIVO'),(25,'7',30,'EDIFICIO-B','BAJA','2024-11-19 05:27:03','2024-11-19 05:27:03','ACTIVO'),(26,'8',30,'EDIFICIO-B','ALTA','2024-11-19 05:27:03','2024-11-19 05:27:03','ACTIVO'),(27,'9',30,'EDIFICIO-B','ALTA','2024-11-19 05:27:03','2024-11-19 05:27:03','ACTIVO'),(28,'10',30,'EDIFICIO-B','ALTA','2024-11-19 05:27:03','2024-11-19 05:27:03','ACTIVO'),(29,'11',30,'EDIFICIO-B','ALTA','2024-11-19 05:27:03','2024-11-19 05:27:03','ACTIVO'),(30,'12',30,'EDIFICIO-B','ALTA','2024-11-19 05:27:03','2024-11-19 05:27:03','ACTIVO'),(31,'13',30,'EDIFICIO-B','ALTA','2024-11-19 05:27:03','2024-11-19 05:27:03','ACTIVO'),(32,'14',30,'EDIFICIO-B','ALTA','2024-11-19 05:27:03','2024-11-19 05:27:03','ACTIVO'),(33,'15',30,'EDIFICIO-B','ALTA','2024-11-19 05:27:03','2024-11-19 05:27:03','ACTIVO'),(34,'16',25,'EDIFICIO-B','ALTA','2024-11-19 05:27:03','2024-11-19 05:27:03','ACTIVO'),(35,'1',25,'EDIFICIO-C','BAJA','2024-11-19 05:27:03','2024-11-19 05:27:03','ACTIVO'),(36,'2',25,'EDIFICIO-C','BAJA','2024-11-19 05:27:03','2024-11-19 05:27:03','ACTIVO'),(37,'3',25,'EDIFICIO-C','BAJA','2024-11-19 05:27:03','2024-11-19 05:27:03','ACTIVO'),(38,'4',25,'EDIFICIO-C','BAJA','2024-11-19 05:27:03','2024-11-19 05:27:03','ACTIVO'),(39,'5',30,'EDIFICIO-C','BAJA','2024-11-19 05:27:03','2024-11-19 05:27:03','ACTIVO'),(40,'6',30,'EDIFICIO-C','BAJA','2024-11-19 05:27:03','2024-11-19 05:27:03','ACTIVO'),(41,'7',20,'EDIFICIO-C','BAJA','2024-11-19 05:27:03','2024-11-19 05:27:03','ACTIVO'),(42,'8',20,'EDIFICIO-C','BAJA','2024-11-19 05:27:03','2024-11-19 05:27:03','ACTIVO'),(43,'1',30,'EDIFICIO-D','BAJA','2024-11-19 05:27:03','2024-11-19 05:27:03','ACTIVO'),(44,'2',30,'EDIFICIO-D','BAJA','2024-11-19 05:27:03','2024-11-19 05:27:03','ACTIVO'),(45,'3',40,'EDIFICIO-D','BAJA','2024-11-19 05:27:03','2024-11-19 05:27:03','ACTIVO'),(46,'4',40,'EDIFICIO-D','BAJA','2024-11-19 05:27:03','2024-11-19 05:27:03','ACTIVO'),(47,'5',40,'EDIFICIO-D','BAJA','2024-11-19 05:27:03','2024-11-19 05:27:03','ACTIVO'),(48,'6',40,'EDIFICIO-D','BAJA','2024-11-19 05:27:03','2024-11-19 05:27:03','ACTIVO'),(49,'7',40,'EDIFICIO-D','BAJA','2024-11-19 05:27:03','2024-11-19 05:27:03','ACTIVO'),(50,'8',40,'EDIFICIO-D','BAJA','2024-11-19 05:27:03','2024-11-19 05:27:03','ACTIVO'),(51,'9',40,'EDIFICIO-D','BAJA','2024-11-19 05:27:03','2024-11-19 05:27:03','ACTIVO'),(52,'10',40,'EDIFICIO-D','ALTA','2024-11-19 05:27:03','2024-11-19 05:27:03','ACTIVO'),(53,'11',40,'EDIFICIO-D','ALTA','2024-11-19 05:27:03','2024-11-19 05:27:03','ACTIVO'),(54,'12',40,'EDIFICIO-D','ALTA','2024-11-19 05:27:03','2024-11-19 05:27:03','ACTIVO'),(55,'13',40,'EDIFICIO-D','ALTA','2024-11-19 05:27:03','2024-11-19 05:27:03','ACTIVO'),(56,'14',40,'EDIFICIO-D','ALTA','2024-11-19 05:27:03','2024-11-19 05:27:03','ACTIVO'),(57,'15',40,'EDIFICIO-D','ALTA','2024-11-19 05:27:03','2024-11-19 05:27:03','ACTIVO'),(58,'16',40,'EDIFICIO-D','ALTA','2024-11-19 05:27:03','2024-11-19 05:27:03','ACTIVO'),(59,'1',30,'EDIFICIO-E','ALTA','2024-11-19 05:27:03','2024-11-19 05:27:03','ACTIVO'),(60,'2',30,'EDIFICIO-E','ALTA','2024-11-19 05:27:03','2024-11-19 05:27:03','ACTIVO'),(61,'3',30,'EDIFICIO-E','ALTA','2024-11-19 05:27:03','2024-11-19 05:27:03','ACTIVO'),(62,'16',40,'P1','ALTA','2024-11-19 05:27:03','2024-11-19 05:27:03','ACTIVO'),(63,'17',40,'P1','ALTA','2024-11-19 05:27:03','2024-11-19 05:27:03','ACTIVO'),(64,'Zinapécuaro 1',50,'Zinapécuaro','BAJA','2025-01-06 17:27:27',NULL,'ACTIVO'),(65,'Zinapécuaro 2',50,'Zinapécuaro','BAJA','2025-01-06 17:27:43',NULL,'ACTIVO'),(66,'Zinapécuaro 3',50,'Zinapécuaro','BAJA','2025-01-06 17:28:02',NULL,'ACTIVO'),(67,'Zinapécuaro 4',50,'Zinapécuaro','BAJA','2025-01-06 17:28:10',NULL,'ACTIVO');

--
-- Table structure for table `configuracion_instituciones`
--

CREATE TABLE `configuracion_instituciones` (
  `id_config_institucion` int NOT NULL AUTO_INCREMENT,
  `nombre_institucion` varchar(255) CHARACTER SET utf8mb4 COLLATE utf8mb4_spanish_ci NOT NULL,
  `logo` varchar(255) CHARACTER SET utf8mb4 COLLATE utf8mb4_spanish_ci DEFAULT NULL,
  `direccion` varchar(255) CHARACTER SET utf8mb4 COLLATE utf8mb4_spanish_ci NOT NULL,
  `telefono` varchar(100) CHARACTER SET utf8mb4 COLLATE utf8mb4_spanish_ci DEFAULT NULL,
  `celular` varchar(100) CHARACTER SET utf8mb4 COLLATE utf8mb4_spanish_ci DEFAULT NULL,
  `correo` varchar(100) CHARACTER SET utf8mb4 COLLATE utf8mb4_spanish_ci DEFAULT NULL,
  `fyh_creacion` datetime DEFAULT NULL,
  `fyh_actualizacion` datetime DEFAULT NULL,
  `estado` varchar(11) CHARACTER SET utf8mb4 COLLATE utf8mb4_spanish_ci DEFAULT NULL,
  PRIMARY KEY (`id_config_institucion`)
) ENGINE=InnoDB AUTO_INCREMENT=2 DEFAULT CHARSET=utf8mb4 COLLATE=utf8mb4_spanish_ci;

--
-- Dumping data for table `configuracion_instituciones`
--

INSERT INTO `configuracion_instituciones` VALUES (1,'Universidad Tecnológica de Morelia','https://ut-morelia.edu.mx/wp-content/uploads/2022/05/Logo-UTM-Claro.png','Av. Vicepresidente Pino Suarez No. 750, Col. Ciudad Industrial, C.P. 58200, Morelia, Michoacán','4431135900','524431135900','informacion@ut-morelia.edu.mx','2023-12-28 20:29:10',NULL,'1');

--
-- Table structure for table `educational_levels`
--

CREATE TABLE `educational_levels` (
  `level_id` int NOT NULL AUTO_INCREMENT,
  `level_name` varchar(255) CHARACTER SET utf8mb4 COLLATE utf8mb4_spanish_ci NOT NULL,
  `group_id` int DEFAULT NULL,
  PRIMARY KEY (`level_id`),
  KEY `group_id` (`group_id`),
  CONSTRAINT `educational_levels_ibfk_1` FOREIGN KEY (`group_id`) REFERENCES `groups` (`group_id`) ON DELETE CASCADE
) ENGINE=InnoDB AUTO_INCREMENT=966 DEFAULT CHARSET=utf8mb4 COLLATE=utf8mb4_spanish_ci;

--
-- Dumping data for table `educational_levels`
--

INSERT INTO `educational_levels` VALUES (1,'TSU',NULL),(2,'LICENCIATURA',NULL),(3,'MAESTRÍA',NULL),(875,'TSU',872),(876,'TSU',873),(877,'TSU',874),(878,'TSU',875),(879,'TSU',876),(880,'TSU',877),(881,'TSU',878),(882,'TSU',879),(883,'TSU',880),(884,'TSU',881),(885,'LIC/ING',882),(886,'LIC/ING',883),(887,'TSU',884),(888,'TSU',885),(889,'TSU',886),(890,'TSU',887),(891,'TSU',888),(892,'TSU',889),(893,'TSU',890),(894,'LIC/ING',891),(895,'LIC/ING',892),(896,'TSU',893),(897,'TSU',894),(898,'TSU',895),(899,'TSU',896),(900,'TSU',897),(901,'TSU',898),(902,'TSU',899),(903,'TSU',900),(904,'TSU',901),(905,'TSU',902),(906,'TSU',903),(907,'TSU',904),(908,'TSU',905),(909,'TSU',906),(910,'TSU',907),(911,'TSU',908),(912,'TSU',909),(913,'TSU',910),(914,'TSU',911),(915,'LIC/ING',912),(916,'LIC/ING',913),(917,'LIC/ING',914),(918,'LIC/ING',915),(919,'LIC/ING',916),(920,'LIC/ING',917),(921,'TSU',918),(922,'TSU',919),(923,'TSU',920),(924,'TSU',921),(925,'LIC/ING',922),(926,'LIC/ING',923),(927,'TSU',924),(928,'TSU',925),(929,'TSU',926),(930,'TSU',927),(931,'TSU',928),(932,'LIC/ING',929),(933,'LIC/ING',930),(934,'LIC/ING',931),(935,'TSU',932),(936,'TSU',933),(937,'TSU',934),(938,'TSU',935),(939,'TSU',936),(940,'TSU',937),(941,'TSU',938),(942,'LIC/ING',939),(943,'LIC/ING',940),(944,'LIC/ING',941),(945,'LIC/ING',942),(946,'TSU',943),(947,'MTRIA',944),(948,'TSU',945),(949,'TSU',946),(950,'TSU',947),(951,'TSU',948),(955,'MTRIA',952),(956,'LIC/ING',953),(957,'LIC/ING',954),(958,'LIC/ING',955),(959,'LIC/ING',956),(960,'LIC/ING',957),(961,'LIC/ING',958),(962,'TSU',961),(963,'TSU',962),(964,'TSU',963),(965,'TSU',964);

--
-- Table structure for table `group_schedule_teacher`
--

CREATE TABLE `group_schedule_teacher` (
  `group_schedule_teacher_id` int NOT NULL AUTO_INCREMENT,
  `schedule_id` int NOT NULL,
  `teacher_id` int NOT NULL,
  `subject_id` int NOT NULL,
  `fyh_creacion` datetime DEFAULT CURRENT_TIMESTAMP,
  `fyh_actualizacion` datetime DEFAULT NULL ON UPDATE CURRENT_TIMESTAMP,
  `estado` varchar(11) CHARACTER SET utf8mb4 COLLATE utf8mb4_spanish_ci DEFAULT '1',
  PRIMARY KEY (`group_schedule_teacher_id`),
  KEY `schedule_id` (`schedule_id`),
  KEY `teacher_id` (`teacher_id`),
  KEY `subject_id` (`subject_id`),
  CONSTRAINT `group_schedule_teacher_ibfk_1` FOREIGN KEY (`schedule_id`) REFERENCES `schedules` (`schedule_id`) ON DELETE CASCADE,
  CONSTRAINT `group_schedule_teacher_ibfk_2` FOREIGN KEY (`teacher_id`) REFERENCES `teachers` (`teacher_id`) ON DELETE CASCADE,
  CONSTRAINT `group_schedule_teacher_ibfk_3` FOREIGN KEY (`subject_id`) REFERENCES `subjects` (`subject_id`) ON DELETE CASCADE
) ENGINE=InnoDB DEFAULT CHARSET=utf8mb4 COLLATE=utf8mb4_spanish_ci;

--
-- Dumping data for table `group_schedule_teacher`
--


--
-- Table structure for table `group_subjects`
--

CREATE TABLE `group_subjects` (
  `group_subject_id` int NOT NULL AUTO_INCREMENT,
  `group_id` int NOT NULL,
  `subject_id` int NOT NULL,
  `fyh_creacion` datetime DEFAULT CURRENT_TIMESTAMP,
  `fyh_actualizacion` datetime DEFAULT NULL ON UPDATE CURRENT_TIMESTAMP,
  `estado` varchar(11) CHARACTER SET utf8mb4 COLLATE utf8mb4_spanish_ci DEFAULT '1',
  PRIMARY KEY (`group_subject_id`),
  KEY `group_id` (`group_id`),
  KEY `subject_id` (`subject_id`),
  CONSTRAINT `group_subjects_ibfk_1` FOREIGN KEY (`group_id`) REFERENCES `groups` (`group_id`) ON DELETE CASCADE ON UPDATE CASCADE,
  CONSTRAINT `group_subjects_ibfk_2` FOREIGN KEY (`subject_id`) REFERENCES `subjects` (`subject_id`) ON DELETE CASCADE ON UPDATE CASCADE
) ENGINE=InnoDB AUTO_INCREMENT=1375 DEFAULT CHARSET=utf8mb4 COLLATE=utf8mb4_spanish_ci;

--
-- Dumping data for table `group_subjects`
--

INSERT INTO `group_subjects` VALUES (597,872,1644,'2024-12-18 07:07:07',NULL,'1'),(598,872,1646,'2024-12-18 07:07:07',NULL,'1'),(599,872,1694,'2024-12-18 07:07:07',NULL,'1'),(600,872,1695,'2024-12-18 07:07:07',NULL,'1'),(601,872,1696,'2024-12-18 07:07:07',NULL,'1'),(602,872,1697,'2024-12-18 07:07:07',NULL,'1'),(603,872,1698,'2024-12-18 07:07:07',NULL,'1'),(604,873,1657,'2024-12-18 07:07:07',NULL,'1'),(605,873,1658,'2024-12-18 07:07:07',NULL,'1'),(606,873,1659,'2024-12-18 07:07:07',NULL,'1'),(607,873,1870,'2024-12-18 07:07:07',NULL,'1'),(608,873,1871,'2024-12-18 07:07:07',NULL,'1'),(609,873,1872,'2024-12-18 07:07:07',NULL,'1'),(610,873,1874,'2024-12-18 07:07:07',NULL,'1'),(611,873,1876,'2024-12-18 07:07:07',NULL,'1'),(612,874,1667,'2024-12-18 07:07:08',NULL,'1'),(613,874,1669,'2024-12-18 07:07:08',NULL,'1'),(614,874,1708,'2024-12-18 07:07:08',NULL,'1'),(615,874,1710,'2024-12-18 07:07:08',NULL,'1'),(616,874,1711,'2024-12-18 07:07:08',NULL,'1'),(617,874,1712,'2024-12-18 07:07:08',NULL,'1'),(618,874,1755,'2024-12-18 07:07:08',NULL,'1'),(619,875,1667,'2024-12-18 07:07:08',NULL,'1'),(620,875,1669,'2024-12-18 07:07:08',NULL,'1'),(621,875,1708,'2024-12-18 07:07:08',NULL,'1'),(622,875,1710,'2024-12-18 07:07:08',NULL,'1'),(623,875,1711,'2024-12-18 07:07:08',NULL,'1'),(624,875,1712,'2024-12-18 07:07:08',NULL,'1'),(625,875,1755,'2024-12-18 07:07:08',NULL,'1'),(626,876,1667,'2024-12-18 07:07:08',NULL,'1'),(627,876,1669,'2024-12-18 07:07:08',NULL,'1'),(628,876,1708,'2024-12-18 07:07:08',NULL,'1'),(629,876,1710,'2024-12-18 07:07:08',NULL,'1'),(630,876,1711,'2024-12-18 07:07:08',NULL,'1'),(631,876,1712,'2024-12-18 07:07:08',NULL,'1'),(632,876,1755,'2024-12-18 07:07:08',NULL,'1'),(633,877,1667,'2024-12-18 07:07:08',NULL,'1'),(634,877,1669,'2024-12-18 07:07:08',NULL,'1'),(635,877,1708,'2024-12-18 07:07:08',NULL,'1'),(636,877,1710,'2024-12-18 07:07:08',NULL,'1'),(637,877,1711,'2024-12-18 07:07:08',NULL,'1'),(638,877,1712,'2024-12-18 07:07:08',NULL,'1'),(639,877,1755,'2024-12-18 07:07:08',NULL,'1'),(640,878,1673,'2024-12-18 07:07:08',NULL,'1'),(641,878,1822,'2024-12-18 07:07:08',NULL,'1'),(642,878,1823,'2024-12-18 07:07:08',NULL,'1'),(643,878,1824,'2024-12-18 07:07:08',NULL,'1'),(644,878,1825,'2024-12-18 07:07:08',NULL,'1'),(645,878,1826,'2024-12-18 07:07:08',NULL,'1'),(646,878,1827,'2024-12-18 07:07:08',NULL,'1'),(647,879,1679,'2024-12-18 07:07:08',NULL,'1'),(648,879,1680,'2024-12-18 07:07:08',NULL,'1'),(649,879,1885,'2024-12-18 07:07:08',NULL,'1'),(650,879,1886,'2024-12-18 07:07:08',NULL,'1'),(651,879,1887,'2024-12-18 07:07:08',NULL,'1'),(652,879,1889,'2024-12-18 07:07:08',NULL,'1'),(653,879,1891,'2024-12-18 07:07:08',NULL,'1'),(654,880,1679,'2024-12-18 07:07:09',NULL,'1'),(655,880,1680,'2024-12-18 07:07:09',NULL,'1'),(656,880,1885,'2024-12-18 07:07:09',NULL,'1'),(657,880,1886,'2024-12-18 07:07:09',NULL,'1'),(658,880,1887,'2024-12-18 07:07:09',NULL,'1'),(659,880,1889,'2024-12-18 07:07:09',NULL,'1'),(660,880,1891,'2024-12-18 07:07:09',NULL,'1'),(661,881,1679,'2024-12-18 07:07:09',NULL,'1'),(662,881,1680,'2024-12-18 07:07:09',NULL,'1'),(663,881,1885,'2024-12-18 07:07:09',NULL,'1'),(664,881,1886,'2024-12-18 07:07:09',NULL,'1'),(665,881,1887,'2024-12-18 07:07:09',NULL,'1'),(666,881,1889,'2024-12-18 07:07:09',NULL,'1'),(667,881,1891,'2024-12-18 07:07:09',NULL,'1'),(668,882,1683,'2024-12-18 07:07:09',NULL,'1'),(669,882,2017,'2024-12-18 07:07:09',NULL,'1'),(670,882,2018,'2024-12-18 07:07:09',NULL,'1'),(671,882,2019,'2024-12-18 07:07:09',NULL,'1'),(672,882,2020,'2024-12-18 07:07:09',NULL,'1'),(673,882,2021,'2024-12-18 07:07:09',NULL,'1'),(674,883,1683,'2024-12-18 07:07:09',NULL,'1'),(675,883,2017,'2024-12-18 07:07:09',NULL,'1'),(676,883,2018,'2024-12-18 07:07:09',NULL,'1'),(677,883,2019,'2024-12-18 07:07:09',NULL,'1'),(678,883,2020,'2024-12-18 07:07:09',NULL,'1'),(679,883,2021,'2024-12-18 07:07:09',NULL,'1'),(680,884,2160,'2024-12-18 07:07:09',NULL,'1'),(681,884,2161,'2024-12-18 07:07:09',NULL,'1'),(682,884,2162,'2024-12-18 07:07:09',NULL,'1'),(683,884,2163,'2024-12-18 07:07:09',NULL,'1'),(684,884,2164,'2024-12-18 07:07:09',NULL,'1'),(685,884,2165,'2024-12-18 07:07:09',NULL,'1'),(686,884,2166,'2024-12-18 07:07:09',NULL,'1'),(701,887,1701,'2024-12-18 07:07:10',NULL,'1'),(702,887,1706,'2024-12-18 07:07:10',NULL,'1'),(703,887,1707,'2024-12-18 07:07:10',NULL,'1'),(704,887,1714,'2024-12-18 07:07:10',NULL,'1'),(705,887,1715,'2024-12-18 07:07:10',NULL,'1'),(706,887,1717,'2024-12-18 07:07:10',NULL,'1'),(707,887,1719,'2024-12-18 07:07:10',NULL,'1'),(724,890,1730,'2024-12-18 07:07:10',NULL,'1'),(725,890,1733,'2024-12-18 07:07:10',NULL,'1'),(726,890,1909,'2024-12-18 07:07:10',NULL,'1'),(727,890,1911,'2024-12-18 07:07:10',NULL,'1'),(728,890,1912,'2024-12-18 07:07:10',NULL,'1'),(729,890,1913,'2024-12-18 07:07:10',NULL,'1'),(730,890,1914,'2024-12-18 07:07:10',NULL,'1'),(731,890,1916,'2024-12-18 07:07:10',NULL,'1'),(732,891,1734,'2024-12-18 07:07:10',NULL,'1'),(733,891,1739,'2024-12-18 07:07:10',NULL,'1'),(734,891,2029,'2024-12-18 07:07:10',NULL,'1'),(735,891,2030,'2024-12-18 07:07:10',NULL,'1'),(736,891,2031,'2024-12-18 07:07:10',NULL,'1'),(737,891,2032,'2024-12-18 07:07:10',NULL,'1'),(744,893,1666,'2024-12-18 07:07:11',NULL,'1'),(745,893,1668,'2024-12-18 07:07:11',NULL,'1'),(746,893,1670,'2024-12-18 07:07:11',NULL,'1'),(747,893,1671,'2024-12-18 07:07:11',NULL,'1'),(748,893,1751,'2024-12-18 07:07:11',NULL,'1'),(749,893,1752,'2024-12-18 07:07:11',NULL,'1'),(750,893,1753,'2024-12-18 07:07:11',NULL,'1'),(751,894,1721,'2024-12-18 07:07:11',NULL,'1'),(752,894,1722,'2024-12-18 07:07:11',NULL,'1'),(753,894,1723,'2024-12-18 07:07:11',NULL,'1'),(754,894,1724,'2024-12-18 07:07:11',NULL,'1'),(755,894,1725,'2024-12-18 07:07:11',NULL,'1'),(756,894,1726,'2024-12-18 07:07:11',NULL,'1'),(757,894,1757,'2024-12-18 07:07:11',NULL,'1'),(758,895,1721,'2024-12-18 07:07:11',NULL,'1'),(759,895,1722,'2024-12-18 07:07:11',NULL,'1'),(760,895,1723,'2024-12-18 07:07:11',NULL,'1'),(761,895,1724,'2024-12-18 07:07:11',NULL,'1'),(762,895,1725,'2024-12-18 07:07:11',NULL,'1'),(763,895,1726,'2024-12-18 07:07:11',NULL,'1'),(764,895,1757,'2024-12-18 07:07:11',NULL,'1'),(765,896,1721,'2024-12-18 07:07:11',NULL,'1'),(766,896,1722,'2024-12-18 07:07:11',NULL,'1'),(767,896,1723,'2024-12-18 07:07:11',NULL,'1'),(768,896,1724,'2024-12-18 07:07:11',NULL,'1'),(769,896,1725,'2024-12-18 07:07:11',NULL,'1'),(770,896,1726,'2024-12-18 07:07:11',NULL,'1'),(771,896,1757,'2024-12-18 07:07:11',NULL,'1'),(772,897,1721,'2024-12-18 07:07:11',NULL,'1'),(773,897,1722,'2024-12-18 07:07:11',NULL,'1'),(774,897,1723,'2024-12-18 07:07:11',NULL,'1'),(775,897,1724,'2024-12-18 07:07:11',NULL,'1'),(776,897,1725,'2024-12-18 07:07:11',NULL,'1'),(777,897,1726,'2024-12-18 07:07:11',NULL,'1'),(778,897,1757,'2024-12-18 07:07:11',NULL,'1'),(779,898,1721,'2024-12-18 07:07:11',NULL,'1'),(780,898,1722,'2024-12-18 07:07:11',NULL,'1'),(781,898,1723,'2024-12-18 07:07:11',NULL,'1'),(782,898,1724,'2024-12-18 07:07:11',NULL,'1'),(783,898,1725,'2024-12-18 07:07:11',NULL,'1'),(784,898,1726,'2024-12-18 07:07:11',NULL,'1'),(785,898,1757,'2024-12-18 07:07:11',NULL,'1'),(786,899,1721,'2024-12-18 07:07:11',NULL,'1'),(787,899,1722,'2024-12-18 07:07:11',NULL,'1'),(788,899,1723,'2024-12-18 07:07:11',NULL,'1'),(789,899,1724,'2024-12-18 07:07:11',NULL,'1'),(790,899,1725,'2024-12-18 07:07:12',NULL,'1'),(791,899,1726,'2024-12-18 07:07:12',NULL,'1'),(792,899,1757,'2024-12-18 07:07:12',NULL,'1'),(793,900,1721,'2024-12-18 07:07:12',NULL,'1'),(794,900,1722,'2024-12-18 07:07:12',NULL,'1'),(795,900,1723,'2024-12-18 07:07:12',NULL,'1'),(796,900,1724,'2024-12-18 07:07:12',NULL,'1'),(797,900,1725,'2024-12-18 07:07:12',NULL,'1'),(798,900,1726,'2024-12-18 07:07:12',NULL,'1'),(799,900,1757,'2024-12-18 07:07:12',NULL,'1'),(800,901,1721,'2024-12-18 07:07:12',NULL,'1'),(801,901,1722,'2024-12-18 07:07:12',NULL,'1'),(802,901,1723,'2024-12-18 07:07:12',NULL,'1'),(803,901,1724,'2024-12-18 07:07:12',NULL,'1'),(804,901,1725,'2024-12-18 07:07:12',NULL,'1'),(805,901,1726,'2024-12-18 07:07:12',NULL,'1'),(806,901,1757,'2024-12-18 07:07:12',NULL,'1'),(814,903,1763,'2024-12-18 07:07:12',NULL,'1'),(815,903,1828,'2024-12-18 07:07:12',NULL,'1'),(816,903,1829,'2024-12-18 07:07:12',NULL,'1'),(817,903,1830,'2024-12-18 07:07:12',NULL,'1'),(818,903,1832,'2024-12-18 07:07:12',NULL,'1'),(819,903,1833,'2024-12-18 07:07:12',NULL,'1'),(820,903,1834,'2024-12-18 07:07:12',NULL,'1'),(821,903,1835,'2024-12-18 07:07:12',NULL,'1'),(822,904,1769,'2024-12-18 07:07:12',NULL,'1'),(823,904,1774,'2024-12-18 07:07:12',NULL,'1'),(824,904,1917,'2024-12-18 07:07:12',NULL,'1'),(825,904,1918,'2024-12-18 07:07:12',NULL,'1'),(826,904,1951,'2024-12-18 07:07:12',NULL,'1'),(827,904,1952,'2024-12-18 07:07:12',NULL,'1'),(828,904,1954,'2024-12-18 07:07:12',NULL,'1'),(829,904,1955,'2024-12-18 07:07:12',NULL,'1'),(830,905,1769,'2024-12-18 07:07:12',NULL,'1'),(831,905,1774,'2024-12-18 07:07:12',NULL,'1'),(832,905,1917,'2024-12-18 07:07:12',NULL,'1'),(833,905,1918,'2024-12-18 07:07:12',NULL,'1'),(834,905,1951,'2024-12-18 07:07:12',NULL,'1'),(835,905,1952,'2024-12-18 07:07:12',NULL,'1'),(836,905,1954,'2024-12-18 07:07:12',NULL,'1'),(837,905,1955,'2024-12-18 07:07:13',NULL,'1'),(838,906,1769,'2024-12-18 07:07:13',NULL,'1'),(839,906,1774,'2024-12-18 07:07:13',NULL,'1'),(840,906,1917,'2024-12-18 07:07:13',NULL,'1'),(841,906,1918,'2024-12-18 07:07:13',NULL,'1'),(842,906,1951,'2024-12-18 07:07:13',NULL,'1'),(843,906,1952,'2024-12-18 07:07:13',NULL,'1'),(844,906,1954,'2024-12-18 07:07:13',NULL,'1'),(845,906,1955,'2024-12-18 07:07:13',NULL,'1'),(846,907,1769,'2024-12-18 07:07:13',NULL,'1'),(847,907,1774,'2024-12-18 07:07:13',NULL,'1'),(848,907,1917,'2024-12-18 07:07:13',NULL,'1'),(849,907,1918,'2024-12-18 07:07:13',NULL,'1'),(850,907,1951,'2024-12-18 07:07:13',NULL,'1'),(851,907,1952,'2024-12-18 07:07:13',NULL,'1'),(852,907,1954,'2024-12-18 07:07:13',NULL,'1'),(853,907,1955,'2024-12-18 07:07:13',NULL,'1'),(854,908,1769,'2024-12-18 07:07:13',NULL,'1'),(855,908,1774,'2024-12-18 07:07:13',NULL,'1'),(856,908,1917,'2024-12-18 07:07:13',NULL,'1'),(857,908,1918,'2024-12-18 07:07:13',NULL,'1'),(858,908,1951,'2024-12-18 07:07:13',NULL,'1'),(859,908,1952,'2024-12-18 07:07:13',NULL,'1'),(860,908,1954,'2024-12-18 07:07:13',NULL,'1'),(861,908,1955,'2024-12-18 07:07:13',NULL,'1'),(878,911,1775,'2024-12-18 07:07:13',NULL,'1'),(879,911,1971,'2024-12-18 07:07:13',NULL,'1'),(880,911,1973,'2024-12-18 07:07:13',NULL,'1'),(881,911,1974,'2024-12-18 07:07:13',NULL,'1'),(882,911,1975,'2024-12-18 07:07:13',NULL,'1'),(883,911,1976,'2024-12-18 07:07:13',NULL,'1'),(884,912,2022,'2024-12-18 07:07:14',NULL,'1'),(885,912,2023,'2024-12-18 07:07:14',NULL,'1'),(886,912,2024,'2024-12-18 07:07:14',NULL,'1'),(887,912,2025,'2024-12-18 07:07:14',NULL,'1'),(888,912,2026,'2024-12-18 07:07:14',NULL,'1'),(889,913,2022,'2024-12-18 07:07:14',NULL,'1'),(890,913,2023,'2024-12-18 07:07:14',NULL,'1'),(891,913,2024,'2024-12-18 07:07:14',NULL,'1'),(892,913,2025,'2024-12-18 07:07:14',NULL,'1'),(893,913,2026,'2024-12-18 07:07:14',NULL,'1'),(894,914,2022,'2024-12-18 07:07:14',NULL,'1'),(895,914,2023,'2024-12-18 07:07:14',NULL,'1'),(896,914,2024,'2024-12-18 07:07:14',NULL,'1'),(897,914,2025,'2024-12-18 07:07:14',NULL,'1'),(898,914,2026,'2024-12-18 07:07:14',NULL,'1'),(909,917,2121,'2024-12-18 07:07:14',NULL,'1'),(910,917,2122,'2024-12-18 07:07:14',NULL,'1'),(911,917,2123,'2024-12-18 07:07:14',NULL,'1'),(912,917,2124,'2024-12-18 07:07:14',NULL,'1'),(913,917,2125,'2024-12-18 07:07:14',NULL,'1'),(914,917,2126,'2024-12-18 07:07:14',NULL,'1'),(915,917,2127,'2024-12-18 07:07:14',NULL,'1'),(916,918,1735,'2024-12-18 07:07:14',NULL,'1'),(917,918,1736,'2024-12-18 07:07:14',NULL,'1'),(918,918,1737,'2024-12-18 07:07:14',NULL,'1'),(919,918,1738,'2024-12-18 07:07:14',NULL,'1'),(920,918,1740,'2024-12-18 07:07:14',NULL,'1'),(921,918,1795,'2024-12-18 07:07:14',NULL,'1'),(922,918,1796,'2024-12-18 07:07:14',NULL,'1'),(930,920,1807,'2024-12-18 07:07:15',NULL,'1'),(931,920,1821,'2024-12-18 07:07:15',NULL,'1'),(932,920,1831,'2024-12-18 07:07:15',NULL,'1'),(933,920,1839,'2024-12-18 07:07:15',NULL,'1'),(934,920,1920,'2024-12-18 07:07:15',NULL,'1'),(935,920,1923,'2024-12-18 07:07:15',NULL,'1'),(936,920,1924,'2024-12-18 07:07:15',NULL,'1'),(937,920,1926,'2024-12-18 07:07:15',NULL,'1'),(938,920,1927,'2024-12-18 07:07:15',NULL,'1'),(948,922,1849,'2024-12-18 07:07:15',NULL,'1'),(949,922,1852,'2024-12-18 07:07:15',NULL,'1'),(950,922,1863,'2024-12-18 07:07:15',NULL,'1'),(951,922,2041,'2024-12-18 07:07:15',NULL,'1'),(952,922,2042,'2024-12-18 07:07:15',NULL,'1'),(953,922,2044,'2024-12-18 07:07:15',NULL,'1'),(960,924,1742,'2024-12-18 07:07:15',NULL,'1'),(961,924,1743,'2024-12-18 07:07:15',NULL,'1'),(962,924,1744,'2024-12-18 07:07:15',NULL,'1'),(963,924,1745,'2024-12-18 07:07:15',NULL,'1'),(964,924,1746,'2024-12-18 07:07:15',NULL,'1'),(965,924,1879,'2024-12-18 07:07:15',NULL,'1'),(966,924,1880,'2024-12-18 07:07:15',NULL,'1'),(967,925,1742,'2024-12-18 07:07:15',NULL,'1'),(968,925,1743,'2024-12-18 07:07:15',NULL,'1'),(969,925,1744,'2024-12-18 07:07:15',NULL,'1'),(970,925,1745,'2024-12-18 07:07:15',NULL,'1'),(971,925,1746,'2024-12-18 07:07:15',NULL,'1'),(972,925,1879,'2024-12-18 07:07:15',NULL,'1'),(973,925,1880,'2024-12-18 07:07:15',NULL,'1'),(974,926,1902,'2024-12-18 07:07:15',NULL,'1'),(975,926,1903,'2024-12-18 07:07:15',NULL,'1'),(976,926,1907,'2024-12-18 07:07:16',NULL,'1'),(977,926,1910,'2024-12-18 07:07:16',NULL,'1'),(978,926,1915,'2024-12-18 07:07:16',NULL,'1'),(979,926,1928,'2024-12-18 07:07:16',NULL,'1'),(980,926,1929,'2024-12-18 07:07:16',NULL,'1'),(981,926,1934,'2024-12-18 07:07:16',NULL,'1'),(990,928,1919,'2024-12-18 07:07:16',NULL,'1'),(991,928,1921,'2024-12-18 07:07:16',NULL,'1'),(992,928,1997,'2024-12-18 07:07:16',NULL,'1'),(993,928,1998,'2024-12-18 07:07:16',NULL,'1'),(994,928,2001,'2024-12-18 07:07:16',NULL,'1'),(995,928,2002,'2024-12-18 07:07:16',NULL,'1'),(996,929,1922,'2024-12-18 07:07:16',NULL,'1'),(997,929,1925,'2024-12-18 07:07:16',NULL,'1'),(998,929,2046,'2024-12-18 07:07:16',NULL,'1'),(999,929,2048,'2024-12-18 07:07:16',NULL,'1'),(1000,929,2049,'2024-12-18 07:07:16',NULL,'1'),(1001,929,2050,'2024-12-18 07:07:16',NULL,'1'),(1002,930,1922,'2024-12-18 07:07:16',NULL,'1'),(1003,930,1925,'2024-12-18 07:07:16',NULL,'1'),(1004,930,2046,'2024-12-18 07:07:16',NULL,'1'),(1005,930,2048,'2024-12-18 07:07:16',NULL,'1'),(1006,930,2049,'2024-12-18 07:07:16',NULL,'1'),(1007,930,2050,'2024-12-18 07:07:16',NULL,'1'),(1008,931,1931,'2024-12-18 07:07:16',NULL,'1'),(1009,931,2147,'2024-12-18 07:07:16',NULL,'1'),(1010,931,2148,'2024-12-18 07:07:16',NULL,'1'),(1011,931,2150,'2024-12-18 07:07:16',NULL,'1'),(1012,931,2151,'2024-12-18 07:07:16',NULL,'1'),(1013,931,2152,'2024-12-18 07:07:16',NULL,'1'),(1014,932,1702,'2024-12-18 07:07:16',NULL,'1'),(1015,932,1703,'2024-12-18 07:07:16',NULL,'1'),(1016,932,1704,'2024-12-18 07:07:16',NULL,'1'),(1017,932,1705,'2024-12-18 07:07:16',NULL,'1'),(1018,932,1939,'2024-12-18 07:07:16',NULL,'1'),(1019,932,1941,'2024-12-18 07:07:16',NULL,'1'),(1020,932,1944,'2024-12-18 07:07:16',NULL,'1'),(1028,934,1702,'2024-12-18 07:07:17',NULL,'1'),(1029,934,1703,'2024-12-18 07:07:17',NULL,'1'),(1030,934,1704,'2024-12-18 07:07:17',NULL,'1'),(1031,934,1705,'2024-12-18 07:07:17',NULL,'1'),(1032,934,1939,'2024-12-18 07:07:17',NULL,'1'),(1033,934,1941,'2024-12-18 07:07:17',NULL,'1'),(1034,934,1944,'2024-12-18 07:07:17',NULL,'1'),(1035,935,1877,'2024-12-18 07:07:17',NULL,'1'),(1036,935,1883,'2024-12-18 07:07:17',NULL,'1'),(1037,935,1884,'2024-12-18 07:07:17',NULL,'1'),(1038,935,1956,'2024-12-18 07:07:17',NULL,'1'),(1039,935,1958,'2024-12-18 07:07:17',NULL,'1'),(1040,935,1972,'2024-12-18 07:07:17',NULL,'1'),(1041,935,1986,'2024-12-18 07:07:17',NULL,'1'),(1042,935,1999,'2024-12-18 07:07:17',NULL,'1'),(1043,936,1877,'2024-12-18 07:07:17',NULL,'1'),(1044,936,1883,'2024-12-18 07:07:17',NULL,'1'),(1045,936,1884,'2024-12-18 07:07:17',NULL,'1'),(1046,936,1956,'2024-12-18 07:07:17',NULL,'1'),(1047,936,1958,'2024-12-18 07:07:17',NULL,'1'),(1048,936,1972,'2024-12-18 07:07:17',NULL,'1'),(1049,936,1986,'2024-12-18 07:07:17',NULL,'1'),(1050,936,1999,'2024-12-18 07:07:17',NULL,'1'),(1059,938,1957,'2024-12-18 07:07:17',NULL,'1'),(1060,938,1959,'2024-12-18 07:07:17',NULL,'1'),(1061,938,1960,'2024-12-18 07:07:17',NULL,'1'),(1062,938,1961,'2024-12-18 07:07:17',NULL,'1'),(1063,938,1962,'2024-12-18 07:07:17',NULL,'1'),(1064,938,1963,'2024-12-18 07:07:17',NULL,'1'),(1065,938,1964,'2024-12-18 07:07:17',NULL,'1'),(1066,938,2000,'2024-12-18 07:07:17',NULL,'1'),(1067,939,2006,'2024-12-18 07:07:17',NULL,'1'),(1068,939,2011,'2024-12-18 07:07:17',NULL,'1'),(1069,939,2012,'2024-12-18 07:07:17',NULL,'1'),(1070,939,2013,'2024-12-18 07:07:17',NULL,'1'),(1071,939,2014,'2024-12-18 07:07:17',NULL,'1'),(1072,939,2015,'2024-12-18 07:07:17',NULL,'1'),(1073,939,2016,'2024-12-18 07:07:18',NULL,'1'),(1074,940,2006,'2024-12-18 07:07:18',NULL,'1'),(1075,940,2011,'2024-12-18 07:07:18',NULL,'1'),(1076,940,2012,'2024-12-18 07:07:18',NULL,'1'),(1077,940,2013,'2024-12-18 07:07:18',NULL,'1'),(1078,940,2014,'2024-12-18 07:07:18',NULL,'1'),(1079,940,2015,'2024-12-18 07:07:18',NULL,'1'),(1080,940,2016,'2024-12-18 07:07:18',NULL,'1'),(1088,942,2106,'2024-12-18 07:07:18',NULL,'1'),(1089,942,2107,'2024-12-18 07:07:18',NULL,'1'),(1090,942,2108,'2024-12-18 07:07:18',NULL,'1'),(1091,942,2109,'2024-12-18 07:07:18',NULL,'1'),(1092,942,2110,'2024-12-18 07:07:18',NULL,'1'),(1093,942,2111,'2024-12-18 07:07:18',NULL,'1'),(1094,942,2112,'2024-12-18 07:07:18',NULL,'1'),(1095,942,2113,'2024-12-18 07:07:18',NULL,'1'),(1096,943,1688,'2024-12-18 07:07:18',NULL,'1'),(1097,943,2004,'2024-12-18 07:07:18',NULL,'1'),(1098,943,2005,'2024-12-18 07:07:18',NULL,'1'),(1099,943,2007,'2024-12-18 07:07:18',NULL,'1'),(1100,943,2008,'2024-12-18 07:07:18',NULL,'1'),(1101,943,2009,'2024-12-18 07:07:18',NULL,'1'),(1102,943,2039,'2024-12-18 07:07:18',NULL,'1'),(1103,944,1948,'2024-12-18 07:07:18',NULL,'1'),(1104,944,1950,'2024-12-18 07:07:18',NULL,'1'),(1105,944,1984,'2024-12-18 07:07:18',NULL,'1'),(1106,944,1985,'2024-12-18 07:07:18',NULL,'1'),(1107,945,1805,'2024-12-18 07:07:18',NULL,'1'),(1108,945,2027,'2024-12-18 07:07:18',NULL,'1'),(1109,945,2028,'2024-12-18 07:07:18',NULL,'1'),(1110,945,2043,'2024-12-18 07:07:18',NULL,'1'),(1111,945,2045,'2024-12-18 07:07:18',NULL,'1'),(1112,945,2047,'2024-12-18 07:07:18',NULL,'1'),(1113,945,2051,'2024-12-18 07:07:18',NULL,'1'),(1114,946,1805,'2024-12-18 07:07:18',NULL,'1'),(1115,946,2027,'2024-12-18 07:07:18',NULL,'1'),(1116,946,2028,'2024-12-18 07:07:19',NULL,'1'),(1117,946,2043,'2024-12-18 07:07:19',NULL,'1'),(1118,946,2045,'2024-12-18 07:07:19',NULL,'1'),(1119,946,2047,'2024-12-18 07:07:19',NULL,'1'),(1120,946,2051,'2024-12-18 07:07:19',NULL,'1'),(1121,947,1805,'2024-12-18 07:07:19',NULL,'1'),(1122,947,2027,'2024-12-18 07:07:19',NULL,'1'),(1123,947,2028,'2024-12-18 07:07:19',NULL,'1'),(1124,947,2043,'2024-12-18 07:07:19',NULL,'1'),(1125,947,2045,'2024-12-18 07:07:19',NULL,'1'),(1126,947,2047,'2024-12-18 07:07:19',NULL,'1'),(1127,947,2051,'2024-12-18 07:07:19',NULL,'1'),(1128,948,1857,'2024-12-18 07:07:19',NULL,'1'),(1129,948,2054,'2024-12-18 07:07:19',NULL,'1'),(1130,948,2055,'2024-12-18 07:07:19',NULL,'1'),(1131,948,2056,'2024-12-18 07:07:19',NULL,'1'),(1132,948,2060,'2024-12-18 07:07:19',NULL,'1'),(1133,948,2067,'2024-12-18 07:07:19',NULL,'1'),(1134,948,2077,'2024-12-18 07:07:19',NULL,'1'),(1135,948,2078,'2024-12-18 07:07:19',NULL,'1'),(1158,952,1987,'2024-12-18 07:07:19',NULL,'1'),(1159,952,1988,'2024-12-18 07:07:19',NULL,'1'),(1160,952,1989,'2024-12-18 07:07:19',NULL,'1'),(1161,952,2003,'2024-12-18 07:07:19',NULL,'1'),(1162,953,1689,'2024-12-18 07:07:19',NULL,'1'),(1163,953,1690,'2024-12-18 07:07:20',NULL,'1'),(1164,953,1691,'2024-12-18 07:07:20',NULL,'1'),(1165,953,1692,'2024-12-18 07:07:20',NULL,'1'),(1166,953,1749,'2024-12-18 07:07:20',NULL,'1'),(1167,953,2087,'2024-12-18 07:07:20',NULL,'1'),(1168,953,2153,'2024-12-18 07:07:20',NULL,'1'),(1169,954,1754,'2024-12-18 07:07:20',NULL,'1'),(1170,954,1804,'2024-12-18 07:07:20',NULL,'1'),(1171,954,1806,'2024-12-18 07:07:20',NULL,'1'),(1172,954,2105,'2024-12-18 07:07:20',NULL,'1'),(1173,954,2155,'2024-12-18 07:07:20',NULL,'1'),(1174,954,2158,'2024-12-18 07:07:20',NULL,'1'),(1175,955,1754,'2024-12-18 07:07:20',NULL,'1'),(1176,955,1804,'2024-12-18 07:07:20',NULL,'1'),(1177,955,1806,'2024-12-18 07:07:20',NULL,'1'),(1178,955,2105,'2024-12-18 07:07:20',NULL,'1'),(1179,955,2155,'2024-12-18 07:07:20',NULL,'1'),(1180,955,2158,'2024-12-18 07:07:20',NULL,'1'),(1181,956,1858,'2024-12-18 07:07:20',NULL,'1'),(1182,956,1859,'2024-12-18 07:07:20',NULL,'1'),(1183,956,1860,'2024-12-18 07:07:20',NULL,'1'),(1184,956,1861,'2024-12-18 07:07:20',NULL,'1'),(1185,956,1862,'2024-12-18 07:07:20',NULL,'1'),(1186,956,2145,'2024-12-18 07:07:20',NULL,'1'),(1187,957,2038,'2024-12-18 07:07:20',NULL,'1'),(1188,957,2169,'2024-12-18 07:07:20',NULL,'1'),(1189,957,2170,'2024-12-18 07:07:20',NULL,'1'),(1190,957,2171,'2024-12-18 07:07:20',NULL,'1'),(1191,957,2172,'2024-12-18 07:07:20',NULL,'1'),(1192,957,2173,'2024-12-18 07:07:20',NULL,'1'),(1193,957,2174,'2024-12-18 07:07:20',NULL,'1'),(1194,958,1940,'2024-12-18 07:07:20',NULL,'1'),(1195,958,1942,'2024-12-18 07:07:20',NULL,'1'),(1196,958,1943,'2024-12-18 07:07:20',NULL,'1'),(1197,958,1945,'2024-12-18 07:07:20',NULL,'1'),(1198,958,1946,'2024-12-18 07:07:20',NULL,'1'),(1199,958,1947,'2024-12-18 07:07:20',NULL,'1'),(1214,961,2040,'2024-12-18 17:03:03',NULL,'1'),(1215,961,2083,'2024-12-18 17:03:03',NULL,'1'),(1216,961,2084,'2024-12-18 17:03:03',NULL,'1'),(1217,961,2085,'2024-12-18 17:03:03',NULL,'1'),(1218,961,2086,'2024-12-18 17:03:03',NULL,'1'),(1219,961,2088,'2024-12-18 17:03:03',NULL,'1'),(1220,961,2097,'2024-12-18 17:03:03',NULL,'1'),(1221,962,2040,'2024-12-18 17:03:03',NULL,'1'),(1222,962,2083,'2024-12-18 17:03:03',NULL,'1'),(1223,962,2084,'2024-12-18 17:03:03',NULL,'1'),(1224,962,2085,'2024-12-18 17:03:03',NULL,'1'),(1225,962,2086,'2024-12-18 17:03:03',NULL,'1'),(1226,962,2088,'2024-12-18 17:03:03',NULL,'1'),(1227,962,2097,'2024-12-18 17:03:03',NULL,'1'),(1228,963,2052,'2024-12-18 17:03:03',NULL,'1'),(1229,963,2128,'2024-12-18 17:03:03',NULL,'1'),(1230,963,2129,'2024-12-18 17:03:03',NULL,'1'),(1231,963,2135,'2024-12-18 17:03:03',NULL,'1'),(1232,963,2136,'2024-12-18 17:03:03',NULL,'1'),(1233,963,2139,'2024-12-18 17:03:03',NULL,'1'),(1234,963,2140,'2024-12-18 17:03:03',NULL,'1'),(1235,964,2052,'2024-12-18 17:03:03',NULL,'1'),(1236,964,2128,'2024-12-18 17:03:03',NULL,'1'),(1237,964,2129,'2024-12-18 17:03:04',NULL,'1'),(1238,964,2135,'2024-12-18 17:03:04',NULL,'1'),(1239,964,2136,'2024-12-18 17:03:04',NULL,'1'),(1240,964,2139,'2024-12-18 17:03:04',NULL,'1'),(1241,964,2140,'2024-12-18 17:03:04',NULL,'1'),(1242,885,1686,'2024-12-30 20:17:10',NULL,'1'),(1243,885,1687,'2024-12-30 20:17:10',NULL,'1'),(1244,885,1727,'2024-12-30 20:17:10',NULL,'1'),(1245,885,1728,'2024-12-30 20:17:10',NULL,'1'),(1246,885,1729,'2024-12-30 20:17:10',NULL,'1'),(1247,885,1731,'2024-12-30 20:17:10',NULL,'1'),(1248,885,1732,'2024-12-30 20:17:10',NULL,'1'),(1249,886,1686,'2024-12-30 20:17:36',NULL,'1'),(1250,886,1687,'2024-12-30 20:17:36',NULL,'1'),(1251,886,1727,'2024-12-30 20:17:36',NULL,'1'),(1252,886,1728,'2024-12-30 20:17:36',NULL,'1'),(1253,886,1729,'2024-12-30 20:17:36',NULL,'1'),(1254,886,1731,'2024-12-30 20:17:36',NULL,'1'),(1255,886,1732,'2024-12-30 20:17:36',NULL,'1'),(1256,902,1721,'2025-01-06 23:29:02',NULL,'ACTIVO'),(1257,902,1722,'2025-01-06 23:29:02',NULL,'ACTIVO'),(1258,902,1723,'2025-01-06 23:29:02',NULL,'ACTIVO'),(1259,902,1724,'2025-01-06 23:29:02',NULL,'ACTIVO'),(1260,902,1725,'2025-01-06 23:29:02',NULL,'ACTIVO'),(1261,902,1726,'2025-01-06 23:29:02',NULL,'ACTIVO'),(1262,902,1757,'2025-01-06 23:29:02',NULL,'ACTIVO'),(1263,910,1769,'2025-01-06 23:29:22',NULL,'ACTIVO'),(1264,910,1774,'2025-01-06 23:29:22',NULL,'ACTIVO'),(1265,910,1917,'2025-01-06 23:29:22',NULL,'ACTIVO'),(1266,910,1918,'2025-01-06 23:29:22',NULL,'ACTIVO'),(1267,910,1951,'2025-01-06 23:29:22',NULL,'ACTIVO'),(1268,910,1952,'2025-01-06 23:29:22',NULL,'ACTIVO'),(1269,910,1954,'2025-01-06 23:29:22',NULL,'ACTIVO'),(1270,910,1955,'2025-01-06 23:29:22',NULL,'ACTIVO'),(1271,916,2022,'2025-01-06 23:29:42',NULL,'ACTIVO'),(1272,916,2023,'2025-01-06 23:29:42',NULL,'ACTIVO'),(1273,916,2024,'2025-01-06 23:29:42',NULL,'ACTIVO'),(1274,916,2025,'2025-01-06 23:29:42',NULL,'ACTIVO'),(1275,916,2026,'2025-01-06 23:29:42',NULL,'ACTIVO'),(1276,937,1877,'2025-01-06 23:29:53',NULL,'ACTIVO'),(1277,937,1883,'2025-01-06 23:29:53',NULL,'ACTIVO'),(1278,937,1884,'2025-01-06 23:29:53',NULL,'ACTIVO'),(1279,937,1956,'2025-01-06 23:29:53',NULL,'ACTIVO'),(1280,937,1958,'2025-01-06 23:29:53',NULL,'ACTIVO'),(1281,937,1972,'2025-01-06 23:29:53',NULL,'ACTIVO'),(1282,937,1986,'2025-01-06 23:29:53',NULL,'ACTIVO'),(1283,937,1999,'2025-01-06 23:29:53',NULL,'ACTIVO'),(1284,941,2006,'2025-01-06 23:30:07',NULL,'ACTIVO'),(1285,941,2011,'2025-01-06 23:30:07',NULL,'ACTIVO'),(1286,941,2012,'2025-01-06 23:30:07',NULL,'ACTIVO'),(1287,941,2013,'2025-01-06 23:30:07',NULL,'ACTIVO'),(1288,941,2014,'2025-01-06 23:30:07',NULL,'ACTIVO'),(1289,941,2015,'2025-01-06 23:30:07',NULL,'ACTIVO'),(1290,941,2016,'2025-01-06 23:30:07',NULL,'ACTIVO'),(1291,888,1701,'2025-01-07 00:14:05',NULL,'ACTIVO'),(1292,888,1706,'2025-01-07 00:14:05',NULL,'ACTIVO'),(1293,888,1707,'2025-01-07 00:14:05',NULL,'ACTIVO'),(1294,888,1714,'2025-01-07 00:14:05',NULL,'ACTIVO'),(1295,888,1715,'2025-01-07 00:14:05',NULL,'ACTIVO'),(1296,888,1717,'2025-01-07 00:14:05',NULL,'ACTIVO'),(1297,888,1719,'2025-01-07 00:14:05',NULL,'ACTIVO'),(1298,889,1716,'2025-01-07 00:14:25',NULL,'ACTIVO'),(1299,889,1718,'2025-01-07 00:14:25',NULL,'ACTIVO'),(1300,889,1720,'2025-01-07 00:14:25',NULL,'ACTIVO'),(1301,889,1900,'2025-01-07 00:14:25',NULL,'ACTIVO'),(1302,889,1901,'2025-01-07 00:14:25',NULL,'ACTIVO'),(1303,889,1904,'2025-01-07 00:14:25',NULL,'ACTIVO'),(1304,889,1905,'2025-01-07 00:14:25',NULL,'ACTIVO'),(1305,889,1906,'2025-01-07 00:14:25',NULL,'ACTIVO'),(1306,889,1908,'2025-01-07 00:14:25',NULL,'ACTIVO'),(1307,892,1734,'2025-01-07 00:14:46',NULL,'ACTIVO'),(1308,892,1739,'2025-01-07 00:14:46',NULL,'ACTIVO'),(1309,892,2029,'2025-01-07 00:14:46',NULL,'ACTIVO'),(1310,892,2030,'2025-01-07 00:14:46',NULL,'ACTIVO'),(1311,892,2031,'2025-01-07 00:14:46',NULL,'ACTIVO'),(1312,892,2032,'2025-01-07 00:14:46',NULL,'ACTIVO'),(1325,933,1702,'2025-01-07 02:49:03',NULL,'ACTIVO'),(1326,933,1703,'2025-01-07 02:49:03',NULL,'ACTIVO'),(1327,933,1704,'2025-01-07 02:49:03',NULL,'ACTIVO'),(1328,933,1705,'2025-01-07 02:49:03',NULL,'ACTIVO'),(1329,933,1939,'2025-01-07 02:49:03',NULL,'ACTIVO'),(1330,933,1941,'2025-01-07 02:49:03',NULL,'ACTIVO'),(1331,933,1944,'2025-01-07 02:49:03',NULL,'ACTIVO'),(1332,909,1769,'2025-01-07 02:53:45',NULL,'ACTIVO'),(1333,909,1774,'2025-01-07 02:53:45',NULL,'ACTIVO'),(1334,909,1917,'2025-01-07 02:53:45',NULL,'ACTIVO'),(1335,909,1918,'2025-01-07 02:53:45',NULL,'ACTIVO'),(1336,909,1951,'2025-01-07 02:53:45',NULL,'ACTIVO'),(1337,909,1952,'2025-01-07 02:53:45',NULL,'ACTIVO'),(1338,909,1954,'2025-01-07 02:53:45',NULL,'ACTIVO'),(1339,909,1955,'2025-01-07 02:53:45',NULL,'ACTIVO'),(1340,915,2022,'2025-01-07 02:54:03',NULL,'ACTIVO'),(1341,915,2023,'2025-01-07 02:54:03',NULL,'ACTIVO'),(1342,915,2024,'2025-01-07 02:54:03',NULL,'ACTIVO'),(1343,915,2025,'2025-01-07 02:54:03',NULL,'ACTIVO'),(1344,915,2026,'2025-01-07 02:54:03',NULL,'ACTIVO'),(1345,919,1735,'2025-01-07 03:11:03',NULL,'ACTIVO'),(1346,919,1736,'2025-01-07 03:11:03',NULL,'ACTIVO'),(1347,919,1737,'2025-01-07 03:11:03',NULL,'ACTIVO'),(1348,919,1738,'2025-01-07 03:11:03',NULL,'ACTIVO'),(1349,919,1740,'2025-01-07 03:11:03',NULL,'ACTIVO'),(1350,919,1795,'2025-01-07 03:11:03',NULL,'ACTIVO'),(1351,919,1796,'2025-01-07 03:11:03',NULL,'ACTIVO'),(1352,927,1902,'2025-01-07 03:12:10',NULL,'ACTIVO'),(1353,927,1903,'2025-01-07 03:12:10',NULL,'ACTIVO'),(1354,927,1907,'2025-01-07 03:12:10',NULL,'ACTIVO'),(1355,927,1910,'2025-01-07 03:12:10',NULL,'ACTIVO'),(1356,927,1915,'2025-01-07 03:12:10',NULL,'ACTIVO'),(1357,927,1928,'2025-01-07 03:12:10',NULL,'ACTIVO'),(1358,927,1929,'2025-01-07 03:12:10',NULL,'ACTIVO'),(1359,927,1934,'2025-01-07 03:12:10',NULL,'ACTIVO'),(1360,921,1807,'2025-01-07 15:11:51',NULL,'ACTIVO'),(1361,921,1821,'2025-01-07 15:11:51',NULL,'ACTIVO'),(1362,921,1831,'2025-01-07 15:11:51',NULL,'ACTIVO'),(1363,921,1839,'2025-01-07 15:11:51',NULL,'ACTIVO'),(1364,921,1920,'2025-01-07 15:11:51',NULL,'ACTIVO'),(1365,921,1923,'2025-01-07 15:11:51',NULL,'ACTIVO'),(1366,921,1924,'2025-01-07 15:11:51',NULL,'ACTIVO'),(1367,921,1926,'2025-01-07 15:11:51',NULL,'ACTIVO'),(1368,921,1927,'2025-01-07 15:11:51',NULL,'ACTIVO'),(1369,923,1864,'2025-01-07 15:17:42',NULL,'ACTIVO'),(1370,923,2141,'2025-01-07 15:17:42',NULL,'ACTIVO'),(1371,923,2142,'2025-01-07 15:17:42',NULL,'ACTIVO'),(1372,923,2143,'2025-01-07 15:17:42',NULL,'ACTIVO'),(1373,923,2144,'2025-01-07 15:17:42',NULL,'ACTIVO'),(1374,923,2146,'2025-01-07 15:17:42',NULL,'ACTIVO');

--
-- Table structure for table `groups`
--

CREATE TABLE `groups` (
  `group_id` int NOT NULL AUTO_INCREMENT,
  `group_name` varchar(255) CHARACTER SET utf8mb4 COLLATE utf8mb4_spanish_ci NOT NULL,
  `program_id` int DEFAULT NULL,
  `area` varchar(255) CHARACTER SET utf8mb4 COLLATE utf8mb4_spanish_ci DEFAULT NULL,
  `term_id` int DEFAULT NULL,
  `volume` int DEFAULT NULL,
  `turn_id` int DEFAULT NULL,
  `classroom_assigned` int DEFAULT NULL,
  `lab_assigned` int DEFAULT NULL,
  `fyh_creacion` datetime DEFAULT NULL,
  `fyh_actualizacion` datetime DEFAULT NULL,
  `estado` varchar(11) CHARACTER SET utf8mb4 COLLATE utf8mb4_spanish_ci DEFAULT NULL,
  PRIMARY KEY (`group_id`),
  KEY `program_id` (`program_id`),
  KEY `area` (`area`),
  KEY `term_id` (`term_id`),
  KEY `turn_id` (`turn_id`),
  KEY `classroom_assigned` (`classroom_assigned`),
  KEY `lab_assigned` (`lab_assigned`),
  CONSTRAINT `groups_ibfk_1` FOREIGN KEY (`program_id`) REFERENCES `programs` (`program_id`),
  CONSTRAINT `groups_ibfk_2` FOREIGN KEY (`area`) REFERENCES `programs` (`area`) ON UPDATE CASCADE,
  CONSTRAINT `groups_ibfk_3` FOREIGN KEY (`term_id`) REFERENCES `terms` (`term_id`),
  CONSTRAINT `groups_ibfk_4` FOREIGN KEY (`turn_id`) REFERENCES `shifts` (`shift_id`),
  CONSTRAINT `groups_ibfk_5` FOREIGN KEY (`classroom_assigned`) REFERENCES `classrooms` (`classroom_id`),
  CONSTRAINT `groups_ibfk_6` FOREIGN KEY (`lab_assigned`) REFERENCES `labs` (`lab_id`)
) ENGINE=InnoDB AUTO_INCREMENT=965 DEFAULT CHARSET=utf8mb4 COLLATE=utf8mb4_spanish_ci;

--
-- Dumping data for table `groups`
--

INSERT INTO `groups` VALUES (872,'AFC-2A',1,'AFC',2,11,1,NULL,NULL,'2024-12-18 07:07:07',NULL,'1'),(873,'AFC-5A',2,'AFC',5,11,1,NULL,NULL,'2024-12-18 07:07:07',NULL,'1'),(874,'DMI-2A',4,'DMI',2,26,1,NULL,NULL,'2024-12-18 07:07:07',NULL,'1'),(875,'DMI-2B',4,'DMI',2,25,1,NULL,NULL,'2024-12-18 07:07:08',NULL,'1'),(876,'DMI-2C',4,'DMI',2,22,2,NULL,NULL,'2024-12-18 07:07:08',NULL,'1'),(877,'DMI-2D',4,'DMI',2,22,2,NULL,NULL,'2024-12-18 07:07:08',NULL,'1'),(878,'DMI-4A',4,'DMI',4,12,2,NULL,NULL,'2024-12-18 07:07:08',NULL,'1'),(879,'DMI-5A',4,'DMI',5,20,1,NULL,NULL,'2024-12-18 07:07:08',NULL,'1'),(880,'DMI-5B',4,'DMI',5,20,1,NULL,NULL,'2024-12-18 07:07:08',NULL,'1'),(881,'DMI-5C',4,'DMI',5,20,2,NULL,NULL,'2024-12-18 07:07:09',NULL,'1'),(882,'DMI-8A',4,'DMI',8,30,6,NULL,NULL,'2024-12-18 07:07:09',NULL,'1'),(883,'DMI-8B',4,'DMI',8,27,6,NULL,NULL,'2024-12-18 07:07:09',NULL,'1'),(884,'EMV-2A',28,'EMV',2,6,1,NULL,NULL,'2024-12-18 07:07:09',NULL,'1'),(885,'ENF-2A',14,'ENF',2,32,5,15,NULL,'2024-12-18 07:07:09','2024-12-30 20:17:10','1'),(886,'ENF-2B',14,'ENF',2,33,5,41,NULL,'2024-12-18 07:07:09','2024-12-30 20:17:36','1'),(887,'ERV-2A',8,'ERV',2,16,1,NULL,NULL,'2024-12-18 07:07:10',NULL,'1'),(888,'ERV-2B',8,'ERV',2,5,3,59,NULL,'2024-12-18 07:07:10','2025-01-07 00:14:05','1'),(889,'ERV-5B',10,'ERV',5,8,3,60,NULL,'2024-12-18 07:07:10','2025-01-07 00:14:25','1'),(890,'ERV-5A',11,'ERV',5,8,1,NULL,NULL,'2024-12-18 07:07:10',NULL,'1'),(891,'ERV-8A',26,'ERV',8,16,6,NULL,NULL,'2024-12-18 07:07:10',NULL,'1'),(892,'ERV-8B',26,'ERV',8,12,3,35,NULL,'2024-12-18 07:07:10','2025-01-07 00:14:46','1'),(893,'GST-1A',12,'GST',1,20,1,NULL,NULL,'2024-12-18 07:07:10',NULL,'1'),(894,'GST-2A',12,'GST',2,28,1,NULL,NULL,'2024-12-18 07:07:11',NULL,'1'),(895,'GST-2B',12,'GST',2,29,1,NULL,NULL,'2024-12-18 07:07:11',NULL,'1'),(896,'GST-2C',12,'GST',2,30,1,NULL,NULL,'2024-12-18 07:07:11',NULL,'1'),(897,'GST-2D',12,'GST',2,33,1,NULL,NULL,'2024-12-18 07:07:11',NULL,'1'),(898,'GST-2E',12,'GST',2,32,2,NULL,NULL,'2024-12-18 07:07:11',NULL,'1'),(899,'GST-2F',12,'GST',2,32,2,NULL,NULL,'2024-12-18 07:07:11',NULL,'1'),(900,'GST-2G',12,'GST',2,32,2,NULL,NULL,'2024-12-18 07:07:12',NULL,'1'),(901,'GST-2H',12,'GST',2,32,2,NULL,NULL,'2024-12-18 07:07:12',NULL,'1'),(902,'GST-2Z',12,'GST',2,11,4,64,NULL,'2024-12-18 07:07:12','2025-01-06 23:29:02','1'),(903,'GST-4A',12,'GST',4,22,1,NULL,NULL,'2024-12-18 07:07:12',NULL,'1'),(904,'GST-5A',12,'GST',5,27,1,NULL,NULL,'2024-12-18 07:07:12',NULL,'1'),(905,'GST-5B',12,'GST',5,29,1,NULL,NULL,'2024-12-18 07:07:12',NULL,'1'),(906,'GST-5C',12,'GST',5,28,1,NULL,NULL,'2024-12-18 07:07:13',NULL,'1'),(907,'GST-5D',12,'GST',5,24,1,NULL,NULL,'2024-12-18 07:07:13',NULL,'1'),(908,'GST-5E',12,'GST',5,29,2,NULL,NULL,'2024-12-18 07:07:13',NULL,'1'),(909,'GST-5F',12,'GST',5,29,2,51,NULL,'2024-12-18 07:07:13','2025-01-07 02:53:45','1'),(910,'GST-5Z',12,'GST',5,18,4,65,NULL,'2024-12-18 07:07:13','2025-01-06 23:29:22','1'),(911,'GST-7A',12,'GST',7,26,6,NULL,NULL,'2024-12-18 07:07:13',NULL,'1'),(912,'GST-8A',12,'GST',8,27,6,NULL,NULL,'2024-12-18 07:07:13',NULL,'1'),(913,'GST-8B',12,'GST',8,27,6,NULL,NULL,'2024-12-18 07:07:14',NULL,'1'),(914,'GST-8C',12,'GST',8,27,6,NULL,NULL,'2024-12-18 07:07:14',NULL,'1'),(915,'GST-8D',12,'GST',8,27,7,52,NULL,'2024-12-18 07:07:14','2025-01-07 02:54:03','1'),(916,'GST-8Z',12,'GST',8,11,4,66,NULL,'2024-12-18 07:07:14','2025-01-06 23:29:42','1'),(917,'GST-10A',12,'GST',10,15,6,NULL,NULL,'2024-12-18 07:07:14',NULL,'1'),(918,'MAI-2A',15,'MAI',2,26,1,NULL,NULL,'2024-12-18 07:07:14',NULL,'1'),(919,'MAI-2B',15,'MAI',2,14,2,27,NULL,'2024-12-18 07:07:14','2025-01-07 03:11:03','1'),(920,'MAI-5A',15,'MAI',5,15,1,NULL,NULL,'2024-12-18 07:07:14',NULL,'1'),(921,'MAI-5B',15,'MAI',5,6,3,28,NULL,'2024-12-18 07:07:15','2025-01-07 15:11:51','1'),(922,'MAI-8A',15,'MAI',8,22,6,NULL,NULL,'2024-12-18 07:07:15',NULL,'1'),(923,'MAI-10A',15,'MAI',10,9,3,63,NULL,'2024-12-18 07:07:15','2025-01-07 15:17:42','1'),(924,'MEC-2A',16,'MEC',2,30,1,NULL,NULL,'2024-12-18 07:07:15',NULL,'1'),(925,'MEC-2B',16,'MEC',2,21,2,NULL,NULL,'2024-12-18 07:07:15',NULL,'1'),(926,'MEC-5A',16,'MEC',5,17,1,NULL,NULL,'2024-12-18 07:07:15',NULL,'1'),(927,'MEC-5B',16,'MEC',5,17,1,29,NULL,'2024-12-18 07:07:16','2025-01-07 03:12:10','1'),(928,'MEC-7A',16,'MEC',7,13,6,NULL,NULL,'2024-12-18 07:07:16',NULL,'1'),(929,'MEC-8A',16,'MEC',8,19,6,NULL,NULL,'2024-12-18 07:07:16',NULL,'1'),(930,'MEC-8B',16,'MEC',8,14,6,NULL,NULL,'2024-12-18 07:07:16',NULL,'1'),(931,'MEC-10A',16,'MEC',10,16,6,NULL,NULL,'2024-12-18 07:07:16',NULL,'1'),(932,'QMBT-2A',3,'QMBT',2,26,1,NULL,NULL,'2024-12-18 07:07:16',NULL,'1'),(933,'QMBT-2B',3,'QMBT',2,20,2,21,NULL,'2024-12-18 07:07:16','2025-01-07 02:49:03','1'),(934,'QMBT-2C',3,'QMBT',2,22,2,NULL,NULL,'2024-12-18 07:07:17',NULL,'1'),(935,'QMBT-5A',3,'QMBT',5,24,1,NULL,NULL,'2024-12-18 07:07:17',NULL,'1'),(936,'QMBT-5B',3,'QMBT',5,24,1,NULL,NULL,'2024-12-18 07:07:17',NULL,'1'),(937,'QMBT-5C',3,'QMBT',5,10,4,67,NULL,'2024-12-18 07:07:17','2025-01-06 23:29:53','1'),(938,'QMBT-7A',3,'QMBT',7,9,6,NULL,NULL,'2024-12-18 07:07:17',NULL,'1'),(939,'QMBT-8A',3,'QMBT',8,18,6,NULL,NULL,'2024-12-18 07:07:17',NULL,'1'),(940,'QMBT-8B',3,'QMBT',8,19,6,NULL,NULL,'2024-12-18 07:07:18',NULL,'1'),(941,'QMBT-8C',3,'QMBT',8,6,4,67,NULL,'2024-12-18 07:07:18','2025-01-06 23:30:07','1'),(942,'QMBT-10A',3,'QMBT',10,24,6,NULL,NULL,'2024-12-18 07:07:18',NULL,'1'),(943,'TI-1A',18,'TI',1,20,2,NULL,NULL,'2024-12-18 07:07:18',NULL,'1'),(944,'MTI-2A',27,'MTI',2,9,3,NULL,NULL,'2024-12-18 07:07:18',NULL,'1'),(945,'TI-2A',18,'TI',2,20,1,NULL,NULL,'2024-12-18 07:07:18',NULL,'1'),(946,'TI-2B',18,'TI',2,20,1,NULL,NULL,'2024-12-18 07:07:18',NULL,'1'),(947,'TI-2C',18,'TI',2,20,2,5,NULL,'2024-12-18 07:07:19','2024-12-18 16:14:22','1'),(948,'TI-4A',19,'TI',4,26,1,NULL,NULL,'2024-12-18 07:07:19',NULL,'1'),(952,'MTI-5A',27,'MTI',5,14,3,NULL,NULL,'2024-12-18 07:07:19',NULL,'1'),(953,'TI-7A',22,'TI',7,16,6,NULL,NULL,'2024-12-18 07:07:19',NULL,'1'),(954,'TI-8A',22,'TI',8,23,6,NULL,NULL,'2024-12-18 07:07:20',NULL,'1'),(955,'TI-8B',22,'TI',8,26,6,NULL,NULL,'2024-12-18 07:07:20',NULL,'1'),(956,'TI-8C',13,'TI',8,31,6,NULL,NULL,'2024-12-18 07:07:20',NULL,'1'),(957,'TI-10A',22,'TI',10,13,6,NULL,NULL,'2024-12-18 07:07:20',NULL,'1'),(958,'TI-10B',13,'TI',10,9,6,NULL,NULL,'2024-12-18 07:07:20',NULL,'1'),(961,'TI-5A',19,'TI',5,20,1,NULL,NULL,'2024-12-18 17:03:03',NULL,'1'),(962,'TI-5B',19,'TI',5,21,1,NULL,NULL,'2024-12-18 17:03:03',NULL,'1'),(963,'TI-5C',23,'TI',5,20,1,NULL,NULL,'2024-12-18 17:03:03',NULL,'1'),(964,'TI-5D',23,'TI',5,9,2,NULL,NULL,'2024-12-18 17:03:03',NULL,'1');

--
-- Table structure for table `labs`
--

CREATE TABLE `labs` (
  `lab_id` int NOT NULL AUTO_INCREMENT,
  `lab_name` varchar(100) CHARACTER SET utf8mb4 COLLATE utf8mb4_spanish_ci NOT NULL,
  `description` varchar(255) CHARACTER SET utf8mb4 COLLATE utf8mb4_spanish_ci DEFAULT NULL,
  `fyh_creacion` datetime DEFAULT NULL,
  `fyh_actualizacion` datetime DEFAULT NULL,
  `area` varchar(255) CHARACTER SET utf8mb4 COLLATE utf8mb4_spanish_ci DEFAULT NULL,
  PRIMARY KEY (`lab_id`)
) ENGINE=InnoDB AUTO_INCREMENT=37 DEFAULT CHARSET=utf8mb4 COLLATE=utf8mb4_spanish_ci;

--
-- Dumping data for table `labs`
--

INSERT INTO `labs` VALUES (1,'LABORATORIO AUTOMATIZACION Y CONTROL','ESPACIO PARA SISTEMAS DE AUTOMATIZACIÓN Y CONTROL INDUSTRIAL.','2024-11-19 05:27:02','2024-11-27 20:12:25',NULL),(2,'LABORATORIO DE ALIMENTOS','Laboratorio para el procesamiento y análisis de alimentos.','2024-11-19 05:27:02','2024-12-15 08:43:57','QMBT'),(3,'LABORATORIO DE BEBIDAS','ESPACIO PARA LA PREPARACIÓN Y ESTUDIO DE BEBIDAS.','2024-11-19 05:27:02','2024-12-15 08:26:03','GST'),(4,'LABORATORIO DE COCINA CALIENTE 3 U079','LABORATORIO ESPECIALIZADO EN BIOTECNOLOGÍAS APLICADAS A ALIMENTOS.','2024-11-19 05:27:02','2024-12-15 08:29:13','GST'),(5,'LABORATORIO DE CIENCIAS BASICAS','ESPACIO PARA PRÁCTICAS EN CIENCIAS FUNDAMENTALES.','2024-11-19 05:27:02','2024-12-15 08:36:19','MAI,MEC'),(6,'LABORATORIO DE COCINA CALIENTE 1','ÁREA PARA PRÁCTICAS DE COCINA CALIENTE Y ELABORACIÓN  DE PLATOS.','2024-11-19 05:27:02','2024-12-15 08:29:22','GST'),(7,'LABORATORIO DE COCINA CALIENTE 2','LABORATORIO ADICIONAL PARA TÉCNICAS AVANZADAS DE COCINA CALIENTE.','2024-11-19 05:27:02','2024-12-15 08:29:28','GST'),(8,'LABORATORIO DE COMPUTO A1','LABORATORIO DE COMPUTO EQUIPADO PARA ENSEÑANZA DE INFORMATICA BASICA.','2024-11-19 05:27:02','2024-12-15 08:46:06','TI'),(9,'LABORATORIO DE COMPUTO A2','ESPACIO DE COMPUTO AVANZADO PARA APLICACIONES INFORMATICAS.','2024-11-19 05:27:02','2024-12-15 08:46:11','TI'),(10,'LABORATORIO DE COMPUTO B1','LABORATORIO DE TECNOLOGÍAS DE LA INFORMACIÓN Y COMPUTO.','2024-11-19 05:27:02','2024-12-15 08:46:17','TI'),(11,'LABORATORIO DE COMPUTO B2','ESPACIO PARA DESARROLLO DE SOFTWARE Y APLICACIONES COMPUTACIONALES.','2024-11-19 05:27:02','2024-12-15 08:46:25','TI'),(12,'LABORATORIO DE COMPUTO MULTIDIMENSIONAL','ESPACIO DESTINADO A ENTORNOS COMPUTACIONALES MULTIDIMENSIONALES.','2024-11-19 05:27:02','2024-12-18 16:44:35','EMV,ERV'),(13,'LABORATORIO DE CORTE Y CONFECCIÓN','LABORATORIO PARA LA PRÁCTICA DE CORTE Y CONFECCIÓN TEXTIL.','2024-11-19 05:27:02','2024-12-15 08:33:32','DMI'),(14,'LABORATORIO DE CULTIVO DE TEJIDOS','LABORATORIO PARA CULTIVO DE CELULAS Y TEJIDOS VEGETALES.','2024-11-19 05:27:02','2024-12-19 17:15:42','ENF,QMBT'),(15,'LABORATORIO DE DISEÑO Y PATRONAJE','ESPACIO PARA DISEÑO Y DESARROLLO DE PATRONES EN MODA.','2024-11-19 05:27:02','2024-12-15 08:32:59','DMI'),(16,'LABORATORIO DE ELECTRICA Y ELECTRÓNICA','LABORATORIO DE SISTEMAS ELÉCTRICOS Y ELETRÓNICOS.','2024-11-19 05:27:02','2024-12-18 16:55:13','EMV,ERV'),(17,'LABORATORIO DE ELECTRICA','ESPACIO DE ENSEÑANZA EN FUNDAMENTAS ELÉCTRICOS.','2024-11-19 05:27:02','2024-12-15 08:36:43','ERV,MAI,MEC'),(18,'LABORATORIO DE ELECTRÓNICA ANALÓGICA Y DIGITAL','ESPACIO PARA PRÁCTICAS EN ELECTRÓNICA ANALÓGICA Y DIGITAL.','2024-11-19 05:27:02','2024-12-15 08:41:36','MAI,MEC'),(19,'LABORATORIO DE ENERGIAS RENOVABLES','LABORATORIO ENFOCADO EN ENERGÍAS ALTERNATIVAS Y SOSTENIBLES.','2024-11-19 05:27:02','2024-12-15 08:34:44','ERV'),(20,'LABORATORIO DE IDIOMAS A','LABORATORIO DE IDIOMAS CON RECURSOS MULTIMEDIA.','2024-11-19 05:27:02','2024-12-15 08:30:02','AFC,DMI,ENF,ERV,GST,MAI,MEC,QMBT,TI'),(21,'LABORATORIO DE IDIOMAS B','ESPACIO PARA APRENDIZAJE DE IDIOMAS CON HERRAMIENTAS DIGITALES.','2024-11-19 05:27:02','2024-12-15 08:30:15','AFC,DMI,ENF,ERV,GST,MAI,MEC,QMBT,TI'),(22,'LABORATORIO DE CONTROL NUMERICO COMPUTARIZADO','LABORATORIO AVANZADO PARA PRÁCTICA DE IDIOMAS.','2024-11-19 05:27:02','2024-11-27 20:17:37',NULL),(23,'LABORATORIO DE METAL-MECÁNICA','ÁREA PARA PRÁCTICAS DE METALURGIA Y MECANIZADO.','2024-11-19 05:27:02','2025-01-07 15:24:41','MAI'),(24,'LABORATORIO DE METROLOGÍA','LABORATORIO DE MEDICIÓN Y CALIBRACIÓN DE INSTRUMENTOS.','2024-11-19 05:27:02','2024-12-15 08:41:45','MAI,MEC'),(25,'LABORATORIO DE MICROBIOLOGÍA','ESPACIO PARA ANÁLISIS DE MICROORGANISMOS Y TÉCNICAS MICROBIOLÓGICAS.','2024-11-19 05:27:02','2024-12-15 08:41:56','QMBT'),(26,'LABORATORIO DE MULTIMEDIA','ESPACIO PARA CREACIÓN Y EDICIÓN DE CONTENIDO MULTIMEDIA.','2024-11-19 05:27:02','2024-12-15 08:46:36','TI'),(27,'LABORATORIO DE ELECTRONICA','LABORATORIO PARA ESTUDIO Y EXPERIMENTACIÓN EN ÓPTICA.','2024-11-19 05:27:02','2024-12-15 08:36:56','MAI'),(28,'LABORATORIO DE PANADERIA','ESPACIO PARA TÉCNICAS DE PANADERÍA Y RESPOSTERÍA BÁSICA.','2024-11-19 05:27:02','2024-12-15 08:29:01','GST'),(29,'LABORATORIO DE REDES DE CÓMPUTO','LABORATORIO PARA REDES DE COMPUTACIÓN Y ADMINISTRACIÓN DE SISTEMAS.','2024-11-19 05:27:02','2024-12-15 08:46:43','TI'),(30,'LABORATORIO DE REPOSTERIA','ESPACIO PARA LA ELABORACIÓN DE PRODUCTOS DE REPOSTERÍA AVANZADA.','2024-11-19 05:27:02','2024-12-15 08:28:50','GST'),(31,'LABORATORIO DE ROBOTICA EDUCATIVA, DISEÑO Y MANUFACTURA ADITIVA','LABORATORIO PARA ROBÓTICA Y FABRICACIÓN ADITIVA.','2024-11-19 05:27:02','2024-12-15 08:40:55','MEC'),(32,'LABORATORIO DE SIMULACIÓN (NO EXISTE)','LABORAATORIO PARA SIMULACIÓN EN ENTORNO VIRTUALES.','2024-11-19 05:27:02','2024-11-27 20:19:30',NULL),(33,'LABORATORIO DE TEJIDOS Y BORDADOS','LABORATORIO PARA TÉCNICAS DE TEJIDO Y BORDADO.','2024-11-19 05:27:02','2024-12-15 08:33:10','DMI'),(34,'LABORATORIO DE TEÑIDO Y ESTAMPADO','ESPACIO PARA PRÁCTICAS DE TEÑIDO Y ESTAMPADO EN TEXTILES.','2024-11-19 05:27:02','2024-12-15 08:33:22','DMI'),(35,'LABORATORIO DE TERMODINÁMICA','LABORATORIO PARA ESTUDIOS EN PRINCIPIOS TERMODINÁMICOS.','2024-11-19 05:27:02','2024-12-18 16:56:05','EMV,ERV'),(36,'LABORATORIO QUIMICA ANALITICA','ESPACIO PARA ANÁLISIS QUÍMICO Y TÉCNICAS DE LABORATORIO.','2024-11-19 05:27:02','2024-12-15 08:43:49','QMBT');

--
-- Table structure for table `login_attempts`
--

CREATE TABLE `login_attempts` (
  `id` int NOT NULL AUTO_INCREMENT,
  `email` varchar(255) CHARACTER SET utf8mb4 COLLATE utf8mb4_spanish_ci NOT NULL,
  `intentos` int DEFAULT '0',
  `intentos_fallidos` int DEFAULT '0',
  `bloqueo_activado` tinyint(1) DEFAULT '0',
  `marca_tiempo` timestamp NULL DEFAULT NULL,
  PRIMARY KEY (`id`),
  UNIQUE KEY `email` (`email`)
) ENGINE=InnoDB AUTO_INCREMENT=34 DEFAULT CHARSET=utf8mb4 COLLATE=utf8mb4_spanish_ci;

--
-- Dumping data for table `login_attempts`
--

INSERT INTO `login_attempts` VALUES (1,'admin@admin.com',0,0,0,'2024-12-19 17:19:42'),(2,'jonathan.moreno@ut-morelia.edu.mx',0,0,0,'2024-12-18 14:54:50'),(3,'esolache@ut-morelia.edu.mx',0,0,0,'2024-12-06 17:56:06'),(4,'rocio.gonzalez@ut-morelia.edu.mx',0,0,0,NULL),(5,'luis.gutierrez@ut-morelia.edu.mx',0,0,0,NULL),(6,'mequihua@ut-morelia.edu.mx',0,0,0,'2025-01-02 04:43:32'),(7,'admin1@admin.com',0,0,0,'2024-12-02 17:15:22'),(8,'laura.vieyra@ut-morelia.edu.mx',0,0,0,'2024-12-18 14:50:44'),(9,'srangel@ut-morelia.edu.mx',0,0,0,'2024-12-18 18:55:22'),(10,'',2,2,0,'2024-12-13 19:17:38'),(11,'rosa.garcia@ut-morelia.edu.mx',0,0,0,'2025-01-07 14:55:30'),(12,'jorgerodriguez@ut-morelia.edu.mx',0,0,0,NULL),(13,'jorgerodriguez@ut-moreliaedu.mx',6,6,0,'2024-12-13 02:24:54'),(14,'alberto.lucas@ut-morelia.edu.mx',0,0,0,'2024-12-19 15:09:24'),(15,'chef.mario.utm@gmail.com',0,0,0,NULL),(16,'chef..mario.utm@gmail.com',1,1,0,'2024-12-18 14:56:12'),(17,'gricelda.rodriguez@ut-morelia.edu.mx',0,0,0,NULL),(18,'jose.rodriguez@ut-morelia.edu.mx',0,0,0,'2024-12-18 18:33:46'),(19,'carlos.lopez@ut-morelia.edu.mx',0,0,0,NULL),(20,'julio.hernandez@ut-morelia.edu.mx',0,0,0,NULL),(21,'mario.gutierrez@ut-morelia.edu.mx',0,0,0,NULL),(22,'dante.garcia@ut-morelia.edu.mx',0,0,0,'2024-12-19 19:30:20'),(23,'justo.romero@ut-morelia.edu.mx',1,1,0,'2024-12-18 17:39:24'),(24,'albeto.lucas@ut-morelia.edu.mx',1,1,0,'2024-12-18 18:13:24'),(25,'emilio@admin.com',0,0,0,NULL),(26,'observador@admin.com',0,0,0,'2025-01-06 20:34:49'),(27,'observador@adm.com',0,0,0,NULL),(28,'arturo.calderon@ut-morelia.edu.mx',0,0,0,NULL),(29,'observador@admin.com.mx',0,0,0,NULL),(30,'jonathan.moreno@ut-morelia.eu.mx',0,0,0,NULL),(31,'rossy.biotec@gmail.com',0,0,0,NULL),(32,'mequihua@ut-morelia.edu.mx1234',0,0,0,NULL),(33,'jose.rodriguez@ut-morelia-edu.mx',0,0,0,NULL);

--
-- Table structure for table `manual_schedule_assignments`
--

CREATE TABLE `manual_schedule_assignments` (
  `assignment_id` int NOT NULL AUTO_INCREMENT,
  `schedule_id` int DEFAULT NULL,
  `subject_id` int DEFAULT NULL,
  `teacher_id` int DEFAULT NULL,
  `group_id` int DEFAULT NULL,
  `classroom_id` int DEFAULT NULL,
  `start_time` time DEFAULT NULL,
  `end_time` time DEFAULT NULL,
  `schedule_day` enum('Lunes','Martes','Miércoles','Jueves','Viernes','Sábado','Domingo') CHARACTER SET utf8mb4 COLLATE utf8mb4_spanish_ci DEFAULT NULL,
  `estado` varchar(11) CHARACTER SET utf8mb4 COLLATE utf8mb4_spanish_ci DEFAULT NULL,
  `fyh_creacion` datetime DEFAULT NULL,
  `fyh_actualizacion` datetime DEFAULT NULL,
  `tipo_espacio` varchar(50) CHARACTER SET utf8mb4 COLLATE utf8mb4_spanish_ci DEFAULT 'Aula',
  `lab1_assigned` tinyint(1) DEFAULT '0',
  `lab2_assigned` tinyint(1) DEFAULT '0',
  PRIMARY KEY (`assignment_id`),
  UNIQUE KEY `unique_manual_group_schedule` (`group_id`,`schedule_day`,`start_time`),
  KEY `schedule_id` (`schedule_id`),
  KEY `subject_id` (`subject_id`),
  KEY `teacher_id` (`teacher_id`),
  KEY `group_id` (`group_id`),
  KEY `classroom_id` (`classroom_id`)
) ENGINE=InnoDB AUTO_INCREMENT=1028 DEFAULT CHARSET=utf8mb4 COLLATE=utf8mb4_spanish_ci;

--
-- Dumping data for table `manual_schedule_assignments`
--

INSERT INTO `manual_schedule_assignments` VALUES (11,NULL,1885,120,879,0,'09:00:00','10:00:00','Martes','activo','2024-12-18 09:17:36',NULL,'Laboratorio',34,0),(12,NULL,1885,120,879,0,'10:00:00','11:00:00','Martes','activo','2024-12-18 09:17:46',NULL,'Laboratorio',34,0),(13,NULL,1885,120,879,0,'09:00:00','10:00:00','Miércoles','activo','2024-12-18 09:17:54',NULL,'Laboratorio',34,0),(14,NULL,1885,120,879,0,'10:00:00','11:00:00','Miércoles','activo','2024-12-18 09:17:59',NULL,'Laboratorio',34,0),(15,NULL,1885,120,880,0,'12:00:00','13:00:00','Lunes','activo','2024-12-18 09:18:02',NULL,'Laboratorio',34,0),(16,NULL,1885,120,879,0,'09:00:00','10:00:00','Jueves','activo','2024-12-18 09:18:04',NULL,'Laboratorio',34,0),(17,NULL,1885,120,879,0,'10:00:00','11:00:00','Jueves','activo','2024-12-18 09:18:08',NULL,'Laboratorio',34,0),(18,NULL,1885,120,880,0,'13:00:00','14:00:00','Lunes','activo','2024-12-18 09:18:11',NULL,'Laboratorio',34,0),(19,NULL,1885,120,880,0,'12:00:00','13:00:00','Martes','activo','2024-12-18 09:18:16',NULL,'Laboratorio',34,0),(20,NULL,1885,120,880,0,'13:00:00','14:00:00','Martes','activo','2024-12-18 09:18:21',NULL,'Laboratorio',34,0),(21,NULL,1885,120,880,0,'12:00:00','13:00:00','Jueves','activo','2024-12-18 09:18:40',NULL,'Laboratorio',34,0),(22,NULL,1885,120,880,0,'13:00:00','14:00:00','Jueves','activo','2024-12-18 09:18:44',NULL,'Laboratorio',34,0),(23,NULL,1679,52,879,0,'09:00:00','10:00:00','Viernes','activo','2024-12-18 09:19:08',NULL,'Laboratorio',15,0),(24,NULL,1679,52,879,0,'12:00:00','13:00:00','Jueves','activo','2024-12-18 09:19:30',NULL,'Laboratorio',15,0),(25,NULL,1679,52,879,0,'13:00:00','14:00:00','Jueves','activo','2024-12-18 09:19:39',NULL,'Laboratorio',15,0),(26,NULL,1679,52,879,0,'14:00:00','15:00:00','Jueves','activo','2024-12-18 09:19:42',NULL,'Laboratorio',15,0),(33,NULL,1886,NULL,880,0,'07:00:00','08:00:00','Lunes','activo','2024-12-18 09:24:23',NULL,'Laboratorio',13,0),(34,NULL,1886,NULL,880,0,'08:00:00','09:00:00','Lunes','activo','2024-12-18 09:24:27',NULL,'Laboratorio',13,0),(35,NULL,1886,NULL,880,0,'07:00:00','08:00:00','Martes','activo','2024-12-18 09:24:31',NULL,'Laboratorio',13,0),(36,NULL,1886,NULL,880,0,'08:00:00','09:00:00','Martes','activo','2024-12-18 09:24:37',NULL,'Laboratorio',13,0),(37,NULL,1886,NULL,880,0,'07:00:00','08:00:00','Viernes','activo','2024-12-18 09:24:48',NULL,'Laboratorio',13,0),(38,NULL,2017,42,882,0,'07:00:00','08:00:00','Lunes','activo','2024-12-18 09:24:50',NULL,'Laboratorio',15,0),(39,NULL,1886,NULL,880,0,'08:00:00','09:00:00','Viernes','activo','2024-12-18 09:24:51',NULL,'Laboratorio',13,0),(40,NULL,2017,42,882,0,'08:00:00','09:00:00','Lunes','activo','2024-12-18 09:25:00',NULL,'Laboratorio',15,0),(41,NULL,2017,42,882,0,'10:00:00','11:00:00','Miércoles','activo','2024-12-18 09:25:24',NULL,'Laboratorio',15,0),(42,NULL,2017,42,882,0,'11:00:00','12:00:00','Miércoles','activo','2024-12-18 09:25:38',NULL,'Laboratorio',15,0),(45,NULL,2017,42,882,0,'10:00:00','11:00:00','Jueves','activo','2024-12-18 09:25:47',NULL,'Laboratorio',15,0),(46,NULL,2017,42,882,0,'11:00:00','12:00:00','Jueves','activo','2024-12-18 09:25:55',NULL,'Laboratorio',15,0),(51,NULL,1683,2,883,0,'09:00:00','10:00:00','Lunes','activo','2024-12-18 09:28:17',NULL,'Laboratorio',15,0),(52,NULL,1683,2,883,0,'10:00:00','11:00:00','Lunes','activo','2024-12-18 09:28:23',NULL,'Laboratorio',15,0),(53,NULL,1683,2,883,0,'07:00:00','08:00:00','Miércoles','activo','2024-12-18 09:28:53',NULL,'Laboratorio',15,0),(54,NULL,1683,2,883,0,'08:00:00','09:00:00','Miércoles','activo','2024-12-18 09:28:58',NULL,'Laboratorio',15,0),(55,NULL,1683,2,883,0,'07:00:00','08:00:00','Jueves','activo','2024-12-18 09:29:04',NULL,'Laboratorio',15,0),(56,NULL,1679,NULL,881,0,'12:00:00','13:00:00','Lunes','activo','2024-12-18 09:30:36',NULL,'Laboratorio',15,0),(57,NULL,1679,NULL,881,0,'13:00:00','14:00:00','Lunes','activo','2024-12-18 09:30:42',NULL,'Laboratorio',15,0),(58,NULL,1679,NULL,881,0,'12:00:00','13:00:00','Martes','activo','2024-12-18 09:30:51',NULL,'Laboratorio',15,0),(61,NULL,1825,NULL,878,0,'14:00:00','15:00:00','Lunes','activo','2024-12-18 09:32:01',NULL,'Laboratorio',15,0),(62,NULL,1825,NULL,878,0,'15:00:00','16:00:00','Lunes','activo','2024-12-18 09:32:16',NULL,'Laboratorio',15,0),(63,NULL,1825,NULL,878,0,'14:00:00','15:00:00','Miércoles','activo','2024-12-18 09:32:42',NULL,'Laboratorio',15,0),(64,NULL,1825,NULL,878,0,'15:00:00','16:00:00','Miércoles','activo','2024-12-18 09:32:54',NULL,'Laboratorio',15,0),(65,NULL,1825,NULL,878,0,'14:00:00','15:00:00','Viernes','activo','2024-12-18 09:33:18',NULL,'Laboratorio',15,0),(66,NULL,1825,NULL,878,0,'15:00:00','16:00:00','Viernes','activo','2024-12-18 09:33:32',NULL,'Laboratorio',15,0),(67,NULL,1683,2,882,0,'07:00:00','08:00:00','Martes','activo','2024-12-18 09:35:28',NULL,'Laboratorio',15,0),(68,NULL,1683,2,882,0,'08:00:00','09:00:00','Martes','activo','2024-12-18 09:35:37',NULL,'Laboratorio',15,0),(69,NULL,1683,2,882,0,'09:00:00','10:00:00','Miércoles','activo','2024-12-18 09:35:53',NULL,'Laboratorio',15,0),(70,NULL,1683,2,882,0,'10:00:00','11:00:00','Viernes','activo','2024-12-18 09:36:28',NULL,'Laboratorio',15,0),(71,NULL,1683,2,882,0,'11:00:00','12:00:00','Viernes','activo','2024-12-18 09:36:37',NULL,'Laboratorio',15,0),(72,NULL,1712,17,875,0,'07:00:00','08:00:00','Jueves','activo','2024-12-18 09:36:52',NULL,'Laboratorio',13,0),(73,NULL,1712,17,875,0,'08:00:00','09:00:00','Jueves','activo','2024-12-18 09:36:58',NULL,'Laboratorio',13,0),(75,NULL,2017,42,883,0,'09:00:00','10:00:00','Martes','activo','2024-12-18 09:37:33',NULL,'Laboratorio',15,0),(76,NULL,2017,42,883,0,'10:00:00','11:00:00','Martes','activo','2024-12-18 09:37:45',NULL,'Laboratorio',15,0),(77,NULL,2017,42,883,0,'08:00:00','09:00:00','Jueves','activo','2024-12-18 09:38:40',NULL,'Laboratorio',15,0),(78,NULL,2017,42,883,0,'09:00:00','10:00:00','Jueves','activo','2024-12-18 09:39:00',NULL,'Laboratorio',15,0),(79,NULL,2017,42,883,0,'07:00:00','08:00:00','Viernes','activo','2024-12-18 09:39:24',NULL,'Laboratorio',15,0),(80,NULL,2017,42,883,0,'08:00:00','09:00:00','Viernes','activo','2024-12-18 09:39:31',NULL,'Laboratorio',15,0),(85,NULL,1712,17,875,0,'10:00:00','11:00:00','Martes','activo','2024-12-18 09:43:03',NULL,'Laboratorio',13,0),(86,NULL,1712,17,875,0,'11:00:00','12:00:00','Martes','activo','2024-12-18 09:43:09',NULL,'Laboratorio',13,0),(87,NULL,1679,NULL,881,0,'13:00:00','14:00:00','Martes','activo','2024-12-18 09:43:25',NULL,'Laboratorio',15,0),(88,NULL,1712,17,875,0,'10:00:00','11:00:00','Miércoles','activo','2024-12-18 09:43:44',NULL,'Laboratorio',13,0),(89,NULL,1712,17,875,0,'11:00:00','12:00:00','Miércoles','activo','2024-12-18 09:43:49',NULL,'Laboratorio',13,0),(90,NULL,1679,NULL,881,0,'16:00:00','17:00:00','Miércoles','activo','2024-12-18 09:44:25',NULL,'Laboratorio',15,0),(91,NULL,1712,NULL,874,0,'12:00:00','13:00:00','Lunes','activo','2024-12-18 09:44:39',NULL,'Laboratorio',13,0),(92,NULL,1712,NULL,874,0,'13:00:00','14:00:00','Lunes','activo','2024-12-18 09:44:50',NULL,'Laboratorio',13,0),(93,NULL,1712,NULL,874,0,'12:00:00','13:00:00','Miércoles','activo','2024-12-18 09:44:59',NULL,'Laboratorio',13,0),(94,NULL,1712,NULL,874,0,'13:00:00','14:00:00','Miércoles','activo','2024-12-18 09:45:05',NULL,'Laboratorio',13,0),(95,NULL,1679,52,879,0,'14:00:00','15:00:00','Martes','activo','2024-12-18 09:45:06',NULL,'Laboratorio',15,0),(96,NULL,1712,NULL,874,0,'12:00:00','13:00:00','Viernes','activo','2024-12-18 09:45:20',NULL,'Laboratorio',13,0),(97,NULL,1712,NULL,874,0,'13:00:00','14:00:00','Viernes','activo','2024-12-18 09:45:24',NULL,'Laboratorio',13,0),(98,NULL,1712,115,877,0,'12:00:00','13:00:00','Martes','activo','2024-12-18 09:45:46',NULL,'Laboratorio',13,0),(99,NULL,1712,115,877,0,'13:00:00','14:00:00','Martes','activo','2024-12-18 09:45:51',NULL,'Laboratorio',13,0),(100,NULL,1712,115,877,0,'12:00:00','13:00:00','Jueves','activo','2024-12-18 09:45:57',NULL,'Laboratorio',13,0),(101,NULL,1712,115,877,0,'13:00:00','14:00:00','Jueves','activo','2024-12-18 09:46:03',NULL,'Laboratorio',13,0),(102,NULL,1712,115,877,0,'14:00:00','15:00:00','Lunes','activo','2024-12-18 09:46:13',NULL,'Laboratorio',13,0),(103,NULL,1712,115,877,0,'15:00:00','16:00:00','Lunes','activo','2024-12-18 09:46:19',NULL,'Laboratorio',13,0),(104,NULL,1886,115,881,0,'14:00:00','15:00:00','Martes','activo','2024-12-18 09:46:53',NULL,'Laboratorio',13,0),(105,NULL,1886,115,881,0,'15:00:00','16:00:00','Martes','activo','2024-12-18 09:46:59',NULL,'Laboratorio',13,0),(106,NULL,1886,115,881,0,'14:00:00','15:00:00','Miércoles','activo','2024-12-18 09:47:09',NULL,'Laboratorio',13,0),(107,NULL,1886,115,881,0,'15:00:00','16:00:00','Miércoles','activo','2024-12-18 09:47:15',NULL,'Laboratorio',13,0),(108,NULL,1886,115,881,0,'14:00:00','15:00:00','Jueves','activo','2024-12-18 09:47:20',NULL,'Laboratorio',13,0),(109,NULL,1886,115,881,0,'15:00:00','16:00:00','Jueves','activo','2024-12-18 09:47:26',NULL,'Laboratorio',13,0),(110,NULL,1679,52,880,0,'12:00:00','13:00:00','Miércoles','activo','2024-12-18 09:47:41',NULL,'Laboratorio',15,0),(111,NULL,1679,52,880,0,'13:00:00','14:00:00','Miércoles','activo','2024-12-18 09:47:46',NULL,'Laboratorio',15,0),(112,NULL,1712,115,876,0,'16:00:00','17:00:00','Lunes','activo','2024-12-18 09:48:11',NULL,'Laboratorio',13,0),(113,NULL,1712,115,876,0,'17:00:00','18:00:00','Lunes','activo','2024-12-18 09:48:32',NULL,'Laboratorio',13,0),(114,NULL,1712,115,876,0,'16:00:00','17:00:00','Miércoles','activo','2024-12-18 09:48:43',NULL,'Laboratorio',13,0),(115,NULL,1712,115,876,0,'17:00:00','18:00:00','Miércoles','activo','2024-12-18 09:48:51',NULL,'Laboratorio',13,0),(116,NULL,1712,115,876,0,'16:00:00','17:00:00','Viernes','activo','2024-12-18 09:48:57',NULL,'Laboratorio',13,0),(117,NULL,1712,115,876,0,'17:00:00','18:00:00','Viernes','activo','2024-12-18 09:49:04',NULL,'Laboratorio',13,0),(118,NULL,1679,52,880,0,'11:00:00','12:00:00','Martes','activo','2024-12-18 09:50:41',NULL,'Laboratorio',15,0),(119,NULL,1679,52,880,0,'12:00:00','13:00:00','Viernes','activo','2024-12-18 09:51:07',NULL,'Laboratorio',15,0),(120,NULL,1679,52,880,0,'13:00:00','14:00:00','Viernes','activo','2024-12-18 09:51:12',NULL,'Laboratorio',15,0),(122,NULL,1972,60,937,0,'09:00:00','10:00:00','Viernes','activo','2024-12-18 09:57:09',NULL,'Laboratorio',25,0),(123,NULL,1972,60,937,0,'10:00:00','11:00:00','Viernes','activo','2024-12-18 09:57:19',NULL,'Laboratorio',25,0),(125,NULL,1972,60,937,0,'11:00:00','12:00:00','Viernes','activo','2024-12-18 09:57:31',NULL,'Laboratorio',25,0),(126,NULL,1889,NULL,879,0,'08:00:00','09:00:00','Lunes','activo','2024-12-18 10:11:11',NULL,'Laboratorio',33,0),(127,NULL,1889,NULL,879,0,'09:00:00','10:00:00','Lunes','activo','2024-12-18 10:11:19',NULL,'Laboratorio',33,0),(128,NULL,1889,NULL,880,0,'09:00:00','10:00:00','Miércoles','activo','2024-12-18 10:11:41',NULL,'Laboratorio',33,0),(129,NULL,1889,NULL,880,0,'10:00:00','11:00:00','Miércoles','activo','2024-12-18 10:11:52',NULL,'Laboratorio',33,0),(130,NULL,1889,NULL,881,0,'14:00:00','15:00:00','Viernes','activo','2024-12-18 10:12:19',NULL,'Laboratorio',33,0),(131,NULL,1889,NULL,881,0,'15:00:00','16:00:00','Viernes','activo','2024-12-18 10:12:27',NULL,'Laboratorio',33,0),(132,NULL,1715,130,887,0,'08:00:00','09:00:00','Martes','activo','2024-12-18 10:17:34',NULL,'Laboratorio',16,0),(133,NULL,1715,130,887,0,'09:00:00','10:00:00','Martes','activo','2024-12-18 10:17:39',NULL,'Laboratorio',16,0),(134,NULL,1715,130,887,0,'08:00:00','09:00:00','Jueves','activo','2024-12-18 10:17:54',NULL,'Laboratorio',16,0),(135,NULL,1730,130,890,0,'08:00:00','09:00:00','Miércoles','activo','2024-12-18 10:19:00',NULL,'Laboratorio',16,0),(136,NULL,1730,130,890,0,'09:00:00','10:00:00','Miércoles','activo','2024-12-18 10:19:33',NULL,'Laboratorio',16,0),(137,NULL,1972,60,935,0,'09:00:00','10:00:00','Lunes','activo','2024-12-18 10:20:19',NULL,'Laboratorio',25,0),(138,NULL,1972,60,935,0,'10:00:00','11:00:00','Lunes','activo','2024-12-18 10:20:25',NULL,'Laboratorio',25,0),(139,NULL,1972,60,935,0,'11:00:00','12:00:00','Lunes','activo','2024-12-18 10:20:31',NULL,'Laboratorio',25,0),(140,NULL,1972,60,936,0,'12:00:00','13:00:00','Lunes','activo','2024-12-18 10:20:53',NULL,'Laboratorio',25,0),(141,NULL,1972,60,936,0,'13:00:00','14:00:00','Lunes','activo','2024-12-18 10:20:58',NULL,'Laboratorio',25,0),(142,NULL,1972,60,936,0,'14:00:00','15:00:00','Lunes','activo','2024-12-18 10:21:04',NULL,'Laboratorio',25,0),(143,NULL,2011,149,939,0,'09:00:00','10:00:00','Martes','activo','2024-12-18 10:21:48',NULL,'Laboratorio',25,0),(144,NULL,2011,149,939,0,'10:00:00','11:00:00','Martes','activo','2024-12-18 10:21:50',NULL,'Laboratorio',25,0),(145,NULL,2011,149,939,0,'11:00:00','12:00:00','Martes','activo','2024-12-18 10:21:55',NULL,'Laboratorio',25,0),(146,NULL,2011,149,940,0,'12:00:00','13:00:00','Martes','activo','2024-12-18 10:22:10',NULL,'Laboratorio',25,0),(147,NULL,2011,149,940,0,'13:00:00','14:00:00','Martes','activo','2024-12-18 10:22:20',NULL,'Laboratorio',25,0),(148,NULL,2011,149,940,0,'14:00:00','15:00:00','Martes','activo','2024-12-18 10:22:28',NULL,'Laboratorio',25,0),(150,NULL,1706,56,887,0,'10:00:00','11:00:00','Martes','activo','2024-12-18 10:24:25',NULL,'Laboratorio',19,0),(151,NULL,1706,56,887,0,'11:00:00','12:00:00','Martes','activo','2024-12-18 10:24:36',NULL,'Laboratorio',19,0),(152,NULL,2011,NULL,941,0,'12:00:00','13:00:00','Viernes','activo','2024-12-18 10:25:07',NULL,'Laboratorio',25,0),(153,NULL,2011,NULL,941,0,'13:00:00','14:00:00','Viernes','activo','2024-12-18 10:25:13',NULL,'Laboratorio',25,0),(154,NULL,2011,NULL,941,0,'14:00:00','15:00:00','Viernes','activo','2024-12-18 10:25:19',NULL,'Laboratorio',25,0),(155,NULL,1911,18,890,0,'10:00:00','11:00:00','Miércoles','activo','2024-12-18 10:25:37',NULL,'Laboratorio',19,0),(156,NULL,1911,18,890,0,'11:00:00','12:00:00','Miércoles','activo','2024-12-18 10:25:42',NULL,'Laboratorio',19,0),(159,NULL,1939,81,932,0,'08:00:00','09:00:00','Martes','activo','2024-12-18 10:27:25',NULL,'Laboratorio',36,0),(160,NULL,1939,81,932,0,'09:00:00','10:00:00','Martes','activo','2024-12-18 10:27:33',NULL,'Laboratorio',36,0),(161,NULL,1939,81,932,0,'10:00:00','11:00:00','Martes','activo','2024-12-18 10:27:39',NULL,'Laboratorio',36,0),(162,NULL,1939,81,933,0,'11:00:00','12:00:00','Martes','activo','2024-12-18 10:28:31',NULL,'Laboratorio',36,0),(163,NULL,1939,81,933,0,'12:00:00','13:00:00','Martes','activo','2024-12-18 10:28:40',NULL,'Laboratorio',36,0),(164,NULL,1939,81,933,0,'13:00:00','14:00:00','Martes','activo','2024-12-18 10:28:46',NULL,'Laboratorio',36,0),(165,NULL,1939,81,934,0,'11:00:00','12:00:00','Miércoles','activo','2024-12-18 10:29:31',NULL,'Laboratorio',36,0),(166,NULL,1939,81,934,0,'12:00:00','13:00:00','Miércoles','activo','2024-12-18 10:29:35',NULL,'Laboratorio',36,0),(167,NULL,1939,81,934,0,'13:00:00','14:00:00','Miércoles','activo','2024-12-18 10:29:40',NULL,'Laboratorio',36,0),(168,NULL,1912,89,890,0,'09:00:00','10:00:00','Martes','activo','2024-12-18 10:30:20',NULL,'Laboratorio',35,0),(169,NULL,1912,89,890,0,'10:00:00','11:00:00','Martes','activo','2024-12-18 10:30:33',NULL,'Laboratorio',35,0),(170,NULL,1959,81,938,0,'09:00:00','10:00:00','Jueves','activo','2024-12-18 10:30:40',NULL,'Laboratorio',36,0),(171,NULL,1959,81,938,0,'10:00:00','11:00:00','Jueves','activo','2024-12-18 10:30:49',NULL,'Laboratorio',36,0),(173,NULL,1739,130,891,0,'10:00:00','11:00:00','Miércoles','activo','2024-12-18 10:33:41',NULL,'Laboratorio',35,0),(176,NULL,2030,18,891,0,'09:00:00','10:00:00','Jueves','activo','2024-12-18 10:34:02',NULL,'Laboratorio',35,0),(177,NULL,2030,18,891,0,'10:00:00','11:00:00','Jueves','activo','2024-12-18 10:34:09',NULL,'Laboratorio',35,0),(181,NULL,2107,108,942,0,'09:00:00','10:00:00','Miércoles','activo','2024-12-18 10:36:49',NULL,'Laboratorio',2,0),(182,NULL,2107,108,942,0,'10:00:00','11:00:00','Miércoles','activo','2024-12-18 10:36:53',NULL,'Laboratorio',2,0),(183,NULL,2107,108,942,0,'11:00:00','12:00:00','Miércoles','activo','2024-12-18 10:36:57',NULL,'Laboratorio',2,0),(202,NULL,1986,67,936,0,'09:00:00','10:00:00','Miércoles','activo','2024-12-18 10:43:47',NULL,'Laboratorio',14,0),(203,NULL,1986,67,936,0,'10:00:00','11:00:00','Miércoles','activo','2024-12-18 10:43:56',NULL,'Laboratorio',14,0),(204,NULL,1986,67,936,0,'11:00:00','12:00:00','Miércoles','activo','2024-12-18 10:44:02',NULL,'Laboratorio',14,0),(205,NULL,1958,86,935,0,'09:00:00','10:00:00','Jueves','activo','2024-12-18 10:45:04',NULL,'Laboratorio',14,0),(206,NULL,1958,86,935,0,'10:00:00','11:00:00','Jueves','activo','2024-12-18 10:45:08',NULL,'Laboratorio',14,0),(207,NULL,1958,86,935,0,'11:00:00','12:00:00','Jueves','activo','2024-12-18 10:45:13',NULL,'Laboratorio',14,0),(208,NULL,1958,81,936,0,'09:00:00','10:00:00','Viernes','activo','2024-12-18 10:45:34',NULL,'Laboratorio',14,0),(209,NULL,1958,81,936,0,'10:00:00','11:00:00','Viernes','activo','2024-12-18 10:45:39',NULL,'Laboratorio',14,0),(210,NULL,1958,81,936,0,'11:00:00','12:00:00','Viernes','activo','2024-12-18 10:45:45',NULL,'Laboratorio',14,0),(211,NULL,1986,NULL,937,0,'08:00:00','09:00:00','Sábado','activo','2024-12-18 10:46:19',NULL,'Laboratorio',14,0),(212,NULL,1986,NULL,937,0,'09:00:00','10:00:00','Sábado','activo','2024-12-18 10:46:25',NULL,'Laboratorio',14,0),(213,NULL,1986,NULL,937,0,'10:00:00','11:00:00','Sábado','activo','2024-12-18 10:46:29',NULL,'Laboratorio',14,0),(215,NULL,1958,NULL,937,0,'11:00:00','12:00:00','Sábado','activo','2024-12-18 10:46:38',NULL,'Laboratorio',14,0),(216,NULL,1958,NULL,937,0,'12:00:00','13:00:00','Sábado','activo','2024-12-18 10:46:42',NULL,'Laboratorio',14,0),(217,NULL,1958,NULL,937,0,'13:00:00','14:00:00','Sábado','activo','2024-12-18 10:46:46',NULL,'Laboratorio',14,0),(219,NULL,1913,18,890,0,'12:00:00','13:00:00','Jueves','activo','2024-12-18 10:49:18',NULL,'Laboratorio',19,0),(220,NULL,1913,18,890,0,'13:00:00','14:00:00','Jueves','activo','2024-12-18 10:49:23',NULL,'Laboratorio',19,0),(221,NULL,1956,108,936,0,'12:00:00','13:00:00','Martes','activo','2024-12-18 10:49:59',NULL,'Laboratorio',2,0),(222,NULL,1956,108,936,0,'13:00:00','14:00:00','Martes','activo','2024-12-18 10:50:05',NULL,'Laboratorio',2,0),(223,NULL,1956,108,936,0,'14:00:00','15:00:00','Martes','activo','2024-12-18 10:50:12',NULL,'Laboratorio',2,0),(225,NULL,1666,46,893,0,'10:00:00','11:00:00','Martes','activo','2024-12-18 10:56:27',NULL,'Laboratorio',6,0),(226,NULL,1666,46,893,0,'11:00:00','12:00:00','Martes','activo','2024-12-18 10:56:33',NULL,'Laboratorio',6,0),(227,NULL,1666,46,893,0,'12:00:00','13:00:00','Martes','activo','2024-12-18 10:56:39',NULL,'Laboratorio',6,0),(228,NULL,1666,46,893,0,'10:00:00','11:00:00','Miércoles','activo','2024-12-18 10:56:46',NULL,'Laboratorio',6,0),(229,NULL,1666,46,893,0,'11:00:00','12:00:00','Miércoles','activo','2024-12-18 10:56:51',NULL,'Laboratorio',6,0),(230,NULL,1666,46,893,0,'12:00:00','13:00:00','Miércoles','activo','2024-12-18 10:56:58',NULL,'Laboratorio',6,0),(231,NULL,2166,130,884,0,'07:00:00','08:00:00','Lunes','activo','2024-12-18 10:57:04',NULL,'Laboratorio',16,0),(232,NULL,2166,130,884,0,'08:00:00','09:00:00','Lunes','activo','2024-12-18 10:57:08',NULL,'Laboratorio',16,0),(233,NULL,1721,142,894,0,'07:00:00','08:00:00','Jueves','activo','2024-12-18 10:59:00',NULL,'Laboratorio',6,0),(234,NULL,1721,142,894,0,'08:00:00','09:00:00','Jueves','activo','2024-12-18 10:59:07',NULL,'Laboratorio',6,0),(235,NULL,1721,142,894,0,'09:00:00','10:00:00','Jueves','activo','2024-12-18 10:59:14',NULL,'Laboratorio',6,0),(236,NULL,1721,142,894,0,'13:00:00','14:00:00','Viernes','activo','2024-12-18 10:59:37',NULL,'Laboratorio',6,0),(237,NULL,1721,142,894,0,'14:00:00','15:00:00','Viernes','activo','2024-12-18 10:59:43',NULL,'Laboratorio',6,0),(238,NULL,1721,142,894,0,'15:00:00','16:00:00','Viernes','activo','2024-12-18 10:59:49',NULL,'Laboratorio',6,0),(239,NULL,1721,19,895,0,'07:00:00','08:00:00','Martes','activo','2024-12-18 11:01:05',NULL,'Laboratorio',6,0),(240,NULL,2160,NULL,884,0,'09:00:00','10:00:00','Lunes','activo','2024-12-18 11:01:09',NULL,'Laboratorio',35,0),(241,NULL,1721,19,895,0,'08:00:00','09:00:00','Martes','activo','2024-12-18 11:01:09',NULL,'Laboratorio',6,0),(242,NULL,2160,NULL,884,0,'10:00:00','11:00:00','Lunes','activo','2024-12-18 11:01:13',NULL,'Laboratorio',35,0),(243,NULL,1721,19,895,0,'09:00:00','10:00:00','Martes','activo','2024-12-18 11:01:14',NULL,'Laboratorio',6,0),(244,NULL,1721,19,895,0,'07:00:00','08:00:00','Miércoles','activo','2024-12-18 11:01:18',NULL,'Laboratorio',6,0),(245,NULL,1721,19,895,0,'08:00:00','09:00:00','Miércoles','activo','2024-12-18 11:01:23',NULL,'Laboratorio',6,0),(246,NULL,1721,19,895,0,'09:00:00','10:00:00','Miércoles','activo','2024-12-18 11:01:28',NULL,'Laboratorio',6,0),(251,NULL,1721,NULL,897,0,'10:00:00','11:00:00','Lunes','activo','2024-12-18 11:03:10',NULL,'Laboratorio',6,0),(252,NULL,1721,NULL,897,0,'11:00:00','12:00:00','Lunes','activo','2024-12-18 11:03:14',NULL,'Laboratorio',6,0),(253,NULL,1721,NULL,897,0,'12:00:00','13:00:00','Lunes','activo','2024-12-18 11:03:18',NULL,'Laboratorio',6,0),(254,NULL,1721,NULL,897,0,'10:00:00','11:00:00','Jueves','activo','2024-12-18 11:03:37',NULL,'Laboratorio',6,0),(255,NULL,1721,NULL,897,0,'11:00:00','12:00:00','Jueves','activo','2024-12-18 11:03:43',NULL,'Laboratorio',6,0),(256,NULL,1721,NULL,897,0,'12:00:00','13:00:00','Jueves','activo','2024-12-18 11:03:47',NULL,'Laboratorio',6,0),(266,NULL,1721,123,898,0,'13:00:00','14:00:00','Miércoles','activo','2024-12-18 11:08:46',NULL,'Laboratorio',6,0),(268,NULL,1721,123,898,0,'14:00:00','15:00:00','Miércoles','activo','2024-12-18 11:08:50',NULL,'Laboratorio',6,0),(269,NULL,1721,123,898,0,'15:00:00','16:00:00','Miércoles','activo','2024-12-18 11:08:55',NULL,'Laboratorio',6,0),(270,NULL,1721,123,898,0,'13:00:00','14:00:00','Lunes','activo','2024-12-18 11:09:15',NULL,'Laboratorio',7,0),(273,NULL,1721,123,898,0,'14:00:00','15:00:00','Lunes','activo','2024-12-18 11:09:19',NULL,'Laboratorio',7,0),(274,NULL,1721,123,898,0,'15:00:00','16:00:00','Lunes','activo','2024-12-18 11:09:23',NULL,'Laboratorio',7,0),(283,NULL,1721,97,900,0,'13:00:00','14:00:00','Lunes','activo','2024-12-18 11:11:24',NULL,'Laboratorio',6,0),(284,NULL,1721,97,900,0,'14:00:00','15:00:00','Lunes','activo','2024-12-18 11:11:28',NULL,'Laboratorio',6,0),(285,NULL,1721,97,900,0,'15:00:00','16:00:00','Lunes','activo','2024-12-18 11:11:32',NULL,'Laboratorio',6,0),(286,NULL,1721,97,900,0,'13:00:00','14:00:00','Jueves','activo','2024-12-18 11:11:42',NULL,'Laboratorio',6,0),(287,NULL,1721,97,900,0,'14:00:00','15:00:00','Jueves','activo','2024-12-18 11:11:47',NULL,'Laboratorio',6,0),(288,NULL,1721,97,900,0,'15:00:00','16:00:00','Jueves','activo','2024-12-18 11:11:51',NULL,'Laboratorio',6,0),(289,NULL,1721,97,901,0,'16:00:00','17:00:00','Lunes','activo','2024-12-18 11:13:09',NULL,'Laboratorio',6,0),(290,NULL,1721,97,901,0,'17:00:00','18:00:00','Lunes','activo','2024-12-18 11:13:13',NULL,'Laboratorio',6,0),(291,NULL,1721,97,901,0,'18:00:00','19:00:00','Lunes','activo','2024-12-18 11:13:18',NULL,'Laboratorio',6,0),(292,NULL,1721,97,901,0,'16:00:00','17:00:00','Martes','activo','2024-12-18 11:13:24',NULL,'Laboratorio',6,0),(293,NULL,1721,97,901,0,'17:00:00','18:00:00','Martes','activo','2024-12-18 11:13:28',NULL,'Laboratorio',6,0),(294,NULL,1721,97,901,0,'18:00:00','19:00:00','Martes','activo','2024-12-18 11:13:32',NULL,'Laboratorio',6,0),(295,NULL,2024,NULL,916,0,'08:00:00','09:00:00','Viernes','activo','2024-12-18 11:14:04',NULL,'Laboratorio',6,0),(296,NULL,2024,NULL,916,0,'09:00:00','10:00:00','Viernes','activo','2024-12-18 11:14:18',NULL,'Laboratorio',6,0),(297,NULL,2024,NULL,916,0,'10:00:00','11:00:00','Viernes','activo','2024-12-18 11:14:27',NULL,'Laboratorio',6,0),(298,NULL,2024,NULL,916,0,'11:00:00','12:00:00','Viernes','activo','2024-12-18 11:14:31',NULL,'Laboratorio',6,0),(299,NULL,2024,NULL,916,0,'12:00:00','13:00:00','Viernes','activo','2024-12-18 11:14:39',NULL,'Laboratorio',6,0),(300,NULL,1721,NULL,902,0,'08:00:00','09:00:00','Sábado','activo','2024-12-18 11:15:18',NULL,'Laboratorio',6,0),(301,NULL,1721,NULL,902,0,'09:00:00','10:00:00','Sábado','activo','2024-12-18 11:15:26',NULL,'Laboratorio',6,0),(302,NULL,1721,NULL,902,0,'10:00:00','11:00:00','Sábado','activo','2024-12-18 11:15:31',NULL,'Laboratorio',6,0),(303,NULL,1721,NULL,902,0,'11:00:00','12:00:00','Sábado','activo','2024-12-18 11:15:35',NULL,'Laboratorio',6,0),(304,NULL,1721,NULL,902,0,'12:00:00','13:00:00','Sábado','activo','2024-12-18 11:15:40',NULL,'Laboratorio',6,0),(306,NULL,1721,NULL,902,0,'13:00:00','14:00:00','Sábado','activo','2024-12-18 11:15:45',NULL,'Laboratorio',6,0),(309,NULL,2165,56,884,0,'11:00:00','12:00:00','Miércoles','activo','2024-12-18 11:17:00',NULL,'Laboratorio',12,0),(310,NULL,2165,56,884,0,'12:00:00','13:00:00','Miércoles','activo','2024-12-18 11:17:05',NULL,'Laboratorio',12,0),(322,NULL,2165,56,884,0,'11:00:00','12:00:00','Jueves','activo','2024-12-18 11:21:46',NULL,'Laboratorio',12,0),(323,NULL,1952,122,904,0,'07:00:00','08:00:00','Martes','activo','2024-12-18 11:21:50',NULL,'Laboratorio',7,0),(324,NULL,2165,56,884,0,'12:00:00','13:00:00','Jueves','activo','2024-12-18 11:21:54',NULL,'Laboratorio',12,0),(325,NULL,1952,122,904,0,'08:00:00','09:00:00','Martes','activo','2024-12-18 11:21:56',NULL,'Laboratorio',7,0),(326,NULL,1952,122,904,0,'09:00:00','10:00:00','Martes','activo','2024-12-18 11:22:01',NULL,'Laboratorio',7,0),(327,NULL,1952,122,904,0,'10:00:00','11:00:00','Miércoles','activo','2024-12-18 11:22:29',NULL,'Laboratorio',4,0),(328,NULL,1952,122,904,0,'11:00:00','12:00:00','Miércoles','activo','2024-12-18 11:22:34',NULL,'Laboratorio',4,0),(329,NULL,1952,122,904,0,'12:00:00','13:00:00','Miércoles','activo','2024-12-18 11:22:40',NULL,'Laboratorio',4,0),(330,NULL,1952,65,905,0,'10:00:00','11:00:00','Martes','activo','2024-12-18 11:23:21',NULL,'Laboratorio',7,0),(331,NULL,1952,65,905,0,'11:00:00','12:00:00','Martes','activo','2024-12-18 11:23:25',NULL,'Laboratorio',7,0),(332,NULL,1952,65,905,0,'12:00:00','13:00:00','Martes','activo','2024-12-18 11:23:31',NULL,'Laboratorio',7,0),(333,NULL,1952,65,905,0,'13:00:00','14:00:00','Miércoles','activo','2024-12-18 11:23:47',NULL,'Laboratorio',7,0),(334,NULL,1952,65,905,0,'14:00:00','15:00:00','Miércoles','activo','2024-12-18 11:23:52',NULL,'Laboratorio',7,0),(335,NULL,1952,65,905,0,'15:00:00','16:00:00','Miércoles','activo','2024-12-18 11:23:56',NULL,'Laboratorio',7,0),(336,NULL,1952,65,906,0,'10:00:00','11:00:00','Lunes','activo','2024-12-18 11:24:33',NULL,'Laboratorio',7,0),(337,NULL,1952,65,906,0,'11:00:00','12:00:00','Lunes','activo','2024-12-18 11:24:38',NULL,'Laboratorio',7,0),(338,NULL,1952,65,906,0,'12:00:00','13:00:00','Lunes','activo','2024-12-18 11:24:41',NULL,'Laboratorio',7,0),(339,NULL,1952,65,906,0,'07:00:00','08:00:00','Miércoles','activo','2024-12-18 11:25:02',NULL,'Laboratorio',4,0),(340,NULL,1952,65,906,0,'08:00:00','09:00:00','Miércoles','activo','2024-12-18 11:25:06',NULL,'Laboratorio',4,0),(341,NULL,1952,65,906,0,'09:00:00','10:00:00','Miércoles','activo','2024-12-18 11:25:10',NULL,'Laboratorio',4,0),(342,NULL,1952,122,907,0,'07:00:00','08:00:00','Lunes','activo','2024-12-18 11:25:39',NULL,'Laboratorio',7,0),(343,NULL,1952,122,907,0,'08:00:00','09:00:00','Lunes','activo','2024-12-18 11:25:43',NULL,'Laboratorio',7,0),(344,NULL,1952,122,907,0,'09:00:00','10:00:00','Lunes','activo','2024-12-18 11:25:47',NULL,'Laboratorio',7,0),(345,NULL,1952,122,907,0,'13:00:00','14:00:00','Martes','activo','2024-12-18 11:26:13',NULL,'Laboratorio',7,0),(346,NULL,1952,122,907,0,'14:00:00','15:00:00','Martes','activo','2024-12-18 11:26:18',NULL,'Laboratorio',7,0),(347,NULL,1952,122,907,0,'15:00:00','16:00:00','Martes','activo','2024-12-18 11:26:21',NULL,'Laboratorio',7,0),(348,NULL,1952,10,908,0,'16:00:00','17:00:00','Miércoles','activo','2024-12-18 11:26:51',NULL,'Laboratorio',7,0),(349,NULL,1952,10,908,0,'17:00:00','18:00:00','Miércoles','activo','2024-12-18 11:26:57',NULL,'Laboratorio',7,0),(350,NULL,1952,10,908,0,'18:00:00','19:00:00','Miércoles','activo','2024-12-18 11:27:02',NULL,'Laboratorio',7,0),(351,NULL,1952,10,908,0,'13:00:00','14:00:00','Jueves','activo','2024-12-18 11:27:27',NULL,'Laboratorio',4,0),(352,NULL,1952,10,908,0,'14:00:00','15:00:00','Jueves','activo','2024-12-18 11:27:37',NULL,'Laboratorio',4,0),(353,NULL,1952,10,908,0,'15:00:00','16:00:00','Jueves','activo','2024-12-18 11:27:41',NULL,'Laboratorio',4,0),(354,NULL,1952,10,909,0,'16:00:00','17:00:00','Lunes','activo','2024-12-18 11:28:02',NULL,'Laboratorio',7,0),(355,NULL,1952,10,909,0,'17:00:00','18:00:00','Lunes','activo','2024-12-18 11:28:06',NULL,'Laboratorio',7,0),(356,NULL,1952,10,909,0,'18:00:00','19:00:00','Lunes','activo','2024-12-18 11:28:14',NULL,'Laboratorio',7,0),(357,NULL,1952,10,909,0,'16:00:00','17:00:00','Martes','activo','2024-12-18 11:28:17',NULL,'Laboratorio',7,0),(358,NULL,1952,10,909,0,'17:00:00','18:00:00','Martes','activo','2024-12-18 11:28:21',NULL,'Laboratorio',7,0),(359,NULL,1952,10,909,0,'18:00:00','19:00:00','Martes','activo','2024-12-18 11:28:26',NULL,'Laboratorio',7,0),(360,NULL,1831,38,920,0,'09:00:00','10:00:00','Lunes','activo','2024-12-18 11:28:53',NULL,'Laboratorio',27,0),(361,NULL,1831,38,920,0,'10:00:00','11:00:00','Lunes','activo','2024-12-18 11:28:57',NULL,'Laboratorio',27,0),(362,NULL,1831,38,920,0,'11:00:00','12:00:00','Lunes','activo','2024-12-18 11:29:03',NULL,'Laboratorio',27,0),(363,NULL,1740,133,918,0,'10:00:00','11:00:00','Martes','activo','2024-12-18 11:30:31',NULL,'Laboratorio',24,0),(364,NULL,1740,133,918,0,'11:00:00','12:00:00','Martes','activo','2024-12-18 11:30:36',NULL,'Laboratorio',24,0),(365,NULL,1736,14,918,0,'10:00:00','11:00:00','Jueves','activo','2024-12-18 11:30:59',NULL,'Laboratorio',24,0),(366,NULL,1736,14,918,0,'11:00:00','12:00:00','Jueves','activo','2024-12-18 11:31:02',NULL,'Laboratorio',24,0),(367,NULL,1740,NULL,919,0,'12:00:00','13:00:00','Lunes','activo','2024-12-18 11:32:22',NULL,'Laboratorio',24,0),(368,NULL,1740,NULL,919,0,'13:00:00','14:00:00','Lunes','activo','2024-12-18 11:32:25',NULL,'Laboratorio',24,0),(369,NULL,1736,48,919,0,'12:00:00','13:00:00','Miércoles','activo','2024-12-18 11:32:55',NULL,'Laboratorio',24,0),(370,NULL,1736,48,919,0,'13:00:00','14:00:00','Miércoles','activo','2024-12-18 11:32:59',NULL,'Laboratorio',24,0),(371,NULL,1920,NULL,920,0,'10:00:00','11:00:00','Miércoles','activo','2024-12-18 11:34:14',NULL,'Laboratorio',24,0),(372,NULL,1920,NULL,920,0,'11:00:00','12:00:00','Miércoles','activo','2024-12-18 11:34:21',NULL,'Laboratorio',24,0),(373,NULL,1920,NULL,920,0,'10:00:00','11:00:00','Viernes','activo','2024-12-18 11:34:51',NULL,'Laboratorio',24,0),(375,NULL,2025,NULL,914,0,'07:00:00','08:00:00','Miércoles','activo','2024-12-18 11:36:18',NULL,'Laboratorio',7,0),(376,NULL,2025,NULL,914,0,'08:00:00','09:00:00','Miércoles','activo','2024-12-18 11:36:23',NULL,'Laboratorio',7,0),(377,NULL,2025,NULL,914,0,'09:00:00','10:00:00','Miércoles','activo','2024-12-18 11:36:28',NULL,'Laboratorio',7,0),(378,NULL,2025,NULL,914,0,'10:00:00','11:00:00','Miércoles','activo','2024-12-18 11:36:36',NULL,'Laboratorio',7,0),(379,NULL,2025,NULL,914,0,'11:00:00','12:00:00','Miércoles','activo','2024-12-18 11:36:40',NULL,'Laboratorio',7,0),(380,NULL,2025,NULL,914,0,'12:00:00','13:00:00','Miércoles','activo','2024-12-18 11:36:44',NULL,'Laboratorio',7,0),(393,NULL,1952,NULL,910,0,'08:00:00','09:00:00','Sábado','activo','2024-12-18 11:41:18',NULL,'Laboratorio',7,0),(394,NULL,1952,NULL,910,0,'09:00:00','10:00:00','Sábado','activo','2024-12-18 11:41:26',NULL,'Laboratorio',7,0),(395,NULL,1952,NULL,910,0,'10:00:00','11:00:00','Sábado','activo','2024-12-18 11:41:31',NULL,'Laboratorio',7,0),(396,NULL,1952,NULL,910,0,'11:00:00','12:00:00','Sábado','activo','2024-12-18 11:41:35',NULL,'Laboratorio',7,0),(397,NULL,1952,NULL,910,0,'12:00:00','13:00:00','Sábado','activo','2024-12-18 11:41:40',NULL,'Laboratorio',7,0),(398,NULL,1952,NULL,910,0,'13:00:00','14:00:00','Sábado','activo','2024-12-18 11:41:45',NULL,'Laboratorio',7,0),(399,NULL,2025,65,915,0,'13:00:00','14:00:00','Jueves','activo','2024-12-18 11:42:15',NULL,'Laboratorio',7,0),(400,NULL,2025,65,915,0,'14:00:00','15:00:00','Jueves','activo','2024-12-18 11:42:23',NULL,'Laboratorio',7,0),(401,NULL,2025,65,915,0,'15:00:00','16:00:00','Jueves','activo','2024-12-18 11:42:28',NULL,'Laboratorio',7,0),(402,NULL,2025,65,915,0,'16:00:00','17:00:00','Jueves','activo','2024-12-18 11:42:33',NULL,'Laboratorio',7,0),(403,NULL,2025,65,915,0,'17:00:00','18:00:00','Jueves','activo','2024-12-18 11:42:39',NULL,'Laboratorio',7,0),(404,NULL,2025,65,915,0,'18:00:00','19:00:00','Jueves','activo','2024-12-18 11:42:43',NULL,'Laboratorio',7,0),(405,NULL,2024,19,913,0,'07:00:00','08:00:00','Lunes','activo','2024-12-18 11:43:24',NULL,'Laboratorio',4,0),(406,NULL,2024,19,913,0,'08:00:00','09:00:00','Lunes','activo','2024-12-18 11:43:41',NULL,'Laboratorio',4,0),(407,NULL,2024,19,913,0,'09:00:00','10:00:00','Lunes','activo','2024-12-18 11:43:44',NULL,'Laboratorio',4,0),(408,NULL,2024,19,913,0,'10:00:00','11:00:00','Lunes','activo','2024-12-18 11:43:49',NULL,'Laboratorio',4,0),(409,NULL,2024,19,913,0,'11:00:00','12:00:00','Lunes','activo','2024-12-18 11:43:52',NULL,'Laboratorio',4,0),(410,NULL,2024,19,913,0,'12:00:00','13:00:00','Lunes','activo','2024-12-18 11:47:14',NULL,'Laboratorio',4,0),(411,NULL,2024,NULL,914,0,'07:00:00','08:00:00','Martes','activo','2024-12-18 11:47:32',NULL,'Laboratorio',4,0),(412,NULL,2024,NULL,914,0,'08:00:00','09:00:00','Martes','activo','2024-12-18 11:47:37',NULL,'Laboratorio',4,0),(413,NULL,2024,NULL,914,0,'09:00:00','10:00:00','Martes','activo','2024-12-18 11:47:42',NULL,'Laboratorio',4,0),(414,NULL,2024,NULL,914,0,'10:00:00','11:00:00','Martes','activo','2024-12-18 11:47:46',NULL,'Laboratorio',4,0),(415,NULL,2024,NULL,914,0,'11:00:00','12:00:00','Martes','activo','2024-12-18 11:47:50',NULL,'Laboratorio',4,0),(416,NULL,2024,NULL,914,0,'12:00:00','13:00:00','Martes','activo','2024-12-18 11:47:53',NULL,'Laboratorio',4,0),(423,NULL,2123,NULL,917,0,'07:00:00','08:00:00','Viernes','activo','2024-12-18 11:50:14','2025-01-05 20:03:45','Laboratorio',4,0),(424,NULL,2123,NULL,917,0,'08:00:00','09:00:00','Viernes','activo','2024-12-18 11:50:19','2025-01-05 20:03:45','Laboratorio',4,0),(425,NULL,2123,NULL,917,0,'09:00:00','10:00:00','Viernes','activo','2024-12-18 11:50:24','2025-01-05 20:03:45','Laboratorio',4,0),(426,NULL,2123,NULL,917,0,'10:00:00','11:00:00','Viernes','activo','2024-12-18 11:50:28','2025-01-05 20:03:45','Laboratorio',4,0),(427,NULL,2123,NULL,917,0,'11:00:00','12:00:00','Viernes','activo','2024-12-18 11:50:33','2025-01-05 20:03:45','Laboratorio',4,0),(428,NULL,2123,NULL,917,0,'12:00:00','13:00:00','Viernes','activo','2024-12-18 11:50:37','2025-01-05 20:03:45','Laboratorio',4,0),(429,NULL,2025,NULL,916,0,'08:00:00','09:00:00','Sábado','activo','2024-12-18 11:51:16',NULL,'Laboratorio',4,0),(430,NULL,2025,NULL,916,0,'09:00:00','10:00:00','Sábado','activo','2024-12-18 11:51:20',NULL,'Laboratorio',4,0),(431,NULL,2025,NULL,916,0,'10:00:00','11:00:00','Sábado','activo','2024-12-18 11:51:25',NULL,'Laboratorio',4,0),(432,NULL,2025,NULL,916,0,'11:00:00','12:00:00','Sábado','activo','2024-12-18 11:51:29',NULL,'Laboratorio',4,0),(433,NULL,2025,NULL,916,0,'12:00:00','13:00:00','Sábado','activo','2024-12-18 11:51:33',NULL,'Laboratorio',4,0),(434,NULL,2025,NULL,916,0,'13:00:00','14:00:00','Sábado','activo','2024-12-18 11:51:37',NULL,'Laboratorio',4,0),(435,NULL,1971,NULL,911,0,'13:00:00','14:00:00','Lunes','activo','2024-12-18 11:51:54',NULL,'Laboratorio',4,0),(436,NULL,1971,NULL,911,0,'14:00:00','15:00:00','Lunes','activo','2024-12-18 11:52:02',NULL,'Laboratorio',4,0),(437,NULL,1971,NULL,911,0,'15:00:00','16:00:00','Lunes','activo','2024-12-18 11:52:08',NULL,'Laboratorio',4,0),(438,NULL,1971,NULL,911,0,'13:00:00','14:00:00','Martes','activo','2024-12-18 11:52:11',NULL,'Laboratorio',4,0),(439,NULL,1971,NULL,911,0,'14:00:00','15:00:00','Martes','activo','2024-12-18 11:52:15',NULL,'Laboratorio',4,0),(440,NULL,1971,NULL,911,0,'15:00:00','16:00:00','Martes','activo','2024-12-18 11:52:20',NULL,'Laboratorio',4,0),(441,NULL,1725,46,895,0,'07:00:00','08:00:00','Lunes','activo','2024-12-18 11:55:12',NULL,'Laboratorio',28,0),(442,NULL,1725,46,895,0,'08:00:00','09:00:00','Lunes','activo','2024-12-18 11:55:18',NULL,'Laboratorio',28,0),(443,NULL,1725,46,895,0,'09:00:00','10:00:00','Lunes','activo','2024-12-18 11:55:26',NULL,'Laboratorio',28,0),(444,NULL,1725,46,895,0,'10:00:00','11:00:00','Lunes','activo','2024-12-18 11:55:30',NULL,'Laboratorio',28,0),(445,NULL,1725,46,895,0,'11:00:00','12:00:00','Lunes','activo','2024-12-18 11:55:33',NULL,'Laboratorio',28,0),(446,NULL,1725,46,895,0,'12:00:00','13:00:00','Lunes','activo','2024-12-18 11:55:41',NULL,'Laboratorio',28,0),(447,NULL,1725,44,897,0,'07:00:00','08:00:00','Martes','activo','2024-12-18 11:55:58',NULL,'Laboratorio',28,0),(448,NULL,1725,44,897,0,'08:00:00','09:00:00','Martes','activo','2024-12-18 11:56:03',NULL,'Laboratorio',28,0),(449,NULL,1725,44,897,0,'09:00:00','10:00:00','Martes','activo','2024-12-18 11:56:06',NULL,'Laboratorio',28,0),(450,NULL,1725,44,897,0,'10:00:00','11:00:00','Martes','activo','2024-12-18 11:56:10',NULL,'Laboratorio',28,0),(451,NULL,1725,44,897,0,'11:00:00','12:00:00','Martes','activo','2024-12-18 11:56:13',NULL,'Laboratorio',28,0),(452,NULL,1725,44,897,0,'12:00:00','13:00:00','Martes','activo','2024-12-18 11:56:17',NULL,'Laboratorio',28,0),(453,NULL,1725,44,894,0,'07:00:00','08:00:00','Miércoles','activo','2024-12-18 11:56:32',NULL,'Laboratorio',28,0),(454,NULL,1725,44,894,0,'08:00:00','09:00:00','Miércoles','activo','2024-12-18 11:56:38',NULL,'Laboratorio',28,0),(455,NULL,1725,44,894,0,'09:00:00','10:00:00','Miércoles','activo','2024-12-18 11:56:42',NULL,'Laboratorio',28,0),(456,NULL,1725,44,894,0,'10:00:00','11:00:00','Miércoles','activo','2024-12-18 11:56:49',NULL,'Laboratorio',28,0),(457,NULL,1725,44,894,0,'11:00:00','12:00:00','Miércoles','activo','2024-12-18 11:56:53',NULL,'Laboratorio',28,0),(458,NULL,1725,44,894,0,'12:00:00','13:00:00','Miércoles','activo','2024-12-18 11:56:57',NULL,'Laboratorio',28,0),(459,NULL,1725,46,896,0,'07:00:00','08:00:00','Jueves','activo','2024-12-18 11:57:20',NULL,'Laboratorio',28,0),(460,NULL,1725,46,896,0,'08:00:00','09:00:00','Jueves','activo','2024-12-18 11:57:25',NULL,'Laboratorio',28,0),(461,NULL,1725,46,896,0,'09:00:00','10:00:00','Jueves','activo','2024-12-18 11:57:29',NULL,'Laboratorio',28,0),(462,NULL,1725,46,896,0,'10:00:00','11:00:00','Jueves','activo','2024-12-18 11:57:33',NULL,'Laboratorio',28,0),(463,NULL,1725,46,896,0,'11:00:00','12:00:00','Jueves','activo','2024-12-18 11:57:36',NULL,'Laboratorio',28,0),(464,NULL,1725,46,896,0,'12:00:00','13:00:00','Jueves','activo','2024-12-18 11:57:40',NULL,'Laboratorio',28,0),(465,NULL,1725,46,902,0,'07:00:00','08:00:00','Viernes','activo','2024-12-18 11:58:02',NULL,'Laboratorio',28,0),(466,NULL,1725,46,902,0,'08:00:00','09:00:00','Viernes','activo','2024-12-18 11:58:06',NULL,'Laboratorio',28,0),(467,NULL,1725,46,902,0,'09:00:00','10:00:00','Viernes','activo','2024-12-18 11:58:11',NULL,'Laboratorio',28,0),(468,NULL,1725,46,902,0,'10:00:00','11:00:00','Viernes','activo','2024-12-18 11:58:16',NULL,'Laboratorio',28,0),(469,NULL,1725,46,902,0,'11:00:00','12:00:00','Viernes','activo','2024-12-18 11:58:21',NULL,'Laboratorio',28,0),(470,NULL,1725,46,902,0,'12:00:00','13:00:00','Viernes','activo','2024-12-18 11:58:26',NULL,'Laboratorio',28,0),(471,NULL,1725,9,900,0,'13:00:00','14:00:00','Martes','activo','2024-12-18 11:58:51',NULL,'Laboratorio',28,0),(472,NULL,1725,9,900,0,'14:00:00','15:00:00','Martes','activo','2024-12-18 11:59:03',NULL,'Laboratorio',28,0),(473,NULL,1725,9,900,0,'15:00:00','16:00:00','Martes','activo','2024-12-18 11:59:09',NULL,'Laboratorio',28,0),(474,NULL,1725,9,900,0,'16:00:00','17:00:00','Martes','activo','2024-12-18 11:59:15',NULL,'Laboratorio',28,0),(475,NULL,1725,9,900,0,'17:00:00','18:00:00','Martes','activo','2024-12-18 11:59:19',NULL,'Laboratorio',28,0),(476,NULL,1725,9,900,0,'18:00:00','19:00:00','Martes','activo','2024-12-18 11:59:24',NULL,'Laboratorio',28,0),(477,NULL,1725,9,901,0,'13:00:00','14:00:00','Miércoles','activo','2024-12-18 11:59:52',NULL,'Laboratorio',28,0),(478,NULL,1725,9,901,0,'14:00:00','15:00:00','Miércoles','activo','2024-12-18 11:59:56',NULL,'Laboratorio',28,0),(479,NULL,1725,9,901,0,'15:00:00','16:00:00','Miércoles','activo','2024-12-18 12:00:00',NULL,'Laboratorio',28,0),(480,NULL,1725,9,901,0,'16:00:00','17:00:00','Miércoles','activo','2024-12-18 12:00:16',NULL,'Laboratorio',28,0),(481,NULL,1725,9,901,0,'17:00:00','18:00:00','Miércoles','activo','2024-12-18 12:00:20',NULL,'Laboratorio',28,0),(482,NULL,1725,9,901,0,'18:00:00','19:00:00','Miércoles','activo','2024-12-18 12:00:24',NULL,'Laboratorio',28,0),(483,NULL,1725,NULL,899,0,'13:00:00','14:00:00','Jueves','activo','2024-12-18 12:00:53',NULL,'Laboratorio',28,0),(484,NULL,1725,NULL,899,0,'14:00:00','15:00:00','Jueves','activo','2024-12-18 12:00:59',NULL,'Laboratorio',28,0),(485,NULL,1725,NULL,899,0,'15:00:00','16:00:00','Jueves','activo','2024-12-18 12:01:03',NULL,'Laboratorio',28,0),(486,NULL,1725,NULL,899,0,'16:00:00','17:00:00','Jueves','activo','2024-12-18 12:01:08',NULL,'Laboratorio',28,0),(487,NULL,1725,NULL,899,0,'17:00:00','18:00:00','Jueves','activo','2024-12-18 12:01:12',NULL,'Laboratorio',28,0),(488,NULL,1725,NULL,899,0,'18:00:00','19:00:00','Jueves','activo','2024-12-18 12:01:17',NULL,'Laboratorio',28,0),(499,NULL,1974,NULL,911,0,'09:00:00','10:00:00','Jueves','activo','2024-12-18 12:03:28',NULL,'Laboratorio',3,0),(500,NULL,1974,NULL,911,0,'10:00:00','11:00:00','Jueves','activo','2024-12-18 12:03:40',NULL,'Laboratorio',3,0),(501,NULL,1974,NULL,911,0,'11:00:00','12:00:00','Jueves','activo','2024-12-18 12:03:45',NULL,'Laboratorio',3,0),(508,NULL,1705,149,932,0,'09:00:00','10:00:00','Lunes','activo','2024-12-18 12:29:49',NULL,'Laboratorio',14,0),(512,NULL,1705,149,934,0,'13:00:00','14:00:00','Lunes','activo','2024-12-18 12:31:04',NULL,'Laboratorio',14,0),(513,NULL,1705,149,934,0,'14:00:00','15:00:00','Lunes','activo','2024-12-18 12:31:09',NULL,'Laboratorio',14,0),(516,NULL,1705,149,932,0,'10:00:00','11:00:00','Lunes','activo','2024-12-18 12:41:29',NULL,'Laboratorio',14,0),(517,NULL,1705,149,933,0,'11:00:00','12:00:00','Lunes','activo','2024-12-18 12:41:41',NULL,'Laboratorio',14,0),(518,NULL,1705,149,933,0,'12:00:00','13:00:00','Lunes','activo','2024-12-18 12:41:44',NULL,'Laboratorio',14,0),(519,NULL,1721,123,896,0,'07:00:00','08:00:00','Lunes','activo','2024-12-19 08:35:25',NULL,'Laboratorio',6,0),(520,NULL,1721,123,896,0,'08:00:00','09:00:00','Lunes','activo','2024-12-19 08:35:28',NULL,'Laboratorio',6,0),(521,NULL,1721,123,896,0,'09:00:00','10:00:00','Lunes','activo','2024-12-19 08:35:31',NULL,'Laboratorio',6,0),(522,NULL,1721,123,896,0,'13:00:00','14:00:00','Martes','activo','2024-12-19 08:35:35',NULL,'Laboratorio',6,0),(523,NULL,1721,123,896,0,'14:00:00','15:00:00','Martes','activo','2024-12-19 08:35:38',NULL,'Laboratorio',6,0),(524,NULL,1721,123,896,0,'15:00:00','16:00:00','Martes','activo','2024-12-19 08:35:40',NULL,'Laboratorio',6,0),(525,NULL,1830,122,903,0,'10:00:00','11:00:00','Lunes','activo','2024-12-19 09:14:38',NULL,'Laboratorio',3,0),(527,NULL,1830,122,903,0,'11:00:00','12:00:00','Lunes','activo','2024-12-19 09:15:13',NULL,'Laboratorio',3,0),(528,NULL,1830,122,903,0,'12:00:00','13:00:00','Lunes','activo','2024-12-19 09:15:17',NULL,'Laboratorio',3,0),(529,NULL,1830,122,903,0,'13:00:00','14:00:00','Lunes','activo','2024-12-19 09:15:21',NULL,'Laboratorio',3,0),(533,NULL,2005,99,943,0,'11:00:00','12:00:00','Miércoles','activo','2024-12-19 09:54:51',NULL,'Laboratorio',8,0),(534,NULL,2005,99,943,0,'12:00:00','13:00:00','Miércoles','activo','2024-12-19 09:54:55',NULL,'Laboratorio',8,0),(535,NULL,2005,99,943,0,'11:00:00','12:00:00','Jueves','activo','2024-12-19 09:55:18',NULL,'Laboratorio',8,0),(536,NULL,2005,99,943,0,'12:00:00','13:00:00','Jueves','activo','2024-12-19 09:55:26',NULL,'Laboratorio',8,0),(537,NULL,2047,99,946,0,'07:00:00','08:00:00','Lunes','activo','2024-12-19 09:55:57',NULL,'Laboratorio',8,0),(538,NULL,2047,99,946,0,'08:00:00','09:00:00','Lunes','activo','2024-12-19 09:56:01',NULL,'Laboratorio',8,0),(539,NULL,2047,99,947,0,'12:00:00','13:00:00','Lunes','activo','2024-12-19 09:56:47',NULL,'Laboratorio',8,0),(540,NULL,2047,99,947,0,'13:00:00','14:00:00','Lunes','activo','2024-12-19 09:56:54',NULL,'Laboratorio',8,0),(541,NULL,2047,99,945,0,'07:00:00','08:00:00','Martes','activo','2024-12-19 09:58:02',NULL,'Laboratorio',8,0),(542,NULL,2047,99,945,0,'08:00:00','09:00:00','Martes','activo','2024-12-19 09:58:06',NULL,'Laboratorio',8,0),(543,NULL,2047,99,947,0,'11:00:00','12:00:00','Martes','activo','2024-12-19 09:58:22',NULL,'Laboratorio',8,0),(544,NULL,2047,99,947,0,'12:00:00','13:00:00','Martes','activo','2024-12-19 09:58:26',NULL,'Laboratorio',8,0),(545,NULL,2047,99,946,0,'07:00:00','08:00:00','Miércoles','activo','2024-12-19 09:58:46',NULL,'Laboratorio',8,0),(546,NULL,2047,99,946,0,'08:00:00','09:00:00','Miércoles','activo','2024-12-19 09:58:46',NULL,'Laboratorio',8,0),(547,NULL,2047,99,947,0,'13:00:00','14:00:00','Miércoles','activo','2024-12-19 09:59:06',NULL,'Laboratorio',8,0),(548,NULL,2047,99,945,0,'07:00:00','08:00:00','Jueves','activo','2024-12-19 09:59:33',NULL,'Laboratorio',8,0),(549,NULL,2047,99,945,0,'08:00:00','09:00:00','Jueves','activo','2024-12-19 09:59:37',NULL,'Laboratorio',8,0),(550,NULL,2047,99,946,0,'07:00:00','08:00:00','Viernes','activo','2024-12-19 10:00:19',NULL,'Laboratorio',8,0),(551,NULL,2047,99,945,0,'08:00:00','09:00:00','Viernes','activo','2024-12-19 10:00:49',NULL,'Laboratorio',8,0),(556,NULL,2158,139,954,0,'09:00:00','10:00:00','Lunes','activo','2024-12-19 10:03:51',NULL,'Laboratorio',9,0),(557,NULL,2158,139,954,0,'08:00:00','09:00:00','Lunes','activo','2024-12-19 10:03:59',NULL,'Laboratorio',9,0),(558,NULL,1754,167,954,0,'10:00:00','11:00:00','Lunes','activo','2024-12-19 10:04:13',NULL,'Laboratorio',9,0),(559,NULL,1858,139,956,0,'11:00:00','12:00:00','Lunes','activo','2024-12-19 10:04:38',NULL,'Laboratorio',9,0),(560,NULL,1858,139,956,0,'12:00:00','13:00:00','Lunes','activo','2024-12-19 10:04:47',NULL,'Laboratorio',9,0),(561,NULL,2067,167,948,0,'13:00:00','14:00:00','Lunes','activo','2024-12-19 10:05:09',NULL,'Laboratorio',9,0),(563,NULL,2158,139,955,0,'08:00:00','09:00:00','Martes','activo','2024-12-19 10:05:58',NULL,'Laboratorio',9,0),(564,NULL,2158,139,955,0,'09:00:00','10:00:00','Martes','activo','2024-12-19 10:06:04',NULL,'Laboratorio',9,0),(565,NULL,1754,167,954,0,'10:00:00','11:00:00','Martes','activo','2024-12-19 10:06:23',NULL,'Laboratorio',9,0),(567,NULL,1754,167,954,0,'10:00:00','11:00:00','Miércoles','activo','2024-12-19 10:07:35',NULL,'Laboratorio',9,0),(568,NULL,1754,167,954,0,'10:00:00','11:00:00','Jueves','activo','2024-12-19 10:07:41',NULL,'Laboratorio',9,0),(569,NULL,2085,139,961,0,'11:00:00','12:00:00','Martes','activo','2024-12-19 10:08:06',NULL,'Laboratorio',9,0),(570,NULL,2085,139,961,0,'11:00:00','12:00:00','Jueves','activo','2024-12-19 10:08:15',NULL,'Laboratorio',9,0),(571,NULL,2067,167,948,0,'12:00:00','13:00:00','Martes','activo','2024-12-19 10:08:36',NULL,'Laboratorio',9,0),(572,NULL,2067,167,948,0,'13:00:00','14:00:00','Martes','activo','2024-12-19 10:08:39',NULL,'Laboratorio',9,0),(573,NULL,2067,167,948,0,'13:00:00','14:00:00','Miércoles','activo','2024-12-19 10:09:00',NULL,'Laboratorio',9,0),(574,NULL,2067,167,948,0,'13:00:00','14:00:00','Jueves','activo','2024-12-19 10:09:06',NULL,'Laboratorio',9,0),(575,NULL,2067,167,948,0,'12:00:00','13:00:00','Viernes','activo','2024-12-19 10:09:16',NULL,'Laboratorio',9,0),(576,NULL,2067,167,948,0,'13:00:00','14:00:00','Viernes','activo','2024-12-19 10:09:20',NULL,'Laboratorio',9,0),(577,NULL,2158,139,954,0,'08:00:00','09:00:00','Miércoles','activo','2024-12-19 10:09:44',NULL,'Laboratorio',9,0),(578,NULL,2158,139,954,0,'09:00:00','10:00:00','Miércoles','activo','2024-12-19 10:09:48',NULL,'Laboratorio',9,0),(579,NULL,1858,139,956,0,'11:00:00','12:00:00','Miércoles','activo','2024-12-19 10:10:06',NULL,'Laboratorio',9,0),(580,NULL,1858,139,956,0,'12:00:00','13:00:00','Miércoles','activo','2024-12-19 10:10:11',NULL,'Laboratorio',9,0),(581,NULL,2158,139,955,0,'08:00:00','09:00:00','Jueves','activo','2024-12-19 10:10:29',NULL,'Laboratorio',9,0),(582,NULL,2158,139,955,0,'09:00:00','10:00:00','Jueves','activo','2024-12-19 10:10:34',NULL,'Laboratorio',9,0),(583,NULL,2158,139,955,0,'09:00:00','10:00:00','Viernes','activo','2024-12-19 10:10:40',NULL,'Laboratorio',9,0),(584,NULL,2158,139,954,0,'08:00:00','09:00:00','Viernes','activo','2024-12-19 10:11:30',NULL,'Laboratorio',9,0),(585,NULL,1858,139,956,0,'10:00:00','11:00:00','Viernes','activo','2024-12-19 10:11:46',NULL,'Laboratorio',9,0),(586,NULL,1858,139,956,0,'11:00:00','12:00:00','Viernes','activo','2024-12-19 10:11:50',NULL,'Laboratorio',9,0),(587,NULL,2135,167,963,0,'08:00:00','09:00:00','Lunes','activo','2024-12-19 10:12:48',NULL,'Laboratorio',20,0),(588,NULL,2135,167,963,0,'08:00:00','09:00:00','Martes','activo','2024-12-19 10:12:52',NULL,'Laboratorio',20,0),(589,NULL,2135,167,963,0,'08:00:00','09:00:00','Miércoles','activo','2024-12-19 10:12:56',NULL,'Laboratorio',20,0),(590,NULL,2135,167,963,0,'08:00:00','09:00:00','Jueves','activo','2024-12-19 10:13:00',NULL,'Laboratorio',20,0),(591,NULL,2135,167,963,0,'09:00:00','10:00:00','Jueves','activo','2024-12-19 10:13:13',NULL,'Laboratorio',20,0),(592,NULL,2135,167,963,0,'09:00:00','10:00:00','Viernes','activo','2024-12-19 10:13:17',NULL,'Laboratorio',20,0),(593,NULL,2135,167,963,0,'08:00:00','09:00:00','Viernes','activo','2024-12-19 10:13:20',NULL,'Laboratorio',20,0),(596,NULL,1943,93,958,0,'09:00:00','10:00:00','Martes','activo','2024-12-19 10:14:08',NULL,'Laboratorio',20,0),(597,NULL,1943,93,958,0,'10:00:00','11:00:00','Martes','activo','2024-12-19 10:14:11',NULL,'Laboratorio',20,0),(598,NULL,1943,93,958,0,'10:00:00','11:00:00','Miércoles','activo','2024-12-19 10:14:13',NULL,'Laboratorio',20,0),(599,NULL,1943,93,958,0,'09:00:00','10:00:00','Miércoles','activo','2024-12-19 10:14:17',NULL,'Laboratorio',20,0),(600,NULL,1943,93,958,0,'10:00:00','11:00:00','Jueves','activo','2024-12-19 10:14:26',NULL,'Laboratorio',20,0),(601,NULL,2060,93,948,0,'11:00:00','12:00:00','Lunes','activo','2024-12-19 10:17:06',NULL,'Laboratorio',20,0),(602,NULL,2060,93,948,0,'12:00:00','13:00:00','Lunes','activo','2024-12-19 10:17:09',NULL,'Laboratorio',20,0),(603,NULL,2060,93,948,0,'11:00:00','12:00:00','Jueves','activo','2024-12-19 10:17:15',NULL,'Laboratorio',20,0),(604,NULL,2060,93,948,0,'12:00:00','13:00:00','Jueves','activo','2024-12-19 10:17:20',NULL,'Laboratorio',20,0),(605,NULL,2060,93,948,0,'10:00:00','11:00:00','Viernes','activo','2024-12-19 10:17:25',NULL,'Laboratorio',20,0),(606,NULL,2060,93,948,0,'11:00:00','12:00:00','Viernes','activo','2024-12-19 10:17:28',NULL,'Laboratorio',20,0),(607,NULL,2172,93,957,0,'11:00:00','12:00:00','Martes','activo','2024-12-19 10:18:20',NULL,'Laboratorio',20,0),(608,NULL,2172,93,957,0,'12:00:00','13:00:00','Martes','activo','2024-12-19 10:18:23',NULL,'Laboratorio',20,0),(609,NULL,2172,93,957,0,'11:00:00','12:00:00','Miércoles','activo','2024-12-19 10:18:28',NULL,'Laboratorio',20,0),(610,NULL,2172,93,957,0,'12:00:00','13:00:00','Miércoles','activo','2024-12-19 10:18:34',NULL,'Laboratorio',20,0),(611,NULL,2172,93,957,0,'12:00:00','13:00:00','Viernes','activo','2024-12-19 10:18:42',NULL,'Laboratorio',20,0),(612,NULL,2172,93,957,0,'13:00:00','14:00:00','Viernes','activo','2024-12-19 10:18:47',NULL,'Laboratorio',20,0),(613,NULL,2051,155,945,0,'07:00:00','08:00:00','Lunes','activo','2024-12-19 10:19:28',NULL,'Laboratorio',29,0),(614,NULL,2051,155,945,0,'08:00:00','09:00:00','Lunes','activo','2024-12-19 10:19:34',NULL,'Laboratorio',29,0),(615,NULL,2051,155,945,0,'07:00:00','08:00:00','Miércoles','activo','2024-12-19 10:19:38',NULL,'Laboratorio',29,0),(616,NULL,2051,155,945,0,'08:00:00','09:00:00','Miércoles','activo','2024-12-19 10:19:43',NULL,'Laboratorio',29,0),(617,NULL,2051,155,945,0,'07:00:00','08:00:00','Viernes','activo','2024-12-19 10:19:47',NULL,'Laboratorio',29,0),(618,NULL,2086,136,961,0,'09:00:00','10:00:00','Lunes','activo','2024-12-19 10:20:15',NULL,'Laboratorio',29,0),(620,NULL,2086,136,961,0,'10:00:00','11:00:00','Lunes','activo','2024-12-19 10:20:31',NULL,'Laboratorio',29,0),(621,NULL,2086,136,961,0,'09:00:00','10:00:00','Martes','activo','2024-12-19 10:20:38',NULL,'Laboratorio',29,0),(622,NULL,2086,136,961,0,'10:00:00','11:00:00','Martes','activo','2024-12-19 10:20:42',NULL,'Laboratorio',29,0),(623,NULL,2086,136,961,0,'09:00:00','10:00:00','Miércoles','activo','2024-12-19 10:20:46',NULL,'Laboratorio',29,0),(624,NULL,2086,136,961,0,'10:00:00','11:00:00','Miércoles','activo','2024-12-19 10:20:50',NULL,'Laboratorio',29,0),(625,NULL,2086,136,962,0,'11:00:00','12:00:00','Lunes','activo','2024-12-19 10:21:29',NULL,'Laboratorio',29,0),(626,NULL,2086,136,962,0,'12:00:00','13:00:00','Lunes','activo','2024-12-19 10:21:32',NULL,'Laboratorio',29,0),(627,NULL,2086,136,962,0,'09:00:00','10:00:00','Jueves','activo','2024-12-19 10:21:42',NULL,'Laboratorio',29,0),(628,NULL,2086,136,962,0,'10:00:00','11:00:00','Jueves','activo','2024-12-19 10:21:47',NULL,'Laboratorio',29,0),(629,NULL,2086,136,962,0,'09:00:00','10:00:00','Viernes','activo','2024-12-19 10:21:51',NULL,'Laboratorio',29,0),(630,NULL,2086,136,962,0,'10:00:00','11:00:00','Viernes','activo','2024-12-19 10:21:55',NULL,'Laboratorio',29,0),(631,NULL,2039,155,943,0,'13:00:00','14:00:00','Lunes','activo','2024-12-19 10:22:26',NULL,'Laboratorio',29,0),(632,NULL,2039,155,943,0,'13:00:00','14:00:00','Martes','activo','2024-12-19 10:22:30',NULL,'Laboratorio',29,0),(633,NULL,2039,155,943,0,'13:00:00','14:00:00','Miércoles','activo','2024-12-19 10:22:33',NULL,'Laboratorio',29,0),(634,NULL,2039,155,943,0,'13:00:00','14:00:00','Jueves','activo','2024-12-19 10:22:36',NULL,'Laboratorio',29,0),(635,NULL,2039,155,943,0,'13:00:00','14:00:00','Viernes','activo','2024-12-19 10:22:40',NULL,'Laboratorio',29,0),(636,NULL,2051,155,947,0,'14:00:00','15:00:00','Lunes','activo','2024-12-19 10:23:22',NULL,'Laboratorio',29,0),(637,NULL,2051,155,947,0,'14:00:00','15:00:00','Martes','activo','2024-12-19 10:23:26',NULL,'Laboratorio',29,0),(638,NULL,2051,155,947,0,'14:00:00','15:00:00','Miércoles','activo','2024-12-19 10:23:29',NULL,'Laboratorio',29,0),(639,NULL,2051,155,947,0,'14:00:00','15:00:00','Jueves','activo','2024-12-19 10:23:33',NULL,'Laboratorio',29,0),(640,NULL,2051,155,947,0,'14:00:00','15:00:00','Viernes','activo','2024-12-19 10:23:36',NULL,'Laboratorio',29,0),(641,NULL,2051,155,946,0,'07:00:00','08:00:00','Martes','activo','2024-12-19 10:24:01',NULL,'Laboratorio',29,0),(642,NULL,2051,155,946,0,'08:00:00','09:00:00','Martes','activo','2024-12-19 10:24:06',NULL,'Laboratorio',29,0),(643,NULL,2051,155,946,0,'07:00:00','08:00:00','Jueves','activo','2024-12-19 10:24:10',NULL,'Laboratorio',29,0),(644,NULL,2051,155,946,0,'08:00:00','09:00:00','Jueves','activo','2024-12-19 10:24:15',NULL,'Laboratorio',29,0),(645,NULL,2051,155,946,0,'08:00:00','09:00:00','Viernes','activo','2024-12-19 10:24:19',NULL,'Laboratorio',29,0),(646,NULL,1804,136,954,0,'11:00:00','12:00:00','Martes','activo','2024-12-19 10:24:45',NULL,'Laboratorio',29,0),(647,NULL,1804,136,954,0,'12:00:00','13:00:00','Martes','activo','2024-12-19 10:24:50',NULL,'Laboratorio',29,0),(649,NULL,1804,136,954,0,'11:00:00','12:00:00','Miércoles','activo','2024-12-19 10:25:06',NULL,'Laboratorio',29,0),(650,NULL,1804,136,954,0,'12:00:00','13:00:00','Miércoles','activo','2024-12-19 10:25:10',NULL,'Laboratorio',29,0),(651,NULL,1804,136,955,0,'11:00:00','12:00:00','Jueves','activo','2024-12-19 10:25:29',NULL,'Laboratorio',29,0),(652,NULL,1804,136,955,0,'12:00:00','13:00:00','Jueves','activo','2024-12-19 10:25:33',NULL,'Laboratorio',29,0),(653,NULL,1804,136,955,0,'11:00:00','12:00:00','Viernes','activo','2024-12-19 10:25:39',NULL,'Laboratorio',29,0),(654,NULL,1804,136,955,0,'12:00:00','13:00:00','Viernes','activo','2024-12-19 10:25:43',NULL,'Laboratorio',29,0),(655,NULL,2173,33,957,0,'09:00:00','10:00:00','Lunes','activo','2024-12-19 10:26:24',NULL,'Laboratorio',26,0),(656,NULL,2173,33,957,0,'10:00:00','11:00:00','Lunes','activo','2024-12-19 10:26:28',NULL,'Laboratorio',26,0),(657,NULL,2173,33,957,0,'08:00:00','09:00:00','Jueves','activo','2024-12-19 10:26:33',NULL,'Laboratorio',26,0),(658,NULL,2173,33,957,0,'09:00:00','10:00:00','Jueves','activo','2024-12-19 10:26:37',NULL,'Laboratorio',26,0),(659,NULL,2139,104,963,0,'12:00:00','13:00:00','Lunes','activo','2024-12-19 10:27:04',NULL,'Laboratorio',26,0),(660,NULL,2139,104,963,0,'12:00:00','13:00:00','Miércoles','activo','2024-12-19 10:27:14',NULL,'Laboratorio',26,0),(661,NULL,2139,104,963,0,'13:00:00','14:00:00','Miércoles','activo','2024-12-19 10:27:17',NULL,'Laboratorio',26,0),(662,NULL,2139,104,963,0,'12:00:00','13:00:00','Jueves','activo','2024-12-19 10:27:21',NULL,'Laboratorio',26,0),(663,NULL,2139,104,963,0,'13:00:00','14:00:00','Jueves','activo','2024-12-19 10:27:24',NULL,'Laboratorio',26,0),(664,NULL,2129,33,963,0,'13:00:00','14:00:00','Lunes','activo','2024-12-19 10:27:40',NULL,'Laboratorio',26,0),(665,NULL,2129,33,963,0,'14:00:00','15:00:00','Lunes','activo','2024-12-19 10:27:44',NULL,'Laboratorio',26,0),(666,NULL,2129,33,963,0,'09:00:00','10:00:00','Miércoles','activo','2024-12-19 10:27:57',NULL,'Laboratorio',26,0),(667,NULL,2129,33,963,0,'10:00:00','11:00:00','Miércoles','activo','2024-12-19 10:28:01',NULL,'Laboratorio',26,0),(668,NULL,2129,33,963,0,'12:00:00','13:00:00','Viernes','activo','2024-12-19 10:28:08',NULL,'Laboratorio',26,0),(669,NULL,2129,33,963,0,'13:00:00','14:00:00','Viernes','activo','2024-12-19 10:28:12',NULL,'Laboratorio',26,0),(670,NULL,2139,104,964,0,'12:00:00','13:00:00','Martes','activo','2024-12-19 10:28:39',NULL,'Laboratorio',26,0),(671,NULL,2139,104,964,0,'13:00:00','14:00:00','Martes','activo','2024-12-19 10:28:43',NULL,'Laboratorio',26,0),(672,NULL,2139,104,964,0,'14:00:00','15:00:00','Jueves','activo','2024-12-19 10:28:51',NULL,'Laboratorio',26,0),(673,NULL,2139,104,964,0,'15:00:00','16:00:00','Jueves','activo','2024-12-19 10:28:55',NULL,'Laboratorio',26,0),(674,NULL,2139,104,964,0,'17:00:00','18:00:00','Viernes','activo','2024-12-19 10:29:09',NULL,'Laboratorio',26,0),(676,NULL,2129,33,964,0,'14:00:00','15:00:00','Martes','activo','2024-12-19 10:29:43',NULL,'Laboratorio',26,0),(677,NULL,2129,33,964,0,'15:00:00','16:00:00','Martes','activo','2024-12-19 10:29:47',NULL,'Laboratorio',26,0),(678,NULL,2129,33,964,0,'14:00:00','15:00:00','Miércoles','activo','2024-12-19 10:30:00',NULL,'Laboratorio',26,0),(679,NULL,2129,33,964,0,'15:00:00','16:00:00','Miércoles','activo','2024-12-19 10:30:04',NULL,'Laboratorio',26,0),(680,NULL,2129,33,964,0,'14:00:00','15:00:00','Viernes','activo','2024-12-19 10:30:14',NULL,'Laboratorio',26,0),(681,NULL,2129,33,964,0,'15:00:00','16:00:00','Viernes','activo','2024-12-19 10:30:18',NULL,'Laboratorio',26,0),(682,NULL,1942,76,958,0,'08:00:00','09:00:00','Lunes','activo','2024-12-19 10:30:55',NULL,'Laboratorio',10,0),(683,NULL,1942,76,958,0,'07:00:00','08:00:00','Lunes','activo','2024-12-19 10:30:55',NULL,'Laboratorio',10,0),(684,NULL,1942,76,958,0,'07:00:00','08:00:00','Martes','activo','2024-12-19 10:30:58',NULL,'Laboratorio',10,0),(685,NULL,1942,76,958,0,'08:00:00','09:00:00','Martes','activo','2024-12-19 10:31:01',NULL,'Laboratorio',10,0),(686,NULL,1942,76,958,0,'07:00:00','08:00:00','Miércoles','activo','2024-12-19 10:31:05',NULL,'Laboratorio',10,0),(687,NULL,1942,76,958,0,'08:00:00','09:00:00','Miércoles','activo','2024-12-19 10:31:08',NULL,'Laboratorio',10,0),(688,NULL,1947,77,958,0,'09:00:00','10:00:00','Lunes','activo','2024-12-19 10:31:21',NULL,'Laboratorio',10,0),(689,NULL,1947,77,958,0,'10:00:00','11:00:00','Lunes','activo','2024-12-19 10:31:24',NULL,'Laboratorio',10,0),(691,NULL,2128,77,963,0,'11:00:00','12:00:00','Lunes','activo','2024-12-19 10:32:16',NULL,'Laboratorio',10,0),(692,NULL,2128,77,963,0,'11:00:00','12:00:00','Miércoles','activo','2024-12-19 10:32:21',NULL,'Laboratorio',10,0),(693,NULL,2128,77,963,0,'12:00:00','13:00:00','Martes','activo','2024-12-19 10:32:28',NULL,'Laboratorio',10,0),(694,NULL,2128,77,963,0,'13:00:00','14:00:00','Martes','activo','2024-12-19 10:32:32',NULL,'Laboratorio',10,0),(695,NULL,2128,77,963,0,'10:00:00','11:00:00','Viernes','activo','2024-12-19 10:32:40',NULL,'Laboratorio',10,0),(696,NULL,2128,77,963,0,'11:00:00','12:00:00','Viernes','activo','2024-12-19 10:32:43',NULL,'Laboratorio',10,0),(697,NULL,2128,77,964,0,'12:00:00','13:00:00','Lunes','activo','2024-12-19 10:33:04',NULL,'Laboratorio',10,0),(698,NULL,2128,77,964,0,'13:00:00','14:00:00','Lunes','activo','2024-12-19 10:33:07',NULL,'Laboratorio',10,0),(699,NULL,2128,77,964,0,'12:00:00','13:00:00','Miércoles','activo','2024-12-19 10:33:12',NULL,'Laboratorio',10,0),(700,NULL,2128,77,964,0,'13:00:00','14:00:00','Miércoles','activo','2024-12-19 10:33:16',NULL,'Laboratorio',10,0),(701,NULL,2128,77,964,0,'12:00:00','13:00:00','Viernes','activo','2024-12-19 10:33:20',NULL,'Laboratorio',10,0),(702,NULL,2128,77,964,0,'13:00:00','14:00:00','Viernes','activo','2024-12-19 10:33:24',NULL,'Laboratorio',10,0),(703,NULL,1861,77,956,0,'09:00:00','10:00:00','Martes','activo','2024-12-19 10:33:51',NULL,'Laboratorio',10,0),(704,NULL,1861,77,956,0,'10:00:00','11:00:00','Martes','activo','2024-12-19 10:33:54',NULL,'Laboratorio',10,0),(705,NULL,1861,77,956,0,'09:00:00','10:00:00','Miércoles','activo','2024-12-19 10:34:02',NULL,'Laboratorio',10,0),(707,NULL,1860,33,956,0,'11:00:00','12:00:00','Jueves','activo','2024-12-19 10:34:35',NULL,'Laboratorio',10,0),(708,NULL,1860,33,956,0,'12:00:00','13:00:00','Jueves','activo','2024-12-19 10:34:39',NULL,'Laboratorio',10,0),(709,NULL,2174,77,957,0,'08:00:00','09:00:00','Viernes','activo','2024-12-19 10:34:58',NULL,'Laboratorio',10,0),(710,NULL,2174,77,957,0,'09:00:00','10:00:00','Viernes','activo','2024-12-19 10:35:01',NULL,'Laboratorio',10,0),(711,NULL,2055,28,948,0,'10:00:00','11:00:00','Martes','activo','2024-12-19 10:35:50',NULL,'Laboratorio',11,0),(712,NULL,2055,28,948,0,'11:00:00','12:00:00','Martes','activo','2024-12-19 10:35:54',NULL,'Laboratorio',11,0),(713,NULL,2055,28,948,0,'10:00:00','11:00:00','Miércoles','activo','2024-12-19 10:36:00',NULL,'Laboratorio',11,0),(714,NULL,2055,28,948,0,'11:00:00','12:00:00','Miércoles','activo','2024-12-19 10:36:03',NULL,'Laboratorio',11,0),(717,NULL,2083,28,961,0,'12:00:00','13:00:00','Martes','activo','2024-12-19 10:36:49',NULL,'Laboratorio',11,0),(718,NULL,2083,28,961,0,'13:00:00','14:00:00','Martes','activo','2024-12-19 10:36:53',NULL,'Laboratorio',11,0),(719,NULL,2083,28,961,0,'12:00:00','13:00:00','Jueves','activo','2024-12-19 10:36:57',NULL,'Laboratorio',11,0),(720,NULL,2083,28,961,0,'13:00:00','14:00:00','Jueves','activo','2024-12-19 10:37:01',NULL,'Laboratorio',11,0),(721,NULL,2083,28,961,0,'12:00:00','13:00:00','Viernes','activo','2024-12-19 10:37:09',NULL,'Laboratorio',11,0),(722,NULL,2083,28,961,0,'13:00:00','14:00:00','Viernes','activo','2024-12-19 10:37:13',NULL,'Laboratorio',11,0),(723,NULL,2045,53,945,0,'09:00:00','10:00:00','Lunes','activo','2024-12-19 10:37:46',NULL,'Laboratorio',21,0),(724,NULL,2045,53,945,0,'10:00:00','11:00:00','Lunes','activo','2024-12-19 10:37:50',NULL,'Laboratorio',21,0),(725,NULL,2045,53,945,0,'09:00:00','10:00:00','Miércoles','activo','2024-12-19 10:37:53',NULL,'Laboratorio',21,0),(726,NULL,2045,53,945,0,'10:00:00','11:00:00','Miércoles','activo','2024-12-19 10:37:57',NULL,'Laboratorio',21,0),(727,NULL,2045,53,945,0,'09:00:00','10:00:00','Viernes','activo','2024-12-19 10:38:05',NULL,'Laboratorio',21,0),(728,NULL,1946,53,958,0,'11:00:00','12:00:00','Lunes','activo','2024-12-19 10:38:33',NULL,'Laboratorio',21,0),(729,NULL,1946,53,958,0,'12:00:00','13:00:00','Lunes','activo','2024-12-19 10:38:36',NULL,'Laboratorio',21,0),(730,NULL,1946,53,958,0,'11:00:00','12:00:00','Martes','activo','2024-12-19 10:38:39',NULL,'Laboratorio',21,0),(731,NULL,1946,53,958,0,'12:00:00','13:00:00','Martes','activo','2024-12-19 10:38:42',NULL,'Laboratorio',21,0),(732,NULL,2045,53,946,0,'09:00:00','10:00:00','Martes','activo','2024-12-19 10:39:07',NULL,'Laboratorio',21,0),(733,NULL,2045,53,946,0,'10:00:00','11:00:00','Martes','activo','2024-12-19 10:39:14',NULL,'Laboratorio',21,0),(734,NULL,2045,53,946,0,'09:00:00','10:00:00','Jueves','activo','2024-12-19 10:39:19',NULL,'Laboratorio',21,0),(735,NULL,2045,53,946,0,'10:00:00','11:00:00','Jueves','activo','2024-12-19 10:39:24',NULL,'Laboratorio',21,0),(736,NULL,2045,53,946,0,'10:00:00','11:00:00','Viernes','activo','2024-12-19 10:39:28',NULL,'Laboratorio',21,0),(738,NULL,2153,76,953,0,'07:00:00','08:00:00','Jueves','activo','2024-12-19 10:40:12',NULL,'Laboratorio',21,0),(739,NULL,2153,76,953,0,'08:00:00','09:00:00','Jueves','activo','2024-12-19 10:40:16',NULL,'Laboratorio',21,0),(740,NULL,2153,76,953,0,'07:00:00','08:00:00','Viernes','activo','2024-12-19 10:40:20',NULL,'Laboratorio',21,0),(741,NULL,2153,76,953,0,'08:00:00','09:00:00','Viernes','activo','2024-12-19 10:40:23',NULL,'Laboratorio',21,0),(742,NULL,2045,53,947,0,'12:00:00','13:00:00','Jueves','activo','2024-12-19 10:40:50',NULL,'Laboratorio',21,0),(743,NULL,2045,53,947,0,'13:00:00','14:00:00','Jueves','activo','2024-12-19 10:40:54',NULL,'Laboratorio',21,0),(744,NULL,2045,53,947,0,'12:00:00','13:00:00','Viernes','activo','2024-12-19 10:40:58',NULL,'Laboratorio',21,0),(745,NULL,2045,53,947,0,'13:00:00','14:00:00','Viernes','activo','2024-12-19 10:41:01',NULL,'Laboratorio',21,0),(746,NULL,2045,53,947,0,'12:00:00','13:00:00','Miércoles','activo','2024-12-19 10:41:08',NULL,'Laboratorio',21,0),(747,NULL,2135,104,964,0,'16:00:00','17:00:00','Lunes','activo','2024-12-19 10:42:17',NULL,'Laboratorio',8,0),(748,NULL,2135,104,964,0,'17:00:00','18:00:00','Lunes','activo','2024-12-19 10:42:20',NULL,'Laboratorio',8,0),(754,NULL,2085,140,962,0,'09:00:00','10:00:00','Miércoles','activo','2024-12-19 10:43:42',NULL,'Laboratorio',8,0),(755,NULL,2085,140,962,0,'10:00:00','11:00:00','Miércoles','activo','2024-12-19 10:43:45',NULL,'Laboratorio',8,0),(756,NULL,1686,67,885,0,'13:00:00','14:00:00','Miércoles','activo','2024-12-19 11:16:15',NULL,'Laboratorio',14,0),(757,NULL,1686,67,885,0,'14:00:00','15:00:00','Miércoles','activo','2024-12-19 11:16:19',NULL,'Laboratorio',14,0),(758,NULL,1686,67,886,0,'13:00:00','14:00:00','Jueves','activo','2024-12-19 11:16:33',NULL,'Laboratorio',14,0),(759,NULL,1686,67,886,0,'14:00:00','15:00:00','Jueves','activo','2024-12-19 11:16:37',NULL,'Laboratorio',14,0),(761,NULL,2056,145,948,0,'07:00:00','08:00:00','Lunes','activo','2024-12-19 11:27:53',NULL,'Laboratorio',21,0),(762,NULL,2056,145,948,0,'08:00:00','09:00:00','Lunes','activo','2024-12-19 11:28:00',NULL,'Laboratorio',21,0),(763,NULL,2056,145,948,0,'07:00:00','08:00:00','Miércoles','activo','2024-12-19 11:28:05',NULL,'Laboratorio',21,0),(764,NULL,2056,145,948,0,'08:00:00','09:00:00','Miércoles','activo','2024-12-19 11:28:09',NULL,'Laboratorio',21,0),(765,NULL,2084,NULL,961,0,'11:00:00','12:00:00','Viernes','activo','2024-12-19 11:28:59','2025-01-05 19:44:07','Laboratorio',21,0),(766,NULL,2084,NULL,961,0,'13:00:00','14:00:00','Lunes','activo','2024-12-19 11:29:04','2025-01-05 19:44:07','Laboratorio',21,0),(767,NULL,2084,NULL,961,0,'14:00:00','15:00:00','Lunes','activo','2024-12-19 11:29:28','2025-01-05 19:44:07','Laboratorio',21,0),(768,NULL,2084,NULL,961,0,'07:00:00','08:00:00','Martes','activo','2024-12-19 11:29:35','2025-01-05 19:44:07','Laboratorio',21,0),(769,NULL,2084,NULL,961,0,'08:00:00','09:00:00','Martes','activo','2024-12-19 11:29:39','2025-01-05 19:44:07','Laboratorio',21,0),(770,NULL,2084,NULL,961,0,'13:00:00','14:00:00','Miércoles','activo','2024-12-19 11:29:46','2025-01-05 19:44:07','Laboratorio',21,0),(771,NULL,2084,NULL,961,0,'14:00:00','15:00:00','Miércoles','activo','2024-12-19 11:29:50','2025-01-05 19:44:07','Laboratorio',21,0),(774,NULL,2088,145,961,0,'07:00:00','08:00:00','Jueves','activo','2024-12-19 11:39:09',NULL,'Laboratorio',11,0),(775,NULL,2088,145,961,0,'08:00:00','09:00:00','Jueves','activo','2024-12-19 11:39:14',NULL,'Laboratorio',11,0),(776,NULL,2088,145,961,0,'10:00:00','11:00:00','Viernes','activo','2024-12-19 11:39:26',NULL,'Laboratorio',11,0),(781,NULL,2084,145,962,0,'07:00:00','08:00:00','Viernes','activo','2024-12-19 11:44:59',NULL,'Laboratorio',11,0),(782,NULL,2084,145,962,0,'08:00:00','09:00:00','Viernes','activo','2024-12-19 11:45:03',NULL,'Laboratorio',11,0),(784,NULL,2088,145,962,0,'09:00:00','10:00:00','Martes','activo','2024-12-19 11:50:44',NULL,'Laboratorio',11,0),(785,NULL,2088,145,962,0,'12:00:00','13:00:00','Miércoles','activo','2024-12-19 11:50:51',NULL,'Laboratorio',11,0),(786,NULL,2088,145,962,0,'11:00:00','12:00:00','Jueves','activo','2024-12-19 11:51:00',NULL,'Laboratorio',11,0),(787,NULL,2088,145,962,0,'14:00:00','15:00:00','Jueves','activo','2024-12-19 11:51:11',NULL,'Laboratorio',11,0),(788,NULL,2088,145,962,0,'14:00:00','15:00:00','Viernes','activo','2024-12-19 11:51:19',NULL,'Laboratorio',11,0),(791,NULL,2170,145,957,0,'13:00:00','14:00:00','Jueves','activo','2024-12-19 11:54:41',NULL,'Laboratorio',20,0),(793,NULL,1691,85,953,0,'09:00:00','10:00:00','Jueves','activo','2024-12-19 12:36:26',NULL,'Laboratorio',10,0),(794,NULL,1691,85,953,0,'10:00:00','11:00:00','Miércoles','activo','2024-12-19 12:36:36',NULL,'Laboratorio',10,0),(795,NULL,1691,85,953,0,'11:00:00','12:00:00','Martes','activo','2024-12-19 12:39:53',NULL,'Laboratorio',10,0),(798,NULL,2007,145,943,0,'12:00:00','13:00:00','Viernes','activo','2024-12-19 13:33:22',NULL,'Laboratorio',8,0),(800,NULL,2007,145,943,0,'11:00:00','12:00:00','Martes','activo','2024-12-19 14:31:37',NULL,'Laboratorio',26,0),(803,NULL,2088,145,961,0,'09:00:00','10:00:00','Viernes','activo','2024-12-19 14:53:46',NULL,'Laboratorio',11,0),(806,NULL,2084,145,962,0,'13:00:00','14:00:00','Martes','activo','2024-12-19 15:11:51',NULL,'Laboratorio',20,0),(807,NULL,2084,145,962,0,'14:00:00','15:00:00','Martes','activo','2024-12-19 15:11:55',NULL,'Laboratorio',20,0),(808,NULL,2170,145,957,0,'09:00:00','10:00:00','Miércoles','activo','2024-12-19 15:23:31',NULL,'Laboratorio',11,0),(809,NULL,2170,145,957,0,'10:00:00','11:00:00','Jueves','activo','2024-12-19 15:23:41',NULL,'Laboratorio',11,0),(810,NULL,1739,130,891,0,'11:00:00','12:00:00','Miércoles','activo','2024-12-28 18:58:13',NULL,'Laboratorio',35,0),(812,NULL,1727,55,885,15,'07:00:00','08:00:00','Lunes','activo','2024-12-30 14:18:11',NULL,'Aula',0,0),(813,NULL,1727,55,885,15,'08:00:00','09:00:00','Lunes','activo','2024-12-30 14:18:14',NULL,'Aula',0,0),(814,NULL,1727,55,885,15,'09:00:00','10:00:00','Lunes','activo','2024-12-30 14:18:17',NULL,'Aula',0,0),(815,NULL,1727,55,885,15,'07:00:00','08:00:00','Martes','activo','2024-12-30 14:18:20',NULL,'Aula',0,0),(816,NULL,1727,55,885,15,'08:00:00','09:00:00','Martes','activo','2024-12-30 14:18:22',NULL,'Aula',0,0),(817,NULL,1727,55,885,15,'09:00:00','10:00:00','Martes','activo','2024-12-30 14:18:25',NULL,'Aula',0,0),(818,NULL,1727,55,885,15,'07:00:00','08:00:00','Miércoles','activo','2024-12-30 14:18:28',NULL,'Aula',0,0),(819,NULL,1727,55,885,15,'08:00:00','09:00:00','Miércoles','activo','2024-12-30 14:18:31',NULL,'Aula',0,0),(820,NULL,1727,55,885,15,'09:00:00','10:00:00','Miércoles','activo','2024-12-30 14:18:34',NULL,'Aula',0,0),(821,NULL,1727,55,885,15,'07:00:00','08:00:00','Jueves','activo','2024-12-30 14:18:37',NULL,'Aula',0,0),(822,NULL,1727,55,885,15,'08:00:00','09:00:00','Jueves','activo','2024-12-30 14:18:39',NULL,'Aula',0,0),(823,NULL,1727,55,885,15,'09:00:00','10:00:00','Jueves','activo','2024-12-30 14:18:42',NULL,'Aula',0,0),(824,NULL,1727,55,885,15,'07:00:00','08:00:00','Viernes','activo','2024-12-30 14:18:45',NULL,'Aula',0,0),(825,NULL,1727,55,885,15,'08:00:00','09:00:00','Viernes','activo','2024-12-30 14:18:48',NULL,'Aula',0,0),(826,NULL,1727,55,885,15,'09:00:00','10:00:00','Viernes','activo','2024-12-30 14:18:51',NULL,'Aula',0,0),(827,NULL,1727,55,886,41,'10:00:00','11:00:00','Lunes','activo','2024-12-30 14:19:13',NULL,'Aula',0,0),(828,NULL,1727,55,886,41,'10:00:00','11:00:00','Martes','activo','2024-12-30 14:19:17',NULL,'Aula',0,0),(829,NULL,1727,55,886,41,'10:00:00','11:00:00','Miércoles','activo','2024-12-30 14:19:20',NULL,'Aula',0,0),(830,NULL,1727,55,886,41,'10:00:00','11:00:00','Jueves','activo','2024-12-30 14:19:23',NULL,'Aula',0,0),(831,NULL,1727,55,886,41,'10:00:00','11:00:00','Viernes','activo','2024-12-30 14:19:26',NULL,'Aula',0,0),(832,NULL,1727,55,886,41,'11:00:00','12:00:00','Lunes','activo','2024-12-30 14:19:29',NULL,'Aula',0,0),(833,NULL,1727,55,886,41,'11:00:00','12:00:00','Martes','activo','2024-12-30 14:19:31',NULL,'Aula',0,0),(834,NULL,1727,55,886,41,'11:00:00','12:00:00','Miércoles','activo','2024-12-30 14:19:34',NULL,'Aula',0,0),(835,NULL,1727,55,886,41,'11:00:00','12:00:00','Jueves','activo','2024-12-30 14:19:37',NULL,'Aula',0,0),(836,NULL,1727,55,886,41,'11:00:00','12:00:00','Viernes','activo','2024-12-30 14:19:40',NULL,'Aula',0,0),(837,NULL,1727,55,886,41,'12:00:00','13:00:00','Lunes','activo','2024-12-30 14:19:42',NULL,'Aula',0,0),(838,NULL,1727,55,886,41,'12:00:00','13:00:00','Martes','activo','2024-12-30 14:19:44',NULL,'Aula',0,0),(839,NULL,1727,55,886,41,'12:00:00','13:00:00','Miércoles','activo','2024-12-30 14:20:21',NULL,'Aula',0,0),(840,NULL,1727,55,886,41,'12:00:00','13:00:00','Jueves','activo','2024-12-30 14:20:25',NULL,'Aula',0,0),(841,NULL,1727,55,886,41,'12:00:00','13:00:00','Viernes','activo','2024-12-30 14:20:28',NULL,'Aula',0,0),(842,NULL,1956,NULL,937,0,'14:00:00','15:00:00','Sábado','activo','2025-01-03 18:20:03',NULL,'Laboratorio',2,0),(843,NULL,1956,NULL,937,0,'15:00:00','16:00:00','Sábado','activo','2025-01-03 18:20:06',NULL,'Laboratorio',2,0),(844,NULL,1956,NULL,937,0,'16:00:00','17:00:00','Sábado','activo','2025-01-03 18:20:09',NULL,'Laboratorio',2,0),(849,NULL,1986,67,935,0,'12:00:00','13:00:00','Martes','activo','2025-01-03 18:24:13',NULL,'Laboratorio',14,0),(850,NULL,1986,67,935,0,'13:00:00','14:00:00','Martes','activo','2025-01-03 18:24:16',NULL,'Laboratorio',14,0),(851,NULL,1986,67,935,0,'14:00:00','15:00:00','Martes','activo','2025-01-03 18:24:20',NULL,'Laboratorio',14,0),(852,NULL,1956,108,935,0,'09:00:00','10:00:00','Martes','activo','2025-01-03 18:24:26',NULL,'Laboratorio',2,0),(853,NULL,1956,108,935,0,'10:00:00','11:00:00','Martes','activo','2025-01-03 18:24:30',NULL,'Laboratorio',2,0),(854,NULL,1956,108,935,0,'11:00:00','12:00:00','Martes','activo','2025-01-03 18:24:33',NULL,'Laboratorio',2,0),(856,NULL,1860,33,956,0,'10:00:00','11:00:00','Jueves','activo','2025-01-03 18:35:37',NULL,'Laboratorio',10,0),(857,NULL,2007,145,943,0,'11:00:00','12:00:00','Viernes','activo','2025-01-03 18:40:18',NULL,'Laboratorio',8,0),(858,NULL,1943,93,958,0,'13:00:00','14:00:00','Lunes','activo','2025-01-03 18:48:57',NULL,'Laboratorio',20,0),(859,NULL,1943,93,958,0,'14:00:00','15:00:00','Lunes','activo','2025-01-03 18:49:01',NULL,'Laboratorio',20,0),(860,NULL,2084,145,962,0,'07:00:00','08:00:00','Martes','activo','2025-01-03 18:51:19',NULL,'Laboratorio',11,0),(861,NULL,2084,145,962,0,'08:00:00','09:00:00','Martes','activo','2025-01-03 18:51:23',NULL,'Laboratorio',11,0),(866,NULL,2084,145,962,0,'09:00:00','10:00:00','Lunes','activo','2025-01-03 18:53:02',NULL,'Laboratorio',11,0),(867,NULL,1725,NULL,898,0,'13:00:00','14:00:00','Viernes','activo','2025-01-03 19:07:54',NULL,'Laboratorio',28,0),(868,NULL,1725,NULL,898,0,'14:00:00','15:00:00','Viernes','activo','2025-01-03 19:07:58',NULL,'Laboratorio',28,0),(869,NULL,1725,NULL,898,0,'15:00:00','16:00:00','Viernes','activo','2025-01-03 19:08:03',NULL,'Laboratorio',28,0),(870,NULL,1725,NULL,898,0,'16:00:00','17:00:00','Viernes','activo','2025-01-03 19:08:06',NULL,'Laboratorio',28,0),(871,NULL,1725,NULL,898,0,'17:00:00','18:00:00','Viernes','activo','2025-01-03 19:08:12',NULL,'Laboratorio',28,0),(872,NULL,1725,NULL,898,0,'18:00:00','19:00:00','Viernes','activo','2025-01-03 19:08:16',NULL,'Laboratorio',28,0),(885,NULL,2024,19,912,0,'07:00:00','08:00:00','Jueves','activo','2025-01-03 19:22:26',NULL,'Laboratorio',4,0),(886,NULL,2024,19,912,0,'08:00:00','09:00:00','Jueves','activo','2025-01-03 19:22:28',NULL,'Laboratorio',4,0),(887,NULL,2024,19,912,0,'09:00:00','10:00:00','Jueves','activo','2025-01-03 19:22:32',NULL,'Laboratorio',4,0),(888,NULL,2024,19,912,0,'10:00:00','11:00:00','Jueves','activo','2025-01-03 19:22:35',NULL,'Laboratorio',4,0),(889,NULL,2024,19,912,0,'11:00:00','12:00:00','Jueves','activo','2025-01-03 19:22:38',NULL,'Laboratorio',4,0),(890,NULL,2024,19,912,0,'12:00:00','13:00:00','Jueves','activo','2025-01-03 19:22:45',NULL,'Laboratorio',4,0),(891,NULL,1832,142,903,0,'10:00:00','11:00:00','Martes','activo','2025-01-03 19:24:47',NULL,'Laboratorio',30,0),(892,NULL,1832,142,903,0,'11:00:00','12:00:00','Martes','activo','2025-01-03 19:24:50',NULL,'Laboratorio',30,0),(893,NULL,1832,142,903,0,'12:00:00','13:00:00','Martes','activo','2025-01-03 19:24:55',NULL,'Laboratorio',30,0),(894,NULL,1832,142,903,0,'07:00:00','08:00:00','Martes','activo','2025-01-03 19:25:00',NULL,'Laboratorio',30,0),(895,NULL,1832,142,903,0,'08:00:00','09:00:00','Martes','activo','2025-01-03 19:25:06',NULL,'Laboratorio',30,0),(896,NULL,1832,142,903,0,'09:00:00','10:00:00','Martes','activo','2025-01-03 19:25:10',NULL,'Laboratorio',30,0),(898,NULL,1885,120,881,0,'14:00:00','15:00:00','Lunes','activo','2025-01-03 19:42:11',NULL,'Laboratorio',34,0),(899,NULL,1885,120,881,0,'15:00:00','16:00:00','Lunes','activo','2025-01-03 19:42:14',NULL,'Laboratorio',34,0),(900,NULL,1885,120,881,0,'12:00:00','13:00:00','Miércoles','activo','2025-01-03 19:42:22',NULL,'Laboratorio',34,0),(901,NULL,1885,120,881,0,'13:00:00','14:00:00','Miércoles','activo','2025-01-03 19:42:25',NULL,'Laboratorio',34,0),(902,NULL,1885,120,881,0,'12:00:00','13:00:00','Viernes','activo','2025-01-03 19:42:27',NULL,'Laboratorio',34,0),(903,NULL,1885,120,881,0,'13:00:00','14:00:00','Viernes','activo','2025-01-03 19:42:31',NULL,'Laboratorio',34,0),(904,NULL,1715,NULL,888,0,'08:00:00','09:00:00','Sábado','activo','2025-01-06 20:39:41',NULL,'Laboratorio',16,0),(905,NULL,1715,NULL,888,0,'09:00:00','10:00:00','Sábado','activo','2025-01-06 20:39:48',NULL,'Laboratorio',16,0),(906,NULL,1905,NULL,889,0,'07:00:00','08:00:00','Sábado','activo','2025-01-06 20:41:31',NULL,'Laboratorio',16,0),(907,NULL,1716,NULL,889,0,'08:00:00','09:00:00','Sábado','activo','2025-01-06 20:42:28',NULL,'Laboratorio',19,0),(908,NULL,1716,NULL,889,0,'09:00:00','10:00:00','Sábado','activo','2025-01-06 20:42:33',NULL,'Laboratorio',19,0),(909,NULL,1718,NULL,889,0,'10:00:00','11:00:00','Sábado','activo','2025-01-06 20:43:13',NULL,'Laboratorio',19,0),(910,NULL,1718,NULL,889,0,'11:00:00','12:00:00','Sábado','activo','2025-01-06 20:43:19',NULL,'Laboratorio',19,0),(911,NULL,1739,NULL,892,0,'11:00:00','12:00:00','Sábado','activo','2025-01-06 20:44:37',NULL,'Laboratorio',35,0),(912,NULL,1739,NULL,892,0,'12:00:00','13:00:00','Sábado','activo','2025-01-06 20:44:43',NULL,'Laboratorio',35,0),(913,NULL,2030,89,892,0,'13:00:00','14:00:00','Sábado','activo','2025-01-06 20:45:19',NULL,'Laboratorio',35,0),(914,NULL,2030,89,892,0,'14:00:00','15:00:00','Sábado','activo','2025-01-06 20:45:32',NULL,'Laboratorio',35,0),(939,NULL,1738,41,919,27,'14:00:00','15:00:00','Viernes','activo','2025-01-06 21:20:12',NULL,'Aula',0,0),(940,NULL,1738,41,919,27,'15:00:00','16:00:00','Viernes','activo','2025-01-06 21:20:16',NULL,'Aula',0,0),(941,NULL,1738,41,919,27,'15:00:00','16:00:00','Miércoles','activo','2025-01-06 21:20:41',NULL,'Aula',0,0),(942,NULL,1738,41,919,27,'15:00:00','16:00:00','Jueves','activo','2025-01-06 21:20:44',NULL,'Aula',0,0),(954,NULL,1706,56,888,0,'12:00:00','13:00:00','Sábado','activo','2025-01-06 21:54:00',NULL,'Laboratorio',19,0),(955,NULL,1706,56,888,0,'13:00:00','14:00:00','Sábado','activo','2025-01-06 21:54:07',NULL,'Laboratorio',19,0),(956,NULL,1719,89,888,59,'16:00:00','17:00:00','Viernes','activo','2025-01-06 22:08:09',NULL,'Aula',0,0),(957,NULL,1719,89,888,59,'17:00:00','18:00:00','Viernes','activo','2025-01-06 22:08:20',NULL,'Aula',0,0),(962,NULL,1717,153,888,59,'14:00:00','15:00:00','Sábado','activo','2025-01-06 22:24:24',NULL,'Aula',0,0),(963,NULL,1717,153,888,59,'15:00:00','16:00:00','Sábado','activo','2025-01-06 22:24:32',NULL,'Aula',0,0),(964,NULL,1701,102,888,59,'16:00:00','17:00:00','Sábado','activo','2025-01-06 22:26:32',NULL,'Aula',0,0),(965,NULL,1701,102,888,59,'17:00:00','18:00:00','Sábado','activo','2025-01-06 22:26:36',NULL,'Aula',0,0),(966,NULL,1714,159,888,59,'07:00:00','08:00:00','Sábado','activo','2025-01-06 22:27:42',NULL,'Aula',0,0),(968,NULL,1720,6,889,60,'16:00:00','17:00:00','Viernes','activo','2025-01-06 22:44:36',NULL,'Aula',0,0),(969,NULL,1720,6,889,60,'17:00:00','18:00:00','Viernes','activo','2025-01-06 22:44:41',NULL,'Aula',0,0),(971,NULL,1904,133,889,60,'13:00:00','14:00:00','Sábado','activo','2025-01-06 22:51:41',NULL,'Aula',0,0),(972,NULL,1908,102,889,60,'19:00:00','20:00:00','Viernes','activo','2025-01-06 22:51:53',NULL,'Aula',0,0),(973,NULL,1901,89,889,60,'15:00:00','16:00:00','Sábado','activo','2025-01-06 22:53:36',NULL,'Aula',0,0),(974,NULL,1900,159,889,60,'16:00:00','17:00:00','Sábado','activo','2025-01-06 22:54:03',NULL,'Aula',0,0),(975,NULL,1900,159,889,60,'17:00:00','18:00:00','Sábado','activo','2025-01-06 22:54:14',NULL,'Aula',0,0),(976,NULL,2029,56,892,35,'16:00:00','17:00:00','Viernes','activo','2025-01-06 23:02:23',NULL,'Aula',0,0),(977,NULL,2029,56,892,35,'17:00:00','18:00:00','Viernes','activo','2025-01-06 23:02:27',NULL,'Aula',0,0),(982,NULL,1734,159,892,35,'09:00:00','10:00:00','Sábado','activo','2025-01-06 23:12:11',NULL,'Aula',0,0),(992,NULL,2025,NULL,913,0,'07:00:00','08:00:00','Jueves','activo','2025-01-07 09:49:16',NULL,'Laboratorio',7,0),(993,NULL,2025,NULL,913,0,'08:00:00','09:00:00','Jueves','activo','2025-01-07 09:49:20',NULL,'Laboratorio',7,0),(994,NULL,2025,NULL,913,0,'09:00:00','10:00:00','Jueves','activo','2025-01-07 09:49:26',NULL,'Laboratorio',7,0),(995,NULL,2025,NULL,913,0,'10:00:00','11:00:00','Jueves','activo','2025-01-07 09:49:30',NULL,'Laboratorio',7,0),(996,NULL,2025,NULL,913,0,'11:00:00','12:00:00','Jueves','activo','2025-01-07 09:49:34',NULL,'Laboratorio',7,0),(997,NULL,2025,NULL,913,0,'12:00:00','13:00:00','Jueves','activo','2025-01-07 09:49:39',NULL,'Laboratorio',7,0),(998,NULL,2025,65,912,0,'07:00:00','08:00:00','Viernes','activo','2025-01-07 09:49:52',NULL,'Laboratorio',7,0),(999,NULL,2025,65,912,0,'08:00:00','09:00:00','Viernes','activo','2025-01-07 09:49:56',NULL,'Laboratorio',7,0),(1000,NULL,2025,65,912,0,'09:00:00','10:00:00','Viernes','activo','2025-01-07 09:50:01',NULL,'Laboratorio',7,0),(1002,NULL,2025,65,912,0,'10:00:00','11:00:00','Viernes','activo','2025-01-07 09:50:06',NULL,'Laboratorio',7,0),(1003,NULL,2025,65,912,0,'11:00:00','12:00:00','Viernes','activo','2025-01-07 09:50:12',NULL,'Laboratorio',7,0),(1004,NULL,2025,65,912,0,'12:00:00','13:00:00','Viernes','activo','2025-01-07 09:50:21',NULL,'Laboratorio',7,0),(1005,NULL,1807,8,921,0,'17:00:00','18:00:00','Viernes','activo','2025-01-07 12:53:05',NULL,'Laboratorio',17,0),(1006,NULL,1807,8,921,0,'18:00:00','19:00:00','Viernes','activo','2025-01-07 12:53:20',NULL,'Laboratorio',17,0),(1014,NULL,2024,NULL,915,0,'13:00:00','14:00:00','Viernes','activo','2025-01-07 23:17:03',NULL,'Laboratorio',7,0),(1015,NULL,2024,NULL,915,0,'14:00:00','15:00:00','Viernes','activo','2025-01-07 23:17:08',NULL,'Laboratorio',7,0),(1016,NULL,2024,NULL,915,0,'15:00:00','16:00:00','Viernes','activo','2025-01-07 23:17:13',NULL,'Laboratorio',7,0),(1017,NULL,2024,NULL,915,0,'16:00:00','17:00:00','Viernes','activo','2025-01-07 23:17:17',NULL,'Laboratorio',7,0),(1018,NULL,2024,NULL,915,0,'17:00:00','18:00:00','Viernes','activo','2025-01-07 23:17:22',NULL,'Laboratorio',7,0),(1019,NULL,2024,NULL,915,0,'18:00:00','19:00:00','Viernes','activo','2025-01-07 23:17:27',NULL,'Laboratorio',7,0),(1020,NULL,1707,NULL,888,59,'10:00:00','11:00:00','Sábado','activo','2025-01-08 01:03:34',NULL,'Aula',0,0),(1021,NULL,1707,NULL,888,59,'11:00:00','12:00:00','Sábado','activo','2025-01-08 01:03:40',NULL,'Aula',0,0),(1022,NULL,1714,159,888,59,'18:00:00','19:00:00','Viernes','activo','2025-01-08 01:03:55',NULL,'Aula',0,0),(1023,NULL,1714,159,888,59,'19:00:00','20:00:00','Viernes','activo','2025-01-08 01:04:02',NULL,'Aula',0,0),(1024,NULL,2032,102,892,35,'07:00:00','08:00:00','Sábado','activo','2025-01-08 01:11:11',NULL,'Aula',0,0),(1025,NULL,2032,102,892,35,'08:00:00','09:00:00','Sábado','activo','2025-01-08 01:11:16',NULL,'Aula',0,0),(1026,NULL,1734,159,892,35,'10:00:00','11:00:00','Sábado','activo','2025-01-08 01:11:28',NULL,'Aula',0,0),(1027,NULL,2031,89,892,35,'18:00:00','19:00:00','Viernes','activo','2025-01-08 01:14:36',NULL,'Aula',0,0);

--
-- Table structure for table `permisos`
--

CREATE TABLE `permisos` (
  `id_permiso` int NOT NULL AUTO_INCREMENT,
  `nombre_permiso` varchar(100) CHARACTER SET utf8mb4 COLLATE utf8mb4_spanish_ci NOT NULL,
  `descripcion` varchar(255) CHARACTER SET utf8mb4 COLLATE utf8mb4_spanish_ci NOT NULL,
  `fyh_creacion` datetime DEFAULT CURRENT_TIMESTAMP,
  `estado` varchar(11) CHARACTER SET utf8mb4 COLLATE utf8mb4_spanish_ci DEFAULT '1',
  PRIMARY KEY (`id_permiso`),
  UNIQUE KEY `nombre_permiso` (`nombre_permiso`)
) ENGINE=InnoDB AUTO_INCREMENT=11 DEFAULT CHARSET=utf8mb4 COLLATE=utf8mb4_spanish_ci;

--
-- Dumping data for table `permisos`
--

INSERT INTO `permisos` VALUES (1,'admin_access','ACCESO COMPLETO AL PANEL DE ADMINISTRACIÓN','2024-11-19 05:27:01','1'),(2,'user_manage','PERMISO PARA GESTIONAR USUARIOS','2024-11-19 05:27:01','1'),(3,'role_manage','PERMISO PARA GESTIONAR ROLES Y PERMISOS DE USUARIOS','2024-11-19 05:27:01','1'),(4,'schedule_manage','PERMISO PARA GESTIONAR Y ASIGNAR HORARIOS DE CLASES','2024-11-19 05:27:01','1'),(5,'classroom_assign','PERMISO PARA ASIGNAR SALONES A GRUPOS','2024-11-19 05:27:01','1'),(6,'group_view','VER GRUPOS Y SU INFORMACIÓN','2024-11-19 05:27:01','1'),(7,'group_edit','EDITAR GRUPOS Y SUS ASIGNACIONES','2024-11-19 05:27:01','1'),(8,'subject_view','VER LISTA DE MATERIAS','2024-11-19 05:27:01','1'),(9,'subject_edit','EDITAR LISTA DE MATERIAS Y SUS ASIGNACIONES','2024-11-19 05:27:01','1'),(10,'teacher_assign','ASIGNAR PROFESORES A MATERIAS Y GRUPOS','2024-11-19 05:27:01','1');

--
-- Table structure for table `permisos_roles`
--

CREATE TABLE `permisos_roles` (
  `id_permiso_rol` int NOT NULL AUTO_INCREMENT,
  `id_rol` int NOT NULL,
  `id_permiso` int NOT NULL,
  `fyh_creacion` datetime DEFAULT CURRENT_TIMESTAMP,
  PRIMARY KEY (`id_permiso_rol`),
  KEY `id_rol` (`id_rol`),
  KEY `id_permiso` (`id_permiso`),
  CONSTRAINT `permisos_roles_ibfk_1` FOREIGN KEY (`id_rol`) REFERENCES `roles` (`id_rol`) ON DELETE CASCADE,
  CONSTRAINT `permisos_roles_ibfk_2` FOREIGN KEY (`id_permiso`) REFERENCES `permisos` (`id_permiso`) ON DELETE CASCADE
) ENGINE=InnoDB AUTO_INCREMENT=45 DEFAULT CHARSET=utf8mb4 COLLATE=utf8mb4_spanish_ci;

--
-- Dumping data for table `permisos_roles`
--

INSERT INTO `permisos_roles` VALUES (1,1,1,'2024-11-19 05:27:01'),(2,1,5,'2024-11-19 05:27:01'),(3,1,7,'2024-11-19 05:27:01'),(4,1,6,'2024-11-19 05:27:01'),(5,1,3,'2024-11-19 05:27:01'),(6,1,4,'2024-11-19 05:27:01'),(7,1,9,'2024-11-19 05:27:01'),(8,1,8,'2024-11-19 05:27:01'),(9,1,10,'2024-11-19 05:27:01'),(10,1,2,'2024-11-19 05:27:01'),(23,3,6,'2024-11-19 05:27:01'),(24,3,8,'2024-11-19 05:27:01'),(25,3,2,'2024-11-19 05:27:01'),(26,4,1,'2024-11-19 05:27:01'),(27,4,2,'2024-11-19 05:27:01'),(39,2,6,'2024-11-21 01:29:40'),(40,2,8,'2024-11-21 01:29:40'),(41,2,10,'2024-11-21 01:29:40'),(42,5,6,'2024-12-19 16:51:48'),(43,5,8,'2024-12-19 16:51:48'),(44,5,10,'2024-12-19 16:51:48');

--
-- Table structure for table `program_term_subjects`
--

CREATE TABLE `program_term_subjects` (
  `program_term_subject_id` int NOT NULL AUTO_INCREMENT,
  `program_id` int DEFAULT NULL,
  `term_id` int DEFAULT NULL,
  `subject_id` int DEFAULT NULL,
  PRIMARY KEY (`program_term_subject_id`),
  KEY `program_id` (`program_id`),
  KEY `term_id` (`term_id`),
  KEY `subject_id` (`subject_id`),
  CONSTRAINT `program_term_subjects_ibfk_1` FOREIGN KEY (`program_id`) REFERENCES `programs` (`program_id`),
  CONSTRAINT `program_term_subjects_ibfk_2` FOREIGN KEY (`term_id`) REFERENCES `terms` (`term_id`),
  CONSTRAINT `program_term_subjects_ibfk_3` FOREIGN KEY (`subject_id`) REFERENCES `subjects` (`subject_id`)
) ENGINE=InnoDB AUTO_INCREMENT=2179 DEFAULT CHARSET=utf8mb4 COLLATE=utf8mb4_spanish_ci;

--
-- Dumping data for table `program_term_subjects`
--

INSERT INTO `program_term_subjects` VALUES (1637,1,1,1637),(1638,1,1,1638),(1639,1,1,1639),(1640,1,1,1640),(1641,1,1,1641),(1642,1,1,1642),(1643,1,1,1643),(1644,1,2,1644),(1645,3,1,1645),(1646,1,2,1646),(1647,3,1,1647),(1648,3,1,1648),(1649,1,3,1649),(1650,3,1,1650),(1651,1,3,1651),(1652,4,1,1652),(1653,4,1,1653),(1654,4,1,1654),(1655,4,1,1655),(1656,4,1,1656),(1657,2,5,1657),(1658,2,5,1658),(1659,2,5,1659),(1660,8,1,1660),(1661,8,1,1661),(1662,4,1,1662),(1663,8,1,1663),(1664,8,1,1664),(1665,4,1,1665),(1666,12,1,1666),(1667,4,2,1667),(1668,12,1,1668),(1669,4,2,1669),(1670,12,1,1670),(1671,12,1,1671),(1672,4,3,1672),(1673,4,4,1673),(1674,15,1,1674),(1675,15,1,1675),(1676,15,1,1676),(1677,15,1,1677),(1678,15,1,1678),(1679,4,5,1679),(1680,4,5,1680),(1681,16,1,1681),(1682,16,1,1682),(1683,4,8,1683),(1684,4,9,1684),(1685,16,1,1685),(1686,14,2,1686),(1687,14,2,1687),(1688,18,1,1688),(1689,22,7,1689),(1690,22,7,1690),(1691,22,7,1691),(1692,22,7,1692),(1693,8,1,1693),(1694,1,2,1694),(1695,1,2,1695),(1696,1,2,1696),(1697,1,2,1697),(1698,1,2,1698),(1699,8,1,1699),(1700,8,1,1700),(1701,8,2,1701),(1702,3,2,1702),(1703,3,2,1703),(1704,3,2,1704),(1705,3,2,1705),(1706,8,2,1706),(1707,8,2,1707),(1708,4,2,1708),(1709,5,3,1709),(1710,4,2,1710),(1711,4,2,1711),(1712,4,2,1712),(1713,9,5,1713),(1714,8,2,1714),(1715,8,2,1715),(1716,10,5,1716),(1717,8,2,1717),(1718,10,5,1718),(1719,8,2,1719),(1720,10,5,1720),(1721,12,2,1721),(1722,12,2,1722),(1723,12,2,1723),(1724,12,2,1724),(1725,12,2,1725),(1726,12,2,1726),(1727,14,2,1727),(1728,14,2,1728),(1729,14,2,1729),(1730,11,5,1730),(1731,14,2,1731),(1732,14,2,1732),(1733,11,5,1733),(1734,26,8,1734),(1735,15,2,1735),(1736,15,2,1736),(1737,15,2,1737),(1738,15,2,1738),(1739,26,8,1739),(1740,15,2,1740),(1741,26,9,1741),(1742,16,2,1742),(1743,16,2,1743),(1744,16,2,1744),(1745,16,2,1745),(1746,16,2,1746),(1747,26,9,1747),(1748,26,10,1748),(1749,22,7,1749),(1750,26,10,1750),(1751,12,1,1751),(1752,12,1,1752),(1753,12,1,1753),(1754,22,8,1754),(1755,4,2,1755),(1756,1,3,1756),(1757,12,2,1757),(1758,1,3,1758),(1759,1,3,1759),(1760,1,3,1760),(1761,1,3,1761),(1762,12,3,1762),(1763,12,4,1763),(1764,3,3,1764),(1765,3,3,1765),(1766,3,3,1766),(1767,3,3,1767),(1768,3,3,1768),(1769,12,5,1769),(1770,4,3,1770),(1771,4,3,1771),(1772,4,3,1772),(1773,4,3,1773),(1774,12,5,1774),(1775,12,7,1775),(1776,5,3,1776),(1777,5,3,1777),(1778,5,3,1778),(1779,5,3,1779),(1780,5,3,1780),(1781,25,3,1781),(1782,15,1,1782),(1783,12,3,1783),(1784,12,3,1784),(1785,12,3,1785),(1786,12,3,1786),(1787,12,3,1787),(1788,12,3,1788),(1789,15,1,1789),(1790,15,3,1790),(1791,15,3,1791),(1792,15,3,1792),(1793,15,3,1793),(1794,15,3,1794),(1795,15,2,1795),(1796,15,2,1796),(1797,16,3,1797),(1798,16,3,1798),(1799,15,3,1799),(1800,16,3,1800),(1801,15,3,1801),(1802,16,3,1802),(1803,15,4,1803),(1804,22,8,1804),(1805,18,2,1805),(1806,22,8,1806),(1807,15,5,1807),(1808,18,3,1808),(1809,13,7,1809),(1810,4,3,1810),(1811,4,3,1811),(1812,3,4,1812),(1813,3,4,1813),(1814,3,4,1814),(1815,3,4,1815),(1816,3,4,1816),(1817,3,4,1817),(1818,3,4,1818),(1819,3,4,1819),(1820,3,4,1820),(1821,15,5,1821),(1822,4,4,1822),(1823,4,4,1823),(1824,4,4,1824),(1825,4,4,1825),(1826,4,4,1826),(1827,4,4,1827),(1828,12,4,1828),(1829,12,4,1829),(1830,12,4,1830),(1831,15,5,1831),(1832,12,4,1832),(1833,12,4,1833),(1834,12,4,1834),(1835,12,4,1835),(1836,15,4,1836),(1837,15,4,1837),(1838,15,4,1838),(1839,15,5,1839),(1840,15,4,1840),(1841,15,4,1841),(1842,15,4,1842),(1843,15,4,1843),(1844,15,4,1844),(1845,16,4,1845),(1846,16,4,1846),(1847,16,4,1847),(1848,16,4,1848),(1849,15,8,1849),(1850,16,4,1850),(1851,16,4,1851),(1852,15,8,1852),(1853,16,4,1853),(1854,13,7,1854),(1855,13,7,1855),(1856,13,7,1856),(1857,19,4,1857),(1858,13,8,1858),(1859,13,8,1859),(1860,13,8,1860),(1861,13,8,1861),(1862,13,8,1862),(1863,15,8,1863),(1864,15,10,1864),(1865,13,9,1865),(1866,13,9,1866),(1867,13,9,1867),(1868,13,9,1868),(1869,16,1,1869),(1870,2,5,1870),(1871,2,5,1871),(1872,2,5,1872),(1873,16,1,1873),(1874,2,5,1874),(1875,16,1,1875),(1876,2,5,1876),(1877,3,5,1877),(1878,16,1,1878),(1879,16,2,1879),(1880,16,2,1880),(1881,16,3,1881),(1882,16,3,1882),(1883,3,5,1883),(1884,3,5,1884),(1885,4,5,1885),(1886,4,5,1886),(1887,4,5,1887),(1888,16,3,1888),(1889,4,5,1889),(1890,16,4,1890),(1891,4,5,1891),(1892,9,5,1892),(1893,9,5,1893),(1894,9,5,1894),(1895,9,5,1895),(1896,9,5,1896),(1897,9,5,1897),(1898,16,4,1898),(1899,9,5,1899),(1900,10,5,1900),(1901,10,5,1901),(1902,16,5,1902),(1903,16,5,1903),(1904,10,5,1904),(1905,10,5,1905),(1906,10,5,1906),(1907,16,5,1907),(1908,10,5,1908),(1909,11,5,1909),(1910,16,5,1910),(1911,11,5,1911),(1912,11,5,1912),(1913,11,5,1913),(1914,11,5,1914),(1915,16,5,1915),(1916,11,5,1916),(1917,12,5,1917),(1918,12,5,1918),(1919,16,7,1919),(1920,15,5,1920),(1921,16,7,1921),(1922,16,8,1922),(1923,15,5,1923),(1924,15,5,1924),(1925,16,8,1925),(1926,15,5,1926),(1927,15,5,1927),(1928,16,5,1928),(1929,16,5,1929),(1930,16,9,1930),(1931,16,10,1931),(1932,3,1,1932),(1933,3,1,1933),(1934,16,5,1934),(1935,3,1,1935),(1936,23,4,1936),(1937,13,7,1937),(1938,13,9,1938),(1939,3,2,1939),(1940,13,10,1940),(1941,3,2,1941),(1942,13,10,1942),(1943,13,10,1943),(1944,3,2,1944),(1945,13,10,1945),(1946,13,10,1946),(1947,13,10,1947),(1948,27,2,1948),(1949,3,3,1949),(1950,27,2,1950),(1951,12,5,1951),(1952,12,5,1952),(1953,3,3,1953),(1954,12,5,1954),(1955,12,5,1955),(1956,3,5,1956),(1957,3,7,1957),(1958,3,5,1958),(1959,3,7,1959),(1960,3,7,1960),(1961,3,7,1961),(1962,3,7,1962),(1963,3,7,1963),(1964,3,7,1964),(1965,4,7,1965),(1966,4,7,1966),(1967,4,7,1967),(1968,4,7,1968),(1969,4,7,1969),(1970,4,7,1970),(1971,12,7,1971),(1972,3,5,1972),(1973,12,7,1973),(1974,12,7,1974),(1975,12,7,1975),(1976,12,7,1976),(1977,26,7,1977),(1978,26,7,1978),(1979,26,7,1979),(1980,26,7,1980),(1981,26,7,1981),(1982,26,7,1982),(1983,26,7,1983),(1984,27,2,1984),(1985,27,2,1985),(1986,3,5,1986),(1987,27,5,1987),(1988,27,5,1988),(1989,27,5,1989),(1990,15,7,1990),(1991,15,7,1991),(1992,15,7,1992),(1993,15,7,1993),(1994,15,7,1994),(1995,15,7,1995),(1996,15,7,1996),(1997,16,7,1997),(1998,16,7,1998),(1999,3,5,1999),(2000,3,7,2000),(2001,16,7,2001),(2002,16,7,2002),(2003,27,5,2003),(2004,18,1,2004),(2005,18,1,2005),(2006,3,8,2006),(2007,18,1,2007),(2008,18,1,2008),(2009,18,1,2009),(2010,3,9,2010),(2011,3,8,2011),(2012,3,8,2012),(2013,3,8,2013),(2014,3,8,2014),(2015,3,8,2015),(2016,3,8,2016),(2017,4,8,2017),(2018,4,8,2018),(2019,4,8,2019),(2020,4,8,2020),(2021,4,8,2021),(2022,12,8,2022),(2023,12,8,2023),(2024,12,8,2024),(2025,12,8,2025),(2026,12,8,2026),(2027,18,2,2027),(2028,18,2,2028),(2029,26,8,2029),(2030,26,8,2030),(2031,26,8,2031),(2032,26,8,2032),(2033,18,3,2033),(2034,18,3,2034),(2035,18,3,2035),(2036,18,3,2036),(2037,18,3,2037),(2038,22,10,2038),(2039,18,1,2039),(2040,19,5,2040),(2041,15,8,2041),(2042,15,8,2042),(2043,18,2,2043),(2044,15,8,2044),(2045,18,2,2045),(2046,16,8,2046),(2047,18,2,2047),(2048,16,8,2048),(2049,16,8,2049),(2050,16,8,2050),(2051,18,2,2051),(2052,23,5,2052),(2053,18,3,2053),(2054,19,4,2054),(2055,19,4,2055),(2056,19,4,2056),(2057,3,9,2057),(2058,3,9,2058),(2059,3,9,2059),(2060,19,4,2060),(2061,3,9,2061),(2062,3,9,2062),(2063,3,9,2063),(2064,4,9,2064),(2065,4,9,2065),(2066,4,9,2066),(2067,19,4,2067),(2068,4,9,2068),(2069,4,9,2069),(2070,4,9,2070),(2071,12,9,2071),(2072,12,9,2072),(2073,12,9,2073),(2074,12,9,2074),(2075,12,9,2075),(2076,12,9,2076),(2077,19,4,2077),(2078,19,4,2078),(2079,26,9,2079),(2080,26,9,2080),(2081,26,9,2081),(2082,26,9,2082),(2083,19,5,2083),(2084,19,5,2084),(2085,19,5,2085),(2086,19,5,2086),(2087,22,7,2087),(2088,19,5,2088),(2089,15,9,2089),(2090,15,9,2090),(2091,15,9,2091),(2092,15,9,2092),(2093,15,9,2093),(2094,16,9,2094),(2095,16,9,2095),(2096,16,9,2096),(2097,19,5,2097),(2098,16,9,2098),(2099,16,9,2099),(2100,13,7,2100),(2101,23,4,2101),(2102,23,4,2102),(2103,23,4,2103),(2104,23,4,2104),(2105,22,8,2105),(2106,3,10,2106),(2107,3,10,2107),(2108,3,10,2108),(2109,3,10,2109),(2110,3,10,2110),(2111,3,10,2111),(2112,3,10,2112),(2113,3,10,2113),(2114,4,10,2114),(2115,4,10,2115),(2116,4,10,2116),(2117,4,10,2117),(2118,4,10,2118),(2119,4,10,2119),(2120,4,10,2120),(2121,12,10,2121),(2122,12,10,2122),(2123,12,10,2123),(2124,12,10,2124),(2125,12,10,2125),(2126,12,10,2126),(2127,12,10,2127),(2128,23,5,2128),(2129,23,5,2129),(2130,26,10,2130),(2131,26,10,2131),(2132,26,10,2132),(2133,26,10,2133),(2134,26,10,2134),(2135,23,5,2135),(2136,23,5,2136),(2137,23,4,2137),(2138,23,4,2138),(2139,23,5,2139),(2140,23,5,2140),(2141,15,10,2141),(2142,15,10,2142),(2143,15,10,2143),(2144,15,10,2144),(2145,13,8,2145),(2146,15,10,2146),(2147,16,10,2147),(2148,16,10,2148),(2149,22,9,2149),(2150,16,10,2150),(2151,16,10,2151),(2152,16,10,2152),(2153,22,7,2153),(2154,22,9,2154),(2155,22,8,2155),(2156,22,9,2156),(2157,13,9,2157),(2158,22,8,2158),(2159,22,9,2159),(2160,28,2,2160),(2161,28,2,2161),(2162,28,2,2162),(2163,28,2,2163),(2164,28,2,2164),(2165,28,2,2165),(2166,28,2,2166),(2167,22,9,2167),(2168,22,9,2168),(2169,22,10,2169),(2170,22,10,2170),(2171,22,10,2171),(2172,22,10,2172),(2173,22,10,2173),(2174,22,10,2174),(2175,4,2,1711),(2176,15,2,1738),(2177,18,2,2028),(2178,28,2,2164);

--
-- Table structure for table `programs`
--

CREATE TABLE `programs` (
  `program_id` int NOT NULL AUTO_INCREMENT,
  `program_name` varchar(255) CHARACTER SET utf8mb4 COLLATE utf8mb4_spanish_ci NOT NULL,
  `area` varchar(255) CHARACTER SET utf8mb4 COLLATE utf8mb4_spanish_ci DEFAULT NULL,
  `fyh_creacion` datetime DEFAULT NULL,
  `fyh_actualizacion` datetime DEFAULT NULL,
  `estado` varchar(11) CHARACTER SET utf8mb4 COLLATE utf8mb4_spanish_ci DEFAULT NULL,
  PRIMARY KEY (`program_id`),
  KEY `idx_area` (`area`)
) ENGINE=InnoDB AUTO_INCREMENT=30 DEFAULT CHARSET=utf8mb4 COLLATE=utf8mb4_spanish_ci;

--
-- Dumping data for table `programs`
--

INSERT INTO `programs` VALUES (1,'ASESOR FINANCIERO','AFC','2024-11-19 05:27:02',NULL,'1'),(2,'ASESOR FINANCIERO COOPERATIVO','AFC','2024-11-19 05:27:02',NULL,'1'),(3,'BIOTECNOLOGIA','QMBT','2024-11-19 05:27:02','2024-11-20 00:49:06','1'),(4,'DISEÑO Y MODA','DMI','2024-11-19 05:27:02',NULL,'1'),(5,'ENERGIA Y DESARROLLO SOSTENIBLE AREA ENERGIA SOLAR','ERV','2024-11-19 05:27:02','2024-11-20 00:49:16','1'),(6,'ENERGIA Y DESARROLLO SOSTENIBLE AREA TURBOENERGIA','ERV','2024-11-19 05:27:02','2024-11-20 00:50:18','1'),(7,'ENERGIA Y DESARROLLO SOSTENIBLE AREA TURBOSOLAR','ERV','2024-11-19 05:27:02','2024-11-20 00:50:24','1'),(8,'ENERGIAS RENOVABLES','ERV','2024-11-19 05:27:02','2024-11-20 00:50:31','1'),(9,'ENERGIAS RENOVABLES AREA CALIDAD Y AHORRO DE ENERGIA','ERV','2024-11-19 05:27:02','2024-11-20 00:50:37','1'),(10,'ENERGIAS RENOVABLES AREA ENERGIA SOLAR','ERV','2024-11-19 05:27:02','2024-11-20 00:50:42','1'),(11,'ENERGIAS RENOVABLES AREA TURBOENERGIA','ERV','2024-11-19 05:27:02','2024-11-20 00:50:53','1'),(12,'GASTRONOMIA','GST','2024-11-19 05:27:02','2024-11-20 00:51:04','1'),(13,'INGENIERIA EN ENTORNOS VIRTUALES Y NEGOCIOS DIGITALES','TI','2024-11-19 05:27:02','2024-11-20 00:51:11','1'),(14,'LICENCIATURA EN ENFERMERIA','ENF','2024-11-19 05:27:02','2024-11-20 00:51:17','1'),(15,'MANTENIMIENTO INDUSTRIAL','MAI','2024-11-19 05:27:02',NULL,'1'),(16,'MECATRONICA','MEC','2024-11-19 05:27:02','2024-11-20 00:51:37','1'),(17,'MTRIA. EN INGENIERIA APLICADA EN LA INNOVACION TECNOLOGICA','MTI','2024-11-19 05:27:02','2024-11-20 00:51:52','1'),(18,'TECNOLOGIAS DE LA INFORMACION','TI','2024-11-19 05:27:02','2024-11-20 00:52:00','1'),(19,'TECNOLOGIAS DE LA INFORMACION AREA DESARROLLO DE SOFTWARE MULTIPLATAFORMA','TI','2024-11-19 05:27:02','2024-11-20 00:52:13','1'),(20,'TECNOLOGIAS DE LA INFORMACION E INNOVACION DIGITAL','TI','2024-11-19 05:27:02','2024-11-20 00:52:23','1'),(21,'TECNOLOGIAS DE LA INFORMACION E INNOVACION DIGITAL AREA ENTORNO VIRTUALES Y NEGOCIOS DIGITALES','TI','2024-11-19 05:27:02','2024-11-20 00:52:33','1'),(22,'INGENIERIA EN DESARROLLO Y GESTION DE SOFTWARE','TI','2024-11-19 05:27:02','2024-12-06 10:59:04','1'),(23,'TECNOLOGÍAS DE LA INFORMACIÓN ÁREA ENTORNOS VIRTUALES Y NEGOCIOS DIGITALES','TI','2024-12-06 07:43:38',NULL,'ACTIVO'),(24,'ENERGÍAS RENOVABLES','ERV','2024-12-06 07:43:48',NULL,'ACTIVO'),(25,'ENERGÍA Y DESARROLLO SOSTENIBLE AREA TURBO SOLAR','ERV','2024-12-06 07:44:01',NULL,'ACTIVO'),(26,'INGENIERIA EN ENERGÍAS RENOVABLES','ERV','2024-12-06 07:44:11',NULL,'ACTIVO'),(27,'MAESTRÍA EN INGENIERÍA APLICADA EN LA INNOVACIÓN TECNOLÓGICA','MTI','2024-12-18 00:42:05',NULL,'ACTIVO'),(28,'ELECTROMOVILIDAD','EMV','2024-12-18 00:42:12',NULL,'ACTIVO');

--
-- Table structure for table `registro_actividad`
--

CREATE TABLE `registro_actividad` (
  `id` int NOT NULL AUTO_INCREMENT,
  `email` varchar(255) CHARACTER SET utf8mb4 COLLATE utf8mb4_spanish_ci NOT NULL,
  `status` enum('exitoso','fallido') CHARACTER SET utf8mb4 COLLATE utf8mb4_spanish_ci NOT NULL,
  `ip` varchar(45) CHARACTER SET utf8mb4 COLLATE utf8mb4_spanish_ci NOT NULL,
  `fecha` timestamp NULL DEFAULT CURRENT_TIMESTAMP,
  PRIMARY KEY (`id`)
) ENGINE=InnoDB AUTO_INCREMENT=594 DEFAULT CHARSET=utf8mb4 COLLATE=utf8mb4_spanish_ci;

--
-- Dumping data for table `registro_actividad`
--

INSERT INTO `registro_actividad` VALUES (1,'admin@admin.com','exitoso','177.240.146.245','2024-11-19 05:27:36'),(2,'admin@admin.com','exitoso','177.240.146.245','2024-11-19 18:09:57'),(3,'admin@admin.com','exitoso','177.240.146.245','2024-11-19 18:19:49'),(4,'admin@admin.com','exitoso','177.240.146.245','2024-11-19 20:34:13'),(5,'admin@admin.com','exitoso','177.240.146.245','2024-11-19 20:53:00'),(6,'admin@admin.com','exitoso','207.248.109.2','2024-11-20 01:23:22'),(7,'admin@admin.com','exitoso','177.240.146.245','2024-11-20 01:49:07'),(8,'admin@admin.com','exitoso','177.240.146.245','2024-11-20 03:47:21'),(9,'admin@admin.com','exitoso','177.240.146.245','2024-11-20 04:52:09'),(10,'admin@admin.com','exitoso','177.240.146.245','2024-11-20 05:44:14'),(11,'admin@admin.com','exitoso','177.240.146.245','2024-11-20 05:52:53'),(12,'admin@admin.com','exitoso','177.240.146.245','2024-11-20 05:59:31'),(13,'admin@admin.com','exitoso','189.199.95.118','2024-11-20 17:34:00'),(14,'admin@admin.com','exitoso','187.189.191.141','2024-11-20 20:06:51'),(15,'jonathan.moreno@ut-morelia.edu.mx','exitoso','189.199.95.118','2024-11-20 20:24:16'),(16,'esolache@ut-morelia.edu.mx','exitoso','187.189.191.141','2024-11-20 20:30:05'),(17,'rocio.gonzalez@ut-morelia.edu.mx','exitoso','187.189.191.141','2024-11-20 20:30:26'),(18,'luis.gutierrez@ut-morelia.edu.mx','exitoso','189.199.95.118','2024-11-20 20:31:29'),(19,'luis.gutierrez@ut-morelia.edu.mx','exitoso','189.199.95.118','2024-11-20 20:33:50'),(20,'jonathan.moreno@ut-morelia.edu.mx','exitoso','189.199.95.118','2024-11-20 20:33:56'),(21,'esolache@ut-morelia.edu.mx','exitoso','187.189.191.141','2024-11-20 20:33:58'),(22,'admin@admin.com','exitoso','177.240.146.245','2024-11-20 20:41:08'),(23,'admin@admin.com','exitoso','187.189.191.141','2024-11-20 21:10:00'),(24,'admin@admin.com','exitoso','177.240.146.245','2024-11-20 21:25:06'),(25,'admin@admin.com','exitoso','187.189.191.141','2024-11-20 21:28:31'),(26,'admin@admin.com','exitoso','187.189.191.141','2024-11-20 21:40:29'),(27,'admin@admin.com','exitoso','177.240.146.245','2024-11-20 21:40:56'),(28,'admin1@admin.com','exitoso','177.240.146.245','2024-11-20 21:42:56'),(29,'admin1@admin.com','exitoso','200.68.166.76','2024-11-20 21:45:08'),(30,'admin@admin.com','exitoso','177.240.146.245','2024-11-20 21:46:27'),(31,'admin1@admin.com','exitoso','177.240.146.245','2024-11-20 21:48:30'),(32,'admin@admin.com','fallido','189.243.236.74','2024-11-21 01:13:51'),(33,'admin@admin.com','fallido','189.243.236.74','2024-11-21 01:14:07'),(34,'admin@admin.com','exitoso','189.243.236.74','2024-11-21 01:14:20'),(35,'admin@admin.com','exitoso','189.243.236.74','2024-11-21 02:06:49'),(36,'admin@admin.com','fallido','177.240.146.245','2024-11-21 10:21:30'),(37,'admin@admin.com','exitoso','177.240.146.245','2024-11-21 10:21:35'),(38,'admin@admin.com','exitoso','177.240.146.245','2024-11-21 10:29:10'),(39,'laura.vieyra@ut-morelia.edu.mx','exitoso','189.199.95.118','2024-11-21 15:07:27'),(40,'admin@admin.com','exitoso','177.240.146.245','2024-11-21 22:28:54'),(41,'admin@admin.com','exitoso','177.240.146.245','2024-11-22 04:05:13'),(42,'admin@admin.com','exitoso','177.240.146.245','2024-11-22 05:33:44'),(43,'admin@admin.com','exitoso','177.240.146.245','2024-11-22 05:34:19'),(44,'admin@admin.com','exitoso','177.240.146.245','2024-11-22 09:13:43'),(45,'laura.vieyra@ut-morelia.edu.mx','exitoso','189.199.95.118','2024-11-22 16:36:40'),(46,'admin@admin.com','exitoso','177.240.146.245','2024-11-23 05:57:19'),(47,'admin@admin.com','exitoso','189.243.236.74','2024-11-24 02:35:19'),(48,'srangel@ut-morelia.edu.mx','exitoso','189.243.236.74','2024-11-24 03:22:08'),(49,'srangel@ut-morelia.edu.mx','exitoso','189.243.236.74','2024-11-24 03:25:27'),(50,'admin@admin.com','exitoso','189.243.236.74','2024-11-24 03:25:45'),(51,'jonathan.moreno@ut-morelia.edu.mx','exitoso','187.189.191.141','2024-11-25 14:46:53'),(52,'jonathan.moreno@ut-morelia.edu.mx','exitoso','187.189.191.141','2024-11-25 14:49:44'),(53,'jonathan.moreno@ut-morelia.edu.mx','exitoso','187.189.191.141','2024-11-25 14:51:55'),(54,'admin@admin.com','exitoso','177.240.146.245','2024-11-27 05:52:27'),(55,'admin@admin.com','exitoso','177.240.146.245','2024-11-27 20:07:25'),(56,'admin@admin.com','exitoso','177.240.146.245','2024-11-29 07:19:23'),(57,'admin@admin.com','exitoso','177.240.146.245','2024-11-29 07:21:19'),(58,'admin@admin.com','exitoso','177.240.146.245','2024-11-29 18:14:29'),(59,'admin@admin.com','exitoso','189.199.95.118','2024-11-29 19:20:10'),(60,'admin@admin.com','exitoso','177.240.146.245','2024-11-29 20:23:03'),(61,'admin@admin.com','exitoso','189.199.95.118','2024-11-29 21:41:56'),(62,'admin@admin.com','exitoso','177.240.146.245','2024-11-30 02:16:09'),(63,'admin@admin.com','exitoso','177.240.146.245','2024-11-30 07:06:59'),(64,'admin@admin.com','exitoso','189.243.236.74','2024-12-01 05:25:50'),(65,'admin@admin.com','exitoso','177.240.146.245','2024-12-02 02:49:02'),(66,'admin@admin.com','exitoso','177.240.146.245','2024-12-02 07:50:05'),(67,'admin@admin.com','exitoso','177.240.146.245','2024-12-02 13:05:59'),(68,'admin@admin.com','exitoso','187.189.191.141','2024-12-02 15:06:13'),(69,'rocio.gonzalez@ut-morelia.edu.mx','exitoso','187.189.191.141','2024-12-02 16:40:04'),(70,'admin@admin.com','exitoso','177.240.146.245','2024-12-02 17:02:38'),(71,'admin@admin.com','exitoso','187.189.191.141','2024-12-02 17:13:13'),(72,'admin1@admin.com','fallido','177.240.146.245','2024-12-02 17:15:22'),(73,'admin1@admin.com','exitoso','177.240.146.245','2024-12-02 17:15:27'),(74,'admin@admin.com','exitoso','177.240.136.41','2024-12-03 16:35:40'),(75,'admin@admin.com','exitoso','177.240.136.41','2024-12-03 18:56:53'),(76,'admin@admin.com','exitoso','177.240.136.41','2024-12-03 21:07:19'),(77,'admin@admin.com','exitoso','177.240.146.245','2024-12-05 08:54:38'),(78,'admin@admin.com','exitoso','177.240.136.41','2024-12-06 02:17:33'),(79,'admin@admin.com','exitoso','177.240.136.41','2024-12-06 02:18:47'),(80,'admin@admin.com','exitoso','189.243.236.74','2024-12-06 03:21:18'),(81,'esolache@ut-morelia.edu.mx','fallido','189.243.236.74','2024-12-06 04:12:08'),(82,'esolache@ut-morelia.edu.mx','fallido','189.243.236.74','2024-12-06 04:12:15'),(83,'esolache@ut-morelia.edu.mx','exitoso','189.243.236.74','2024-12-06 04:12:23'),(84,'admin@admin.com','exitoso','177.240.136.41','2024-12-06 05:34:39'),(85,'admin@admin.com','exitoso','177.240.136.41','2024-12-06 06:42:14'),(86,'admin@admin.com','exitoso','177.240.136.41','2024-12-06 07:19:26'),(87,'admin@admin.com','exitoso','177.240.136.41','2024-12-06 07:29:46'),(88,'admin@admin.com','exitoso','177.240.136.41','2024-12-06 07:31:50'),(89,'admin@admin.com','fallido','177.240.146.245','2024-12-06 13:41:09'),(90,'admin@admin.com','exitoso','177.240.146.245','2024-12-06 13:41:13'),(91,'admin@admin.com','exitoso','187.189.191.141','2024-12-06 14:14:58'),(92,'rocio.gonzalez@ut-morelia.edu.mx','exitoso','189.199.95.118','2024-12-06 14:50:50'),(93,'srangel@ut-morelia.edu.mx','exitoso','189.199.95.118','2024-12-06 14:51:59'),(94,'esolache@ut-morelia.edu.mx','fallido','189.199.95.118','2024-12-06 14:52:54'),(95,'esolache@ut-morelia.edu.mx','exitoso','189.199.95.118','2024-12-06 14:53:54'),(96,'admin@admin.com','exitoso','187.189.191.141','2024-12-06 14:54:57'),(97,'srangel@ut-morelia.edu.mx','exitoso','187.189.191.141','2024-12-06 14:57:12'),(98,'admin@admin.com','exitoso','187.189.191.141','2024-12-06 14:58:56'),(99,'srangel@ut-morelia.edu.mx','exitoso','187.189.191.141','2024-12-06 15:01:04'),(100,'esolache@ut-morelia.edu.mx','exitoso','187.189.191.141','2024-12-06 15:07:55'),(101,'jonathan.moreno@ut-morelia.edu.mx','exitoso','189.199.95.118','2024-12-06 15:12:21'),(102,'luis.gutierrez@ut-morelia.edu.mx','exitoso','187.189.191.141','2024-12-06 15:13:33'),(103,'jonathan.moreno@ut-morelia.edu.mx','exitoso','189.199.95.118','2024-12-06 15:13:47'),(104,'luis.gutierrez@ut-morelia.edu.mx','exitoso','189.199.95.118','2024-12-06 15:15:00'),(105,'rosa.garcia@ut-morelia.edu.mx','fallido','187.189.191.141','2024-12-06 15:22:53'),(106,'rosa.garcia@ut-morelia.edu.mx','fallido','187.189.191.141','2024-12-06 15:25:07'),(107,'rosa.garcia@ut-morelia.edu.mx','exitoso','187.189.191.141','2024-12-06 15:35:24'),(108,'admin@admin.com','exitoso','187.189.191.141','2024-12-06 15:49:24'),(109,'rocio.gonzalez@ut-morelia.edu.mx','exitoso','189.199.95.118','2024-12-06 15:49:32'),(110,'esolache@ut-morelia.edu.mx','exitoso','189.199.95.118','2024-12-06 15:49:51'),(111,'esolache@ut-morelia.edu.mx','exitoso','187.189.191.141','2024-12-06 15:51:46'),(112,'mequihua@ut-morelia.edu.mx','exitoso','187.189.191.141','2024-12-06 15:52:07'),(113,'mequihua@ut-morelia.edu.mx','exitoso','187.189.191.141','2024-12-06 15:52:11'),(114,'laura.vieyra@ut-morelia.edu.mx','exitoso','200.68.167.46','2024-12-06 15:58:13'),(115,'mequihua@ut-morelia.edu.mx','exitoso','187.189.191.141','2024-12-06 16:23:12'),(116,'admin@admin.com','exitoso','187.189.191.141','2024-12-06 17:49:44'),(117,'luis.gutierrez@ut-morelia.edu.mx','exitoso','189.199.95.118','2024-12-06 17:55:20'),(118,'esolache@ut-morelia.edu.mx','fallido','187.189.191.141','2024-12-06 17:56:06'),(119,'esolache@ut-morelia.edu.mx','exitoso','187.189.191.141','2024-12-06 17:59:35'),(120,'admin@admin.com','exitoso','187.189.191.141','2024-12-06 18:19:11'),(121,'luis.gutierrez@ut-morelia.edu.mx','exitoso','189.199.95.118','2024-12-06 18:43:09'),(122,'luis.gutierrez@ut-morelia.edu.mx','exitoso','187.189.191.141','2024-12-06 18:49:57'),(123,'rocio.gonzalez@ut-morelia.edu.mx','exitoso','189.199.95.118','2024-12-06 18:51:43'),(124,'esolache@ut-morelia.edu.mx','exitoso','187.189.191.141','2024-12-06 19:31:46'),(125,'jonathan.moreno@ut-morelia.edu.mx','exitoso','189.199.95.118','2024-12-06 19:47:23'),(126,'rosa.garcia@ut-morelia.edu.mx','exitoso','187.189.191.141','2024-12-06 19:55:03'),(127,'admin@admin.com','exitoso','177.240.146.245','2024-12-06 21:15:02'),(128,'admin@admin.com','exitoso','177.240.146.245','2024-12-07 12:04:01'),(129,'admin@admin.com','exitoso','177.240.146.245','2024-12-07 12:04:05'),(130,'admin@admin.com','exitoso','177.240.146.245','2024-12-07 12:04:13'),(131,'admin@admin.com','exitoso','177.240.146.245','2024-12-07 12:04:28'),(132,'admin@admin.com','exitoso','189.243.236.74','2024-12-07 22:13:39'),(133,'jorgerodriguez@ut-morelia.edu.mx','exitoso','189.243.236.74','2024-12-07 22:34:13'),(134,'admin@admin.com','exitoso','177.240.136.41','2024-12-07 22:42:32'),(135,'admin@admin.com','exitoso','177.240.136.41','2024-12-08 02:04:17'),(136,'admin@admin.com','exitoso','177.240.136.41','2024-12-08 03:15:02'),(137,'jorgerodriguez@ut-morelia.edu.mx','exitoso','189.199.95.118','2024-12-09 15:10:56'),(138,'jorgerodriguez@ut-morelia.edu.mx','exitoso','189.199.95.118','2024-12-09 15:24:00'),(139,'jonathan.moreno@ut-morelia.edu.mx','exitoso','187.189.191.141','2024-12-09 15:24:29'),(140,'laura.vieyra@ut-morelia.edu.mx','exitoso','187.189.191.141','2024-12-09 15:24:36'),(141,'admin@admin.com','exitoso','177.240.136.41','2024-12-09 15:35:51'),(142,'jorgerodriguez@ut-morelia.edu.mx','exitoso','189.199.95.118','2024-12-09 15:37:31'),(143,'jorgerodriguez@ut-morelia.edu.mx','exitoso','187.189.191.141','2024-12-09 15:51:21'),(144,'admin@admin.com','fallido','177.240.136.41','2024-12-09 16:49:30'),(145,'admin@admin.com','exitoso','177.240.136.41','2024-12-09 16:49:38'),(146,'admin@admin.com','exitoso','177.240.136.41','2024-12-09 17:29:15'),(147,'mequihua@ut-morelia.edu.mx','exitoso','187.189.191.141','2024-12-09 17:30:02'),(148,'jonathan.moreno@ut-morelia.edu.mx','exitoso','189.199.95.118','2024-12-09 17:30:08'),(149,'esolache@ut-morelia.edu.mx','exitoso','189.199.95.118','2024-12-09 17:30:32'),(150,'laura.vieyra@ut-morelia.edu.mx','exitoso','187.189.191.141','2024-12-09 17:37:52'),(151,'jorgerodriguez@ut-morelia.edu.mx','exitoso','189.199.95.118','2024-12-09 17:53:12'),(152,'admin@admin.com','exitoso','177.240.136.41','2024-12-09 18:29:49'),(153,'admin@admin.com','fallido','177.240.136.41','2024-12-10 01:46:25'),(154,'admin@admin.com','exitoso','177.240.136.41','2024-12-10 01:46:32'),(155,'admin@admin.com','exitoso','189.243.236.74','2024-12-10 02:51:48'),(156,'admin@admin.com','exitoso','177.240.146.245','2024-12-11 08:58:34'),(157,'srangel@ut-morelia.edu.mx','exitoso','187.189.191.141','2024-12-12 16:58:10'),(158,'admin@admin.com','fallido','177.240.146.245','2024-12-12 18:00:42'),(159,'admin@admin.com','exitoso','177.240.146.245','2024-12-12 18:00:51'),(160,'mequihua@ut-morelia.edu.mx','exitoso','189.199.95.118','2024-12-12 18:42:40'),(161,'jorgerodriguez@ut-morelia.edu.mx','exitoso','189.199.95.118','2024-12-12 18:43:06'),(162,'rocio.gonzalez@ut-morelia.edu.mx','exitoso','189.199.95.118','2024-12-12 18:43:34'),(163,'esolache@ut-morelia.edu.mx','exitoso','189.199.95.118','2024-12-12 18:44:03'),(164,'rosa.garcia@ut-morelia.edu.mx','exitoso','187.189.191.141','2024-12-12 18:45:13'),(165,'laura.vieyra@ut-morelia.edu.mx','exitoso','200.68.138.11','2024-12-12 18:48:16'),(166,'admin@admin.com','exitoso','177.240.146.245','2024-12-12 23:53:52'),(167,'admin@admin.com','exitoso','177.240.146.245','2024-12-13 00:27:09'),(168,'jorgerodriguez@ut-morelia.edu.mx','exitoso','189.243.236.74','2024-12-13 02:25:03'),(169,'admin@admin.com','exitoso','177.240.146.245','2024-12-13 02:43:13'),(170,'srangel@ut-morelia.edu.mx','exitoso','177.224.178.72','2024-12-13 03:59:33'),(171,'jonathan.moreno@ut-morelia.edu.mx','exitoso','189.199.95.118','2024-12-13 14:47:11'),(172,'jonathan.moreno@ut-morelia.edu.mx','exitoso','189.199.95.118','2024-12-13 15:01:08'),(173,'jorgerodriguez@ut-morelia.edu.mx','exitoso','189.199.95.118','2024-12-13 15:16:50'),(174,'jorgerodriguez@ut-morelia.edu.mx','exitoso','189.199.95.118','2024-12-13 17:28:32'),(175,'jorgerodriguez@ut-morelia.edu.mx','exitoso','189.199.95.118','2024-12-13 17:54:23'),(176,'srangel@ut-morelia.edu.mx','exitoso','187.189.191.141','2024-12-13 17:58:39'),(177,'admin@admin.com','fallido','187.189.191.141','2024-12-13 18:16:33'),(178,'admin@admin.com','fallido','187.189.191.141','2024-12-13 18:16:41'),(179,'srangel@ut-morelia.edu.mx','exitoso','187.189.191.141','2024-12-13 18:17:11'),(180,'admin@admin.com','exitoso','177.240.136.41','2024-12-13 18:31:15'),(181,'jorgerodriguez@ut-morelia.edu.mx','exitoso','189.199.95.118','2024-12-13 18:51:23'),(182,'jonathan.moreno@ut-morelia.edu.mx','exitoso','187.189.191.141','2024-12-13 19:10:39'),(183,'srangel@ut-morelia.edu.mx','exitoso','187.189.191.141','2024-12-13 19:14:30'),(184,'srangel@ut-morelia.edu.mx','exitoso','187.189.191.141','2024-12-13 19:17:34'),(185,'jonathan.moreno@ut-morelia.edu.mx','exitoso','187.189.191.141','2024-12-13 20:14:02'),(186,'esolache@ut-morelia.edu.mx','exitoso','189.199.95.118','2024-12-13 21:23:59'),(187,'admin@admin.com','exitoso','177.240.136.41','2024-12-13 22:58:56'),(188,'admin@admin.com','exitoso','177.240.136.41','2024-12-13 23:03:07'),(189,'admin@admin.com','exitoso','177.240.136.41','2024-12-14 00:24:30'),(190,'admin@admin.com','exitoso','177.240.136.41','2024-12-14 04:39:35'),(191,'admin@admin.com','exitoso','189.243.236.146','2024-12-14 14:36:39'),(192,'jorgerodriguez@ut-morelia.edu.mx','exitoso','189.243.236.146','2024-12-14 14:57:03'),(193,'admin@admin.com','exitoso','177.240.146.245','2024-12-15 06:37:20'),(194,'admin@admin.com','exitoso','177.240.146.245','2024-12-15 08:23:03'),(195,'admin@admin.com','exitoso','177.240.146.245','2024-12-15 09:20:14'),(196,'admin@admin.com','exitoso','177.240.136.41','2024-12-15 15:11:26'),(197,'admin@admin.com','exitoso','177.240.136.41','2024-12-15 15:52:05'),(198,'luis.gutierrez@ut-morelia.edu.mx','exitoso','177.224.176.24','2024-12-16 01:03:54'),(199,'rocio.gonzalez@ut-morelia.edu.mx','exitoso','187.191.8.252','2024-12-16 14:14:43'),(200,'jonathan.moreno@ut-morelia.edu.mx','exitoso','189.199.95.118','2024-12-16 16:25:25'),(201,'laura.vieyra@ut-morelia.edu.mx','exitoso','187.189.191.141','2024-12-16 17:07:49'),(202,'rosa.garcia@ut-morelia.edu.mx','exitoso','187.189.191.141','2024-12-16 21:15:08'),(203,'jorgerodriguez@ut-morelia.edu.mx','exitoso','189.199.95.118','2024-12-17 19:27:28'),(204,'jorgerodriguez@ut-morelia.edu.mx','exitoso','189.199.95.118','2024-12-17 20:53:31'),(205,'admin@admin.com','exitoso','177.240.136.41','2024-12-17 21:28:06'),(206,'admin@admin.com','exitoso','189.243.236.146','2024-12-18 02:46:17'),(207,'jorgerodriguez@ut-morelia.edu.mx','exitoso','189.243.236.146','2024-12-18 02:46:27'),(208,'srangel@ut-morelia.edu.mx','exitoso','189.243.236.146','2024-12-18 02:47:42'),(209,'jorgerodriguez@ut-morelia.edu.mx','exitoso','189.243.236.146','2024-12-18 02:49:00'),(210,'jonathan.moreno@ut-morelia.edu.mx','fallido','189.243.236.146','2024-12-18 02:49:25'),(211,'jonathan.moreno@ut-morelia.edu.mx','exitoso','189.243.236.146','2024-12-18 02:49:31'),(212,'jorgerodriguez@ut-morelia.edu.mx','exitoso','189.243.236.146','2024-12-18 02:50:08'),(213,'luis.gutierrez@ut-morelia.edu.mx','exitoso','177.224.181.34','2024-12-18 03:55:05'),(214,'admin@admin.com','exitoso','189.243.236.146','2024-12-18 03:55:40'),(215,'admin@admin.com','exitoso','189.243.236.146','2024-12-18 06:33:38'),(216,'jorgerodriguez@ut-morelia.edu.mx','exitoso','189.243.236.146','2024-12-18 06:43:48'),(217,'srangel@ut-morelia.edu.mx','exitoso','189.243.236.146','2024-12-18 06:44:13'),(218,'alberto.lucas@ut-morelia.edu.mx','exitoso','189.243.236.146','2024-12-18 06:45:34'),(219,'srangel@ut-morelia.edu.mx','exitoso','189.243.236.146','2024-12-18 07:00:16'),(220,'srangel@ut-morelia.edu.mx','exitoso','189.243.236.146','2024-12-18 07:08:00'),(221,'jorgerodriguez@ut-morelia.edu.mx','exitoso','189.243.236.146','2024-12-18 07:08:03'),(222,'admin@admin.com','exitoso','177.240.146.245','2024-12-18 07:33:11'),(223,'jorgerodriguez@ut-morelia.edu.mx','exitoso','187.189.191.141','2024-12-18 14:48:43'),(224,'laura.vieyra@ut-morelia.edu.mx','exitoso','189.199.95.118','2024-12-18 14:53:28'),(225,'jonathan.moreno@ut-morelia.edu.mx','fallido','187.189.191.141','2024-12-18 14:54:50'),(226,'chef.mario.utm@gmail.com','exitoso','187.189.191.141','2024-12-18 14:55:24'),(227,'srangel@ut-morelia.edu.mx','fallido','187.189.191.141','2024-12-18 14:56:36'),(228,'chef.mario.utm@gmail.com','exitoso','189.199.95.118','2024-12-18 14:57:16'),(229,'srangel@ut-morelia.edu.mx','exitoso','187.189.191.141','2024-12-18 14:57:29'),(230,'alberto.lucas@ut-morelia.edu.mx','exitoso','187.189.191.141','2024-12-18 14:57:52'),(231,'rosa.garcia@ut-morelia.edu.mx','exitoso','187.189.191.141','2024-12-18 14:59:31'),(232,'rocio.gonzalez@ut-morelia.edu.mx','exitoso','187.189.191.141','2024-12-18 14:59:43'),(233,'alberto.lucas@ut-morelia.edu.mx','fallido','187.189.191.141','2024-12-18 15:00:17'),(234,'alberto.lucas@ut-morelia.edu.mx','exitoso','187.189.191.141','2024-12-18 15:00:30'),(235,'luis.gutierrez@ut-morelia.edu.mx','exitoso','189.199.95.118','2024-12-18 15:02:05'),(236,'gricelda.rodriguez@ut-morelia.edu.mx','exitoso','189.199.95.118','2024-12-18 15:03:17'),(237,'srangel@ut-morelia.edu.mx','exitoso','200.68.139.5','2024-12-18 15:06:31'),(238,'jonathan.moreno@ut-morelia.edu.mx','exitoso','187.189.191.141','2024-12-18 15:10:55'),(239,'luis.gutierrez@ut-morelia.edu.mx','exitoso','187.189.191.141','2024-12-18 15:12:01'),(240,'chef.mario.utm@gmail.com','exitoso','189.199.95.118','2024-12-18 15:12:29'),(241,'gricelda.rodriguez@ut-morelia.edu.mx','exitoso','189.199.95.118','2024-12-18 15:12:38'),(242,'alberto.lucas@ut-morelia.edu.mx','exitoso','187.189.191.141','2024-12-18 15:15:25'),(243,'mequihua@ut-morelia.edu.mx','exitoso','187.189.191.141','2024-12-18 15:16:40'),(244,'luis.gutierrez@ut-morelia.edu.mx','exitoso','187.189.191.141','2024-12-18 15:17:23'),(245,'carlos.lopez@ut-morelia.edu.mx','exitoso','189.199.95.118','2024-12-18 15:22:59'),(246,'julio.hernandez@ut-morelia.edu.mx','exitoso','187.189.191.141','2024-12-18 15:26:16'),(247,'mario.gutierrez@ut-morelia.edu.mx','exitoso','189.199.95.118','2024-12-18 15:28:35'),(248,'julio.hernandez@ut-morelia.edu.mx','exitoso','187.189.191.141','2024-12-18 15:31:32'),(249,'rocio.gonzalez@ut-morelia.edu.mx','exitoso','187.189.191.141','2024-12-18 15:32:32'),(250,'luis.gutierrez@ut-morelia.edu.mx','exitoso','187.189.191.141','2024-12-18 15:33:13'),(251,'admin@admin.com','exitoso','177.240.146.245','2024-12-18 15:37:40'),(252,'chef.mario.utm@gmail.com','exitoso','189.199.95.118','2024-12-18 15:38:35'),(253,'jonathan.moreno@ut-morelia.edu.mx','exitoso','187.189.191.141','2024-12-18 15:48:00'),(254,'jorgerodriguez@ut-morelia.edu.mx','exitoso','200.68.139.5','2024-12-18 15:51:04'),(255,'dante.garcia@ut-morelia.edu.mx','exitoso','189.199.95.118','2024-12-18 15:51:26'),(256,'chef.mario.utm@gmail.com','exitoso','189.199.95.118','2024-12-18 15:53:29'),(257,'luis.gutierrez@ut-morelia.edu.mx','exitoso','187.189.191.141','2024-12-18 15:53:55'),(258,'admin@admin.com','fallido','177.240.146.245','2024-12-18 15:53:59'),(259,'admin@admin.com','exitoso','177.240.146.245','2024-12-18 15:54:07'),(260,'luis.gutierrez@ut-morelia.edu.mx','exitoso','187.189.191.141','2024-12-18 15:55:41'),(261,'luis.gutierrez@ut-morelia.edu.mx','exitoso','187.189.191.141','2024-12-18 15:56:39'),(262,'jose.rodriguez@ut-morelia.edu.mx','exitoso','189.199.95.118','2024-12-18 15:56:40'),(263,'rosa.garcia@ut-morelia.edu.mx','exitoso','187.189.191.141','2024-12-18 16:05:01'),(264,'alberto.lucas@ut-morelia.edu.mx','exitoso','187.189.191.141','2024-12-18 16:09:39'),(265,'srangel@ut-morelia.edu.mx','exitoso','187.189.191.141','2024-12-18 16:26:24'),(266,'admin@admin.com','exitoso','177.240.146.245','2024-12-18 16:43:45'),(267,'jonathan.moreno@ut-morelia.edu.mx','exitoso','187.189.191.141','2024-12-18 16:52:29'),(268,'srangel@ut-morelia.edu.mx','exitoso','187.189.191.141','2024-12-18 16:55:11'),(269,'laura.vieyra@ut-morelia.edu.mx','exitoso','200.68.167.15','2024-12-18 16:57:15'),(270,'luis.gutierrez@ut-morelia.edu.mx','exitoso','187.189.191.141','2024-12-18 17:05:08'),(271,'mario.gutierrez@ut-morelia.edu.mx','exitoso','189.199.95.118','2024-12-18 17:05:59'),(272,'jonathan.moreno@ut-morelia.edu.mx','exitoso','187.189.191.141','2024-12-18 17:07:25'),(273,'rocio.gonzalez@ut-morelia.edu.mx','exitoso','187.189.191.141','2024-12-18 17:41:28'),(274,'julio.hernandez@ut-morelia.edu.mx','exitoso','187.189.191.141','2024-12-18 17:47:39'),(275,'alberto.lucas@ut-morelia.edu.mx','exitoso','187.189.191.141','2024-12-18 18:13:52'),(276,'alberto.lucas@ut-morelia.edu.mx','exitoso','187.189.191.141','2024-12-18 18:26:28'),(277,'jose.rodriguez@ut-morelia.edu.mx','fallido','200.68.139.5','2024-12-18 18:33:46'),(278,'jorgerodriguez@ut-morelia.edu.mx','exitoso','200.68.139.5','2024-12-18 18:34:06'),(279,'carlos.lopez@ut-morelia.edu.mx','exitoso','189.199.95.118','2024-12-18 18:34:41'),(280,'alberto.lucas@ut-morelia.edu.mx','exitoso','187.189.191.141','2024-12-18 18:40:41'),(281,'julio.hernandez@ut-morelia.edu.mx','exitoso','187.189.191.141','2024-12-18 18:41:11'),(282,'jonathan.moreno@ut-morelia.edu.mx','exitoso','187.189.191.141','2024-12-18 18:43:15'),(283,'jose.rodriguez@ut-morelia.edu.mx','exitoso','189.199.95.118','2024-12-18 18:47:46'),(284,'alberto.lucas@ut-morelia.edu.mx','exitoso','187.189.191.141','2024-12-18 18:54:45'),(285,'srangel@ut-morelia.edu.mx','fallido','187.189.191.141','2024-12-18 18:55:11'),(286,'srangel@ut-morelia.edu.mx','fallido','187.189.191.141','2024-12-18 18:55:22'),(287,'rocio.gonzalez@ut-morelia.edu.mx','exitoso','187.189.191.141','2024-12-18 18:55:46'),(288,'srangel@ut-morelia.edu.mx','exitoso','187.189.191.141','2024-12-18 18:56:01'),(289,'jorgerodriguez@ut-morelia.edu.mx','exitoso','189.199.95.118','2024-12-18 19:10:28'),(290,'alberto.lucas@ut-morelia.edu.mx','exitoso','187.189.191.141','2024-12-18 19:27:17'),(291,'luis.gutierrez@ut-morelia.edu.mx','exitoso','187.189.191.141','2024-12-18 19:36:03'),(292,'rocio.gonzalez@ut-morelia.edu.mx','exitoso','187.189.191.141','2024-12-18 19:47:56'),(293,'admin@admin.com','exitoso','177.240.146.245','2024-12-19 02:30:44'),(294,'admin@admin.com','exitoso','177.240.146.245','2024-12-19 03:36:37'),(295,'emilio@admin.com','exitoso','177.240.146.245','2024-12-19 05:04:44'),(296,'admin@admin.com','exitoso','177.240.146.245','2024-12-19 05:05:09'),(297,'emilio@admin.com','exitoso','177.240.146.245','2024-12-19 05:05:22'),(298,'admin@admin.com','exitoso','177.240.146.245','2024-12-19 05:06:41'),(299,'emilio@admin.com','exitoso','177.240.146.245','2024-12-19 05:07:15'),(300,'admin@admin.com','exitoso','177.240.146.245','2024-12-19 05:36:37'),(301,'admin@admin.com','exitoso','177.240.146.245','2024-12-19 05:48:14'),(302,'observador@admin.com','exitoso','200.68.166.8','2024-12-19 05:49:57'),(303,'luis.gutierrez@ut-morelia.edu.mx','exitoso','177.224.176.24','2024-12-19 07:36:43'),(304,'observador@admin.com','exitoso','187.190.205.20','2024-12-19 09:31:07'),(305,'observador@admin.com','exitoso','187.190.205.20','2024-12-19 09:33:17'),(306,'observador@admin.com','exitoso','177.240.146.245','2024-12-19 11:14:25'),(307,'admin@admin.com','exitoso','177.240.146.245','2024-12-19 11:15:07'),(308,'observador@admin.com','exitoso','189.141.239.76','2024-12-19 13:03:44'),(309,'observador@admin.com','exitoso','189.199.95.118','2024-12-19 13:20:23'),(310,'observador@admin.com','exitoso','177.240.147.97','2024-12-19 13:50:03'),(311,'luis.gutierrez@ut-morelia.edu.mx','exitoso','189.199.95.118','2024-12-19 13:58:48'),(312,'admin@admin.com','exitoso','177.240.136.41','2024-12-19 14:04:33'),(313,'observador@admin.com','exitoso','177.240.143.165','2024-12-19 14:07:23'),(314,'observador@admin.com','exitoso','189.141.240.34','2024-12-19 14:31:12'),(315,'observador@adm.com','fallido','189.199.95.118','2024-12-19 14:38:10'),(316,'observador@admin.com','exitoso','189.199.95.118','2024-12-19 14:38:45'),(317,'observador@admin.com','exitoso','189.199.95.118','2024-12-19 14:38:45'),(318,'alberto.lucas@ut-morelia.edu.mx','exitoso','187.189.191.141','2024-12-19 15:00:37'),(319,'srangel@ut-morelia.edu.mx','exitoso','187.189.191.141','2024-12-19 15:03:40'),(320,'chef.mario.utm@gmail.com','exitoso','189.199.95.118','2024-12-19 15:03:40'),(321,'srangel@ut-morelia.edu.mx','exitoso','187.189.191.141','2024-12-19 15:04:45'),(322,'julio.hernandez@ut-morelia.edu.mx','exitoso','189.199.95.118','2024-12-19 15:05:26'),(323,'alberto.lucas@ut-morelia.edu.mx','fallido','187.189.191.141','2024-12-19 15:08:36'),(324,'alberto.lucas@ut-morelia.edu.mx','fallido','187.189.191.141','2024-12-19 15:08:49'),(325,'jose.rodriguez@ut-morelia.edu.mx','exitoso','189.199.95.118','2024-12-19 15:08:50'),(326,'jonathan.moreno@ut-morelia.edu.mx','exitoso','187.189.191.141','2024-12-19 15:09:13'),(327,'alberto.lucas@ut-morelia.edu.mx','fallido','187.189.191.141','2024-12-19 15:09:24'),(328,'laura.vieyra@ut-morelia.edu.mx','exitoso','189.199.95.118','2024-12-19 15:09:53'),(329,'carlos.lopez@ut-morelia.edu.mx','exitoso','189.199.95.118','2024-12-19 15:09:57'),(330,'alberto.lucas@ut-morelia.edu.mx','exitoso','187.189.191.141','2024-12-19 15:10:22'),(331,'julio.hernandez@ut-morelia.edu.mx','exitoso','187.189.191.141','2024-12-19 15:11:56'),(332,'rocio.gonzalez@ut-morelia.edu.mx','exitoso','187.189.191.141','2024-12-19 15:12:23'),(333,'observador@admin.com','exitoso','189.199.95.118','2024-12-19 15:14:14'),(334,'dante.garcia@ut-morelia.edu.mx','exitoso','189.199.95.118','2024-12-19 15:18:37'),(335,'observador@admin.com','exitoso','187.189.191.141','2024-12-19 15:21:01'),(336,'observador@admin.com','exitoso','187.189.191.141','2024-12-19 15:22:24'),(337,'luis.gutierrez@ut-morelia.edu.mx','exitoso','187.189.191.141','2024-12-19 15:24:23'),(338,'admin@admin.com','fallido','177.240.136.41','2024-12-19 15:26:13'),(339,'observador@admin.com','exitoso','187.189.191.141','2024-12-19 15:26:16'),(340,'admin@admin.com','exitoso','177.240.136.41','2024-12-19 15:26:19'),(341,'observador@admin.com','exitoso','189.199.95.118','2024-12-19 15:27:21'),(342,'observador@admin.com','exitoso','177.240.131.83','2024-12-19 15:27:42'),(343,'observador@admin.com','exitoso','187.189.191.141','2024-12-19 15:28:07'),(344,'jonathan.moreno@ut-morelia.edu.mx','exitoso','187.189.191.141','2024-12-19 15:28:35'),(345,'mario.gutierrez@ut-morelia.edu.mx','exitoso','189.199.95.118','2024-12-19 15:29:00'),(346,'jorgerodriguez@ut-morelia.edu.mx','exitoso','189.199.95.118','2024-12-19 15:29:08'),(347,'observador@admin.com','exitoso','177.240.133.125','2024-12-19 15:29:40'),(348,'chef.mario.utm@gmail.com','exitoso','189.199.95.118','2024-12-19 15:32:18'),(349,'observador@admin.com','exitoso','177.240.136.41','2024-12-19 15:34:20'),(350,'observador@admin.com','exitoso','24.15.107.114','2024-12-19 15:36:10'),(351,'observador@admin.com','exitoso','187.189.191.141','2024-12-19 15:36:20'),(352,'observador@admin.com','fallido','189.199.95.118','2024-12-19 15:36:41'),(353,'observador@admin.com','exitoso','189.199.95.118','2024-12-19 15:36:56'),(354,'observador@admin.com','exitoso','189.199.95.118','2024-12-19 15:36:57'),(355,'observador@admin.com','exitoso','189.199.95.118','2024-12-19 15:39:20'),(356,'observador@admin.com','exitoso','201.175.234.90','2024-12-19 15:39:48'),(357,'observador@admin.com','exitoso','189.199.95.118','2024-12-19 15:41:05'),(358,'luis.gutierrez@ut-morelia.edu.mx','exitoso','189.199.95.118','2024-12-19 15:44:58'),(359,'observador@admin.com','exitoso','187.189.191.141','2024-12-19 15:47:38'),(360,'luis.gutierrez@ut-morelia.edu.mx','exitoso','189.199.95.118','2024-12-19 15:54:21'),(361,'mequihua@ut-morelia.edu.mx','exitoso','189.199.95.118','2024-12-19 16:02:30'),(362,'observador@admin.com','exitoso','200.63.44.213','2024-12-19 16:03:48'),(363,'observador@admin.com','exitoso','187.189.191.141','2024-12-19 16:06:31'),(364,'observador@admin.com','exitoso','189.199.95.118','2024-12-19 16:11:51'),(365,'chef.mario.utm@gmail.com','exitoso','189.199.95.118','2024-12-19 16:14:46'),(366,'jorgerodriguez@ut-morelia.edu.mx','exitoso','189.199.95.118','2024-12-19 16:15:33'),(367,'chef.mario.utm@gmail.com','exitoso','189.199.95.118','2024-12-19 16:16:35'),(368,'luis.gutierrez@ut-morelia.edu.mx','exitoso','187.189.191.141','2024-12-19 16:16:41'),(369,'rocio.gonzalez@ut-morelia.edu.mx','exitoso','187.189.191.141','2024-12-19 16:18:43'),(370,'julio.hernandez@ut-morelia.edu.mx','exitoso','187.189.191.141','2024-12-19 16:30:15'),(371,'observador@admin.com','exitoso','189.199.95.118','2024-12-19 16:31:51'),(372,'observador@admin.com','exitoso','200.68.166.49','2024-12-19 16:34:24'),(373,'srangel@ut-morelia.edu.mx','exitoso','187.189.191.141','2024-12-19 16:37:53'),(374,'dante.garcia@ut-morelia.edu.mx','exitoso','189.199.95.118','2024-12-19 16:41:02'),(375,'rosa.garcia@ut-morelia.edu.mx','exitoso','189.199.95.118','2024-12-19 16:42:13'),(376,'arturo.calderon@ut-morelia.edu.mx','exitoso','189.199.95.118','2024-12-19 16:45:39'),(377,'arturo.calderon@ut-morelia.edu.mx','exitoso','189.199.95.118','2024-12-19 16:46:50'),(378,'carlos.lopez@ut-morelia.edu.mx','exitoso','189.199.95.118','2024-12-19 16:49:55'),(379,'mequihua@ut-morelia.edu.mx','exitoso','189.199.95.118','2024-12-19 16:52:07'),(380,'alberto.lucas@ut-morelia.edu.mx','exitoso','187.189.191.141','2024-12-19 16:55:11'),(381,'srangel@ut-morelia.edu.mx','exitoso','187.189.191.141','2024-12-19 16:55:16'),(382,'luis.gutierrez@ut-morelia.edu.mx','exitoso','189.199.95.118','2024-12-19 16:56:45'),(383,'luis.gutierrez@ut-morelia.edu.mx','exitoso','189.199.95.118','2024-12-19 16:59:42'),(384,'luis.gutierrez@ut-morelia.edu.mx','exitoso','187.189.191.141','2024-12-19 17:04:14'),(385,'jorgerodriguez@ut-morelia.edu.mx','exitoso','189.199.95.118','2024-12-19 17:08:49'),(386,'julio.hernandez@ut-morelia.edu.mx','exitoso','187.189.191.141','2024-12-19 17:09:37'),(387,'luis.gutierrez@ut-morelia.edu.mx','exitoso','189.199.95.118','2024-12-19 17:10:27'),(388,'observador@admin.com','exitoso','187.189.191.141','2024-12-19 17:10:29'),(389,'observador@admin.com','exitoso','187.189.191.141','2024-12-19 17:13:56'),(390,'chef.mario.utm@gmail.com','exitoso','189.199.95.118','2024-12-19 17:17:13'),(391,'jose.rodriguez@ut-morelia.edu.mx','exitoso','189.199.95.118','2024-12-19 17:19:20'),(392,'admin@admin.com','fallido','177.240.136.41','2024-12-19 17:19:42'),(393,'admin@admin.com','exitoso','177.240.136.41','2024-12-19 17:19:49'),(394,'carlos.lopez@ut-morelia.edu.mx','exitoso','189.199.95.118','2024-12-19 17:22:50'),(395,'observador@admin.com','exitoso','189.199.95.118','2024-12-19 17:27:29'),(396,'jose.rodriguez@ut-morelia.edu.mx','exitoso','189.199.95.118','2024-12-19 17:29:37'),(397,'rocio.gonzalez@ut-morelia.edu.mx','exitoso','187.189.191.141','2024-12-19 17:37:37'),(398,'observador@admin.com','exitoso','187.189.191.141','2024-12-19 17:38:50'),(399,'observador@admin.com','exitoso','189.199.95.118','2024-12-19 17:39:01'),(400,'observador@admin.com','exitoso','187.189.191.141','2024-12-19 17:41:08'),(401,'observador@admin.com','exitoso','24.15.107.114','2024-12-19 17:43:09'),(402,'observador@admin.com','exitoso','187.189.191.141','2024-12-19 17:52:21'),(403,'jose.rodriguez@ut-morelia.edu.mx','exitoso','189.199.95.118','2024-12-19 17:55:10'),(404,'arturo.calderon@ut-morelia.edu.mx','exitoso','189.199.95.118','2024-12-19 18:01:52'),(405,'observador@admin.com','exitoso','187.189.191.141','2024-12-19 18:10:29'),(406,'luis.gutierrez@ut-morelia.edu.mx','exitoso','189.199.95.118','2024-12-19 18:12:19'),(407,'julio.hernandez@ut-morelia.edu.mx','exitoso','187.189.191.141','2024-12-19 18:18:16'),(408,'mario.gutierrez@ut-morelia.edu.mx','exitoso','189.199.95.118','2024-12-19 18:19:47'),(409,'laura.vieyra@ut-morelia.edu.mx','exitoso','189.199.95.118','2024-12-19 18:21:28'),(410,'observador@admin.com','exitoso','189.243.207.29','2024-12-19 18:30:23'),(411,'alberto.lucas@ut-morelia.edu.mx','exitoso','187.189.191.141','2024-12-19 18:31:52'),(412,'observador@admin.com','exitoso','189.199.95.118','2024-12-19 18:32:13'),(413,'gricelda.rodriguez@ut-morelia.edu.mx','exitoso','187.189.191.141','2024-12-19 18:34:44'),(414,'jorgerodriguez@ut-morelia.edu.mx','exitoso','189.199.95.118','2024-12-19 18:36:13'),(415,'jose.rodriguez@ut-morelia.edu.mx','exitoso','189.199.95.118','2024-12-19 18:38:18'),(416,'luis.gutierrez@ut-morelia.edu.mx','exitoso','187.189.191.141','2024-12-19 18:47:59'),(417,'observador@admin.com','exitoso','189.243.21.108','2024-12-19 18:51:34'),(418,'observador@admin.com','exitoso','200.68.166.49','2024-12-19 18:58:40'),(419,'mequihua@ut-morelia.edu.mx','exitoso','189.199.95.118','2024-12-19 18:59:59'),(420,'rocio.gonzalez@ut-morelia.edu.mx','exitoso','187.189.191.141','2024-12-19 19:00:51'),(421,'observador@admin.com','exitoso','189.199.95.118','2024-12-19 19:06:18'),(422,'observador@admin.com','exitoso','189.199.95.118','2024-12-19 19:14:03'),(423,'observador@admin.com','exitoso','189.199.95.118','2024-12-19 19:16:59'),(424,'observador@admin.com','exitoso','187.189.191.141','2024-12-19 19:17:43'),(425,'jose.rodriguez@ut-morelia.edu.mx','exitoso','189.199.95.118','2024-12-19 19:23:30'),(426,'observador@admin.com','exitoso','148.230.244.185','2024-12-19 19:25:10'),(427,'observador@admin.com','exitoso','177.224.179.185','2024-12-19 19:29:12'),(428,'dante.garcia@ut-morelia.edu.mx','fallido','189.199.95.118','2024-12-19 19:30:09'),(429,'dante.garcia@ut-morelia.edu.mx','fallido','189.199.95.118','2024-12-19 19:30:20'),(430,'dante.garcia@ut-morelia.edu.mx','exitoso','189.199.95.118','2024-12-19 19:30:36'),(431,'observador@admin.com','exitoso','189.199.95.118','2024-12-19 19:31:14'),(432,'observador@admin.com','exitoso','189.243.207.29','2024-12-19 19:35:14'),(433,'alberto.lucas@ut-morelia.edu.mx','exitoso','187.189.191.141','2024-12-19 19:47:53'),(434,'luis.gutierrez@ut-morelia.edu.mx','exitoso','187.189.191.141','2024-12-19 19:50:59'),(435,'rosa.garcia@ut-morelia.edu.mx','exitoso','189.199.95.118','2024-12-19 19:59:11'),(436,'jonathan.moreno@ut-morelia.edu.mx','exitoso','187.189.191.141','2024-12-19 20:02:34'),(437,'rocio.gonzalez@ut-morelia.edu.mx','exitoso','187.189.191.141','2024-12-19 20:08:04'),(438,'laura.vieyra@ut-morelia.edu.mx','exitoso','189.199.95.118','2024-12-19 20:12:27'),(439,'jose.rodriguez@ut-morelia.edu.mx','exitoso','189.199.95.118','2024-12-19 20:12:32'),(440,'observador@admin.com','exitoso','189.201.55.64','2024-12-19 20:12:45'),(441,'observador@admin.com','exitoso','189.199.95.118','2024-12-19 20:19:10'),(442,'luis.gutierrez@ut-morelia.edu.mx','exitoso','187.189.191.141','2024-12-19 20:21:57'),(443,'luis.gutierrez@ut-morelia.edu.mx','exitoso','187.189.191.141','2024-12-19 20:25:41'),(444,'observador@admin.com.mx','fallido','189.199.95.118','2024-12-19 20:25:57'),(445,'observador@admin.com','exitoso','189.199.95.118','2024-12-19 20:26:15'),(446,'observador@admin.com','exitoso','187.189.191.141','2024-12-19 20:28:38'),(447,'observador@admin.com','exitoso','187.189.191.141','2024-12-19 20:33:47'),(448,'observador@admin.com','exitoso','187.189.191.141','2024-12-19 20:37:53'),(449,'jose.rodriguez@ut-morelia.edu.mx','exitoso','189.199.95.118','2024-12-19 20:39:26'),(450,'jorgerodriguez@ut-morelia.edu.mx','exitoso','189.199.95.118','2024-12-19 20:41:50'),(451,'mario.gutierrez@ut-morelia.edu.mx','exitoso','189.199.95.118','2024-12-19 20:45:39'),(452,'observador@admin.com','exitoso','187.195.82.67','2024-12-19 20:46:03'),(453,'observador@admin.com','exitoso','200.68.167.59','2024-12-19 20:48:48'),(454,'observador@admin.com','exitoso','189.199.95.118','2024-12-19 20:49:47'),(455,'rosa.garcia@ut-morelia.edu.mx','exitoso','189.199.95.118','2024-12-19 20:52:19'),(456,'observador@admin.com','exitoso','187.189.191.141','2024-12-19 21:02:27'),(457,'julio.hernandez@ut-morelia.edu.mx','exitoso','189.199.95.118','2024-12-19 21:14:12'),(458,'rocio.gonzalez@ut-morelia.edu.mx','exitoso','187.189.191.141','2024-12-19 21:15:57'),(459,'arturo.calderon@ut-morelia.edu.mx','exitoso','189.199.95.118','2024-12-19 21:20:24'),(460,'observador@admin.com','exitoso','189.199.95.118','2024-12-19 21:42:42'),(461,'chef.mario.utm@gmail.com','exitoso','189.199.95.118','2024-12-19 21:43:37'),(462,'observador@admin.com','exitoso','187.195.82.67','2024-12-19 21:48:38'),(463,'srangel@ut-morelia.edu.mx','exitoso','187.189.191.141','2024-12-19 21:50:58'),(464,'jose.rodriguez@ut-morelia.edu.mx','exitoso','189.199.95.118','2024-12-19 21:50:59'),(465,'luis.gutierrez@ut-morelia.edu.mx','exitoso','187.189.191.141','2024-12-19 21:53:23'),(466,'mario.gutierrez@ut-morelia.edu.mx','exitoso','189.199.95.118','2024-12-19 21:54:05'),(467,'observador@admin.com','exitoso','187.173.242.157','2024-12-19 22:05:12'),(468,'observador@admin.com','exitoso','187.173.242.157','2024-12-19 22:06:34'),(469,'luis.gutierrez@ut-morelia.edu.mx','exitoso','187.189.191.141','2024-12-19 22:10:26'),(470,'srangel@ut-morelia.edu.mx','exitoso','187.189.191.141','2024-12-19 22:23:25'),(471,'observador@admin.com','exitoso','187.195.82.67','2024-12-19 23:02:26'),(472,'observador@admin.com','exitoso','189.141.240.34','2024-12-19 23:40:27'),(473,'observador@admin.com','exitoso','189.141.240.34','2024-12-19 23:51:24'),(474,'luis.gutierrez@ut-morelia.edu.mx','exitoso','177.224.181.34','2024-12-20 00:02:03'),(475,'observador@admin.com','exitoso','200.68.166.1','2024-12-20 00:09:15'),(476,'observador@admin.com','exitoso','187.191.8.21','2024-12-20 00:47:41'),(477,'observador@admin.com','exitoso','189.203.106.20','2024-12-20 01:33:44'),(478,'admin@admin.com','exitoso','177.240.146.245','2024-12-20 02:19:39'),(479,'observador@admin.com','fallido','187.195.82.67','2024-12-20 04:01:00'),(480,'observador@admin.com','fallido','187.195.82.67','2024-12-20 04:01:09'),(481,'observador@admin.com','fallido','201.175.241.8','2024-12-20 14:07:21'),(482,'observador@admin.com','fallido','201.175.241.8','2024-12-20 14:07:44'),(483,'observador@admin.com','fallido','187.189.191.141','2024-12-20 18:28:08'),(484,'srangel@ut-morelia.edu.mx','exitoso','200.68.167.14','2024-12-21 00:12:24'),(485,'observador@admin.com','fallido','187.173.130.150','2024-12-21 05:57:56'),(486,'admin@admin.com','exitoso','177.240.136.41','2024-12-21 15:27:44'),(487,'observador@admin.com','fallido','189.197.6.150','2024-12-21 23:54:00'),(488,'observador@admin.com','fallido','189.141.240.34','2024-12-22 06:15:03'),(489,'admin@admin.com','exitoso','177.240.136.41','2024-12-23 16:55:20'),(490,'admin@admin.com','exitoso','177.240.136.41','2024-12-23 17:00:46'),(491,'observador@admin.com','fallido','177.240.139.146','2024-12-23 18:06:05'),(492,'admin@admin.com','exitoso','200.68.166.135','2024-12-24 02:34:23'),(493,'admin@admin.com','exitoso','187.190.205.212','2024-12-25 20:54:26'),(494,'observador@admin.com','fallido','189.141.240.34','2024-12-27 20:38:42'),(495,'observador@admin.com','fallido','200.63.44.89','2024-12-28 15:52:36'),(496,'observador@admin.com','fallido','189.141.240.34','2024-12-28 23:28:28'),(497,'jorgerodriguez@ut-morelia.edu.mx','exitoso','189.243.236.146','2024-12-29 00:50:52'),(498,'srangel@ut-morelia.edu.mx','exitoso','189.243.236.146','2024-12-29 03:27:38'),(499,'admin@admin.com','exitoso','177.240.136.41','2024-12-29 22:07:31'),(500,'admin@admin.com','exitoso','177.240.136.41','2024-12-30 01:16:24'),(501,'observador@admin.com','fallido','189.141.240.34','2024-12-30 02:24:26'),(502,'jorgerodriguez@ut-morelia.edu.mx','exitoso','187.189.191.141','2024-12-30 18:57:48'),(503,'alberto.lucas@ut-morelia.edu.mx','exitoso','187.189.191.141','2024-12-30 19:05:17'),(504,'jorgerodriguez@ut-morelia.edu.mx','exitoso','187.189.191.141','2024-12-30 19:13:44'),(505,'admin@admin.com','exitoso','189.199.95.118','2024-12-30 19:25:33'),(506,'jorgerodriguez@ut-morelia.edu.mx','exitoso','187.189.191.141','2024-12-30 20:06:34'),(507,'jorgerodriguez@ut-morelia.edu.mx','exitoso','187.189.191.141','2024-12-30 21:39:51'),(508,'admin@admin.com','exitoso','177.240.136.41','2024-12-31 15:09:13'),(509,'observador@admin.com','fallido','189.141.240.34','2025-01-02 01:57:33'),(510,'mequihua@ut-morelia.edu.mx','fallido','177.240.132.46','2025-01-02 04:40:45'),(511,'mequihua@ut-morelia.edu.mx','fallido','177.240.132.46','2025-01-02 04:41:03'),(512,'mequihua@ut-morelia.edu.mx','fallido','177.240.132.46','2025-01-02 04:42:53'),(513,'mequihua@ut-morelia.edu.mx','fallido','177.240.132.46','2025-01-02 04:43:32'),(514,'observador@admin.com','fallido','177.240.133.125','2025-01-02 15:22:35'),(515,'admin@admin.com','exitoso','189.243.236.146','2025-01-03 02:28:54'),(516,'admin@admin.com','exitoso','177.240.146.245','2025-01-03 06:47:38'),(517,'jorgerodriguez@ut-morelia.edu.mx','exitoso','189.243.236.146','2025-01-04 00:12:36'),(518,'jorgerodriguez@ut-morelia.edu.mx','exitoso','189.243.236.146','2025-01-04 00:16:38'),(519,'admin@admin.com','exitoso','189.243.236.146','2025-01-04 01:48:28'),(520,'srangel@ut-morelia.edu.mx','exitoso','189.243.236.146','2025-01-06 02:15:09'),(521,'admin@admin.com','exitoso','189.243.236.146','2025-01-06 02:19:58'),(522,'jorgerodriguez@ut-morelia.edu.mx','exitoso','189.243.236.146','2025-01-06 03:09:32'),(523,'srangel@ut-morelia.edu.mx','exitoso','189.243.236.146','2025-01-06 04:09:25'),(524,'srangel@ut-morelia.edu.mx','exitoso','189.243.236.146','2025-01-06 04:28:47'),(525,'admin@admin.com','exitoso','189.243.236.146','2025-01-06 04:32:46'),(526,'admin@admin.com','exitoso','177.240.146.245','2025-01-06 05:39:27'),(527,'admin@admin.com','exitoso','177.240.136.41','2025-01-06 15:34:52'),(528,'jorgerodriguez@ut-morelia.edu.mx','exitoso','189.243.236.146','2025-01-06 17:48:00'),(529,'observador@admin.com','fallido','189.141.240.34','2025-01-06 20:34:49'),(530,'jorgerodriguez@ut-morelia.edu.mx','exitoso','189.243.236.146','2025-01-06 21:09:27'),(531,'jorgerodriguez@ut-morelia.edu.mx','exitoso','189.243.236.146','2025-01-06 23:24:17'),(532,'jorgerodriguez@ut-morelia.edu.mx','exitoso','189.243.236.146','2025-01-07 00:13:34'),(533,'jorgerodriguez@ut-morelia.edu.mx','exitoso','189.243.236.146','2025-01-07 01:16:16'),(534,'srangel@ut-morelia.edu.mx','exitoso','189.243.236.146','2025-01-07 01:24:13'),(535,'admin@admin.com','exitoso','189.243.236.146','2025-01-07 01:30:48'),(536,'admin@admin.com','exitoso','189.243.236.146','2025-01-07 01:31:39'),(537,'mequihua@ut-morelia.edu.mx','exitoso','177.240.132.46','2025-01-07 02:05:13'),(538,'jose.rodriguez@ut-morelia.edu.mx','exitoso','187.173.130.103','2025-01-07 03:24:15'),(539,'jonathan.moreno@ut-morelia.eu.mx','fallido','138.84.45.129','2025-01-07 03:25:33'),(540,'jonathan.moreno@ut-morelia.edu.mx','exitoso','138.84.45.129','2025-01-07 03:25:56'),(541,'jose.rodriguez@ut-morelia.edu.mx','exitoso','187.173.130.103','2025-01-07 03:46:32'),(542,'mequihua@ut-morelia.edu.mx','exitoso','177.240.132.46','2025-01-07 03:52:24'),(543,'jorgerodriguez@ut-morelia.edu.mx','exitoso','189.243.236.146','2025-01-07 14:36:53'),(544,'rosa.garcia@ut-morelia.edu.mx','fallido','177.240.129.17','2025-01-07 14:55:30'),(545,'rosa.garcia@ut-morelia.edu.mx','exitoso','177.240.129.17','2025-01-07 14:55:49'),(546,'jonathan.moreno@ut-morelia.edu.mx','exitoso','138.84.45.129','2025-01-07 15:47:03'),(547,'srangel@ut-morelia.edu.mx','exitoso','177.224.178.72','2025-01-07 16:46:24'),(548,'rosa.garcia@ut-morelia.edu.mx','exitoso','177.240.129.17','2025-01-07 18:50:12'),(549,'observador@admin.com','exitoso','189.141.241.6','2025-01-07 19:09:02'),(550,'observador@admin.com','exitoso','189.141.243.197','2025-01-07 19:54:59'),(551,'observador@admin.com','exitoso','189.141.243.197','2025-01-07 20:21:05'),(552,'observador@admin.com','exitoso','177.240.133.125','2025-01-07 20:25:58'),(553,'admin@admin.com','exitoso','177.240.146.245','2025-01-07 21:07:58'),(554,'srangel@ut-morelia.edu.mx','exitoso','177.240.139.179','2025-01-07 21:30:40'),(555,'jorgerodriguez@ut-morelia.edu.mx','exitoso','189.243.236.146','2025-01-07 21:45:44'),(556,'observador@admin.com','exitoso','189.201.56.184','2025-01-08 00:31:27'),(557,'observador@admin.com','exitoso','189.201.56.184','2025-01-08 00:36:52'),(558,'admin@admin.com','exitoso','177.240.146.245','2025-01-08 01:13:51'),(559,'observador@admin.com','exitoso','189.141.243.197','2025-01-08 02:08:39'),(560,'observador@admin.com','exitoso','189.141.243.197','2025-01-08 02:12:28'),(561,'observador@admin.com','exitoso','189.141.243.197','2025-01-08 02:14:16'),(562,'jorgerodriguez@ut-morelia.edu.mx','exitoso','189.243.236.146','2025-01-08 02:35:20'),(563,'srangel@ut-morelia.edu.mx','exitoso','189.243.236.146','2025-01-08 02:35:54'),(564,'admin@admin.com','exitoso','189.243.236.146','2025-01-08 02:45:57'),(565,'rossy.biotec@gmail.com','exitoso','189.243.236.146','2025-01-08 03:32:56'),(566,'srangel@ut-morelia.edu.mx','exitoso','189.243.236.146','2025-01-08 03:43:55'),(567,'jorgerodriguez@ut-morelia.edu.mx','exitoso','189.243.236.146','2025-01-08 03:45:50'),(568,'admin@admin.com','exitoso','189.243.236.146','2025-01-08 03:53:08'),(569,'admin@admin.com','exitoso','189.243.236.146','2025-01-08 04:52:54'),(570,'jorgerodriguez@ut-morelia.edu.mx','exitoso','189.243.236.146','2025-01-08 05:11:57'),(571,'jonathan.moreno@ut-morelia.edu.mx','exitoso','177.240.150.144','2025-01-08 05:12:18'),(572,'mequihua@ut-morelia.edu.mx1234','fallido','177.240.132.46','2025-01-08 06:55:55'),(573,'mequihua@ut-morelia.edu.mx','exitoso','177.240.132.46','2025-01-08 06:56:25'),(574,'admin@admin.com','exitoso','189.243.236.146','2025-01-08 07:14:06'),(575,'jonathan.moreno@ut-morelia.edu.mx','exitoso','187.189.191.141','2025-01-08 14:27:35'),(576,'luis.gutierrez@ut-morelia.edu.mx','exitoso','189.199.95.118','2025-01-08 14:39:24'),(577,'jose.rodriguez@ut-morelia-edu.mx','fallido','189.199.95.118','2025-01-08 14:52:23'),(578,'jose.rodriguez@ut-morelia.edu.mx','exitoso','189.199.95.118','2025-01-08 14:53:16'),(579,'admin@admin.com','exitoso','177.240.136.41','2025-01-08 14:59:14'),(580,'observador@admin.com','exitoso','189.199.95.118','2025-01-08 15:07:00'),(581,'srangel@ut-morelia.edu.mx','exitoso','189.199.95.118','2025-01-08 15:57:20'),(582,'srangel@ut-morelia.edu.mx','exitoso','187.189.191.141','2025-01-08 16:09:11'),(583,'srangel@ut-morelia.edu.mx','exitoso','187.189.191.141','2025-01-08 16:18:43'),(584,'jose.rodriguez@ut-morelia.edu.mx','exitoso','189.199.95.118','2025-01-08 16:39:14'),(585,'jorgerodriguez@ut-morelia.edu.mx','exitoso','187.189.191.141','2025-01-08 16:59:35'),(586,'srangel@ut-morelia.edu.mx','exitoso','187.189.191.141','2025-01-08 17:16:21'),(587,'srangel@ut-morelia.edu.mx','exitoso','187.189.191.141','2025-01-08 18:00:18'),(588,'admin@admin.com','exitoso','177.240.136.41','2025-01-08 18:19:53'),(589,'srangel@ut-morelia.edu.mx','exitoso','187.189.191.141','2025-01-08 18:20:13'),(590,'rocio.gonzalez@ut-morelia.edu.mx','exitoso','189.199.95.118','2025-01-08 18:22:07'),(591,'jonathan.moreno@ut-morelia.edu.mx','exitoso','187.189.191.141','2025-01-08 18:56:45'),(592,'observador@admin.com','exitoso','189.199.95.118','2025-01-08 18:58:59'),(593,'laura.vieyra@ut-morelia.edu.mx','exitoso','187.189.191.141','2025-01-08 19:14:55');

--
-- Table structure for table `registro_eventos`
--

CREATE TABLE `registro_eventos` (
  `id_evento` int NOT NULL AUTO_INCREMENT,
  `usuario_email` varchar(255) COLLATE utf8mb4_spanish_ci NOT NULL,
  `accion` varchar(255) COLLATE utf8mb4_spanish_ci NOT NULL,
  `descripcion` text COLLATE utf8mb4_spanish_ci,
  `fyh_creacion` datetime DEFAULT CURRENT_TIMESTAMP,
  `ip_usuario` varchar(45) COLLATE utf8mb4_spanish_ci NOT NULL,
  `estado` varchar(11) COLLATE utf8mb4_spanish_ci DEFAULT 'ACTIVO',
  PRIMARY KEY (`id_evento`)
) ENGINE=InnoDB AUTO_INCREMENT=404 DEFAULT CHARSET=utf8mb4 COLLATE=utf8mb4_spanish_ci;

--
-- Dumping data for table `registro_eventos`
--

INSERT INTO `registro_eventos` VALUES (1,'desconocido@dominio.com','Actualización de asignación','Se actualizó la asignación ID 20940. Nuevo día: viernes, Hora de inicio: 10:00:00, Hora de fin: 11:00:00.','2025-01-08 02:51:20','189.243.236.146','ACTIVO'),(2,'desconocido@dominio.com','Actualización de asignación','Se actualizó la asignación ID 20936. Nuevo día: viernes, Hora de inicio: 11:00:00, Hora de fin: 12:00:00.','2025-01-08 02:51:26','189.243.236.146','ACTIVO'),(3,'desconocido@dominio.com','Actualización de asignación','Se actualizó la asignación ID 20967. Nuevo día: jueves, Hora de inicio: 18:00:00, Hora de fin: 19:00:00.','2025-01-08 02:53:51','189.243.236.146','ACTIVO'),(4,'desconocido@dominio.com','Actualización de asignación','Se actualizó la asignación ID 21007. Nuevo día: viernes, Hora de inicio: 13:00:00, Hora de fin: 14:00:00.','2025-01-08 02:55:14','189.243.236.146','ACTIVO'),(5,'desconocido@dominio.com','Actualización de asignación','Se actualizó la asignación ID 21007. Nuevo día: martes, Hora de inicio: 14:00:00, Hora de fin: 15:00:00.','2025-01-08 02:55:28','189.243.236.146','ACTIVO'),(6,'desconocido@dominio.com','Actualización de asignación','Se actualizó la asignación ID 21007. Nuevo día: viernes, Hora de inicio: 12:00:00, Hora de fin: 13:00:00.','2025-01-08 02:56:32','189.243.236.146','ACTIVO'),(7,'desconocido@dominio.com','Actualización de asignación','Se actualizó la asignación ID 21013. Nuevo día: viernes, Hora de inicio: 13:00:00, Hora de fin: 14:00:00.','2025-01-08 03:53:24','189.243.236.146','ACTIVO'),(8,'desconocido@dominio.com','Actualización de asignación','Se actualizó la asignación ID 21015. Nuevo día: jueves, Hora de inicio: 07:00:00, Hora de fin: 08:00:00.','2025-01-08 03:53:28','189.243.236.146','ACTIVO'),(9,'desconocido@dominio.com','Actualización de asignación','Se actualizó la asignación ID 21017. Nuevo día: jueves, Hora de inicio: 09:00:00, Hora de fin: 10:00:00.','2025-01-08 03:53:33','189.243.236.146','ACTIVO'),(10,'desconocido@dominio.com','Actualización de asignación','Se actualizó la asignación ID 21094. Nuevo día: viernes, Hora de inicio: 12:00:00, Hora de fin: 13:00:00.','2025-01-08 03:55:22','189.243.236.146','ACTIVO'),(11,'desconocido@dominio.com','Actualización de asignación','Se actualizó la asignación ID 21110. Nuevo día: martes, Hora de inicio: 14:00:00, Hora de fin: 15:00:00.','2025-01-08 03:55:46','189.243.236.146','ACTIVO'),(12,'desconocido@dominio.com','Actualización de asignación','Se actualizó la asignación ID 21094. Nuevo día: viernes, Hora de inicio: 09:00:00, Hora de fin: 10:00:00.','2025-01-08 03:55:58','189.243.236.146','ACTIVO'),(13,'desconocido@dominio.com','Actualización de asignación','Se actualizó la asignación ID 21170. Nuevo día: viernes, Hora de inicio: 11:00:00, Hora de fin: 12:00:00.','2025-01-08 04:00:13','189.243.236.146','ACTIVO'),(14,'desconocido@dominio.com','Actualización de asignación','Se actualizó la asignación ID 21172. Nuevo día: jueves, Hora de inicio: 07:00:00, Hora de fin: 08:00:00.','2025-01-08 04:00:19','189.243.236.146','ACTIVO'),(15,'desconocido@dominio.com','Actualización de asignación','Se actualizó la asignación ID 21170. Nuevo día: jueves, Hora de inicio: 11:00:00, Hora de fin: 12:00:00.','2025-01-08 04:00:33','189.243.236.146','ACTIVO'),(16,'desconocido@dominio.com','Actualización de asignación','Se actualizó la asignación ID 21175. Nuevo día: viernes, Hora de inicio: 09:00:00, Hora de fin: 10:00:00.','2025-01-08 04:02:52','189.243.236.146','ACTIVO'),(17,'desconocido@dominio.com','Actualización de asignación','Se actualizó la asignación ID 21160. Nuevo día: viernes, Hora de inicio: 07:00:00, Hora de fin: 08:00:00.','2025-01-08 04:03:08','189.243.236.146','ACTIVO'),(18,'desconocido@dominio.com','Actualización de asignación','Se actualizó la asignación ID 21158. Nuevo día: viernes, Hora de inicio: 10:00:00, Hora de fin: 11:00:00.','2025-01-08 04:04:03','189.243.236.146','ACTIVO'),(19,'desconocido@dominio.com','Actualización de asignación','Se actualizó la asignación ID 21225. Nuevo día: viernes, Hora de inicio: 12:00:00, Hora de fin: 13:00:00.','2025-01-08 04:06:05','189.243.236.146','ACTIVO'),(20,'desconocido@dominio.com','Actualización de asignación','Se actualizó la asignación ID 21226. Nuevo día: martes, Hora de inicio: 13:00:00, Hora de fin: 14:00:00.','2025-01-08 04:06:18','189.243.236.146','ACTIVO'),(21,'desconocido@dominio.com','Actualización de asignación','Se actualizó la asignación ID 21265. Nuevo día: viernes, Hora de inicio: 12:00:00, Hora de fin: 13:00:00.','2025-01-08 04:06:51','189.243.236.146','ACTIVO'),(22,'desconocido@dominio.com','Actualización de asignación','Se actualizó la asignación ID 21264. Nuevo día: viernes, Hora de inicio: 11:00:00, Hora de fin: 12:00:00.','2025-01-08 04:07:02','189.243.236.146','ACTIVO'),(23,'desconocido@dominio.com','Actualización de asignación','Se actualizó la asignación ID 21258. Nuevo día: viernes, Hora de inicio: 10:00:00, Hora de fin: 11:00:00.','2025-01-08 04:07:25','189.243.236.146','ACTIVO'),(24,'desconocido@dominio.com','Actualización de asignación','Se actualizó la asignación ID 21261. Nuevo día: viernes, Hora de inicio: 09:00:00, Hora de fin: 10:00:00.','2025-01-08 04:08:15','189.243.236.146','ACTIVO'),(25,'desconocido@dominio.com','Actualización de asignación','Se actualizó la asignación ID 21263. Nuevo día: jueves, Hora de inicio: 11:00:00, Hora de fin: 12:00:00.','2025-01-08 04:08:22','189.243.236.146','ACTIVO'),(26,'desconocido@dominio.com','Actualización de asignación','Se actualizó la asignación ID 21263. Nuevo día: jueves, Hora de inicio: 13:00:00, Hora de fin: 14:00:00.','2025-01-08 04:09:58','189.243.236.146','ACTIVO'),(27,'desconocido@dominio.com','Actualización de asignación','Se actualizó la asignación ID 21257. Nuevo día: jueves, Hora de inicio: 11:00:00, Hora de fin: 12:00:00.','2025-01-08 04:10:07','189.243.236.146','ACTIVO'),(28,'desconocido@dominio.com','Actualización de asignación','Se actualizó la asignación ID 21274. Nuevo día: viernes, Hora de inicio: 11:00:00, Hora de fin: 12:00:00.','2025-01-08 04:10:50','189.243.236.146','ACTIVO'),(29,'desconocido@dominio.com','Actualización de asignación','Se actualizó la asignación ID 21272. Nuevo día: viernes, Hora de inicio: 12:00:00, Hora de fin: 13:00:00.','2025-01-08 04:11:00','189.243.236.146','ACTIVO'),(30,'desconocido@dominio.com','Actualización de asignación','Se actualizó la asignación ID 21276. Nuevo día: miércoles, Hora de inicio: 11:00:00, Hora de fin: 12:00:00.','2025-01-08 04:11:07','189.243.236.146','ACTIVO'),(31,'desconocido@dominio.com','Actualización de asignación','Se actualizó la asignación ID 21310. Nuevo día: viernes, Hora de inicio: 12:00:00, Hora de fin: 13:00:00.','2025-01-08 04:12:49','189.243.236.146','ACTIVO'),(32,'desconocido@dominio.com','Actualización de asignación','Se actualizó la asignación ID 21308. Nuevo día: viernes, Hora de inicio: 11:00:00, Hora de fin: 12:00:00.','2025-01-08 04:12:55','189.243.236.146','ACTIVO'),(33,'desconocido@dominio.com','Actualización de asignación','Se actualizó la asignación ID 21307. Nuevo día: viernes, Hora de inicio: 10:00:00, Hora de fin: 11:00:00.','2025-01-08 04:13:29','189.243.236.146','ACTIVO'),(34,'desconocido@dominio.com','Actualización de asignación','Se actualizó la asignación ID 21303. Nuevo día: viernes, Hora de inicio: 09:00:00, Hora de fin: 10:00:00.','2025-01-08 04:14:00','189.243.236.146','ACTIVO'),(35,'desconocido@dominio.com','Actualización de asignación','Se actualizó la asignación ID 21321. Nuevo día: viernes, Hora de inicio: 11:00:00, Hora de fin: 12:00:00.','2025-01-08 04:16:29','189.243.236.146','ACTIVO'),(36,'desconocido@dominio.com','Actualización de asignación','Se actualizó la asignación ID 21325. Nuevo día: miércoles, Hora de inicio: 07:00:00, Hora de fin: 08:00:00.','2025-01-08 04:17:24','189.243.236.146','ACTIVO'),(37,'desconocido@dominio.com','Actualización de asignación','Se actualizó la asignación ID 21323. Nuevo día: miércoles, Hora de inicio: 13:00:00, Hora de fin: 14:00:00.','2025-01-08 04:17:35','189.243.236.146','ACTIVO'),(38,'desconocido@dominio.com','Actualización de asignación','Se actualizó la asignación ID 21316. Nuevo día: miércoles, Hora de inicio: 10:00:00, Hora de fin: 11:00:00.','2025-01-08 04:17:46','189.243.236.146','ACTIVO'),(39,'desconocido@dominio.com','Actualización de asignación','Se actualizó la asignación ID 21327. Nuevo día: viernes, Hora de inicio: 12:00:00, Hora de fin: 13:00:00.','2025-01-08 04:18:35','189.243.236.146','ACTIVO'),(40,'desconocido@dominio.com','Actualización de asignación','Se actualizó la asignación ID 21320. Nuevo día: jueves, Hora de inicio: 08:00:00, Hora de fin: 09:00:00.','2025-01-08 04:18:38','189.243.236.146','ACTIVO'),(41,'desconocido@dominio.com','Actualización de asignación','Se actualizó la asignación ID 21322. Nuevo día: miércoles, Hora de inicio: 11:00:00, Hora de fin: 12:00:00.','2025-01-08 04:19:48','189.243.236.146','ACTIVO'),(42,'desconocido@dominio.com','Actualización de asignación','Se actualizó la asignación ID 21322. Nuevo día: miércoles, Hora de inicio: 09:00:00, Hora de fin: 10:00:00.','2025-01-08 04:20:30','189.243.236.146','ACTIVO'),(43,'desconocido@dominio.com','Actualización de asignación','Se actualizó la asignación ID 21325. Nuevo día: miércoles, Hora de inicio: 11:00:00, Hora de fin: 12:00:00.','2025-01-08 04:20:44','189.243.236.146','ACTIVO'),(44,'desconocido@dominio.com','Actualización de asignación','Se actualizó la asignación ID 21351. Nuevo día: miércoles, Hora de inicio: 19:00:00, Hora de fin: 20:00:00.','2025-01-08 04:23:41','189.243.236.146','ACTIVO'),(45,'desconocido@dominio.com','Actualización de asignación','Se actualizó la asignación ID 21335. Nuevo día: jueves, Hora de inicio: 13:00:00, Hora de fin: 14:00:00.','2025-01-08 04:23:48','189.243.236.146','ACTIVO'),(46,'desconocido@dominio.com','Actualización de asignación','Se actualizó la asignación ID 21351. Nuevo día: lunes, Hora de inicio: 12:00:00, Hora de fin: 13:00:00.','2025-01-08 04:23:55','189.243.236.146','ACTIVO'),(47,'desconocido@dominio.com','Actualización de asignación','Se actualizó la asignación ID 21357. Nuevo día: jueves, Hora de inicio: 11:00:00, Hora de fin: 12:00:00.','2025-01-08 04:25:29','189.243.236.146','ACTIVO'),(48,'desconocido@dominio.com','Actualización de asignación','Se actualizó la asignación ID 21346. Nuevo día: viernes, Hora de inicio: 12:00:00, Hora de fin: 13:00:00.','2025-01-08 04:25:33','189.243.236.146','ACTIVO'),(49,'desconocido@dominio.com','Actualización de asignación','Se actualizó la asignación ID 21357. Nuevo día: miércoles, Hora de inicio: 12:00:00, Hora de fin: 13:00:00.','2025-01-08 04:25:37','189.243.236.146','ACTIVO'),(50,'desconocido@dominio.com','Actualización de asignación','Se actualizó la asignación ID 21400. Nuevo día: martes, Hora de inicio: 11:00:00, Hora de fin: 12:00:00.','2025-01-08 04:28:48','189.243.236.146','ACTIVO'),(51,'desconocido@dominio.com','Actualización de asignación','Se actualizó la asignación ID 21388. Nuevo día: jueves, Hora de inicio: 16:00:00, Hora de fin: 17:00:00.','2025-01-08 04:28:56','189.243.236.146','ACTIVO'),(52,'desconocido@dominio.com','Actualización de asignación','Se actualizó la asignación ID 21389. Nuevo día: lunes, Hora de inicio: 16:00:00, Hora de fin: 17:00:00.','2025-01-08 04:29:05','189.243.236.146','ACTIVO'),(53,'desconocido@dominio.com','Actualización de asignación','Se actualizó la asignación ID 21388. Nuevo día: lunes, Hora de inicio: 17:00:00, Hora de fin: 18:00:00.','2025-01-08 04:29:19','189.243.236.146','ACTIVO'),(54,'desconocido@dominio.com','Actualización de asignación','Se actualizó la asignación ID 21403. Nuevo día: jueves, Hora de inicio: 16:00:00, Hora de fin: 17:00:00.','2025-01-08 04:30:14','189.243.236.146','ACTIVO'),(55,'desconocido@dominio.com','Actualización de asignación','Se actualizó la asignación ID 21394. Nuevo día: viernes, Hora de inicio: 12:00:00, Hora de fin: 13:00:00.','2025-01-08 04:30:18','189.243.236.146','ACTIVO'),(56,'desconocido@dominio.com','Actualización de asignación','Se actualizó la asignación ID 21400. Nuevo día: miércoles, Hora de inicio: 14:00:00, Hora de fin: 15:00:00.','2025-01-08 04:30:23','189.243.236.146','ACTIVO'),(57,'desconocido@dominio.com','Actualización de asignación','Se actualizó la asignación ID 21415. Nuevo día: miércoles, Hora de inicio: 11:00:00, Hora de fin: 12:00:00.','2025-01-08 04:31:39','189.243.236.146','ACTIVO'),(58,'desconocido@dominio.com','Actualización de asignación','Se actualizó la asignación ID 21418. Nuevo día: martes, Hora de inicio: 15:00:00, Hora de fin: 16:00:00.','2025-01-08 04:31:43','189.243.236.146','ACTIVO'),(59,'desconocido@dominio.com','Actualización de asignación','Se actualizó la asignación ID 21415. Nuevo día: miércoles, Hora de inicio: 12:00:00, Hora de fin: 13:00:00.','2025-01-08 04:31:47','189.243.236.146','ACTIVO'),(60,'desconocido@dominio.com','Actualización de asignación','Se actualizó la asignación ID 21448. Nuevo día: jueves, Hora de inicio: 13:00:00, Hora de fin: 14:00:00.','2025-01-08 04:34:42','189.243.236.146','ACTIVO'),(61,'desconocido@dominio.com','Actualización de asignación','Se actualizó la asignación ID 21448. Nuevo día: jueves, Hora de inicio: 09:00:00, Hora de fin: 10:00:00.','2025-01-08 04:34:53','189.243.236.146','ACTIVO'),(62,'desconocido@dominio.com','Actualización de asignación','Se actualizó la asignación ID 21723. Nuevo día: jueves, Hora de inicio: 12:00:00, Hora de fin: 13:00:00.','2025-01-08 04:35:37','189.243.236.146','ACTIVO'),(63,'desconocido@dominio.com','Actualización de asignación','Se actualizó la asignación ID 21707. Nuevo día: jueves, Hora de inicio: 09:00:00, Hora de fin: 10:00:00.','2025-01-08 04:35:58','189.243.236.146','ACTIVO'),(64,'desconocido@dominio.com','Actualización de asignación','Se actualizó la asignación ID 21436. Nuevo día: jueves, Hora de inicio: 13:00:00, Hora de fin: 14:00:00.','2025-01-08 04:37:18','189.243.236.146','ACTIVO'),(65,'desconocido@dominio.com','Actualización de asignación','Se actualizó la asignación ID 21470. Nuevo día: viernes, Hora de inicio: 11:00:00, Hora de fin: 12:00:00.','2025-01-08 04:47:59','189.243.236.146','ACTIVO'),(66,'desconocido@dominio.com','Actualización de asignación','Se actualizó la asignación ID 21469. Nuevo día: martes, Hora de inicio: 13:00:00, Hora de fin: 14:00:00.','2025-01-08 04:48:10','189.243.236.146','ACTIVO'),(67,'desconocido@dominio.com','Actualización de asignación','Se actualizó la asignación ID 21514. Nuevo día: viernes, Hora de inicio: 10:00:00, Hora de fin: 11:00:00.','2025-01-08 04:49:01','189.243.236.146','ACTIVO'),(68,'desconocido@dominio.com','Actualización de asignación','Se actualizó la asignación ID 21499. Nuevo día: viernes, Hora de inicio: 11:00:00, Hora de fin: 12:00:00.','2025-01-08 04:49:42','189.243.236.146','ACTIVO'),(69,'desconocido@dominio.com','Actualización de asignación','Se actualizó la asignación ID 21512. Nuevo día: martes, Hora de inicio: 14:00:00, Hora de fin: 15:00:00.','2025-01-08 04:50:07','189.243.236.146','ACTIVO'),(70,'desconocido@dominio.com','Actualización de asignación','Se actualizó la asignación ID 21510. Nuevo día: viernes, Hora de inicio: 12:00:00, Hora de fin: 13:00:00.','2025-01-08 04:50:29','189.243.236.146','ACTIVO'),(71,'desconocido@dominio.com','Actualización de asignación','Se actualizó la asignación ID 21537. Nuevo día: miércoles, Hora de inicio: 14:00:00, Hora de fin: 15:00:00.','2025-01-08 04:51:22','189.243.236.146','ACTIVO'),(72,'desconocido@dominio.com','Actualización de asignación','Se actualizó la asignación ID 21544. Nuevo día: jueves, Hora de inicio: 13:00:00, Hora de fin: 14:00:00.','2025-01-08 04:51:29','189.243.236.146','ACTIVO'),(73,'desconocido@dominio.com','Actualización de asignación','Se actualizó la asignación ID 21520. Nuevo día: viernes, Hora de inicio: 10:00:00, Hora de fin: 11:00:00.','2025-01-08 04:52:10','189.243.236.146','ACTIVO'),(74,'desconocido@dominio.com','Actualización de asignación','Se actualizó la asignación ID 21542. Nuevo día: viernes, Hora de inicio: 11:00:00, Hora de fin: 12:00:00.','2025-01-08 04:53:22','189.243.236.146','ACTIVO'),(75,'desconocido@dominio.com','Actualización de asignación','Se actualizó la asignación ID 21543. Nuevo día: viernes, Hora de inicio: 12:00:00, Hora de fin: 13:00:00.','2025-01-08 04:53:28','189.243.236.146','ACTIVO'),(76,'desconocido@dominio.com','Actualización de asignación','Se actualizó la asignación ID 21527. Nuevo día: viernes, Hora de inicio: 08:00:00, Hora de fin: 09:00:00.','2025-01-08 04:53:37','189.243.236.146','ACTIVO'),(77,'desconocido@dominio.com','Actualización de asignación','Se actualizó la asignación ID 21549. Nuevo día: viernes, Hora de inicio: 09:00:00, Hora de fin: 10:00:00.','2025-01-08 04:54:25','189.243.236.146','ACTIVO'),(78,'desconocido@dominio.com','Actualización de asignación','Se actualizó la asignación ID 21558. Nuevo día: viernes, Hora de inicio: 12:00:00, Hora de fin: 13:00:00.','2025-01-08 04:55:17','189.243.236.146','ACTIVO'),(79,'desconocido@dominio.com','Actualización de asignación','Se actualizó la asignación ID 21566. Nuevo día: jueves, Hora de inicio: 12:00:00, Hora de fin: 13:00:00.','2025-01-08 04:56:40','189.243.236.146','ACTIVO'),(80,'desconocido@dominio.com','Actualización de asignación','Se actualizó la asignación ID 21587. Nuevo día: sábado, Hora de inicio: 12:00:00, Hora de fin: 13:00:00.','2025-01-08 04:58:43','189.243.236.146','ACTIVO'),(81,'desconocido@dominio.com','Actualización de asignación','Se actualizó la asignación ID 21584. Nuevo día: martes, Hora de inicio: 14:00:00, Hora de fin: 15:00:00.','2025-01-08 04:58:50','189.243.236.146','ACTIVO'),(82,'desconocido@dominio.com','Actualización de asignación','Se actualizó la asignación ID 21590. Nuevo día: sábado, Hora de inicio: 13:00:00, Hora de fin: 14:00:00.','2025-01-08 04:59:26','189.243.236.146','ACTIVO'),(83,'desconocido@dominio.com','Actualización de asignación','Se actualizó la asignación ID 21583. Nuevo día: miércoles, Hora de inicio: 14:00:00, Hora de fin: 15:00:00.','2025-01-08 04:59:32','189.243.236.146','ACTIVO'),(84,'desconocido@dominio.com','Actualización de asignación','Se actualizó la asignación ID 21593. Nuevo día: martes, Hora de inicio: 15:00:00, Hora de fin: 16:00:00.','2025-01-08 05:00:10','189.243.236.146','ACTIVO'),(85,'desconocido@dominio.com','Actualización de asignación','Se actualizó la asignación ID 21594. Nuevo día: martes, Hora de inicio: 16:00:00, Hora de fin: 17:00:00.','2025-01-08 05:00:16','189.243.236.146','ACTIVO'),(86,'desconocido@dominio.com','Actualización de asignación','Se actualizó la asignación ID 21596. Nuevo día: jueves, Hora de inicio: 16:00:00, Hora de fin: 17:00:00.','2025-01-08 05:00:37','189.243.236.146','ACTIVO'),(87,'desconocido@dominio.com','Actualización de asignación','Se actualizó la asignación ID 21597. Nuevo día: jueves, Hora de inicio: 17:00:00, Hora de fin: 18:00:00.','2025-01-08 05:00:44','189.243.236.146','ACTIVO'),(88,'desconocido@dominio.com','Actualización de asignación','Se actualizó la asignación ID 21587. Nuevo día: viernes, Hora de inicio: 12:00:00, Hora de fin: 13:00:00.','2025-01-08 05:00:49','189.243.236.146','ACTIVO'),(89,'desconocido@dominio.com','Actualización de asignación','Se actualizó la asignación ID 21590. Nuevo día: viernes, Hora de inicio: 13:00:00, Hora de fin: 14:00:00.','2025-01-08 05:00:53','189.243.236.146','ACTIVO'),(90,'desconocido@dominio.com','Actualización de asignación','Se actualizó la asignación ID 21625. Nuevo día: sábado, Hora de inicio: 12:00:00, Hora de fin: 13:00:00.','2025-01-08 05:03:23','189.243.236.146','ACTIVO'),(91,'desconocido@dominio.com','Actualización de asignación','Se actualizó la asignación ID 21626. Nuevo día: sábado, Hora de inicio: 13:00:00, Hora de fin: 14:00:00.','2025-01-08 05:03:27','189.243.236.146','ACTIVO'),(92,'desconocido@dominio.com','Actualización de asignación','Se actualizó la asignación ID 21616. Nuevo día: viernes, Hora de inicio: 12:00:00, Hora de fin: 13:00:00.','2025-01-08 05:03:33','189.243.236.146','ACTIVO'),(93,'desconocido@dominio.com','Actualización de asignación','Se actualizó la asignación ID 21617. Nuevo día: viernes, Hora de inicio: 13:00:00, Hora de fin: 14:00:00.','2025-01-08 05:03:41','189.243.236.146','ACTIVO'),(94,'desconocido@dominio.com','Actualización de asignación','Se actualizó la asignación ID 21613. Nuevo día: sábado, Hora de inicio: 14:00:00, Hora de fin: 15:00:00.','2025-01-08 05:05:02','189.243.236.146','ACTIVO'),(95,'desconocido@dominio.com','Actualización de asignación','Se actualizó la asignación ID 21628. Nuevo día: miércoles, Hora de inicio: 12:00:00, Hora de fin: 13:00:00.','2025-01-08 05:05:07','189.243.236.146','ACTIVO'),(96,'desconocido@dominio.com','Actualización de asignación','Se actualizó la asignación ID 21628. Nuevo día: miércoles, Hora de inicio: 17:00:00, Hora de fin: 18:00:00.','2025-01-08 05:05:27','189.243.236.146','ACTIVO'),(97,'desconocido@dominio.com','Actualización de asignación','Se actualizó la asignación ID 21623. Nuevo día: miércoles, Hora de inicio: 12:00:00, Hora de fin: 13:00:00.','2025-01-08 05:05:33','189.243.236.146','ACTIVO'),(98,'desconocido@dominio.com','Actualización de asignación','Se actualizó la asignación ID 21613. Nuevo día: jueves, Hora de inicio: 15:00:00, Hora de fin: 16:00:00.','2025-01-08 05:05:57','189.243.236.146','ACTIVO'),(99,'desconocido@dominio.com','Actualización de asignación','Se actualizó la asignación ID 21626. Nuevo día: viernes, Hora de inicio: 15:00:00, Hora de fin: 16:00:00.','2025-01-08 05:06:02','189.243.236.146','ACTIVO'),(100,'desconocido@dominio.com','Actualización de asignación','Se actualizó la asignación ID 21625. Nuevo día: miércoles, Hora de inicio: 18:00:00, Hora de fin: 19:00:00.','2025-01-08 05:06:10','189.243.236.146','ACTIVO'),(101,'desconocido@dominio.com','Actualización de asignación','Se actualizó la asignación ID 21656. Nuevo día: miércoles, Hora de inicio: 09:00:00, Hora de fin: 10:00:00.','2025-01-08 05:08:15','189.243.236.146','ACTIVO'),(102,'desconocido@dominio.com','Actualización de asignación','Se actualizó la asignación ID 21657. Nuevo día: miércoles, Hora de inicio: 10:00:00, Hora de fin: 11:00:00.','2025-01-08 05:08:20','189.243.236.146','ACTIVO'),(103,'desconocido@dominio.com','Actualización de asignación','Se actualizó la asignación ID 21660. Nuevo día: martes, Hora de inicio: 10:00:00, Hora de fin: 11:00:00.','2025-01-08 05:08:24','189.243.236.146','ACTIVO'),(104,'jorgerodriguez@ut-morelia.edu.mx','Asignación manual de horario','Se asignó la materia ID 2024 al grupo ID 915 en el día viernes de 13:00:00 a 14:00:00.','2025-01-08 05:12:56','189.243.236.146','ACTIVO'),(105,'jorgerodriguez@ut-morelia.edu.mx','Asignación manual de horario','Se asignó la materia ID 2024 al grupo ID 915 en el día viernes de 14:00:00 a 15:00:00.','2025-01-08 05:13:04','189.243.236.146','ACTIVO'),(106,'jorgerodriguez@ut-morelia.edu.mx','Asignación manual de horario','Se asignó la materia ID 2024 al grupo ID 915 en el día viernes de 15:00:00 a 16:00:00.','2025-01-08 05:13:22','189.243.236.146','ACTIVO'),(107,'jorgerodriguez@ut-morelia.edu.mx','Asignación manual de horario','Se asignó la materia ID 2024 al grupo ID 915 en el día viernes de 16:00:00 a 17:00:00.','2025-01-08 05:13:34','189.243.236.146','ACTIVO'),(108,'jonathan.moreno@ut-morelia.edu.mx','Asignación manual de horario','Se asignó la materia ID 2024 al grupo ID 915 en el día viernes de 17:00:00 a 18:00:00.','2025-01-08 05:14:43','177.240.150.144','ACTIVO'),(109,'jonathan.moreno@ut-morelia.edu.mx','Asignación manual de horario','Se asignó la materia ID 2024 al grupo ID 915 en el día viernes de 18:00:00 a 19:00:00.','2025-01-08 05:14:49','177.240.150.144','ACTIVO'),(110,'admin@admin.com','Eliminación de asignación manual','Se eliminó la asignación con ID 1012 del grupo ID 915.','2025-01-08 05:15:20','189.243.236.146','ACTIVO'),(111,'admin@admin.com','Asignación manual de horario','Se asignó la materia ID 2024 al grupo ID 915 en el día viernes de 18:00:00 a 19:00:00.','2025-01-08 05:15:27','189.243.236.146','ACTIVO'),(112,'admin@admin.com','Eliminación de asignación manual','Se eliminó la asignación con ID 1013 del grupo ID 915.','2025-01-08 05:16:00','189.243.236.146','ACTIVO'),(113,'admin@admin.com','Eliminación de asignación manual','Se eliminó la asignación con ID 1007 del grupo ID 915.','2025-01-08 05:16:05','189.243.236.146','ACTIVO'),(114,'admin@admin.com','Eliminación de asignación manual','Se eliminó la asignación con ID 1008 del grupo ID 915.','2025-01-08 05:16:16','189.243.236.146','ACTIVO'),(115,'admin@admin.com','Eliminación de asignación manual','Se eliminó la asignación con ID 1009 del grupo ID 915.','2025-01-08 05:16:18','189.243.236.146','ACTIVO'),(116,'admin@admin.com','Eliminación de asignación manual','Se eliminó la asignación con ID 1010 del grupo ID 915.','2025-01-08 05:16:20','189.243.236.146','ACTIVO'),(117,'admin@admin.com','Eliminación de asignación manual','Se eliminó la asignación con ID 1011 del grupo ID 915.','2025-01-08 05:16:22','189.243.236.146','ACTIVO'),(118,'jonathan.moreno@ut-morelia.edu.mx','Asignación manual de horario','Se asignó la materia ID 2024 al grupo ID 915 en el día viernes de 13:00:00 a 14:00:00.','2025-01-08 05:17:03','177.240.150.144','ACTIVO'),(119,'jonathan.moreno@ut-morelia.edu.mx','Asignación manual de horario','Se asignó la materia ID 2024 al grupo ID 915 en el día viernes de 14:00:00 a 15:00:00.','2025-01-08 05:17:08','177.240.150.144','ACTIVO'),(120,'jonathan.moreno@ut-morelia.edu.mx','Asignación manual de horario','Se asignó la materia ID 2024 al grupo ID 915 en el día viernes de 15:00:00 a 16:00:00.','2025-01-08 05:17:13','177.240.150.144','ACTIVO'),(121,'jonathan.moreno@ut-morelia.edu.mx','Asignación manual de horario','Se asignó la materia ID 2024 al grupo ID 915 en el día viernes de 16:00:00 a 17:00:00.','2025-01-08 05:17:17','177.240.150.144','ACTIVO'),(122,'jonathan.moreno@ut-morelia.edu.mx','Asignación manual de horario','Se asignó la materia ID 2024 al grupo ID 915 en el día viernes de 17:00:00 a 18:00:00.','2025-01-08 05:17:22','177.240.150.144','ACTIVO'),(123,'jonathan.moreno@ut-morelia.edu.mx','Asignación manual de horario','Se asignó la materia ID 2024 al grupo ID 915 en el día viernes de 18:00:00 a 19:00:00.','2025-01-08 05:17:27','177.240.150.144','ACTIVO'),(124,'desconocido@dominio.com','Actualización de asignación','Se actualizó la asignación ID 21703. Nuevo día: lunes, Hora de inicio: 17:00:00, Hora de fin: 18:00:00.','2025-01-08 05:18:40','189.243.236.146','ACTIVO'),(125,'desconocido@dominio.com','Actualización de asignación','Se actualizó la asignación ID 21704. Nuevo día: martes, Hora de inicio: 17:00:00, Hora de fin: 18:00:00.','2025-01-08 05:19:06','189.243.236.146','ACTIVO'),(126,'desconocido@dominio.com','Actualización de asignación','Se actualizó la asignación ID 21705. Nuevo día: miércoles, Hora de inicio: 17:00:00, Hora de fin: 18:00:00.','2025-01-08 05:19:11','189.243.236.146','ACTIVO'),(127,'desconocido@dominio.com','Actualización de asignación','Se actualizó la asignación ID 21690. Nuevo día: viernes, Hora de inicio: 13:00:00, Hora de fin: 14:00:00.','2025-01-08 05:19:20','189.243.236.146','ACTIVO'),(128,'desconocido@dominio.com','Actualización de asignación','Se actualizó la asignación ID 21696. Nuevo día: viernes, Hora de inicio: 14:00:00, Hora de fin: 15:00:00.','2025-01-08 05:19:25','189.243.236.146','ACTIVO'),(129,'desconocido@dominio.com','Actualización de asignación','Se actualizó la asignación ID 21699. Nuevo día: viernes, Hora de inicio: 15:00:00, Hora de fin: 16:00:00.','2025-01-08 05:19:30','189.243.236.146','ACTIVO'),(130,'desconocido@dominio.com','Actualización de asignación','Se actualizó la asignación ID 21702. Nuevo día: viernes, Hora de inicio: 16:00:00, Hora de fin: 17:00:00.','2025-01-08 05:19:36','189.243.236.146','ACTIVO'),(131,'desconocido@dominio.com','Actualización de asignación','Se actualizó la asignación ID 21691. Nuevo día: viernes, Hora de inicio: 17:00:00, Hora de fin: 18:00:00.','2025-01-08 05:19:42','189.243.236.146','ACTIVO'),(132,'desconocido@dominio.com','Actualización de asignación','Se actualizó la asignación ID 21700. Nuevo día: viernes, Hora de inicio: 18:00:00, Hora de fin: 19:00:00.','2025-01-08 05:19:47','189.243.236.146','ACTIVO'),(133,'desconocido@dominio.com','Actualización de asignación','Se actualizó la asignación ID 21705. Nuevo día: miércoles, Hora de inicio: 15:00:00, Hora de fin: 16:00:00.','2025-01-08 05:19:56','189.243.236.146','ACTIVO'),(134,'desconocido@dominio.com','Actualización de asignación','Se actualizó la asignación ID 21703. Nuevo día: lunes, Hora de inicio: 13:00:00, Hora de fin: 14:00:00.','2025-01-08 05:20:01','189.243.236.146','ACTIVO'),(135,'desconocido@dominio.com','Actualización de asignación','Se actualizó la asignación ID 22509. Nuevo día: jueves, Hora de inicio: 13:00:00, Hora de fin: 14:00:00.','2025-01-08 05:23:34','189.243.236.146','ACTIVO'),(136,'desconocido@dominio.com','Actualización de asignación','Se actualizó la asignación ID 22501. Nuevo día: lunes, Hora de inicio: 10:00:00, Hora de fin: 11:00:00.','2025-01-08 05:24:59','189.243.236.146','ACTIVO'),(137,'desconocido@dominio.com','Actualización de asignación','Se actualizó la asignación ID 22500. Nuevo día: lunes, Hora de inicio: 09:00:00, Hora de fin: 10:00:00.','2025-01-08 05:25:05','189.243.236.146','ACTIVO'),(138,'desconocido@dominio.com','Actualización de asignación','Se actualizó la asignación ID 22507. Nuevo día: jueves, Hora de inicio: 09:00:00, Hora de fin: 10:00:00.','2025-01-08 05:25:29','189.243.236.146','ACTIVO'),(139,'desconocido@dominio.com','Actualización de asignación','Se actualizó la asignación ID 22476. Nuevo día: jueves, Hora de inicio: 13:00:00, Hora de fin: 14:00:00.','2025-01-08 05:27:29','189.243.236.146','ACTIVO'),(140,'desconocido@dominio.com','Actualización de asignación','Se actualizó la asignación ID 22483. Nuevo día: miércoles, Hora de inicio: 13:00:00, Hora de fin: 14:00:00.','2025-01-08 05:27:49','189.243.236.146','ACTIVO'),(141,'desconocido@dominio.com','Actualización de asignación','Se actualizó la asignación ID 22475. Nuevo día: martes, Hora de inicio: 08:00:00, Hora de fin: 09:00:00.','2025-01-08 05:31:35','189.243.236.146','ACTIVO'),(142,'desconocido@dominio.com','Actualización de asignación','Se actualizó la asignación ID 22475. Nuevo día: martes, Hora de inicio: 07:00:00, Hora de fin: 08:00:00.','2025-01-08 05:31:41','189.243.236.146','ACTIVO'),(143,'desconocido@dominio.com','Actualización de asignación','Se actualizó la asignación ID 22475. Nuevo día: martes, Hora de inicio: 08:00:00, Hora de fin: 09:00:00.','2025-01-08 05:32:15','189.243.236.146','ACTIVO'),(144,'desconocido@dominio.com','Actualización de asignación','Se actualizó la asignación ID 22475. Nuevo día: martes, Hora de inicio: 07:00:00, Hora de fin: 08:00:00.','2025-01-08 05:32:22','189.243.236.146','ACTIVO'),(145,'desconocido@dominio.com','Actualización de asignación','Se actualizó la asignación ID 22475. Nuevo día: martes, Hora de inicio: 08:00:00, Hora de fin: 09:00:00.','2025-01-08 05:32:26','189.243.236.146','ACTIVO'),(146,'desconocido@dominio.com','Actualización de asignación','Se actualizó la asignación ID 20094. Nuevo día: sábado, Hora de inicio: 12:00:00, Hora de fin: 13:00:00.','2025-01-08 05:34:20','189.243.236.146','ACTIVO'),(147,'desconocido@dominio.com','Actualización de asignación','Se actualizó la asignación ID 20094. Nuevo día: jueves, Hora de inicio: 10:00:00, Hora de fin: 11:00:00.','2025-01-08 05:34:23','189.243.236.146','ACTIVO'),(148,'desconocido@dominio.com','Actualización de asignación','Se actualizó la asignación ID 22482. Nuevo día: martes, Hora de inicio: 13:00:00, Hora de fin: 14:00:00.','2025-01-08 05:34:37','189.243.236.146','ACTIVO'),(149,'desconocido@dominio.com','Actualización de asignación','Se actualizó la asignación ID 21751. Nuevo día: viernes, Hora de inicio: 11:00:00, Hora de fin: 12:00:00.','2025-01-08 05:37:15','189.243.236.146','ACTIVO'),(150,'desconocido@dominio.com','Actualización de asignación','Se actualizó la asignación ID 21746. Nuevo día: viernes, Hora de inicio: 12:00:00, Hora de fin: 13:00:00.','2025-01-08 05:39:39','189.243.236.146','ACTIVO'),(151,'desconocido@dominio.com','Actualización de asignación','Se actualizó la asignación ID 21739. Nuevo día: viernes, Hora de inicio: 13:00:00, Hora de fin: 14:00:00.','2025-01-08 05:39:46','189.243.236.146','ACTIVO'),(152,'desconocido@dominio.com','Actualización de asignación','Se actualizó la asignación ID 21740. Nuevo día: viernes, Hora de inicio: 14:00:00, Hora de fin: 15:00:00.','2025-01-08 05:40:05','189.243.236.146','ACTIVO'),(153,'desconocido@dominio.com','Actualización de asignación','Se actualizó la asignación ID 21746. Nuevo día: jueves, Hora de inicio: 14:00:00, Hora de fin: 15:00:00.','2025-01-08 05:40:10','189.243.236.146','ACTIVO'),(154,'desconocido@dominio.com','Actualización de asignación','Se actualizó la asignación ID 21740. Nuevo día: viernes, Hora de inicio: 12:00:00, Hora de fin: 13:00:00.','2025-01-08 05:40:15','189.243.236.146','ACTIVO'),(155,'desconocido@dominio.com','Actualización de asignación','Se actualizó la asignación ID 21750. Nuevo día: miércoles, Hora de inicio: 08:00:00, Hora de fin: 09:00:00.','2025-01-08 05:41:20','189.243.236.146','ACTIVO'),(156,'desconocido@dominio.com','Actualización de asignación','Se actualizó la asignación ID 21749. Nuevo día: miércoles, Hora de inicio: 07:00:00, Hora de fin: 08:00:00.','2025-01-08 05:41:26','189.243.236.146','ACTIVO'),(157,'desconocido@dominio.com','Actualización de asignación','Se actualizó la asignación ID 21727. Nuevo día: jueves, Hora de inicio: 12:00:00, Hora de fin: 13:00:00.','2025-01-08 05:41:30','189.243.236.146','ACTIVO'),(158,'desconocido@dominio.com','Actualización de asignación','Se actualizó la asignación ID 21728. Nuevo día: jueves, Hora de inicio: 13:00:00, Hora de fin: 14:00:00.','2025-01-08 05:41:35','189.243.236.146','ACTIVO'),(159,'desconocido@dominio.com','Actualización de asignación','Se actualizó la asignación ID 21735. Nuevo día: lunes, Hora de inicio: 10:00:00, Hora de fin: 11:00:00.','2025-01-08 05:41:44','189.243.236.146','ACTIVO'),(160,'desconocido@dominio.com','Actualización de asignación','Se actualizó la asignación ID 21749. Nuevo día: martes, Hora de inicio: 09:00:00, Hora de fin: 10:00:00.','2025-01-08 05:44:28','189.243.236.146','ACTIVO'),(161,'desconocido@dominio.com','Actualización de asignación','Se actualizó la asignación ID 21772. Nuevo día: sábado, Hora de inicio: 12:00:00, Hora de fin: 13:00:00.','2025-01-08 05:48:16','189.243.236.146','ACTIVO'),(162,'desconocido@dominio.com','Actualización de asignación','Se actualizó la asignación ID 21773. Nuevo día: sábado, Hora de inicio: 13:00:00, Hora de fin: 14:00:00.','2025-01-08 05:48:21','189.243.236.146','ACTIVO'),(163,'desconocido@dominio.com','Actualización de asignación','Se actualizó la asignación ID 20388. Nuevo día: jueves, Hora de inicio: 12:00:00, Hora de fin: 13:00:00.','2025-01-08 05:48:33','189.243.236.146','ACTIVO'),(164,'desconocido@dominio.com','Actualización de asignación','Se actualizó la asignación ID 20387. Nuevo día: jueves, Hora de inicio: 13:00:00, Hora de fin: 14:00:00.','2025-01-08 05:48:39','189.243.236.146','ACTIVO'),(165,'desconocido@dominio.com','Actualización de asignación','Se actualizó la asignación ID 21772. Nuevo día: miércoles, Hora de inicio: 15:00:00, Hora de fin: 16:00:00.','2025-01-08 05:48:49','189.243.236.146','ACTIVO'),(166,'desconocido@dominio.com','Actualización de asignación','Se actualizó la asignación ID 21772. Nuevo día: jueves, Hora de inicio: 15:00:00, Hora de fin: 16:00:00.','2025-01-08 05:48:58','189.243.236.146','ACTIVO'),(167,'desconocido@dominio.com','Actualización de asignación','Se actualizó la asignación ID 21775. Nuevo día: miércoles, Hora de inicio: 15:00:00, Hora de fin: 16:00:00.','2025-01-08 05:49:05','189.243.236.146','ACTIVO'),(168,'desconocido@dominio.com','Actualización de asignación','Se actualizó la asignación ID 21773. Nuevo día: jueves, Hora de inicio: 16:00:00, Hora de fin: 17:00:00.','2025-01-08 05:49:10','189.243.236.146','ACTIVO'),(169,'desconocido@dominio.com','Actualización de asignación','Se actualizó la asignación ID 21779. Nuevo día: martes, Hora de inicio: 19:00:00, Hora de fin: 20:00:00.','2025-01-08 05:49:51','189.243.236.146','ACTIVO'),(170,'desconocido@dominio.com','Actualización de asignación','Se actualizó la asignación ID 21781. Nuevo día: viernes, Hora de inicio: 16:00:00, Hora de fin: 17:00:00.','2025-01-08 05:49:56','189.243.236.146','ACTIVO'),(171,'desconocido@dominio.com','Actualización de asignación','Se actualizó la asignación ID 21992. Nuevo día: viernes, Hora de inicio: 12:00:00, Hora de fin: 13:00:00.','2025-01-08 05:53:22','189.243.236.146','ACTIVO'),(172,'desconocido@dominio.com','Actualización de asignación','Se actualizó la asignación ID 21993. Nuevo día: viernes, Hora de inicio: 13:00:00, Hora de fin: 14:00:00.','2025-01-08 05:54:29','189.243.236.146','ACTIVO'),(173,'desconocido@dominio.com','Actualización de asignación','Se actualizó la asignación ID 22026. Nuevo día: jueves, Hora de inicio: 12:00:00, Hora de fin: 13:00:00.','2025-01-08 05:54:50','189.243.236.146','ACTIVO'),(174,'desconocido@dominio.com','Actualización de asignación','Se actualizó la asignación ID 22028. Nuevo día: jueves, Hora de inicio: 10:00:00, Hora de fin: 11:00:00.','2025-01-08 05:55:17','189.243.236.146','ACTIVO'),(175,'desconocido@dominio.com','Actualización de asignación','Se actualizó la asignación ID 21993. Nuevo día: jueves, Hora de inicio: 11:00:00, Hora de fin: 12:00:00.','2025-01-08 05:55:46','189.243.236.146','ACTIVO'),(176,'desconocido@dominio.com','Actualización de asignación','Se actualizó la asignación ID 21992. Nuevo día: miércoles, Hora de inicio: 14:00:00, Hora de fin: 15:00:00.','2025-01-08 05:55:56','189.243.236.146','ACTIVO'),(177,'desconocido@dominio.com','Actualización de asignación','Se actualizó la asignación ID 22031. Nuevo día: jueves, Hora de inicio: 14:00:00, Hora de fin: 15:00:00.','2025-01-08 05:59:10','189.243.236.146','ACTIVO'),(178,'desconocido@dominio.com','Actualización de asignación','Se actualizó la asignación ID 22020. Nuevo día: miércoles, Hora de inicio: 13:00:00, Hora de fin: 14:00:00.','2025-01-08 06:00:44','189.243.236.146','ACTIVO'),(179,'desconocido@dominio.com','Actualización de asignación','Se actualizó la asignación ID 22025. Nuevo día: miércoles, Hora de inicio: 09:00:00, Hora de fin: 10:00:00.','2025-01-08 06:00:57','189.243.236.146','ACTIVO'),(180,'desconocido@dominio.com','Actualización de asignación','Se actualizó la asignación ID 22032. Nuevo día: viernes, Hora de inicio: 14:00:00, Hora de fin: 15:00:00.','2025-01-08 06:02:53','189.243.236.146','ACTIVO'),(181,'desconocido@dominio.com','Actualización de asignación','Se actualizó la asignación ID 22032. Nuevo día: viernes, Hora de inicio: 11:00:00, Hora de fin: 12:00:00.','2025-01-08 06:03:15','189.243.236.146','ACTIVO'),(182,'desconocido@dominio.com','Actualización de asignación','Se actualizó la asignación ID 22033. Nuevo día: viernes, Hora de inicio: 14:00:00, Hora de fin: 15:00:00.','2025-01-08 06:03:21','189.243.236.146','ACTIVO'),(183,'desconocido@dominio.com','Actualización de asignación','Se actualizó la asignación ID 21994. Nuevo día: viernes, Hora de inicio: 12:00:00, Hora de fin: 13:00:00.','2025-01-08 06:03:28','189.243.236.146','ACTIVO'),(184,'desconocido@dominio.com','Actualización de asignación','Se actualizó la asignación ID 22031. Nuevo día: viernes, Hora de inicio: 12:00:00, Hora de fin: 13:00:00.','2025-01-08 06:04:05','189.243.236.146','ACTIVO'),(185,'desconocido@dominio.com','Actualización de asignación','Se actualizó la asignación ID 21958. Nuevo día: sábado, Hora de inicio: 12:00:00, Hora de fin: 13:00:00.','2025-01-08 06:04:56','189.243.236.146','ACTIVO'),(186,'desconocido@dominio.com','Actualización de asignación','Se actualizó la asignación ID 21959. Nuevo día: sábado, Hora de inicio: 13:00:00, Hora de fin: 14:00:00.','2025-01-08 06:04:59','189.243.236.146','ACTIVO'),(187,'desconocido@dominio.com','Actualización de asignación','Se actualizó la asignación ID 22032. Nuevo día: viernes, Hora de inicio: 07:00:00, Hora de fin: 08:00:00.','2025-01-08 06:06:04','189.243.236.146','ACTIVO'),(188,'desconocido@dominio.com','Actualización de asignación','Se actualizó la asignación ID 22031. Nuevo día: viernes, Hora de inicio: 08:00:00, Hora de fin: 09:00:00.','2025-01-08 06:06:09','189.243.236.146','ACTIVO'),(189,'desconocido@dominio.com','Actualización de asignación','Se actualizó la asignación ID 21935. Nuevo día: viernes, Hora de inicio: 12:00:00, Hora de fin: 13:00:00.','2025-01-08 06:06:20','189.243.236.146','ACTIVO'),(190,'desconocido@dominio.com','Actualización de asignación','Se actualizó la asignación ID 21934. Nuevo día: viernes, Hora de inicio: 13:00:00, Hora de fin: 14:00:00.','2025-01-08 06:06:23','189.243.236.146','ACTIVO'),(191,'desconocido@dominio.com','Actualización de asignación','Se actualizó la asignación ID 21958. Nuevo día: lunes, Hora de inicio: 16:00:00, Hora de fin: 17:00:00.','2025-01-08 06:06:28','189.243.236.146','ACTIVO'),(192,'desconocido@dominio.com','Actualización de asignación','Se actualizó la asignación ID 21959. Nuevo día: lunes, Hora de inicio: 17:00:00, Hora de fin: 18:00:00.','2025-01-08 06:06:31','189.243.236.146','ACTIVO'),(193,'desconocido@dominio.com','Actualización de asignación','Se actualizó la asignación ID 22033. Nuevo día: jueves, Hora de inicio: 11:00:00, Hora de fin: 12:00:00.','2025-01-08 06:07:12','189.243.236.146','ACTIVO'),(194,'desconocido@dominio.com','Actualización de asignación','Se actualizó la asignación ID 22034. Nuevo día: miércoles, Hora de inicio: 14:00:00, Hora de fin: 15:00:00.','2025-01-08 06:07:29','189.243.236.146','ACTIVO'),(195,'desconocido@dominio.com','Actualización de asignación','Se actualizó la asignación ID 22055. Nuevo día: viernes, Hora de inicio: 08:00:00, Hora de fin: 09:00:00.','2025-01-08 06:09:03','189.243.236.146','ACTIVO'),(196,'desconocido@dominio.com','Actualización de asignación','Se actualizó la asignación ID 22096. Nuevo día: sábado, Hora de inicio: 11:00:00, Hora de fin: 12:00:00.','2025-01-08 06:12:08','189.243.236.146','ACTIVO'),(197,'desconocido@dominio.com','Actualización de asignación','Se actualizó la asignación ID 22107. Nuevo día: miércoles, Hora de inicio: 07:00:00, Hora de fin: 08:00:00.','2025-01-08 06:12:16','189.243.236.146','ACTIVO'),(198,'desconocido@dominio.com','Actualización de asignación','Se actualizó la asignación ID 22096. Nuevo día: viernes, Hora de inicio: 11:00:00, Hora de fin: 12:00:00.','2025-01-08 06:12:20','189.243.236.146','ACTIVO'),(199,'desconocido@dominio.com','Actualización de asignación','Se actualizó la asignación ID 22345. Nuevo día: sábado, Hora de inicio: 11:00:00, Hora de fin: 12:00:00.','2025-01-08 06:12:58','189.243.236.146','ACTIVO'),(200,'desconocido@dominio.com','Actualización de asignación','Se actualizó la asignación ID 22357. Nuevo día: martes, Hora de inicio: 09:00:00, Hora de fin: 10:00:00.','2025-01-08 06:13:01','189.243.236.146','ACTIVO'),(201,'desconocido@dominio.com','Actualización de asignación','Se actualizó la asignación ID 22345. Nuevo día: viernes, Hora de inicio: 11:00:00, Hora de fin: 12:00:00.','2025-01-08 06:13:04','189.243.236.146','ACTIVO'),(202,'desconocido@dominio.com','Actualización de asignación','Se actualizó la asignación ID 22164. Nuevo día: miércoles, Hora de inicio: 14:00:00, Hora de fin: 15:00:00.','2025-01-08 06:14:35','189.243.236.146','ACTIVO'),(203,'desconocido@dominio.com','Actualización de asignación','Se actualizó la asignación ID 22141. Nuevo día: viernes, Hora de inicio: 10:00:00, Hora de fin: 11:00:00.','2025-01-08 06:15:32','189.243.236.146','ACTIVO'),(204,'desconocido@dominio.com','Actualización de asignación','Se actualizó la asignación ID 22146. Nuevo día: viernes, Hora de inicio: 11:00:00, Hora de fin: 12:00:00.','2025-01-08 06:15:36','189.243.236.146','ACTIVO'),(205,'desconocido@dominio.com','Actualización de asignación','Se actualizó la asignación ID 22188. Nuevo día: jueves, Hora de inicio: 11:00:00, Hora de fin: 12:00:00.','2025-01-08 06:16:28','189.243.236.146','ACTIVO'),(206,'desconocido@dominio.com','Actualización de asignación','Se actualizó la asignación ID 22183. Nuevo día: miércoles, Hora de inicio: 11:00:00, Hora de fin: 12:00:00.','2025-01-08 06:18:10','189.243.236.146','ACTIVO'),(207,'desconocido@dominio.com','Actualización de asignación','Se actualizó la asignación ID 22194. Nuevo día: jueves, Hora de inicio: 17:00:00, Hora de fin: 18:00:00.','2025-01-08 06:18:47','189.243.236.146','ACTIVO'),(208,'desconocido@dominio.com','Actualización de asignación','Se actualizó la asignación ID 22178. Nuevo día: jueves, Hora de inicio: 12:00:00, Hora de fin: 13:00:00.','2025-01-08 06:26:03','189.243.236.146','ACTIVO'),(209,'desconocido@dominio.com','Actualización de asignación','Se actualizó la asignación ID 22183. Nuevo día: viernes, Hora de inicio: 11:00:00, Hora de fin: 12:00:00.','2025-01-08 06:26:14','189.243.236.146','ACTIVO'),(210,'desconocido@dominio.com','Actualización de asignación','Se actualizó la asignación ID 22179. Nuevo día: miércoles, Hora de inicio: 14:00:00, Hora de fin: 15:00:00.','2025-01-08 06:26:42','189.243.236.146','ACTIVO'),(211,'desconocido@dominio.com','Actualización de asignación','Se actualizó la asignación ID 22187. Nuevo día: miércoles, Hora de inicio: 15:00:00, Hora de fin: 16:00:00.','2025-01-08 06:26:46','189.243.236.146','ACTIVO'),(212,'desconocido@dominio.com','Actualización de asignación','Se actualizó la asignación ID 22189. Nuevo día: jueves, Hora de inicio: 16:00:00, Hora de fin: 17:00:00.','2025-01-08 06:26:55','189.243.236.146','ACTIVO'),(213,'desconocido@dominio.com','Actualización de asignación','Se actualizó la asignación ID 22193. Nuevo día: miércoles, Hora de inicio: 11:00:00, Hora de fin: 12:00:00.','2025-01-08 06:27:06','189.243.236.146','ACTIVO'),(214,'desconocido@dominio.com','Actualización de asignación','Se actualizó la asignación ID 22218. Nuevo día: jueves, Hora de inicio: 18:00:00, Hora de fin: 19:00:00.','2025-01-08 06:29:14','189.243.236.146','ACTIVO'),(215,'desconocido@dominio.com','Actualización de asignación','Se actualizó la asignación ID 22219. Nuevo día: jueves, Hora de inicio: 11:00:00, Hora de fin: 12:00:00.','2025-01-08 06:29:21','189.243.236.146','ACTIVO'),(216,'desconocido@dominio.com','Actualización de asignación','Se actualizó la asignación ID 22220. Nuevo día: jueves, Hora de inicio: 10:00:00, Hora de fin: 11:00:00.','2025-01-08 06:29:26','189.243.236.146','ACTIVO'),(217,'desconocido@dominio.com','Actualización de asignación','Se actualizó la asignación ID 22202. Nuevo día: viernes, Hora de inicio: 12:00:00, Hora de fin: 13:00:00.','2025-01-08 06:29:34','189.243.236.146','ACTIVO'),(218,'desconocido@dominio.com','Actualización de asignación','Se actualizó la asignación ID 22203. Nuevo día: viernes, Hora de inicio: 13:00:00, Hora de fin: 14:00:00.','2025-01-08 06:29:40','189.243.236.146','ACTIVO'),(219,'desconocido@dominio.com','Actualización de asignación','Se actualizó la asignación ID 22198. Nuevo día: viernes, Hora de inicio: 14:00:00, Hora de fin: 15:00:00.','2025-01-08 06:29:43','189.243.236.146','ACTIVO'),(220,'desconocido@dominio.com','Actualización de asignación','Se actualizó la asignación ID 22214. Nuevo día: martes, Hora de inicio: 16:00:00, Hora de fin: 17:00:00.','2025-01-08 06:30:34','189.243.236.146','ACTIVO'),(221,'desconocido@dominio.com','Actualización de asignación','Se actualizó la asignación ID 22211. Nuevo día: jueves, Hora de inicio: 13:00:00, Hora de fin: 14:00:00.','2025-01-08 06:30:40','189.243.236.146','ACTIVO'),(222,'desconocido@dominio.com','Actualización de asignación','Se actualizó la asignación ID 22220. Nuevo día: lunes, Hora de inicio: 17:00:00, Hora de fin: 18:00:00.','2025-01-08 06:30:45','189.243.236.146','ACTIVO'),(223,'desconocido@dominio.com','Actualización de asignación','Se actualizó la asignación ID 22219. Nuevo día: martes, Hora de inicio: 17:00:00, Hora de fin: 18:00:00.','2025-01-08 06:30:49','189.243.236.146','ACTIVO'),(224,'desconocido@dominio.com','Actualización de asignación','Se actualizó la asignación ID 22224. Nuevo día: miércoles, Hora de inicio: 18:00:00, Hora de fin: 19:00:00.','2025-01-08 06:30:55','189.243.236.146','ACTIVO'),(225,'desconocido@dominio.com','Actualización de asignación','Se actualizó la asignación ID 22216. Nuevo día: viernes, Hora de inicio: 18:00:00, Hora de fin: 19:00:00.','2025-01-08 06:31:12','189.243.236.146','ACTIVO'),(226,'desconocido@dominio.com','Actualización de asignación','Se actualizó la asignación ID 22218. Nuevo día: jueves, Hora de inicio: 16:00:00, Hora de fin: 17:00:00.','2025-01-08 06:31:17','189.243.236.146','ACTIVO'),(227,'desconocido@dominio.com','Actualización de asignación','Se actualizó la asignación ID 22216. Nuevo día: jueves, Hora de inicio: 18:00:00, Hora de fin: 19:00:00.','2025-01-08 06:31:21','189.243.236.146','ACTIVO'),(228,'desconocido@dominio.com','Actualización de asignación','Se actualizó la asignación ID 22255. Nuevo día: jueves, Hora de inicio: 13:00:00, Hora de fin: 14:00:00.','2025-01-08 06:32:20','189.243.236.146','ACTIVO'),(229,'desconocido@dominio.com','Actualización de asignación','Se actualizó la asignación ID 22290. Nuevo día: jueves, Hora de inicio: 12:00:00, Hora de fin: 13:00:00.','2025-01-08 06:33:41','189.243.236.146','ACTIVO'),(230,'desconocido@dominio.com','Actualización de asignación','Se actualizó la asignación ID 22291. Nuevo día: viernes, Hora de inicio: 12:00:00, Hora de fin: 13:00:00.','2025-01-08 06:33:44','189.243.236.146','ACTIVO'),(231,'desconocido@dominio.com','Actualización de asignación','Se actualizó la asignación ID 22283. Nuevo día: viernes, Hora de inicio: 10:00:00, Hora de fin: 11:00:00.','2025-01-08 06:33:50','189.243.236.146','ACTIVO'),(232,'desconocido@dominio.com','Actualización de asignación','Se actualizó la asignación ID 22284. Nuevo día: viernes, Hora de inicio: 11:00:00, Hora de fin: 12:00:00.','2025-01-08 06:33:55','189.243.236.146','ACTIVO'),(233,'desconocido@dominio.com','Actualización de asignación','Se actualizó la asignación ID 22290. Nuevo día: miércoles, Hora de inicio: 11:00:00, Hora de fin: 12:00:00.','2025-01-08 06:34:00','189.243.236.146','ACTIVO'),(234,'desconocido@dominio.com','Actualización de asignación','Se actualizó la asignación ID 22291. Nuevo día: jueves, Hora de inicio: 07:00:00, Hora de fin: 08:00:00.','2025-01-08 06:34:04','189.243.236.146','ACTIVO'),(235,'desconocido@dominio.com','Actualización de asignación','Se actualizó la asignación ID 22307. Nuevo día: sábado, Hora de inicio: 09:00:00, Hora de fin: 10:00:00.','2025-01-08 06:34:52','189.243.236.146','ACTIVO'),(236,'desconocido@dominio.com','Actualización de asignación','Se actualizó la asignación ID 22310. Nuevo día: jueves, Hora de inicio: 09:00:00, Hora de fin: 10:00:00.','2025-01-08 06:34:56','189.243.236.146','ACTIVO'),(237,'desconocido@dominio.com','Actualización de asignación','Se actualizó la asignación ID 22307. Nuevo día: viernes, Hora de inicio: 08:00:00, Hora de fin: 09:00:00.','2025-01-08 06:35:01','189.243.236.146','ACTIVO'),(238,'desconocido@dominio.com','Actualización de asignación','Se actualizó la asignación ID 21138. Nuevo día: miércoles, Hora de inicio: 11:00:00, Hora de fin: 12:00:00.','2025-01-08 06:40:08','189.243.236.146','ACTIVO'),(239,'desconocido@dominio.com','Actualización de asignación','Se actualizó la asignación ID 21724. Nuevo día: lunes, Hora de inicio: 10:00:00, Hora de fin: 11:00:00.','2025-01-08 06:41:24','189.243.236.146','ACTIVO'),(240,'desconocido@dominio.com','Actualización de asignación','Se actualizó la asignación ID 21723. Nuevo día: jueves, Hora de inicio: 10:00:00, Hora de fin: 11:00:00.','2025-01-08 06:41:27','189.243.236.146','ACTIVO'),(241,'desconocido@dominio.com','Actualización de asignación','Se actualizó la asignación ID 21723. Nuevo día: jueves, Hora de inicio: 11:00:00, Hora de fin: 12:00:00.','2025-01-08 06:41:41','189.243.236.146','ACTIVO'),(242,'desconocido@dominio.com','Actualización de asignación','Se actualizó la asignación ID 21719. Nuevo día: jueves, Hora de inicio: 10:00:00, Hora de fin: 11:00:00.','2025-01-08 06:42:02','189.243.236.146','ACTIVO'),(243,'desconocido@dominio.com','Actualización de asignación','Se actualizó la asignación ID 21723. Nuevo día: miércoles, Hora de inicio: 10:00:00, Hora de fin: 11:00:00.','2025-01-08 06:42:09','189.243.236.146','ACTIVO'),(244,'desconocido@dominio.com','Actualización de asignación','Se actualizó la asignación ID 21714. Nuevo día: jueves, Hora de inicio: 11:00:00, Hora de fin: 12:00:00.','2025-01-08 06:42:49','189.243.236.146','ACTIVO'),(245,'desconocido@dominio.com','Actualización de asignación','Se actualizó la asignación ID 21720. Nuevo día: martes, Hora de inicio: 07:00:00, Hora de fin: 08:00:00.','2025-01-08 06:43:26','189.243.236.146','ACTIVO'),(246,'desconocido@dominio.com','Actualización de asignación','Se actualizó la asignación ID 21708. Nuevo día: miércoles, Hora de inicio: 11:00:00, Hora de fin: 12:00:00.','2025-01-08 06:43:30','189.243.236.146','ACTIVO'),(247,'desconocido@dominio.com','Actualización de asignación','Se actualizó la asignación ID 21723. Nuevo día: lunes, Hora de inicio: 07:00:00, Hora de fin: 08:00:00.','2025-01-08 06:43:37','189.243.236.146','ACTIVO'),(248,'desconocido@dominio.com','Actualización de asignación','Se actualizó la asignación ID 21709. Nuevo día: miércoles, Hora de inicio: 10:00:00, Hora de fin: 11:00:00.','2025-01-08 06:43:42','189.243.236.146','ACTIVO'),(249,'desconocido@dominio.com','Actualización de asignación','Se actualizó la asignación ID 21723. Nuevo día: lunes, Hora de inicio: 08:00:00, Hora de fin: 09:00:00.','2025-01-08 06:43:46','189.243.236.146','ACTIVO'),(250,'desconocido@dominio.com','Actualización de asignación','Se actualizó la asignación ID 21719. Nuevo día: lunes, Hora de inicio: 07:00:00, Hora de fin: 08:00:00.','2025-01-08 06:44:10','189.243.236.146','ACTIVO'),(251,'desconocido@dominio.com','Actualización de asignación','Se actualizó la asignación ID 21715. Nuevo día: jueves, Hora de inicio: 10:00:00, Hora de fin: 11:00:00.','2025-01-08 06:44:15','189.243.236.146','ACTIVO'),(252,'desconocido@dominio.com','Actualización de asignación','Se actualizó la asignación ID 21710. Nuevo día: martes, Hora de inicio: 09:00:00, Hora de fin: 10:00:00.','2025-01-08 06:46:29','189.243.236.146','ACTIVO'),(253,'desconocido@dominio.com','Actualización de asignación','Se actualizó la asignación ID 21723. Nuevo día: lunes, Hora de inicio: 09:00:00, Hora de fin: 10:00:00.','2025-01-08 06:46:34','189.243.236.146','ACTIVO'),(254,'desconocido@dominio.com','Actualización de asignación','Se actualizó la asignación ID 21710. Nuevo día: lunes, Hora de inicio: 08:00:00, Hora de fin: 09:00:00.','2025-01-08 06:46:39','189.243.236.146','ACTIVO'),(255,'desconocido@dominio.com','Actualización de asignación','Se actualizó la asignación ID 21720. Nuevo día: martes, Hora de inicio: 09:00:00, Hora de fin: 10:00:00.','2025-01-08 06:46:45','189.243.236.146','ACTIVO'),(256,'desconocido@dominio.com','Actualización de asignación','Se actualizó la asignación ID 22193. Nuevo día: viernes, Hora de inicio: 16:00:00, Hora de fin: 17:00:00.','2025-01-08 06:48:38','189.243.236.146','ACTIVO'),(257,'desconocido@dominio.com','Actualización de asignación','Se actualizó la asignación ID 22191. Nuevo día: viernes, Hora de inicio: 15:00:00, Hora de fin: 16:00:00.','2025-01-08 06:49:05','189.243.236.146','ACTIVO'),(258,'desconocido@dominio.com','Actualización de asignación','Se actualizó la asignación ID 22181. Nuevo día: viernes, Hora de inicio: 13:00:00, Hora de fin: 14:00:00.','2025-01-08 06:49:15','189.243.236.146','ACTIVO'),(259,'desconocido@dominio.com','Actualización de asignación','Se actualizó la asignación ID 22328. Nuevo día: viernes, Hora de inicio: 09:00:00, Hora de fin: 10:00:00.','2025-01-08 06:51:22','189.243.236.146','ACTIVO'),(260,'desconocido@dominio.com','Actualización de asignación','Se actualizó la asignación ID 22180. Nuevo día: miércoles, Hora de inicio: 11:00:00, Hora de fin: 12:00:00.','2025-01-08 06:51:33','189.243.236.146','ACTIVO'),(261,'desconocido@dominio.com','Actualización de asignación','Se actualizó la asignación ID 22193. Nuevo día: miércoles, Hora de inicio: 16:00:00, Hora de fin: 17:00:00.','2025-01-08 06:51:39','189.243.236.146','ACTIVO'),(262,'desconocido@dominio.com','Actualización de asignación','Se actualizó la asignación ID 22194. Nuevo día: miércoles, Hora de inicio: 17:00:00, Hora de fin: 18:00:00.','2025-01-08 06:51:44','189.243.236.146','ACTIVO'),(263,'desconocido@dominio.com','Actualización de asignación','Se actualizó la asignación ID 22516. Nuevo día: martes, Hora de inicio: 10:00:00, Hora de fin: 11:00:00.','2025-01-08 06:52:11','189.243.236.146','ACTIVO'),(264,'desconocido@dominio.com','Actualización de asignación','Se actualizó la asignación ID 22512. Nuevo día: jueves, Hora de inicio: 11:00:00, Hora de fin: 12:00:00.','2025-01-08 06:53:26','189.243.236.146','ACTIVO'),(265,'desconocido@dominio.com','Actualización de asignación','Se actualizó la asignación ID 22513. Nuevo día: jueves, Hora de inicio: 12:00:00, Hora de fin: 13:00:00.','2025-01-08 06:53:31','189.243.236.146','ACTIVO'),(266,'desconocido@dominio.com','Actualización de asignación','Se actualizó la asignación ID 22513. Nuevo día: lunes, Hora de inicio: 08:00:00, Hora de fin: 09:00:00.','2025-01-08 06:53:43','189.243.236.146','ACTIVO'),(267,'desconocido@dominio.com','Actualización de asignación','Se actualizó la asignación ID 22518. Nuevo día: jueves, Hora de inicio: 12:00:00, Hora de fin: 13:00:00.','2025-01-08 06:53:48','189.243.236.146','ACTIVO'),(268,'desconocido@dominio.com','Actualización de asignación','Se actualizó la asignación ID 22521. Nuevo día: miércoles, Hora de inicio: 07:00:00, Hora de fin: 08:00:00.','2025-01-08 06:54:31','189.243.236.146','ACTIVO'),(269,'desconocido@dominio.com','Actualización de asignación','Se actualizó la asignación ID 22520. Nuevo día: viernes, Hora de inicio: 10:00:00, Hora de fin: 11:00:00.','2025-01-08 06:54:45','189.243.236.146','ACTIVO'),(270,'desconocido@dominio.com','Actualización de asignación','Se actualizó la asignación ID 22526. Nuevo día: miércoles, Hora de inicio: 12:00:00, Hora de fin: 13:00:00.','2025-01-08 06:55:29','189.243.236.146','ACTIVO'),(271,'desconocido@dominio.com','Actualización de asignación','Se actualizó la asignación ID 22527. Nuevo día: martes, Hora de inicio: 13:00:00, Hora de fin: 14:00:00.','2025-01-08 06:55:35','189.243.236.146','ACTIVO'),(272,'mequihua@ut-morelia.edu.mx','Eliminación de asignación manual','Se eliminó la asignación con ID 960 del grupo ID 888.','2025-01-08 06:57:18','177.240.132.46','ACTIVO'),(273,'mequihua@ut-morelia.edu.mx','Eliminación de asignación manual','Se eliminó la asignación con ID 961 del grupo ID 888.','2025-01-08 06:57:25','177.240.132.46','ACTIVO'),(274,'mequihua@ut-morelia.edu.mx','Eliminación de asignación manual','Se eliminó la asignación con ID 958 del grupo ID 888.','2025-01-08 06:57:31','177.240.132.46','ACTIVO'),(275,'mequihua@ut-morelia.edu.mx','Eliminación de asignación manual','Se eliminó la asignación con ID 959 del grupo ID 888.','2025-01-08 06:57:35','177.240.132.46','ACTIVO'),(276,'desconocido@dominio.com','Actualización de asignación','Se actualizó la asignación ID 22359. Nuevo día: jueves, Hora de inicio: 18:00:00, Hora de fin: 19:00:00.','2025-01-08 06:58:25','189.243.236.146','ACTIVO'),(277,'desconocido@dominio.com','Actualización de asignación','Se actualizó la asignación ID 22359. Nuevo día: lunes, Hora de inicio: 14:00:00, Hora de fin: 15:00:00.','2025-01-08 06:58:38','189.243.236.146','ACTIVO'),(278,'desconocido@dominio.com','Actualización de asignación','Se actualizó la asignación ID 22409. Nuevo día: viernes, Hora de inicio: 11:00:00, Hora de fin: 12:00:00.','2025-01-08 07:03:13','189.243.236.146','ACTIVO'),(279,'mequihua@ut-morelia.edu.mx','Asignación manual de horario','Se asignó la materia ID 1707 al grupo ID 888 en el día sábado de 10:00:00 a 11:00:00.','2025-01-08 07:03:34','177.240.132.46','ACTIVO'),(280,'mequihua@ut-morelia.edu.mx','Asignación manual de horario','Se asignó la materia ID 1707 al grupo ID 888 en el día sábado de 11:00:00 a 12:00:00.','2025-01-08 07:03:40','177.240.132.46','ACTIVO'),(281,'mequihua@ut-morelia.edu.mx','Asignación manual de horario','Se asignó la materia ID 1714 al grupo ID 888 en el día viernes de 18:00:00 a 19:00:00.','2025-01-08 07:03:55','177.240.132.46','ACTIVO'),(282,'mequihua@ut-morelia.edu.mx','Asignación manual de horario','Se asignó la materia ID 1714 al grupo ID 888 en el día viernes de 19:00:00 a 20:00:00.','2025-01-08 07:04:02','177.240.132.46','ACTIVO'),(283,'mequihua@ut-morelia.edu.mx','Eliminación de asignación manual','Se eliminó la asignación con ID 967 del grupo ID 889.','2025-01-08 07:05:32','177.240.132.46','ACTIVO'),(284,'desconocido@dominio.com','Actualización de asignación','Se actualizó la asignación ID 22428. Nuevo día: viernes, Hora de inicio: 18:00:00, Hora de fin: 19:00:00.','2025-01-08 07:05:35','189.243.236.146','ACTIVO'),(285,'desconocido@dominio.com','Actualización de asignación','Se actualizó la asignación ID 22438. Nuevo día: martes, Hora de inicio: 13:00:00, Hora de fin: 14:00:00.','2025-01-08 07:05:41','189.243.236.146','ACTIVO'),(286,'desconocido@dominio.com','Actualización de asignación','Se actualizó la asignación ID 22428. Nuevo día: viernes, Hora de inicio: 15:00:00, Hora de fin: 16:00:00.','2025-01-08 07:05:46','189.243.236.146','ACTIVO'),(287,'mequihua@ut-morelia.edu.mx','Eliminación de asignación manual','Se eliminó la asignación con ID 970 del grupo ID 889.','2025-01-08 07:06:42','177.240.132.46','ACTIVO'),(288,'desconocido@dominio.com','Actualización de asignación','Se actualizó la asignación ID 22579. Nuevo día: jueves, Hora de inicio: 11:00:00, Hora de fin: 12:00:00.','2025-01-08 07:09:08','189.243.236.146','ACTIVO'),(289,'desconocido@dominio.com','Actualización de asignación','Se actualizó la asignación ID 22578. Nuevo día: viernes, Hora de inicio: 11:00:00, Hora de fin: 12:00:00.','2025-01-08 07:09:13','189.243.236.146','ACTIVO'),(290,'desconocido@dominio.com','Actualización de asignación','Se actualizó la asignación ID 22575. Nuevo día: jueves, Hora de inicio: 18:00:00, Hora de fin: 19:00:00.','2025-01-08 07:09:23','189.243.236.146','ACTIVO'),(291,'desconocido@dominio.com','Actualización de asignación','Se actualizó la asignación ID 22551. Nuevo día: viernes, Hora de inicio: 12:00:00, Hora de fin: 13:00:00.','2025-01-08 07:10:43','189.243.236.146','ACTIVO'),(292,'desconocido@dominio.com','Actualización de asignación','Se actualizó la asignación ID 22574. Nuevo día: jueves, Hora de inicio: 12:00:00, Hora de fin: 13:00:00.','2025-01-08 07:10:49','189.243.236.146','ACTIVO'),(293,'mequihua@ut-morelia.edu.mx','Eliminación de asignación manual','Se eliminó la asignación con ID 979 del grupo ID 892.','2025-01-08 07:10:58','177.240.132.46','ACTIVO'),(294,'mequihua@ut-morelia.edu.mx','Eliminación de asignación manual','Se eliminó la asignación con ID 978 del grupo ID 892.','2025-01-08 07:11:01','177.240.132.46','ACTIVO'),(295,'mequihua@ut-morelia.edu.mx','Asignación manual de horario','Se asignó la materia ID 2032 al grupo ID 892 en el día sábado de 07:00:00 a 08:00:00.','2025-01-08 07:11:11','177.240.132.46','ACTIVO'),(296,'mequihua@ut-morelia.edu.mx','Asignación manual de horario','Se asignó la materia ID 2032 al grupo ID 892 en el día sábado de 08:00:00 a 09:00:00.','2025-01-08 07:11:16','177.240.132.46','ACTIVO'),(297,'mequihua@ut-morelia.edu.mx','Asignación manual de horario','Se asignó la materia ID 1734 al grupo ID 892 en el día sábado de 10:00:00 a 11:00:00.','2025-01-08 07:11:28','177.240.132.46','ACTIVO'),(298,'desconocido@dominio.com','Actualización de asignación','Se actualizó la asignación ID 22575. Nuevo día: jueves, Hora de inicio: 16:00:00, Hora de fin: 17:00:00.','2025-01-08 07:12:24','189.243.236.146','ACTIVO'),(299,'desconocido@dominio.com','Actualización de asignación','Se actualizó la asignación ID 22533. Nuevo día: miércoles, Hora de inicio: 12:00:00, Hora de fin: 13:00:00.','2025-01-08 07:13:16','189.243.236.146','ACTIVO'),(300,'desconocido@dominio.com','Actualización de asignación','Se actualizó la asignación ID 22532. Nuevo día: jueves, Hora de inicio: 09:00:00, Hora de fin: 10:00:00.','2025-01-08 07:13:23','189.243.236.146','ACTIVO'),(301,'desconocido@dominio.com','Actualización de asignación','Se actualizó la asignación ID 22577. Nuevo día: miércoles, Hora de inicio: 11:00:00, Hora de fin: 12:00:00.','2025-01-08 07:13:30','189.243.236.146','ACTIVO'),(302,'mequihua@ut-morelia.edu.mx','Asignación manual de horario','Se asignó la materia ID 2031 al grupo ID 892 en el día viernes de 18:00:00 a 19:00:00.','2025-01-08 07:14:36','177.240.132.46','ACTIVO'),(303,'desconocido@dominio.com','Actualización de asignación','Se actualizó la asignación ID 21335. Nuevo día: miércoles, Hora de inicio: 11:00:00, Hora de fin: 12:00:00.','2025-01-08 17:03:11','200.68.167.21','ACTIVO'),(304,'desconocido@dominio.com','Actualización de asignación','Se actualizó la asignación ID 21348. Nuevo día: jueves, Hora de inicio: 13:00:00, Hora de fin: 14:00:00.','2025-01-08 17:03:20','200.68.167.21','ACTIVO'),(305,'desconocido@dominio.com','Actualización de asignación','Se actualizó la asignación ID 21335. Nuevo día: miércoles, Hora de inicio: 17:00:00, Hora de fin: 18:00:00.','2025-01-08 17:03:26','200.68.167.21','ACTIVO'),(306,'desconocido@dominio.com','Actualización de asignación','Se actualizó la asignación ID 21355. Nuevo día: martes, Hora de inicio: 11:00:00, Hora de fin: 12:00:00.','2025-01-08 17:03:32','200.68.167.21','ACTIVO'),(307,'desconocido@dominio.com','Actualización de asignación','Se actualizó la asignación ID 21356. Nuevo día: miércoles, Hora de inicio: 11:00:00, Hora de fin: 12:00:00.','2025-01-08 17:03:38','200.68.167.21','ACTIVO'),(308,'desconocido@dominio.com','Actualización de asignación','Se actualizó la asignación ID 21339. Nuevo día: jueves, Hora de inicio: 17:00:00, Hora de fin: 18:00:00.','2025-01-08 17:03:45','200.68.167.21','ACTIVO'),(309,'desconocido@dominio.com','Actualización de asignación','Se actualizó la asignación ID 21340. Nuevo día: jueves, Hora de inicio: 18:00:00, Hora de fin: 19:00:00.','2025-01-08 17:03:48','200.68.167.21','ACTIVO'),(310,'desconocido@dominio.com','Actualización de asignación','Se actualizó la asignación ID 21355. Nuevo día: martes, Hora de inicio: 13:00:00, Hora de fin: 14:00:00.','2025-01-08 17:03:53','200.68.167.21','ACTIVO'),(311,'desconocido@dominio.com','Actualización de asignación','Se actualizó la asignación ID 21356. Nuevo día: martes, Hora de inicio: 12:00:00, Hora de fin: 13:00:00.','2025-01-08 17:03:58','200.68.167.21','ACTIVO'),(312,'desconocido@dominio.com','Actualización de asignación','Se actualizó la asignación ID 21392. Nuevo día: jueves, Hora de inicio: 11:00:00, Hora de fin: 12:00:00.','2025-01-08 17:05:05','200.68.167.21','ACTIVO'),(313,'desconocido@dominio.com','Actualización de asignación','Se actualizó la asignación ID 21399. Nuevo día: viernes, Hora de inicio: 11:00:00, Hora de fin: 12:00:00.','2025-01-08 17:05:09','200.68.167.21','ACTIVO'),(314,'desconocido@dominio.com','Actualización de asignación','Se actualizó la asignación ID 21400. Nuevo día: sábado, Hora de inicio: 12:00:00, Hora de fin: 13:00:00.','2025-01-08 17:05:32','200.68.167.21','ACTIVO'),(315,'desconocido@dominio.com','Actualización de asignación','Se actualizó la asignación ID 21393. Nuevo día: sábado, Hora de inicio: 11:00:00, Hora de fin: 12:00:00.','2025-01-08 17:05:32','200.68.167.21','ACTIVO'),(316,'desconocido@dominio.com','Actualización de asignación','Se actualizó la asignación ID 21393. Nuevo día: jueves, Hora de inicio: 10:00:00, Hora de fin: 11:00:00.','2025-01-08 17:05:39','200.68.167.21','ACTIVO'),(317,'desconocido@dominio.com','Actualización de asignación','Se actualizó la asignación ID 21400. Nuevo día: viernes, Hora de inicio: 10:00:00, Hora de fin: 11:00:00.','2025-01-08 17:05:42','200.68.167.21','ACTIVO'),(318,'desconocido@dominio.com','Actualización de asignación','Se actualizó la asignación ID 21402. Nuevo día: miércoles, Hora de inicio: 14:00:00, Hora de fin: 15:00:00.','2025-01-08 17:06:09','200.68.167.21','ACTIVO'),(319,'desconocido@dominio.com','Actualización de asignación','Se actualizó la asignación ID 21409. Nuevo día: miércoles, Hora de inicio: 12:00:00, Hora de fin: 13:00:00.','2025-01-08 17:06:19','200.68.167.21','ACTIVO'),(320,'desconocido@dominio.com','Actualización de asignación','Se actualizó la asignación ID 21408. Nuevo día: miércoles, Hora de inicio: 13:00:00, Hora de fin: 14:00:00.','2025-01-08 17:06:23','200.68.167.21','ACTIVO'),(321,'desconocido@dominio.com','Actualización de asignación','Se actualizó la asignación ID 21398. Nuevo día: jueves, Hora de inicio: 12:00:00, Hora de fin: 13:00:00.','2025-01-08 17:06:26','200.68.167.21','ACTIVO'),(322,'desconocido@dominio.com','Actualización de asignación','Se actualizó la asignación ID 21393. Nuevo día: miércoles, Hora de inicio: 18:00:00, Hora de fin: 19:00:00.','2025-01-08 17:06:35','200.68.167.21','ACTIVO'),(323,'desconocido@dominio.com','Actualización de asignación','Se actualizó la asignación ID 21400. Nuevo día: viernes, Hora de inicio: 17:00:00, Hora de fin: 18:00:00.','2025-01-08 17:06:42','200.68.167.21','ACTIVO'),(324,'desconocido@dominio.com','Actualización de asignación','Se actualizó la asignación ID 21399. Nuevo día: viernes, Hora de inicio: 18:00:00, Hora de fin: 19:00:00.','2025-01-08 17:06:48','200.68.167.21','ACTIVO'),(325,'desconocido@dominio.com','Actualización de asignación','Se actualizó la asignación ID 21407. Nuevo día: jueves, Hora de inicio: 18:00:00, Hora de fin: 19:00:00.','2025-01-08 17:08:15','200.68.167.21','ACTIVO'),(326,'desconocido@dominio.com','Actualización de asignación','Se actualizó la asignación ID 21392. Nuevo día: viernes, Hora de inicio: 16:00:00, Hora de fin: 17:00:00.','2025-01-08 17:08:21','200.68.167.21','ACTIVO'),(327,'desconocido@dominio.com','Actualización de asignación','Se actualizó la asignación ID 21392. Nuevo día: viernes, Hora de inicio: 11:00:00, Hora de fin: 12:00:00.','2025-01-08 17:08:56','200.68.167.21','ACTIVO'),(328,'desconocido@dominio.com','Actualización de asignación','Se actualizó la asignación ID 21405. Nuevo día: viernes, Hora de inicio: 16:00:00, Hora de fin: 17:00:00.','2025-01-08 17:09:11','200.68.167.21','ACTIVO'),(329,'desconocido@dominio.com','Actualización de asignación','Se actualizó la asignación ID 21403. Nuevo día: viernes, Hora de inicio: 14:00:00, Hora de fin: 15:00:00.','2025-01-08 17:09:16','200.68.167.21','ACTIVO'),(330,'desconocido@dominio.com','Actualización de asignación','Se actualizó la asignación ID 21392. Nuevo día: jueves, Hora de inicio: 16:00:00, Hora de fin: 17:00:00.','2025-01-08 17:09:21','200.68.167.21','ACTIVO'),(331,'desconocido@dominio.com','Actualización de asignación','Se actualizó la asignación ID 21375. Nuevo día: martes, Hora de inicio: 11:00:00, Hora de fin: 12:00:00.','2025-01-08 17:10:50','200.68.167.21','ACTIVO'),(332,'desconocido@dominio.com','Actualización de asignación','Se actualizó la asignación ID 21376. Nuevo día: miércoles, Hora de inicio: 11:00:00, Hora de fin: 12:00:00.','2025-01-08 17:10:54','200.68.167.21','ACTIVO'),(333,'desconocido@dominio.com','Actualización de asignación','Se actualizó la asignación ID 21360. Nuevo día: miércoles, Hora de inicio: 15:00:00, Hora de fin: 16:00:00.','2025-01-08 17:10:59','200.68.167.21','ACTIVO'),(334,'desconocido@dominio.com','Actualización de asignación','Se actualizó la asignación ID 21361. Nuevo día: miércoles, Hora de inicio: 16:00:00, Hora de fin: 17:00:00.','2025-01-08 17:11:03','200.68.167.21','ACTIVO'),(335,'desconocido@dominio.com','Actualización de asignación','Se actualizó la asignación ID 21375. Nuevo día: lunes, Hora de inicio: 14:00:00, Hora de fin: 15:00:00.','2025-01-08 17:11:08','200.68.167.21','ACTIVO'),(336,'desconocido@dominio.com','Actualización de asignación','Se actualizó la asignación ID 21376. Nuevo día: lunes, Hora de inicio: 15:00:00, Hora de fin: 16:00:00.','2025-01-08 17:11:11','200.68.167.21','ACTIVO'),(337,'desconocido@dominio.com','Actualización de asignación','Se actualizó la asignación ID 20895. Nuevo día: jueves, Hora de inicio: 10:00:00, Hora de fin: 11:00:00.','2025-01-08 17:12:21','200.68.167.21','ACTIVO'),(338,'desconocido@dominio.com','Actualización de asignación','Se actualizó la asignación ID 20907. Nuevo día: martes, Hora de inicio: 14:00:00, Hora de fin: 15:00:00.','2025-01-08 17:12:26','200.68.167.21','ACTIVO'),(339,'desconocido@dominio.com','Actualización de asignación','Se actualizó la asignación ID 20895. Nuevo día: jueves, Hora de inicio: 15:00:00, Hora de fin: 16:00:00.','2025-01-08 17:12:32','200.68.167.21','ACTIVO'),(340,'desconocido@dominio.com','Actualización de asignación','Se actualizó la asignación ID 21199. Nuevo día: miércoles, Hora de inicio: 17:00:00, Hora de fin: 18:00:00.','2025-01-08 17:21:27','200.68.167.21','ACTIVO'),(341,'desconocido@dominio.com','Actualización de asignación','Se actualizó la asignación ID 21891. Nuevo día: jueves, Hora de inicio: 16:00:00, Hora de fin: 17:00:00.','2025-01-08 17:21:48','200.68.167.21','ACTIVO'),(342,'desconocido@dominio.com','Actualización de asignación','Se actualizó la asignación ID 21876. Nuevo día: jueves, Hora de inicio: 12:00:00, Hora de fin: 13:00:00.','2025-01-08 17:21:52','200.68.167.21','ACTIVO'),(343,'desconocido@dominio.com','Actualización de asignación','Se actualizó la asignación ID 21891. Nuevo día: lunes, Hora de inicio: 18:00:00, Hora de fin: 19:00:00.','2025-01-08 17:21:58','200.68.167.21','ACTIVO'),(344,'desconocido@dominio.com','Actualización de asignación','Se actualizó la asignación ID 21199. Nuevo día: miércoles, Hora de inicio: 18:00:00, Hora de fin: 19:00:00.','2025-01-08 17:23:20','200.68.167.21','ACTIVO'),(345,'desconocido@dominio.com','Actualización de asignación','Se actualizó la asignación ID 21889. Nuevo día: jueves, Hora de inicio: 17:00:00, Hora de fin: 18:00:00.','2025-01-08 17:23:35','200.68.167.21','ACTIVO'),(346,'desconocido@dominio.com','Actualización de asignación','Se actualizó la asignación ID 21886. Nuevo día: miércoles, Hora de inicio: 17:00:00, Hora de fin: 18:00:00.','2025-01-08 17:23:40','200.68.167.21','ACTIVO'),(347,'desconocido@dominio.com','Actualización de asignación','Se actualizó la asignación ID 21889. Nuevo día: miércoles, Hora de inicio: 15:00:00, Hora de fin: 16:00:00.','2025-01-08 17:23:44','200.68.167.21','ACTIVO'),(348,'desconocido@dominio.com','Actualización de asignación','Se actualizó la asignación ID 21199. Nuevo día: miércoles, Hora de inicio: 15:00:00, Hora de fin: 16:00:00.','2025-01-08 17:24:07','200.68.167.21','ACTIVO'),(349,'desconocido@dominio.com','Actualización de asignación','Se actualizó la asignación ID 22492. Nuevo día: miércoles, Hora de inicio: 12:00:00, Hora de fin: 13:00:00.','2025-01-08 17:24:39','200.68.167.21','ACTIVO'),(350,'desconocido@dominio.com','Actualización de asignación','Se actualizó la asignación ID 22528. Nuevo día: lunes, Hora de inicio: 12:00:00, Hora de fin: 13:00:00.','2025-01-08 17:28:12','200.68.167.21','ACTIVO'),(351,'desconocido@dominio.com','Actualización de asignación','Se actualizó la asignación ID 22362. Nuevo día: lunes, Hora de inicio: 11:00:00, Hora de fin: 12:00:00.','2025-01-08 17:28:24','200.68.167.21','ACTIVO'),(352,'desconocido@dominio.com','Actualización de asignación','Se actualizó la asignación ID 20919. Nuevo día: viernes, Hora de inicio: 11:00:00, Hora de fin: 12:00:00.','2025-01-08 17:31:36','200.68.167.21','ACTIVO'),(353,'desconocido@dominio.com','Actualización de asignación','Se actualizó la asignación ID 20959. Nuevo día: jueves, Hora de inicio: 11:00:00, Hora de fin: 12:00:00.','2025-01-08 17:49:47','200.68.167.21','ACTIVO'),(354,'desconocido@dominio.com','Actualización de asignación','Se actualizó la asignación ID 20958. Nuevo día: miércoles, Hora de inicio: 11:00:00, Hora de fin: 12:00:00.','2025-01-08 17:49:56','200.68.167.21','ACTIVO'),(355,'desconocido@dominio.com','Actualización de asignación','Se actualizó la asignación ID 19775. Nuevo día: miércoles, Hora de inicio: 17:00:00, Hora de fin: 18:00:00.','2025-01-08 17:50:05','200.68.167.21','ACTIVO'),(356,'desconocido@dominio.com','Actualización de asignación','Se actualizó la asignación ID 20958. Nuevo día: viernes, Hora de inicio: 15:00:00, Hora de fin: 16:00:00.','2025-01-08 17:50:10','200.68.167.21','ACTIVO'),(357,'desconocido@dominio.com','Actualización de asignación','Se actualizó la asignación ID 20959. Nuevo día: miércoles, Hora de inicio: 18:00:00, Hora de fin: 19:00:00.','2025-01-08 17:50:14','200.68.167.21','ACTIVO'),(358,'desconocido@dominio.com','Actualización de asignación','Se actualizó la asignación ID 20780. Nuevo día: jueves, Hora de inicio: 13:00:00, Hora de fin: 14:00:00.','2025-01-08 17:52:48','200.68.167.21','ACTIVO'),(359,'desconocido@dominio.com','Actualización de asignación','Se actualizó la asignación ID 20781. Nuevo día: jueves, Hora de inicio: 14:00:00, Hora de fin: 15:00:00.','2025-01-08 17:52:51','200.68.167.21','ACTIVO'),(360,'desconocido@dominio.com','Actualización de asignación','Se actualizó la asignación ID 20769. Nuevo día: martes, Hora de inicio: 10:00:00, Hora de fin: 11:00:00.','2025-01-08 17:52:56','200.68.167.21','ACTIVO'),(361,'desconocido@dominio.com','Actualización de asignación','Se actualizó la asignación ID 20770. Nuevo día: martes, Hora de inicio: 11:00:00, Hora de fin: 12:00:00.','2025-01-08 17:52:59','200.68.167.21','ACTIVO'),(362,'desconocido@dominio.com','Actualización de asignación','Se actualizó la asignación ID 20780. Nuevo día: lunes, Hora de inicio: 07:00:00, Hora de fin: 08:00:00.','2025-01-08 17:53:05','200.68.167.21','ACTIVO'),(363,'desconocido@dominio.com','Actualización de asignación','Se actualizó la asignación ID 20781. Nuevo día: lunes, Hora de inicio: 08:00:00, Hora de fin: 09:00:00.','2025-01-08 17:53:08','200.68.167.21','ACTIVO'),(364,'desconocido@dominio.com','Actualización de asignación','Se actualizó la asignación ID 20775. Nuevo día: viernes, Hora de inicio: 11:00:00, Hora de fin: 12:00:00.','2025-01-08 17:53:36','200.68.167.21','ACTIVO'),(365,'desconocido@dominio.com','Actualización de asignación','Se actualizó la asignación ID 20780. Nuevo día: martes, Hora de inicio: 07:00:00, Hora de fin: 08:00:00.','2025-01-08 17:54:22','200.68.167.21','ACTIVO'),(366,'desconocido@dominio.com','Actualización de asignación','Se actualizó la asignación ID 20781. Nuevo día: lunes, Hora de inicio: 07:00:00, Hora de fin: 08:00:00.','2025-01-08 17:54:26','200.68.167.21','ACTIVO'),(367,'desconocido@dominio.com','Actualización de asignación','Se actualizó la asignación ID 20791. Nuevo día: lunes, Hora de inicio: 08:00:00, Hora de fin: 09:00:00.','2025-01-08 17:54:37','200.68.167.21','ACTIVO'),(368,'desconocido@dominio.com','Actualización de asignación','Se actualizó la asignación ID 20791. Nuevo día: jueves, Hora de inicio: 10:00:00, Hora de fin: 11:00:00.','2025-01-08 17:55:05','200.68.167.21','ACTIVO'),(369,'desconocido@dominio.com','Actualización de asignación','Se actualizó la asignación ID 20786. Nuevo día: lunes, Hora de inicio: 08:00:00, Hora de fin: 09:00:00.','2025-01-08 17:55:36','200.68.167.21','ACTIVO'),(370,'desconocido@dominio.com','Actualización de asignación','Se actualizó la asignación ID 20776. Nuevo día: miércoles, Hora de inicio: 10:00:00, Hora de fin: 11:00:00.','2025-01-08 17:55:41','200.68.167.21','ACTIVO'),(371,'desconocido@dominio.com','Actualización de asignación','Se actualizó la asignación ID 20782. Nuevo día: martes, Hora de inicio: 08:00:00, Hora de fin: 09:00:00.','2025-01-08 17:55:57','200.68.167.21','ACTIVO'),(372,'desconocido@dominio.com','Actualización de asignación','Se actualizó la asignación ID 20774. Nuevo día: jueves, Hora de inicio: 13:00:00, Hora de fin: 14:00:00.','2025-01-08 18:10:08','187.189.191.141','ACTIVO'),(373,'desconocido@dominio.com','Actualización de asignación','Se actualizó la asignación ID 20810. Nuevo día: viernes, Hora de inicio: 12:00:00, Hora de fin: 13:00:00.','2025-01-08 18:10:25','187.189.191.141','ACTIVO'),(374,'desconocido@dominio.com','Actualización de asignación','Se actualizó la asignación ID 20805. Nuevo día: viernes, Hora de inicio: 13:00:00, Hora de fin: 14:00:00.','2025-01-08 18:10:50','187.189.191.141','ACTIVO'),(375,'desconocido@dominio.com','Actualización de asignación','Se actualizó la asignación ID 20913. Nuevo día: jueves, Hora de inicio: 18:00:00, Hora de fin: 19:00:00.','2025-01-08 18:11:28','187.189.191.141','ACTIVO'),(376,'admin@admin.com','Actualización de materia','Se actualizó la materia con ID 1711. Nombre anterior: \'HABILIDADES SOCIEMOCIONALES Y MANEJO DE CONFLICTOS\', Nuevo nombre: \'HABILIDADES SOCIO EMOCIONALES Y MANEJO DE CONFLICTOS\', Horas semanales anteriores: 4, Nuevas horas semanales: 4.','2025-01-08 18:20:32','177.240.136.41','ACTIVO'),(377,'admin@admin.com','Actualización de materia','Se actualizó la materia con ID 1738. Nombre anterior: \'HABILIDADES SOCIEMOCIONALES Y MANEJO DE CONFLICTOS\', Nuevo nombre: \'HABILIDADES SOCIO EMOCIONALES Y MANEJO DE CONFLICTOS\', Horas semanales anteriores: 4, Nuevas horas semanales: 4.','2025-01-08 18:20:46','177.240.136.41','ACTIVO'),(378,'admin@admin.com','Actualización de materia','Se actualizó la materia con ID 2028. Nombre anterior: \'HABILIDADES SOCIEMOCIONALES Y MANEJO DE CONFLICTOS\', Nuevo nombre: \'HABILIDADES SOCIO EMOCIONALES Y MANEJO DE CONFLICTOS\', Horas semanales anteriores: 4, Nuevas horas semanales: 4.','2025-01-08 18:20:54','177.240.136.41','ACTIVO'),(379,'admin@admin.com','Actualización de materia','Se actualizó la materia con ID 2164. Nombre anterior: \'HABILIDADES SOCIEMOCIONALES Y MANEJO DE CONFLICTOS\', Nuevo nombre: \'HABILIDADES SOCIO EMOCIONALES Y MANEJO DE CONFLICTOS\', Horas semanales anteriores: 4, Nuevas horas semanales: 4.','2025-01-08 18:21:02','177.240.136.41','ACTIVO'),(380,'desconocido@dominio.com','Actualización de asignación','Se actualizó la asignación ID 21326. Nuevo día: viernes, Hora de inicio: 13:00:00, Hora de fin: 14:00:00.','2025-01-08 18:49:05','200.68.167.21','ACTIVO'),(381,'desconocido@dominio.com','Actualización de asignación','Se actualizó la asignación ID 21328. Nuevo día: jueves, Hora de inicio: 07:00:00, Hora de fin: 08:00:00.','2025-01-08 18:49:12','200.68.167.21','ACTIVO'),(382,'desconocido@dominio.com','Actualización de asignación','Se actualizó la asignación ID 21326. Nuevo día: jueves, Hora de inicio: 09:00:00, Hora de fin: 10:00:00.','2025-01-08 18:49:17','200.68.167.21','ACTIVO'),(383,'desconocido@dominio.com','Actualización de asignación','Se actualizó la asignación ID 20732. Nuevo día: viernes, Hora de inicio: 13:00:00, Hora de fin: 14:00:00.','2025-01-08 18:50:16','200.68.167.21','ACTIVO'),(384,'desconocido@dominio.com','Actualización de asignación','Se actualizó la asignación ID 20733. Nuevo día: viernes, Hora de inicio: 12:00:00, Hora de fin: 13:00:00.','2025-01-08 18:50:22','200.68.167.21','ACTIVO'),(385,'desconocido@dominio.com','Actualización de asignación','Se actualizó la asignación ID 20716. Nuevo día: viernes, Hora de inicio: 10:00:00, Hora de fin: 11:00:00.','2025-01-08 18:50:29','200.68.167.21','ACTIVO'),(386,'desconocido@dominio.com','Actualización de asignación','Se actualizó la asignación ID 20717. Nuevo día: viernes, Hora de inicio: 11:00:00, Hora de fin: 12:00:00.','2025-01-08 18:50:32','200.68.167.21','ACTIVO'),(387,'desconocido@dominio.com','Actualización de asignación','Se actualizó la asignación ID 20733. Nuevo día: miércoles, Hora de inicio: 08:00:00, Hora de fin: 09:00:00.','2025-01-08 18:50:35','200.68.167.21','ACTIVO'),(388,'desconocido@dominio.com','Actualización de asignación','Se actualizó la asignación ID 20732. Nuevo día: miércoles, Hora de inicio: 09:00:00, Hora de fin: 10:00:00.','2025-01-08 18:50:39','200.68.167.21','ACTIVO'),(389,'desconocido@dominio.com','Actualización de asignación','Se actualizó la asignación ID 20711. Nuevo día: viernes, Hora de inicio: 13:00:00, Hora de fin: 14:00:00.','2025-01-08 18:50:48','200.68.167.21','ACTIVO'),(390,'desconocido@dominio.com','Actualización de asignación','Se actualizó la asignación ID 20712. Nuevo día: viernes, Hora de inicio: 12:00:00, Hora de fin: 13:00:00.','2025-01-08 18:50:51','200.68.167.21','ACTIVO'),(391,'desconocido@dominio.com','Actualización de asignación','Se actualizó la asignación ID 20727. Nuevo día: martes, Hora de inicio: 11:00:00, Hora de fin: 12:00:00.','2025-01-08 18:50:54','200.68.167.21','ACTIVO'),(392,'desconocido@dominio.com','Actualización de asignación','Se actualizó la asignación ID 20728. Nuevo día: martes, Hora de inicio: 12:00:00, Hora de fin: 13:00:00.','2025-01-08 18:50:57','200.68.167.21','ACTIVO'),(393,'desconocido@dominio.com','Actualización de asignación','Se actualizó la asignación ID 20704. Nuevo día: jueves, Hora de inicio: 13:00:00, Hora de fin: 14:00:00.','2025-01-08 18:51:01','200.68.167.21','ACTIVO'),(394,'desconocido@dominio.com','Actualización de asignación','Se actualizó la asignación ID 20712. Nuevo día: jueves, Hora de inicio: 12:00:00, Hora de fin: 13:00:00.','2025-01-08 18:51:04','200.68.167.21','ACTIVO'),(395,'desconocido@dominio.com','Actualización de asignación','Se actualizó la asignación ID 20711. Nuevo día: viernes, Hora de inicio: 12:00:00, Hora de fin: 13:00:00.','2025-01-08 18:51:07','200.68.167.21','ACTIVO'),(396,'desconocido@dominio.com','Actualización de asignación','Se actualizó la asignación ID 20711. Nuevo día: lunes, Hora de inicio: 12:00:00, Hora de fin: 13:00:00.','2025-01-08 18:57:00','200.68.167.21','ACTIVO'),(397,'desconocido@dominio.com','Actualización de asignación','Se actualizó la asignación ID 20733. Nuevo día: viernes, Hora de inicio: 12:00:00, Hora de fin: 13:00:00.','2025-01-08 18:57:29','200.68.167.21','ACTIVO'),(398,'desconocido@dominio.com','Actualización de asignación','Se actualizó la asignación ID 20732. Nuevo día: viernes, Hora de inicio: 13:00:00, Hora de fin: 14:00:00.','2025-01-08 18:57:33','200.68.167.21','ACTIVO'),(399,'desconocido@dominio.com','Actualización de asignación','Se actualizó la asignación ID 20712. Nuevo día: miércoles, Hora de inicio: 08:00:00, Hora de fin: 09:00:00.','2025-01-08 18:57:36','200.68.167.21','ACTIVO'),(400,'desconocido@dominio.com','Actualización de asignación','Se actualizó la asignación ID 20704. Nuevo día: miércoles, Hora de inicio: 09:00:00, Hora de fin: 10:00:00.','2025-01-08 18:57:39','200.68.167.21','ACTIVO'),(401,'desconocido@dominio.com','Actualización de asignación','Se actualizó la asignación ID 20733. Nuevo día: jueves, Hora de inicio: 12:00:00, Hora de fin: 13:00:00.','2025-01-08 18:57:48','200.68.167.21','ACTIVO'),(402,'desconocido@dominio.com','Actualización de asignación','Se actualizó la asignación ID 20732. Nuevo día: jueves, Hora de inicio: 13:00:00, Hora de fin: 14:00:00.','2025-01-08 18:57:51','200.68.167.21','ACTIVO'),(403,'srangel@ut-morelia.edu.mx','Asignación de materias','Se asignaron materias al profesor con ID 5. Materias asignadas: 1657','2025-01-08 18:58:54','200.68.167.21','ACTIVO');

--
