--
-- Host: localhost    Database: rrb_central
-- ------------------------------------------------------


--
-- Table structure for table `confirmaciones`
--

CREATE TABLE `confirmaciones` (
  `id` bigint unsigned NOT NULL AUTO_INCREMENT,
  `evento_id` bigint unsigned NOT NULL,
  `nombre` varchar(191) COLLATE utf8mb4_unicode_ci NOT NULL,
  `telefono` varchar(20) COLLATE utf8mb4_unicode_ci NOT NULL,
  `email` varchar(191) COLLATE utf8mb4_unicode_ci NOT NULL,
  `asistencia` enum('Sí','No') COLLATE utf8mb4_unicode_ci NOT NULL,
  `mensaje` text COLLATE utf8mb4_unicode_ci,
  `created_at` timestamp NULL DEFAULT NULL,
  `updated_at` timestamp NULL DEFAULT NULL,
  `boletos` int DEFAULT NULL,
  PRIMARY KEY (`id`),
  KEY `confirmaciones_evento_id_foreign` (`evento_id`),
  CONSTRAINT `confirmaciones_evento_id_foreign` FOREIGN KEY (`evento_id`) REFERENCES `eventos` (`id`) ON DELETE CASCADE
) ENGINE=InnoDB AUTO_INCREMENT=52 DEFAULT CHARSET=utf8mb4 COLLATE=utf8mb4_unicode_ci;

--
-- Dumping data for table `confirmaciones`
--

INSERT INTO `confirmaciones` VALUES (2,1,'Ramirez Morales Jesi','4431618132','jesi.ramirez.morales@example.com','Sí',NULL,'2025-06-29 07:52:31','2025-06-29 07:52:31',NULL),(3,1,'Roman Calderón Brenda','4433558655','brenda.roman.calderon@example.com','Sí','Que se cumplan todos sus sueños','2025-06-29 07:58:22','2025-06-29 07:58:22',NULL),(4,1,'Roman Calderón','4434684215','roman.calderon@example.com','Sí','Que este día sea lleno de mucha felicidad acompañada de tus Grandes padres q an estado para ti en todo momento y de tu amiga hermana y confidente tkm mucho camis y q este día este lleno de muchas sorpresas felicidad y bendiciones un fuerte abrazo muchas felicidades hoy en tu día y que sea muy especial para ti','2025-06-29 08:03:41','2025-06-29 08:03:41',NULL),(5,1,'Karen Linares','4438012192','karen.linares@example.com','Sí','Sabes que te queremos infinito mi niña nuestros mejores deseos para ti hoy y siempre Dios te nos bendiga','2025-06-29 08:53:28','2025-06-29 08:53:28',NULL),(6,1,'Sandoval Razo Mauro','4381532634','mauro.sandoval.razo@example.com','Sí','Que pase un día increíble,y dios la llené de mucha salud y bendiciones.','2025-06-29 09:11:09','2025-06-29 09:11:09',NULL),(7,1,'Ferreira Mesa Kati','4432134440','kati.ferreira.mesa@example.com','Sí','Que disfrute mucho de su fiesta y que la AMO','2025-06-29 09:13:10','2025-06-29 09:13:10',NULL),(9,1,'Ferreira Mesa Kati','4432134440','kati.ferreira.mesa@example.com','Sí','Que disfrute mucho de su fiesta y que la AMO','2025-06-29 09:13:54','2025-06-29 09:13:54',NULL),(10,1,'Becerril Fuentes Pao','4432566205','pao.becerril.fuentes@example.com','Sí','Que te la pases genial ese día, y disfruta al máximo.','2025-06-29 09:37:48','2025-06-29 09:37:48',NULL),(11,1,'Virgen Millan Claus','5315964369','claus.virgen.millan@example.com','Sí','Mi niña que todos tus sueños se hagan realidad!! Eres hermosa toda una Srita. Millán mis mejores deseos hoy siempre!! Tu tía Clau!!🩷🩷','2025-06-29 09:51:37','2025-06-29 09:51:37',NULL),(12,1,'Julio Bautista','4434765057','julio.bautista@example.com','Sí','Que sea muy feliz','2025-06-29 10:03:02','2025-06-29 10:03:02',5),(13,1,'Corona Guzmán Meme','4432060370','meme.corona.guzman@example.com','Sí','Muchas felicidad','2025-06-29 11:26:12','2025-06-29 11:26:12',8),(14,1,'Reyes Medina Margot','4432453352','margot.reyes.medina@example.com','Sí','Que Dios la  bendiga siempre, que disfrute cada etapa y q viva a plenitud su vida agradeciendo con lo q la vida la ha premiado siempre.','2025-06-29 13:10:38','2025-06-29 13:10:38',2),(15,1,'Martinez Vazquez Breisi','4433706074','breisi.martinez.vazquez@example.com','Sí','Disfruta mucho tu fiesta pasatela increíble siempre se feliz','2025-06-29 20:55:02','2025-06-29 20:55:02',5),(16,1,'Rodriguez Avalos Diose','4436245368','diose.rodriguez.avalos@example.com','Sí','Que cada paso que des en esta nueva etapa esté guiado por tús sueños, rodeada de amor y lleno de momentos que te hagan brillar como hoy. ¡Feliz cumpleaños!','2025-06-29 23:30:25','2025-06-29 23:30:25',5),(17,1,'Sanchez Suquilvide Dani','4433608119','dani.sanchez.suquilvide@example.com','Sí',NULL,'2025-06-30 00:26:17','2025-06-30 00:26:17',4),(18,1,'Mora Guzmán Verito','4432285726','verito.mora.guzman@example.com','Sí','Abundancia salud prosperidad','2025-06-30 00:40:57','2025-06-30 00:40:57',4),(19,1,'Chavez Tapia Martha','4432284051','martha.chavez.tapia@example.com','Sí','Que la vida siempre le muestre el camino y las personas indicadas para cumplir todos sus sueños!','2025-06-30 00:53:07','2025-06-30 00:53:07',5),(20,1,'Guzmán Villa Pancho','4433052411','pancho.guzman.villa@example.com','Sí','Que Dice los siga bendiciendo con mucha salud y te permita seguir  sumando excelentes momentos en tu historia de vida!! Felicidades!!! 🎉','2025-06-30 00:53:13','2025-06-30 00:53:13',4),(21,1,'Fernando Rubalcava','4431190215','fernando.ruvalcaba@example.com','Sí','Muchísimas felicidades','2025-06-30 01:01:36','2025-06-30 01:01:36',2),(22,1,'Daniel y Vicky Guzman','4434464860','danielyvicky.guzman@example.com','Sí','Feliz cumpleaños que disfrutes cada experiencia que te da la vida y nunca dejes de sonreír te deseo las mejores alegrías y un buen futuro para tu vida','2025-06-30 03:06:40','2025-06-30 03:06:40',8),(23,1,'Serrato del Moral Esme','4433074911','esme.serrato.delmoral@example.com','Sí',NULL,'2025-06-30 04:18:47','2025-06-30 04:18:47',5),(24,1,'Marilu Millan','4431171268','marilu.millan@example.com','Sí','Que se divierta y disfrute su día al máximo','2025-06-30 07:24:37','2025-06-30 07:24:37',3),(25,1,'Gildardo Millán','4434195473','gildardo.millan@example.com','Sí',NULL,'2025-06-30 22:25:06','2025-06-30 22:25:06',2),(26,1,'Cortes Borjas Leo','4434736588','leo.cortes.borjas@example.com','Sí',NULL,'2025-06-30 23:28:43','2025-06-30 23:28:43',5),(27,1,'Baños Martinez Karlita','4431777665','karlita.banos.martinez@example.com','Sí','Te queremos mucho zarita! 💕','2025-07-01 02:24:06','2025-07-01 02:24:06',5),(28,1,'Ramirez Espino Oscar','+17146135576','Ramirez.Espino.Oscar@example.com','Sí','Dicha y prosperidad','2025-07-02 04:05:23','2025-07-02 04:05:23',5),(29,1,'Santillan Gutierrez Jesús','4433454299','Santillan.Gutierrez.Jesús@example.com','Sí','Que la felicidad del momento se extienda por mucho tiempo','2025-07-02 04:05:24','2025-07-02 04:05:24',2),(30,1,'Tapia García','3332579477','Tapia.Garcia@example.com','Sí','Que la vida le siga regalando todo lo bonito.','2025-07-02 06:31:50','2025-07-02 06:31:50',4),(31,1,'Morales Calderón Maris','4432690482','maris.morales.calderon@example.com','Sí',NULL,'2025-07-02 23:01:22','2025-07-02 23:01:22',3),(32,1,'María José','4431987938','Maria_jose@example.com','Sí','Te deseo todo lo mejor del mundo, que seas feliz y nunca dejes de luchar por tus sueños Zarita.','2025-07-03 01:21:34','2025-07-03 01:21:34',1),(33,1,'Katherine','4436419822','Katherine@example.com','Sí',NULL,'2025-07-03 01:24:58','2025-07-03 01:24:58',1),(34,1,'Ivan','4434876748','Ivan@example.com','Sí','Muchas felicidades zara, se te quiere mucho brooo','2025-07-03 01:43:18','2025-07-03 01:43:18',0),(35,1,'Martita','4431005663','Martita@example.com','Sí',NULL,'2025-07-03 02:58:32','2025-07-03 02:58:32',2),(36,1,'Martita','4431005663','Martita@example.com','Sí',NULL,'2025-07-03 02:59:05','2025-07-03 02:59:05',2),(37,1,'Hugo','4435148324','Hugo@example.com','Sí',NULL,'2025-07-03 03:14:51','2025-07-03 03:14:51',1),(38,1,'Morales Calderón Tia','4431419983','tia.morales.calderon@example.com','Sí',NULL,'2025-07-03 06:59:53','2025-07-03 06:59:53',3),(39,1,'Garcia Millan','4431199384','garcia.millan@example.com','Sí','Hoy floreces como nunca, que la vida te regale caminos llenos de luz, amor y sueños cumplidos. FELICIDADES !!!','2025-07-04 05:41:25','2025-07-04 05:41:25',4),(40,1,'Luis Nuñez','4432609438','luis.nuñez@example.com','No',NULL,'2025-07-05 01:39:44','2025-07-05 01:39:44',0),(41,1,'Luis Nuñez','4432609438','luis.nuñez@example.com','No','Los mejores deseos para ti','2025-07-05 01:40:15','2025-07-05 01:40:15',0),(42,1,'Olvera Calderón Erika','4432661629','Olvera_calderon@example.com','Sí','Muchas felicidades y q se la pase muy bonito en su día q disfrute mucho y q se mueva más en su bals😘😘😘','2025-07-05 02:55:55','2025-07-05 02:55:55',11),(43,1,'Luis Nuñez','4432609438','luis.nuñez@example.com','Sí',NULL,'2025-07-05 04:31:08','2025-07-05 04:31:08',2),(44,1,'Salvador','4434438949','salvador@example.com','Sí','Que todos tus sueños siempre se cumplan y que siempre seas feliz','2025-07-05 07:32:46','2025-07-05 07:32:46',1),(45,1,'Sofia','4436871940','Sofia@example.com','Sí','Que te la pases increíble y nunca olvides este día, disfrútalo con tu familia y amigos, te amamos💗','2025-07-05 07:49:01','2025-07-05 07:49:01',1),(46,1,'Zoe','4438383633','Zoe@example.com','Sí','Love youuuuu preciosa 🩷','2025-07-05 08:02:22','2025-07-05 08:02:22',1),(47,1,'Osvaldo','4521312503','Osvaldo@example.com','Sí',NULL,'2025-07-06 00:17:14','2025-07-06 00:17:14',1),(48,1,'Morales Calderón Jaqui','4432643725','jaqui.morales.calderon@example.com','Sí',NULL,'2025-07-07 03:08:19','2025-07-07 03:08:19',2),(49,1,'Villagomez Millan Juni','9381203138','juni.villagomez.millan@example.com','Sí','Empieza una nueva etapa en tu vida, deseo que siempre brilles.','2025-07-08 09:16:11','2025-07-08 09:16:11',2),(50,1,'Iker','4433062192','Iker@example.com','Sí','Que cumpla todo lo que se proponga y que siempre viva muy feliz','2025-07-09 02:12:45','2025-07-09 02:12:45',1),(51,1,'Alejandra','4437274326','alejandra@example.com','Sí','Que disfrute mucho su día y que siempre sea muy feliz.','2025-07-09 23:21:01','2025-07-09 23:21:01',1);

--
-- Table structure for table `eventos`
--

CREATE TABLE `eventos` (
  `id` bigint unsigned NOT NULL AUTO_INCREMENT,
  `nombre` varchar(191) COLLATE utf8mb4_unicode_ci NOT NULL,
  `descripcion` text COLLATE utf8mb4_unicode_ci,
  `fecha` date DEFAULT NULL,
  `codigo_unico` varchar(191) COLLATE utf8mb4_unicode_ci NOT NULL,
  `created_at` timestamp NULL DEFAULT NULL,
  `updated_at` timestamp NULL DEFAULT NULL,
  PRIMARY KEY (`id`),
  UNIQUE KEY `eventos_codigo_unico_unique` (`codigo_unico`)
) ENGINE=InnoDB AUTO_INCREMENT=2 DEFAULT CHARSET=utf8mb4 COLLATE=utf8mb4_unicode_ci;

--
-- Dumping data for table `eventos`
--

INSERT INTO `eventos` VALUES (1,'Fiesta de XV Años de Camila',NULL,NULL,'camila','2025-06-12 05:20:43','2025-06-12 05:20:43');

--
-- Table structure for table `failed_jobs`
--

CREATE TABLE `failed_jobs` (
  `id` bigint unsigned NOT NULL AUTO_INCREMENT,
  `uuid` varchar(191) COLLATE utf8mb4_unicode_ci NOT NULL,
  `connection` text COLLATE utf8mb4_unicode_ci NOT NULL,
  `queue` text COLLATE utf8mb4_unicode_ci NOT NULL,
  `payload` longtext COLLATE utf8mb4_unicode_ci NOT NULL,
  `exception` longtext COLLATE utf8mb4_unicode_ci NOT NULL,
  `failed_at` timestamp NOT NULL DEFAULT CURRENT_TIMESTAMP,
  PRIMARY KEY (`id`),
  UNIQUE KEY `failed_jobs_uuid_unique` (`uuid`)
) ENGINE=InnoDB DEFAULT CHARSET=utf8mb4 COLLATE=utf8mb4_unicode_ci;

--
-- Dumping data for table `failed_jobs`
--


--
-- Table structure for table `fotos_evento`
--

CREATE TABLE `fotos_evento` (
  `id` bigint unsigned NOT NULL AUTO_INCREMENT,
  `evento_id` bigint unsigned NOT NULL,
  `nombre_invitado` varchar(191) COLLATE utf8mb4_unicode_ci DEFAULT NULL,
  `imagen_path` varchar(191) COLLATE utf8mb4_unicode_ci NOT NULL,
  `comentario` text COLLATE utf8mb4_unicode_ci,
  `ip` varchar(45) COLLATE utf8mb4_unicode_ci DEFAULT NULL,
  `created_at` timestamp NULL DEFAULT NULL,
  `updated_at` timestamp NULL DEFAULT NULL,
  PRIMARY KEY (`id`),
  KEY `fotos_evento_evento_id_foreign` (`evento_id`),
  CONSTRAINT `fotos_evento_evento_id_foreign` FOREIGN KEY (`evento_id`) REFERENCES `eventos` (`id`) ON DELETE CASCADE
) ENGINE=InnoDB AUTO_INCREMENT=2 DEFAULT CHARSET=utf8mb4 COLLATE=utf8mb4_unicode_ci;

--
-- Dumping data for table `fotos_evento`
--


--
-- Table structure for table `migrations`
--

CREATE TABLE `migrations` (
  `id` int unsigned NOT NULL AUTO_INCREMENT,
  `migration` varchar(191) COLLATE utf8mb4_unicode_ci NOT NULL,
  `batch` int NOT NULL,
  PRIMARY KEY (`id`)
) ENGINE=InnoDB AUTO_INCREMENT=14 DEFAULT CHARSET=utf8mb4 COLLATE=utf8mb4_unicode_ci;

--
-- Dumping data for table `migrations`
--

INSERT INTO `migrations` VALUES (1,'2014_10_12_000000_create_users_table',1),(2,'2014_10_12_100000_create_password_resets_table',1),(3,'2019_08_19_000000_create_failed_jobs_table',1),(4,'2019_12_14_000001_create_personal_access_tokens_table',1),(5,'2025_05_09_001515_create_permission_tables',1),(6,'2025_06_11_001026_create_confirmaciones_table',2),(7,'2025_06_11_223751_create_eventos_table',3),(8,'2025_06_11_223911_add_evento_id_to_confirmaciones_table',3),(9,'2025_06_11_223931_create_fotos_evento_table',3),(10,'2025_06_11_230541_add_ip_to_fotos_evento_table',3),(11,'2025_06_13_171823_create_invitaciones_table',4),(12,'2025_06_13_183523_add_pases_to_invitaciones_table',4),(13,'2025_06_29_035355_change_boletos_column_in_confirmaciones_table',5);

--
-- Table structure for table `model_has_permissions`
--

CREATE TABLE `model_has_permissions` (
  `permission_id` bigint unsigned NOT NULL,
  `model_type` varchar(191) COLLATE utf8mb4_unicode_ci NOT NULL,
  `model_id` bigint unsigned NOT NULL,
  PRIMARY KEY (`permission_id`,`model_id`,`model_type`),
  KEY `model_has_permissions_model_id_model_type_index` (`model_id`,`model_type`),
  CONSTRAINT `model_has_permissions_permission_id_foreign` FOREIGN KEY (`permission_id`) REFERENCES `permissions` (`id`) ON DELETE CASCADE
) ENGINE=InnoDB DEFAULT CHARSET=utf8mb4 COLLATE=utf8mb4_unicode_ci;

--
-- Dumping data for table `model_has_permissions`
--


--
-- Table structure for table `model_has_roles`
--

CREATE TABLE `model_has_roles` (
  `role_id` bigint unsigned NOT NULL,
  `model_type` varchar(191) COLLATE utf8mb4_unicode_ci NOT NULL,
  `model_id` bigint unsigned NOT NULL,
  PRIMARY KEY (`role_id`,`model_id`,`model_type`),
  KEY `model_has_roles_model_id_model_type_index` (`model_id`,`model_type`),
  CONSTRAINT `model_has_roles_role_id_foreign` FOREIGN KEY (`role_id`) REFERENCES `roles` (`id`) ON DELETE CASCADE
) ENGINE=InnoDB DEFAULT CHARSET=utf8mb4 COLLATE=utf8mb4_unicode_ci;

--
-- Dumping data for table `model_has_roles`
--

INSERT INTO `model_has_roles` VALUES (1,'App\\Models\\User',1);

--
-- Table structure for table `permissions`
--

CREATE TABLE `permissions` (
  `id` bigint unsigned NOT NULL AUTO_INCREMENT,
  `name` varchar(125) COLLATE utf8mb4_unicode_ci NOT NULL,
  `guard_name` varchar(50) COLLATE utf8mb4_unicode_ci NOT NULL,
  `created_at` timestamp NULL DEFAULT NULL,
  `updated_at` timestamp NULL DEFAULT NULL,
  PRIMARY KEY (`id`),
  UNIQUE KEY `permissions_name_guard_name_unique` (`name`,`guard_name`)
) ENGINE=InnoDB AUTO_INCREMENT=47 DEFAULT CHARSET=utf8mb4 COLLATE=utf8mb4_unicode_ci;

--
-- Dumping data for table `permissions`
--

INSERT INTO `permissions` VALUES (1,'ver configuraciones','web','2025-05-09 12:20:35','2025-05-09 12:20:35'),(2,'ver usuarios','web','2025-05-09 12:20:35','2025-05-09 12:20:35'),(3,'crear usuarios','web','2025-05-09 12:20:35','2025-05-09 12:20:35'),(4,'editar usuarios','web','2025-05-09 12:20:35','2025-05-09 12:20:35'),(5,'eliminar usuarios','web','2025-05-09 12:20:35','2025-05-09 12:20:35'),(6,'ver roles','web','2025-05-09 12:20:35','2025-05-09 12:20:35'),(7,'crear roles','web','2025-05-09 12:20:35','2025-05-09 12:20:35'),(8,'editar roles','web','2025-05-09 12:20:35','2025-05-09 12:20:35'),(9,'eliminar roles','web','2025-05-09 12:20:35','2025-05-09 12:20:35'),(10,'ver requisiciones','web','2025-05-09 12:20:35','2025-05-09 12:20:35'),(11,'crear requisiciones','web','2025-05-09 12:20:35','2025-05-09 12:20:35'),(12,'editar requisiciones','web','2025-05-09 12:20:35','2025-05-09 12:20:35'),(13,'eliminar requisiciones','web','2025-05-09 12:20:35','2025-05-09 12:20:35'),(14,'ver requisiciones por cuenta','web','2025-05-09 12:20:35','2025-05-09 12:20:35'),(15,'ver productos','web','2025-05-09 12:20:35','2025-05-09 12:20:35'),(16,'crear productos','web','2025-05-09 12:20:35','2025-05-09 12:20:35'),(17,'editar productos','web','2025-05-09 12:20:35','2025-05-09 12:20:35'),(18,'eliminar productos','web','2025-05-09 12:20:35','2025-05-09 12:20:35'),(19,'ver proveedores','web','2025-05-09 12:20:35','2025-05-09 12:20:35'),(20,'crear proveedores','web','2025-05-09 12:20:36','2025-05-09 12:20:36'),(21,'editar proveedores','web','2025-05-09 12:20:36','2025-05-09 12:20:36'),(22,'eliminar proveedores','web','2025-05-09 12:20:36','2025-05-09 12:20:36'),(23,'ver cuentas','web','2025-05-09 12:20:36','2025-05-09 12:20:36'),(24,'crear cuentas','web','2025-05-09 12:20:36','2025-05-09 12:20:36'),(25,'editar cuentas','web','2025-05-09 12:20:36','2025-05-09 12:20:36'),(26,'eliminar cuentas','web','2025-05-09 12:20:36','2025-05-09 12:20:36'),(27,'ver categorias','web','2025-05-09 12:20:36','2025-05-09 12:20:36'),(28,'crear categorias','web','2025-05-09 12:20:36','2025-05-09 12:20:36'),(29,'editar categorias','web','2025-05-09 12:20:36','2025-05-09 12:20:36'),(30,'eliminar categorias','web','2025-05-09 12:20:36','2025-05-09 12:20:36'),(31,'ver bajas','web','2025-05-09 12:20:36','2025-05-09 12:20:36'),(32,'crear bajas','web','2025-05-09 12:20:36','2025-05-09 12:20:36'),(33,'editar bajas','web','2025-05-09 12:20:36','2025-05-09 12:20:36'),(34,'eliminar bajas','web','2025-05-09 12:20:36','2025-05-09 12:20:36'),(35,'ver servicios','web','2025-05-09 12:20:36','2025-05-09 12:20:36'),(36,'crear servicios','web','2025-05-09 12:20:36','2025-05-09 12:20:36'),(37,'editar servicios','web','2025-05-09 12:20:36','2025-05-09 12:20:36'),(38,'eliminar servicios','web','2025-05-09 12:20:36','2025-05-09 12:20:36'),(39,'ver almacenes','web','2025-05-09 12:20:36','2025-05-09 12:20:36'),(40,'crear almacenes','web','2025-05-09 12:20:36','2025-05-09 12:20:36'),(41,'editar almacenes','web','2025-05-09 12:20:36','2025-05-09 12:20:36'),(42,'eliminar almacenes','web','2025-05-09 12:20:36','2025-05-09 12:20:36'),(43,'ver actividades','web','2025-05-09 12:20:36','2025-05-09 12:20:36'),(44,'crear actividades','web','2025-05-09 12:20:36','2025-05-09 12:20:36'),(45,'editar actividades','web','2025-05-09 12:20:36','2025-05-09 12:20:36'),(46,'eliminar actividades','web','2025-05-09 12:20:36','2025-05-09 12:20:36');

--
-- Table structure for table `role_has_permissions`
--

CREATE TABLE `role_has_permissions` (
  `permission_id` bigint unsigned NOT NULL,
  `role_id` bigint unsigned NOT NULL,
  PRIMARY KEY (`permission_id`,`role_id`),
  KEY `role_has_permissions_role_id_foreign` (`role_id`),
  CONSTRAINT `role_has_permissions_permission_id_foreign` FOREIGN KEY (`permission_id`) REFERENCES `permissions` (`id`) ON DELETE CASCADE,
  CONSTRAINT `role_has_permissions_role_id_foreign` FOREIGN KEY (`role_id`) REFERENCES `roles` (`id`) ON DELETE CASCADE
) ENGINE=InnoDB DEFAULT CHARSET=utf8mb4 COLLATE=utf8mb4_unicode_ci;

--
-- Dumping data for table `role_has_permissions`
--

INSERT INTO `role_has_permissions` VALUES (1,1),(2,1),(3,1),(4,1),(5,1),(6,1),(7,1),(8,1),(9,1),(10,1),(11,1),(12,1),(13,1),(14,1),(15,1),(16,1),(17,1),(18,1),(19,1),(20,1),(21,1),(22,1),(23,1),(24,1),(25,1),(26,1),(27,1),(28,1),(29,1),(30,1),(31,1),(32,1),(33,1),(34,1),(35,1),(36,1),(37,1),(38,1),(39,1),(40,1),(41,1),(42,1),(43,1),(44,1),(45,1),(46,1),(1,2),(2,2),(6,2),(10,2),(11,2),(12,2),(13,2),(14,2),(27,2),(28,2),(29,2),(30,2),(10,3),(14,3),(15,3),(19,3),(10,4),(15,4);

--
-- Table structure for table `roles`
--

CREATE TABLE `roles` (
  `id` bigint unsigned NOT NULL AUTO_INCREMENT,
  `name` varchar(125) COLLATE utf8mb4_unicode_ci NOT NULL,
  `guard_name` varchar(50) COLLATE utf8mb4_unicode_ci NOT NULL,
  `created_at` timestamp NULL DEFAULT NULL,
  `updated_at` timestamp NULL DEFAULT NULL,
  PRIMARY KEY (`id`),
  UNIQUE KEY `roles_name_guard_name_unique` (`name`,`guard_name`)
) ENGINE=InnoDB AUTO_INCREMENT=5 DEFAULT CHARSET=utf8mb4 COLLATE=utf8mb4_unicode_ci;

--
-- Dumping data for table `roles`
--

INSERT INTO `roles` VALUES (1,'Administrador','web','2025-05-09 12:20:36','2025-05-09 12:20:36'),(2,'Subdirector','web','2025-05-09 12:20:37','2025-05-09 12:20:37'),(3,'Empleado','web','2025-05-09 12:20:37','2025-05-09 12:20:37'),(4,'Observador','web','2025-05-09 12:20:37','2025-05-09 12:20:37');


