--
-- Host: localhost    Database: rrb_central
-- ------------------------------------------------------


--
-- Table structure for table `confirmaciones`
--

CREATE TABLE `confirmaciones` (
  `id` bigint unsigned NOT NULL AUTO_INCREMENT,
  `evento_id` bigint unsigned NOT NULL,
  `nombre` varchar(191) COLLATE utf8mb4_unicode_ci NOT NULL,
  `telefono` varchar(20) COLLATE utf8mb4_unicode_ci NOT NULL,
  `email` varchar(191) COLLATE utf8mb4_unicode_ci NOT NULL,
  `asistencia` enum('Sí','No') COLLATE utf8mb4_unicode_ci NOT NULL,
  `mensaje` text COLLATE utf8mb4_unicode_ci,
  `created_at` timestamp NULL DEFAULT NULL,
  `updated_at` timestamp NULL DEFAULT NULL,
  `boletos` int DEFAULT NULL,
  PRIMARY KEY (`id`),
  KEY `confirmaciones_evento_id_foreign` (`evento_id`),
  CONSTRAINT `confirmaciones_evento_id_foreign` FOREIGN KEY (`evento_id`) REFERENCES `eventos` (`id`) ON DELETE CASCADE
) ENGINE=InnoDB AUTO_INCREMENT=52 DEFAULT CHARSET=utf8mb4 COLLATE=utf8mb4_unicode_ci;

--
-- Dumping data for table `confirmaciones`
--

INSERT INTO `confirmaciones` VALUES (2,1,'Ramirez Morales Jesi','4431618132','jesi.ramirez.morales@example.com','Sí',NULL,'2025-06-29 07:52:31','2025-06-29 07:52:31',NULL),(3,1,'Roman Calderón Brenda','4433558655','brenda.roman.calderon@example.com','Sí','Que se cumplan todos sus sueños','2025-06-29 07:58:22','2025-06-29 07:58:22',NULL),(4,1,'Roman Calderón','4434684215','roman.calderon@example.com','Sí','Que este día sea lleno de mucha felicidad acompañada de tus Grandes padres q an estado para ti en todo momento y de tu amiga hermana y confidente tkm mucho camis y q este día este lleno de muchas sorpresas felicidad y bendiciones un fuerte abrazo muchas felicidades hoy en tu día y que sea muy especial para ti','2025-06-29 08:03:41','2025-06-29 08:03:41',NULL),(5,1,'Karen Linares','4438012192','karen.linares@example.com','Sí','Sabes que te queremos infinito mi niña nuestros mejores deseos para ti hoy y siempre Dios te nos bendiga','2025-06-29 08:53:28','2025-06-29 08:53:28',NULL),(6,1,'Sandoval Razo Mauro','4381532634','mauro.sandoval.razo@example.com','Sí','Que pase un día increíble,y dios la llené de mucha salud y bendiciones.','2025-06-29 09:11:09','2025-06-29 09:11:09',NULL),(7,1,'Ferreira Mesa Kati','4432134440','kati.ferreira.mesa@example.com','Sí','Que disfrute mucho de su fiesta y que la AMO','2025-06-29 09:13:10','2025-06-29 09:13:10',NULL),(9,1,'Ferreira Mesa Kati','4432134440','kati.ferreira.mesa@example.com','Sí','Que disfrute mucho de su fiesta y que la AMO','2025-06-29 09:13:54','2025-06-29 09:13:54',NULL),(10,1,'Becerril Fuentes Pao','4432566205','pao.becerril.fuentes@example.com','Sí','Que te la pases genial ese día, y disfruta al máximo.','2025-06-29 09:37:48','2025-06-29 09:37:48',NULL),(11,1,'Virgen Millan Claus','5315964369','claus.virgen.millan@example.com','Sí','Mi niña que todos tus sueños se hagan realidad!! Eres hermosa toda una Srita. Millán mis mejores deseos hoy siempre!! Tu tía Clau!!🩷🩷','2025-06-29 09:51:37','2025-06-29 09:51:37',NULL),(12,1,'Julio Bautista','4434765057','julio.bautista@example.com','Sí','Que sea muy feliz','2025-06-29 10:03:02','2025-06-29 10:03:02',5),(13,1,'Corona Guzmán Meme','4432060370','meme.corona.guzman@example.com','Sí','Muchas felicidad','2025-06-29 11:26:12','2025-06-29 11:26:12',8),(14,1,'Reyes Medina Margot','4432453352','margot.reyes.medina@example.com','Sí','Que Dios la  bendiga siempre, que disfrute cada etapa y q viva a plenitud su vida agradeciendo con lo q la vida la ha premiado siempre.','2025-06-29 13:10:38','2025-06-29 13:10:38',2),(15,1,'Martinez Vazquez Breisi','4433706074','breisi.martinez.vazquez@example.com','Sí','Disfruta mucho tu fiesta pasatela increíble siempre se feliz','2025-06-29 20:55:02','2025-06-29 20:55:02',5),(16,1,'Rodriguez Avalos Diose','4436245368','diose.rodriguez.avalos@example.com','Sí','Que cada paso que des en esta nueva etapa esté guiado por tús sueños, rodeada de amor y lleno de momentos que te hagan brillar como hoy. ¡Feliz cumpleaños!','2025-06-29 23:30:25','2025-06-29 23:30:25',5),(17,1,'Sanchez Suquilvide Dani','4433608119','dani.sanchez.suquilvide@example.com','Sí',NULL,'2025-06-30 00:26:17','2025-06-30 00:26:17',4),(18,1,'Mora Guzmán Verito','4432285726','verito.mora.guzman@example.com','Sí','Abundancia salud prosperidad','2025-06-30 00:40:57','2025-06-30 00:40:57',4),(19,1,'Chavez Tapia Martha','4432284051','martha.chavez.tapia@example.com','Sí','Que la vida siempre le muestre el camino y las personas indicadas para cumplir todos sus sueños!','2025-06-30 00:53:07','2025-06-30 00:53:07',5),(20,1,'Guzmán Villa Pancho','4433052411','pancho.guzman.villa@example.com','Sí','Que Dice los siga bendiciendo con mucha salud y te permita seguir  sumando excelentes momentos en tu historia de vida!! Felicidades!!! 🎉','2025-06-30 00:53:13','2025-06-30 00:53:13',4),(21,1,'Fernando Rubalcava','4431190215','fernando.ruvalcaba@example.com','Sí','Muchísimas felicidades','2025-06-30 01:01:36','2025-06-30 01:01:36',2),(22,1,'Daniel y Vicky Guzman','4434464860','danielyvicky.guzman@example.com','Sí','Feliz cumpleaños que disfrutes cada experiencia que te da la vida y nunca dejes de sonreír te deseo las mejores alegrías y un buen futuro para tu vida','2025-06-30 03:06:40','2025-06-30 03:06:40',8),(23,1,'Serrato del Moral Esme','4433074911','esme.serrato.delmoral@example.com','Sí',NULL,'2025-06-30 04:18:47','2025-06-30 04:18:47',5),(24,1,'Marilu Millan','4431171268','marilu.millan@example.com','Sí','Que se divierta y disfrute su día al máximo','2025-06-30 07:24:37','2025-06-30 07:24:37',3),(25,1,'Gildardo Millán','4434195473','gildardo.millan@example.com','Sí',NULL,'2025-06-30 22:25:06','2025-06-30 22:25:06',2),(26,1,'Cortes Borjas Leo','4434736588','leo.cortes.borjas@example.com','Sí',NULL,'2025-06-30 23:28:43','2025-06-30 23:28:43',5),(27,1,'Baños Martinez Karlita','4431777665','karlita.banos.martinez@example.com','Sí','Te queremos mucho zarita! 💕','2025-07-01 02:24:06','2025-07-01 02:24:06',5),(28,1,'Ramirez Espino Oscar','+17146135576','Ramirez.Espino.Oscar@example.com','Sí','Dicha y prosperidad','2025-07-02 04:05:23','2025-07-02 04:05:23',5),(29,1,'Santillan Gutierrez Jesús','4433454299','Santillan.Gutierrez.Jesús@example.com','Sí','Que la felicidad del momento se extienda por mucho tiempo','2025-07-02 04:05:24','2025-07-02 04:05:24',2),(30,1,'Tapia García','3332579477','Tapia.Garcia@example.com','Sí','Que la vida le siga regalando todo lo bonito.','2025-07-02 06:31:50','2025-07-02 06:31:50',4),(31,1,'Morales Calderón Maris','4432690482','maris.morales.calderon@example.com','Sí',NULL,'2025-07-02 23:01:22','2025-07-02 23:01:22',3),(32,1,'María José','4431987938','Maria_jose@example.com','Sí','Te deseo todo lo mejor del mundo, que seas feliz y nunca dejes de luchar por tus sueños Zarita.','2025-07-03 01:21:34','2025-07-03 01:21:34',1),(33,1,'Katherine','4436419822','Katherine@example.com','Sí',NULL,'2025-07-03 01:24:58','2025-07-03 01:24:58',1),(34,1,'Ivan','4434876748','Ivan@example.com','Sí','Muchas felicidades zara, se te quiere mucho brooo','2025-07-03 01:43:18','2025-07-03 01:43:18',0),(35,1,'Martita','4431005663','Martita@example.com','Sí',NULL,'2025-07-03 02:58:32','2025-07-03 02:58:32',2),(36,1,'Martita','4431005663','Martita@example.com','Sí',NULL,'2025-07-03 02:59:05','2025-07-03 02:59:05',2),(37,1,'Hugo','4435148324','Hugo@example.com','Sí',NULL,'2025-07-03 03:14:51','2025-07-03 03:14:51',1),(38,1,'Morales Calderón Tia','4431419983','tia.morales.calderon@example.com','Sí',NULL,'2025-07-03 06:59:53','2025-07-03 06:59:53',3),(39,1,'Garcia Millan','4431199384','garcia.millan@example.com','Sí','Hoy floreces como nunca, que la vida te regale caminos llenos de luz, amor y sueños cumplidos. FELICIDADES !!!','2025-07-04 05:41:25','2025-07-04 05:41:25',4),(40,1,'Luis Nuñez','4432609438','luis.nuñez@example.com','No',NULL,'2025-07-05 01:39:44','2025-07-05 01:39:44',0),(41,1,'Luis Nuñez','4432609438','luis.nuñez@example.com','No','Los mejores deseos para ti','2025-07-05 01:40:15','2025-07-05 01:40:15',0),(42,1,'Olvera Calderón Erika','4432661629','Olvera_calderon@example.com','Sí','Muchas felicidades y q se la pase muy bonito en su día q disfrute mucho y q se mueva más en su bals😘😘😘','2025-07-05 02:55:55','2025-07-05 02:55:55',11),(43,1,'Luis Nuñez','4432609438','luis.nuñez@example.com','Sí',NULL,'2025-07-05 04:31:08','2025-07-05 04:31:08',2),(44,1,'Salvador','4434438949','salvador@example.com','Sí','Que todos tus sueños siempre se cumplan y que siempre seas feliz','2025-07-05 07:32:46','2025-07-05 07:32:46',1),(45,1,'Sofia','4436871940','Sofia@example.com','Sí','Que te la pases increíble y nunca olvides este día, disfrútalo con tu familia y amigos, te amamos💗','2025-07-05 07:49:01','2025-07-05 07:49:01',1),(46,1,'Zoe','4438383633','Zoe@example.com','Sí','Love youuuuu preciosa 🩷','2025-07-05 08:02:22','2025-07-05 08:02:22',1),(47,1,'Osvaldo','4521312503','Osvaldo@example.com','Sí',NULL,'2025-07-06 00:17:14','2025-07-06 00:17:14',1),(48,1,'Morales Calderón Jaqui','4432643725','jaqui.morales.calderon@example.com','Sí',NULL,'2025-07-07 03:08:19','2025-07-07 03:08:19',2),(49,1,'Villagomez Millan Juni','9381203138','juni.villagomez.millan@example.com','Sí','Empieza una nueva etapa en tu vida, deseo que siempre brilles.','2025-07-08 09:16:11','2025-07-08 09:16:11',2),(50,1,'Iker','4433062192','Iker@example.com','Sí','Que cumpla todo lo que se proponga y que siempre viva muy feliz','2025-07-09 02:12:45','2025-07-09 02:12:45',1),(51,1,'Alejandra','4437274326','alejandra@example.com','Sí','Que disfrute mucho su día y que siempre sea muy feliz.','2025-07-09 23:21:01','2025-07-09 23:21:01',1);

--
-- Table structure for table `eventos`
--

CREATE TABLE `eventos` (
  `id` bigint unsigned NOT NULL AUTO_INCREMENT,
  `nombre` varchar(191) COLLATE utf8mb4_unicode_ci NOT NULL,
  `descripcion` text COLLATE utf8mb4_unicode_ci,
  `fecha` date DEFAULT NULL,
  `codigo_unico` varchar(191) COLLATE utf8mb4_unicode_ci NOT NULL,
  `created_at` timestamp NULL DEFAULT NULL,
  `updated_at` timestamp NULL DEFAULT NULL,
  PRIMARY KEY (`id`),
  UNIQUE KEY `eventos_codigo_unico_unique` (`codigo_unico`)
) ENGINE=InnoDB AUTO_INCREMENT=2 DEFAULT CHARSET=utf8mb4 COLLATE=utf8mb4_unicode_ci;

--
-- Dumping data for table `eventos`
--

INSERT INTO `eventos` VALUES (1,'Fiesta de XV Años de Camila',NULL,NULL,'camila','2025-06-12 05:20:43','2025-06-12 05:20:43');

--
-- Table structure for table `failed_jobs`
--

CREATE TABLE `failed_jobs` (
  `id` bigint unsigned NOT NULL AUTO_INCREMENT,
  `uuid` varchar(191) COLLATE utf8mb4_unicode_ci NOT NULL,
  `connection` text COLLATE utf8mb4_unicode_ci NOT NULL,
  `queue` text COLLATE utf8mb4_unicode_ci NOT NULL,
  `payload` longtext COLLATE utf8mb4_unicode_ci NOT NULL,
  `exception` longtext COLLATE utf8mb4_unicode_ci NOT NULL,
  `failed_at` timestamp NOT NULL DEFAULT CURRENT_TIMESTAMP,
  PRIMARY KEY (`id`),
  UNIQUE KEY `failed_jobs_uuid_unique` (`uuid`)
) ENGINE=InnoDB DEFAULT CHARSET=utf8mb4 COLLATE=utf8mb4_unicode_ci;

--
-- Dumping data for table `failed_jobs`
--


--
-- Table structure for table `fotos_evento`
--

CREATE TABLE `fotos_evento` (
  `id` bigint unsigned NOT NULL AUTO_INCREMENT,
  `evento_id` bigint unsigned NOT NULL,
  `nombre_invitado` varchar(191) COLLATE utf8mb4_unicode_ci DEFAULT NULL,
  `imagen_path` varchar(191) COLLATE utf8mb4_unicode_ci NOT NULL,
  `comentario` text COLLATE utf8mb4_unicode_ci,
  `ip` varchar(45) COLLATE utf8mb4_unicode_ci DEFAULT NULL,
  `created_at` timestamp NULL DEFAULT NULL,
  `updated_at` timestamp NULL DEFAULT NULL,
  PRIMARY KEY (`id`),
  KEY `fotos_evento_evento_id_foreign` (`evento_id`),
  CONSTRAINT `fotos_evento_evento_id_foreign` FOREIGN KEY (`evento_id`) REFERENCES `eventos` (`id`) ON DELETE CASCADE
) ENGINE=InnoDB AUTO_INCREMENT=2 DEFAULT CHARSET=utf8mb4 COLLATE=utf8mb4_unicode_ci;

--
-- Dumping data for table `fotos_evento`
--


--
-- Table structure for table `invitaciones`
--

CREATE TABLE `invitaciones` (
  `id` bigint unsigned NOT NULL AUTO_INCREMENT,
  `user_id` bigint unsigned NOT NULL,
  `evento_id` bigint unsigned NOT NULL,
  `qr_token` varchar(191) COLLATE utf8mb4_unicode_ci NOT NULL,
  `asistencia_confirmada` tinyint(1) NOT NULL DEFAULT '0',
  `num_pases_solicitados` int unsigned DEFAULT NULL,
  `num_pases_confirmados` int unsigned DEFAULT NULL,
  `created_at` timestamp NULL DEFAULT NULL,
  `updated_at` timestamp NULL DEFAULT NULL,
  PRIMARY KEY (`id`),
  UNIQUE KEY `invitaciones_qr_token_unique` (`qr_token`),
  KEY `invitaciones_user_id_foreign` (`user_id`),
  KEY `invitaciones_evento_id_foreign` (`evento_id`),
  CONSTRAINT `invitaciones_evento_id_foreign` FOREIGN KEY (`evento_id`) REFERENCES `eventos` (`id`) ON DELETE CASCADE,
  CONSTRAINT `invitaciones_user_id_foreign` FOREIGN KEY (`user_id`) REFERENCES `users` (`id`) ON DELETE CASCADE
) ENGINE=InnoDB AUTO_INCREMENT=121 DEFAULT CHARSET=utf8mb4 COLLATE=utf8mb4_unicode_ci;

--
-- Dumping data for table `invitaciones`
--

INSERT INTO `invitaciones` VALUES (1,2,1,'4c36af89-6325-49dc-b73b-3b6a37aedbd2',0,5,5,'2025-06-21 05:44:30','2025-06-21 05:44:30'),(2,3,1,'a4086613-52ff-4d00-a349-1369e2e39a11',0,6,6,'2025-06-21 05:44:30','2025-06-21 05:44:30'),(3,4,1,'9f853d58-1da2-4d0c-bf1c-f79001780709',1,3,3,'2025-06-21 05:44:30','2025-06-29 08:03:41'),(4,5,1,'154ae0d4-67bf-4ca8-a908-02989b43f604',1,3,3,'2025-06-21 05:44:30','2025-06-29 07:58:22'),(5,6,1,'5e8d6ce7-80c3-498e-a35e-943eb9bc7c2b',0,3,3,'2025-06-21 05:44:30','2025-06-21 05:44:30'),(6,7,1,'12ca2535-4975-4272-bc76-f037ec77c615',0,3,3,'2025-06-21 05:44:30','2025-06-21 05:44:30'),(7,8,1,'a3907922-91ae-4832-bb6d-5046ee0b6d3c',1,4,4,'2025-06-21 05:44:30','2025-07-04 05:41:25'),(8,9,1,'cbcc42f4-ea03-465f-951a-06a4722cf175',0,2,2,'2025-06-21 05:44:30','2025-06-21 05:44:30'),(9,10,1,'87943b58-db68-4ef1-a959-1b4a647cb54a',0,2,2,'2025-06-21 05:44:30','2025-06-21 05:44:30'),(10,11,1,'178556a4-c232-41d0-b048-484a0f6bd9ab',1,3,3,'2025-06-21 05:44:30','2025-07-03 06:59:53'),(11,12,1,'591739ef-84fd-406c-bf55-0f1ca863986e',1,3,3,'2025-06-21 05:44:31','2025-07-07 03:08:19'),(12,13,1,'53a3f7b0-9cb1-46c1-9ff1-2489d2b6cfc6',1,3,3,'2025-06-21 05:44:31','2025-06-29 07:52:31'),(13,14,1,'c045a486-12f4-4b6c-9973-f3bb96c6c7e0',1,3,3,'2025-06-21 05:44:31','2025-07-02 23:01:22'),(14,15,1,'2404f9d3-c63d-472b-b735-9d8b115a12cf',0,4,4,'2025-06-21 05:44:31','2025-06-21 05:44:31'),(15,16,1,'652b26c1-5e4d-4688-a304-a779bd27588f',0,5,5,'2025-06-21 05:44:31','2025-06-21 05:44:31'),(16,17,1,'67cdd751-dcc1-4ad5-aaf2-7c090088ef3f',0,2,2,'2025-06-21 05:44:31','2025-06-21 05:44:31'),(17,18,1,'31d68dc6-c026-438c-a308-931dfcebd423',0,2,2,'2025-06-21 05:44:31','2025-06-21 05:44:31'),(18,19,1,'00646e50-a914-4aee-9f1c-4b632d2ee18d',0,4,4,'2025-06-21 05:44:31','2025-06-21 05:44:31'),(19,20,1,'a5b847dc-6ea7-4da2-985e-59a83446929b',0,4,4,'2025-06-21 05:44:31','2025-06-21 05:44:31'),(20,21,1,'43ac94fe-f003-4f87-a741-844b27d580c5',0,4,4,'2025-06-21 05:44:31','2025-06-21 05:44:31'),(21,22,1,'820d1fb2-bb41-47b0-b540-dbd6c0075bf9',0,2,2,'2025-06-21 05:44:31','2025-06-29 09:13:44'),(22,23,1,'a2c68c96-5aba-4154-b688-87bb80ae25d2',0,5,5,'2025-06-21 05:44:32','2025-06-21 05:44:32'),(23,24,1,'fd629cfc-4ddd-4dbc-9fb3-fb4ddd1f6ff4',0,3,3,'2025-06-21 05:44:32','2025-06-21 05:44:32'),(24,25,1,'30e077c1-6d1f-401d-a408-3b1e5b0d8367',1,5,5,'2025-06-21 05:44:32','2025-06-29 23:30:25'),(25,26,1,'82cf6901-8090-480f-b919-c98399a109ce',0,5,5,'2025-06-21 05:44:32','2025-06-21 05:44:32'),(26,27,1,'5a5a80e3-c0a8-4003-b4ee-14de15243ee8',1,2,2,'2025-06-21 05:44:32','2025-06-29 13:10:38'),(27,28,1,'bc0d1f04-c9cf-4dce-a469-31f5e64c7e06',1,8,8,'2025-06-21 05:44:32','2025-06-29 11:26:12'),(28,29,1,'dc7883e4-ceb1-4906-8fdf-80b49cbefbb6',0,5,5,'2025-06-21 05:44:32','2025-06-21 05:44:32'),(29,30,1,'9c04d2af-5fdc-4ae1-9189-03debd38bec5',0,4,4,'2025-06-21 05:44:32','2025-06-21 05:44:32'),(30,31,1,'a321934b-5d5a-4ead-802d-b2ccfe447b9a',0,3,3,'2025-06-21 05:44:32','2025-06-21 05:44:32'),(31,32,1,'ca13f101-7d3b-4ca1-a851-0691fd9d3dd4',1,3,3,'2025-06-21 05:44:32','2025-06-30 07:24:37'),(32,33,1,'32161761-d7be-47b5-823e-dbaa8f169d99',0,2,2,'2025-06-21 05:44:33','2025-06-21 05:44:33'),(33,34,1,'75167b33-867b-41fc-af7d-4b277903cc1f',1,2,2,'2025-06-21 05:44:33','2025-06-30 22:25:06'),(34,35,1,'f9a96a01-2814-474a-9550-637828a50515',0,3,3,'2025-06-21 05:44:33','2025-06-21 05:44:33'),(35,36,1,'1397eb1a-e6eb-4a8b-b1be-1975e5490d91',1,5,5,'2025-06-21 05:44:33','2025-06-29 09:51:37'),(36,37,1,'faa6b98e-786a-4c20-a814-7a01ba152c8f',1,3,3,'2025-06-21 05:44:33','2025-07-08 09:16:11'),(37,38,1,'452f2915-4dc3-4aeb-8acb-5731306aa84d',1,4,4,'2025-06-21 05:44:33','2025-06-30 00:40:57'),(38,39,1,'6e09e09b-b574-4244-b94a-e78d9e5262d5',1,4,4,'2025-06-21 05:44:33','2025-06-30 00:53:13'),(39,40,1,'46eafffa-1b9a-4f32-b623-75eb56654563',0,2,2,'2025-06-21 05:44:33','2025-06-21 05:44:33'),(40,41,1,'d14343c1-539c-45ad-b6fd-7237ada943b4',1,8,8,'2025-06-21 05:44:33','2025-06-30 03:06:40'),(42,43,1,'68d92d00-be35-42d6-9d90-be08b305771d',0,2,2,'2025-06-21 05:44:33','2025-06-21 05:44:33'),(43,44,1,'6be16772-666e-4889-85d8-d911b87e8b3d',1,5,5,'2025-06-21 05:44:34','2025-06-30 00:53:07'),(44,45,1,'6b094061-5920-4d73-b710-a1f0e932343b',0,2,2,'2025-06-21 05:44:34','2025-06-21 05:44:34'),(45,46,1,'2d932eff-2edc-4a80-b660-9de7f1bbc740',0,5,5,'2025-06-21 05:44:34','2025-06-21 05:44:34'),(46,47,1,'4e182cc2-b53b-4dcf-abb0-5c07da0411c6',1,5,5,'2025-06-21 05:44:34','2025-06-30 04:18:47'),(47,48,1,'c2616c61-126b-4a36-9c03-ebb084608c6b',0,5,5,'2025-06-21 05:44:34','2025-06-21 05:44:34'),(48,49,1,'f3c5bb36-d8b2-41ac-b5d0-31972387b142',1,5,5,'2025-06-21 05:44:34','2025-06-29 10:03:02'),(49,50,1,'439c7efa-0ded-480f-b2f0-08bc1a9e9eee',1,4,4,'2025-06-21 05:44:34','2025-06-30 00:26:17'),(50,51,1,'e5bfed4a-45e2-4e46-88f1-bc12680f5b51',1,5,5,'2025-06-21 05:44:34','2025-06-29 09:37:48'),(51,52,1,'8614aa67-9ec5-480b-9eb0-16f900b439d5',0,4,4,'2025-06-21 05:44:34','2025-06-21 05:44:34'),(52,53,1,'6b5fe73f-ec40-44ba-8a1f-a06347ea38c3',0,4,4,'2025-06-21 05:44:34','2025-06-21 05:44:34'),(53,54,1,'e129a4ac-259d-4af9-8b7d-dceba1d41980',1,2,2,'2025-06-21 05:44:35','2025-06-30 01:01:36'),(54,55,1,'cd3d5fec-9ed8-4f65-8cdc-9bf7007c9a04',0,2,2,'2025-06-21 05:44:35','2025-06-21 05:44:35'),(55,56,1,'c06a3300-bda6-4665-987b-e8e42f837968',0,1,1,'2025-06-21 05:44:35','2025-06-21 05:44:35'),(56,57,1,'35b29d0f-1b85-434c-9323-0c8eadae917d',1,3,3,'2025-06-21 05:44:35','2025-06-29 08:53:28'),(57,58,1,'55c859fe-4587-4b47-a1e8-95c22412ca17',0,4,4,'2025-06-21 05:44:35','2025-06-21 05:44:35'),(58,59,1,'6418466b-61ec-4a2c-a096-c08e0db89f1d',1,5,5,'2025-06-21 05:44:35','2025-07-01 02:24:06'),(59,60,1,'f79a1735-b1e1-44c0-9b49-e50baf9e3a79',1,4,4,'2025-06-21 05:44:35','2025-06-29 09:13:54'),(60,61,1,'127d09c9-0d2e-438f-986d-213be9fd377f',0,4,4,'2025-06-21 05:44:35','2025-06-21 05:44:35'),(61,62,1,'97d5664a-c49b-44b7-8a5d-2122900c0e80',1,5,5,'2025-06-21 05:44:35','2025-06-29 09:11:09'),(62,63,1,'7226fc71-5eb1-484c-baaf-5dff704befc4',1,5,5,'2025-06-21 05:44:35','2025-06-30 23:28:43'),(63,64,1,'b0814806-292c-4860-aa90-9cc0379b42da',0,2,2,'2025-06-21 05:44:35','2025-06-21 05:44:35'),(64,65,1,'cf02ff7a-16c3-40dd-a409-99ae346b0549',0,3,3,'2025-06-21 05:44:36','2025-06-21 05:44:36'),(65,66,1,'1ca66424-2611-46d8-818b-23abfdbaaa80',1,5,5,'2025-06-21 05:44:36','2025-06-29 20:55:02'),(66,67,1,'77afcb87-ef96-4fea-bfb9-2ecd330b8965',1,1,1,'2025-06-30 00:30:11','2025-07-05 08:02:22'),(67,68,1,'e8288323-4619-48fb-93bf-9778200987f9',0,1,1,'2025-06-30 00:30:11','2025-06-30 00:30:11'),(68,69,1,'6509ec88-ef48-4345-b956-3c7116f89c44',1,1,1,'2025-06-30 00:30:12','2025-07-03 01:21:34'),(69,70,1,'1f8d0aa4-3ec2-4879-9d13-1473e926b440',1,1,1,'2025-06-30 00:30:12','2025-07-03 01:24:58'),(70,71,1,'918dc22c-99a6-46c9-a800-32f40ebb104f',0,1,1,'2025-06-30 00:30:12','2025-06-30 00:30:12'),(71,72,1,'156f6a7d-71a9-43b4-917f-a7da3a268d9d',1,1,1,'2025-06-30 00:30:12','2025-07-05 07:49:01'),(72,73,1,'282f65fe-8909-4a49-b094-1cfb28c2aae1',0,1,1,'2025-06-30 00:30:12','2025-06-30 00:30:12'),(73,74,1,'71d0203b-5cc9-4e80-81e3-d797850e70f2',0,1,1,'2025-06-30 00:30:12','2025-06-30 00:30:12'),(74,75,1,'daa82b79-176e-4c3d-b0ad-51fe64e942e5',0,1,1,'2025-06-30 00:30:12','2025-06-30 00:30:12'),(75,76,1,'bb1290bc-340e-495b-b5e5-ef3b2ccaf2b8',0,1,1,'2025-06-30 00:30:12','2025-06-30 00:30:12'),(76,77,1,'49f0b48a-8ab4-40f0-afbf-4cd09cea90e4',0,1,1,'2025-06-30 00:30:12','2025-06-30 00:30:12'),(77,78,1,'86495409-299e-4d0b-906b-cab5d9f33849',1,1,1,'2025-06-30 00:30:12','2025-07-09 02:12:45'),(78,79,1,'ae98debe-2f93-4783-ae42-b95e32c0e51e',0,1,1,'2025-06-30 00:30:12','2025-06-30 00:30:12'),(79,80,1,'026a0fb9-8978-4a11-a975-76323327a79f',0,1,1,'2025-06-30 00:30:13','2025-06-30 00:30:13'),(80,81,1,'e42d2f80-2078-4790-89b8-cf4e39f021ef',1,1,1,'2025-06-30 00:30:13','2025-07-06 00:17:14'),(81,82,1,'51481b05-914a-4742-9073-0a9479595dd7',1,1,1,'2025-06-30 00:30:13','2025-07-03 03:14:51'),(82,83,1,'c283ec07-5b83-4b04-9768-67a4f5a498fa',1,1,1,'2025-06-30 00:30:13','2025-07-03 01:43:18'),(83,84,1,'df8354b5-a8fd-4819-9428-466b7e8f5ab8',0,1,1,'2025-06-30 00:30:13','2025-06-30 00:30:13'),(84,85,1,'eb2a3800-a0b2-483a-8434-86080389d1b4',0,1,1,'2025-06-30 00:30:13','2025-06-30 00:30:13'),(85,86,1,'11ea4ed2-31e0-463f-ae7c-6fa96474a38e',0,1,1,'2025-06-30 00:30:13','2025-06-30 00:30:13'),(86,87,1,'bc41f21d-8b4b-41f3-8556-8c37b0680a66',0,1,1,'2025-06-30 00:30:13','2025-06-30 00:30:13'),(87,88,1,'ed157b78-9e10-4e09-9c9f-a5cc1c63d4bc',0,1,1,'2025-06-30 00:30:13','2025-06-30 00:30:13'),(88,89,1,'64526ded-0887-4888-afe0-464180565777',0,4,4,'2025-06-30 00:30:13','2025-06-30 00:30:13'),(89,90,1,'5eb2baff-981b-4055-99e0-d40ba6a89c30',0,2,2,'2025-06-30 00:30:14','2025-06-30 00:30:14'),(90,91,1,'6d568f12-cf61-417a-9e08-f4fce650e60f',1,11,11,'2025-06-30 00:30:14','2025-07-05 02:55:55'),(91,92,1,'b971596f-38fd-4710-818f-e52f082edd1c',0,2,2,'2025-06-30 00:30:14','2025-06-30 00:30:14'),(92,93,1,'b771ba06-8a4a-44b8-8071-1d43523fc0a9',0,11,11,'2025-06-30 00:30:14','2025-06-30 00:30:14'),(93,94,1,'91da0daf-9954-46ad-9f0e-dbff99e1d3f3',0,4,4,'2025-06-30 00:30:14','2025-06-30 00:30:14'),(94,95,1,'cafcc45a-7850-4e39-ba73-b47c4739ff27',0,6,6,'2025-06-30 00:30:14','2025-06-30 00:30:14'),(95,96,1,'3840231b-6177-4958-b4f5-de98b603774b',0,3,3,'2025-06-30 00:30:14','2025-06-30 00:30:14'),(96,97,1,'3fe2312a-cbd1-445a-8434-f9adfe1bb95b',0,2,2,'2025-06-30 00:30:14','2025-06-30 00:30:14'),(97,98,1,'4922453e-1ee8-4906-bd56-9d53a4a576ac',0,4,4,'2025-06-30 00:30:14','2025-06-30 00:30:14'),(98,99,1,'366ca0ac-4fc5-428a-879b-7d68e6a95ba6',1,2,2,'2025-06-30 00:30:14','2025-07-03 02:59:05'),(99,100,1,'fb62d0f6-60bb-4ef2-8d94-594bd2e304fc',0,4,4,'2025-06-30 00:30:14','2025-06-30 00:30:14'),(100,101,1,'7a35f6b5-7778-49e6-be96-77a6f2b27705',0,5,5,'2025-06-30 00:30:15','2025-06-30 00:30:15'),(101,102,1,'1f469ae2-1882-40db-b16f-ae59a19ba71f',0,2,2,'2025-06-30 00:30:15','2025-06-30 00:30:15'),(102,103,1,'19c20573-a3b1-43ab-98ff-a49f56f2a3f9',0,2,2,'2025-06-30 00:38:18','2025-06-30 00:38:18'),(103,104,1,'70872652-ed56-47c1-8232-237e33e5a7c5',0,4,4,'2025-06-30 05:39:29','2025-06-30 05:39:29'),(104,105,1,'cd14f227-461c-45d0-ada2-28824cac26b6',0,5,5,'2025-06-30 05:39:36','2025-06-30 05:39:36'),(105,106,1,'3a0b890b-edc1-4345-9878-3523ad57bba2',1,5,5,'2025-07-01 19:37:43','2025-07-02 04:05:23'),(106,107,1,'ba9154dd-b300-4c3a-8850-48a34020ed67',1,2,2,'2025-07-01 19:37:43','2025-07-02 04:05:24'),(107,108,1,'cc8d5f02-a2df-4e6e-a913-d90c4d7d1bba',1,4,4,'2025-07-02 06:26:03','2025-07-02 06:31:50'),(108,109,1,'5892f345-4816-44f8-9182-08428e8cfb46',0,4,4,'2025-07-03 01:33:20','2025-07-03 01:33:20'),(109,110,1,'cdd665c1-dba6-4732-864b-7faf943f3023',0,5,5,'2025-07-03 01:33:20','2025-07-03 01:33:20'),(110,111,1,'781834b4-a710-42a7-8aee-e76814ce1e4d',1,2,2,'2025-07-03 01:33:20','2025-07-05 04:31:08'),(111,112,1,'a7349062-eae1-4a52-8c91-c80394a095aa',1,3,3,'2025-07-03 01:33:20','2025-07-09 23:21:01'),(112,112,1,'71b4c635-65e4-4743-8580-b0b450081489',0,3,3,'2025-07-03 01:34:36','2025-07-03 01:34:36'),(113,114,1,'7559d28e-6e65-4c0a-a52b-ab08d71d8a03',0,1,1,'2025-07-03 01:34:36','2025-07-03 01:34:36'),(114,115,1,'32a9e914-847d-481b-9978-7afaa40a1d11',0,1,1,'2025-07-03 01:34:36','2025-07-03 01:34:36'),(115,116,1,'c97e6a29-a88b-46b5-a0d0-5dbdc8e1b6b6',0,1,1,'2025-07-03 01:34:36','2025-07-03 01:34:36'),(116,117,1,'27758ba2-43ac-42c0-a886-7fd31ac8b994',0,1,1,'2025-07-03 01:35:26','2025-07-03 01:35:26'),(117,117,1,'3350470d-b742-4d5a-909d-5129f720bc5e',0,1,1,'2025-07-03 01:35:26','2025-07-03 01:35:26'),(118,119,1,'e803c8c4-a4cf-4f73-90da-d29b2efa31a2',0,1,1,'2025-07-03 01:35:47','2025-07-03 01:35:47'),(119,120,1,'170e48b0-9b99-4b2f-abdf-b225140210f6',0,1,1,'2025-07-03 03:06:44','2025-07-03 03:06:44'),(120,121,1,'1234f3ed-a222-4492-93f1-7ecd611d63de',1,2,2,'2025-07-03 09:48:48','2025-07-05 07:32:46');

--
-- Table structure for table `migrations`
--

CREATE TABLE `migrations` (
  `id` int unsigned NOT NULL AUTO_INCREMENT,
  `migration` varchar(191) COLLATE utf8mb4_unicode_ci NOT NULL,
  `batch` int NOT NULL,
  PRIMARY KEY (`id`)
) ENGINE=InnoDB AUTO_INCREMENT=14 DEFAULT CHARSET=utf8mb4 COLLATE=utf8mb4_unicode_ci;

--
-- Dumping data for table `migrations`
--

INSERT INTO `migrations` VALUES (1,'2014_10_12_000000_create_users_table',1),(2,'2014_10_12_100000_create_password_resets_table',1),(3,'2019_08_19_000000_create_failed_jobs_table',1),(4,'2019_12_14_000001_create_personal_access_tokens_table',1),(5,'2025_05_09_001515_create_permission_tables',1),(6,'2025_06_11_001026_create_confirmaciones_table',2),(7,'2025_06_11_223751_create_eventos_table',3),(8,'2025_06_11_223911_add_evento_id_to_confirmaciones_table',3),(9,'2025_06_11_223931_create_fotos_evento_table',3),(10,'2025_06_11_230541_add_ip_to_fotos_evento_table',3),(11,'2025_06_13_171823_create_invitaciones_table',4),(12,'2025_06_13_183523_add_pases_to_invitaciones_table',4),(13,'2025_06_29_035355_change_boletos_column_in_confirmaciones_table',5);

--
-- Table structure for table `model_has_permissions`
--

CREATE TABLE `model_has_permissions` (
  `permission_id` bigint unsigned NOT NULL,
  `model_type` varchar(191) COLLATE utf8mb4_unicode_ci NOT NULL,
  `model_id` bigint unsigned NOT NULL,
  PRIMARY KEY (`permission_id`,`model_id`,`model_type`),
  KEY `model_has_permissions_model_id_model_type_index` (`model_id`,`model_type`),
  CONSTRAINT `model_has_permissions_permission_id_foreign` FOREIGN KEY (`permission_id`) REFERENCES `permissions` (`id`) ON DELETE CASCADE
) ENGINE=InnoDB DEFAULT CHARSET=utf8mb4 COLLATE=utf8mb4_unicode_ci;

--
-- Dumping data for table `model_has_permissions`
--


--
-- Table structure for table `model_has_roles`
--

CREATE TABLE `model_has_roles` (
  `role_id` bigint unsigned NOT NULL,
  `model_type` varchar(191) COLLATE utf8mb4_unicode_ci NOT NULL,
  `model_id` bigint unsigned NOT NULL,
  PRIMARY KEY (`role_id`,`model_id`,`model_type`),
  KEY `model_has_roles_model_id_model_type_index` (`model_id`,`model_type`),
  CONSTRAINT `model_has_roles_role_id_foreign` FOREIGN KEY (`role_id`) REFERENCES `roles` (`id`) ON DELETE CASCADE
) ENGINE=InnoDB DEFAULT CHARSET=utf8mb4 COLLATE=utf8mb4_unicode_ci;

--
-- Dumping data for table `model_has_roles`
--

INSERT INTO `model_has_roles` VALUES (1,'App\\Models\\User',1);

--
-- Table structure for table `password_resets`
--

CREATE TABLE `password_resets` (
  `email` varchar(191) COLLATE utf8mb4_unicode_ci NOT NULL,
  `token` varchar(191) COLLATE utf8mb4_unicode_ci NOT NULL,
  `created_at` timestamp NULL DEFAULT NULL,
  KEY `password_resets_email_index` (`email`)
) ENGINE=InnoDB DEFAULT CHARSET=utf8mb4 COLLATE=utf8mb4_unicode_ci;

--
-- Dumping data for table `password_resets`
--


--
-- Table structure for table `permissions`
--

CREATE TABLE `permissions` (
  `id` bigint unsigned NOT NULL AUTO_INCREMENT,
  `name` varchar(125) COLLATE utf8mb4_unicode_ci NOT NULL,
  `guard_name` varchar(50) COLLATE utf8mb4_unicode_ci NOT NULL,
  `created_at` timestamp NULL DEFAULT NULL,
  `updated_at` timestamp NULL DEFAULT NULL,
  PRIMARY KEY (`id`),
  UNIQUE KEY `permissions_name_guard_name_unique` (`name`,`guard_name`)
) ENGINE=InnoDB AUTO_INCREMENT=47 DEFAULT CHARSET=utf8mb4 COLLATE=utf8mb4_unicode_ci;

--
-- Dumping data for table `permissions`
--

INSERT INTO `permissions` VALUES (1,'ver configuraciones','web','2025-05-09 12:20:35','2025-05-09 12:20:35'),(2,'ver usuarios','web','2025-05-09 12:20:35','2025-05-09 12:20:35'),(3,'crear usuarios','web','2025-05-09 12:20:35','2025-05-09 12:20:35'),(4,'editar usuarios','web','2025-05-09 12:20:35','2025-05-09 12:20:35'),(5,'eliminar usuarios','web','2025-05-09 12:20:35','2025-05-09 12:20:35'),(6,'ver roles','web','2025-05-09 12:20:35','2025-05-09 12:20:35'),(7,'crear roles','web','2025-05-09 12:20:35','2025-05-09 12:20:35'),(8,'editar roles','web','2025-05-09 12:20:35','2025-05-09 12:20:35'),(9,'eliminar roles','web','2025-05-09 12:20:35','2025-05-09 12:20:35'),(10,'ver requisiciones','web','2025-05-09 12:20:35','2025-05-09 12:20:35'),(11,'crear requisiciones','web','2025-05-09 12:20:35','2025-05-09 12:20:35'),(12,'editar requisiciones','web','2025-05-09 12:20:35','2025-05-09 12:20:35'),(13,'eliminar requisiciones','web','2025-05-09 12:20:35','2025-05-09 12:20:35'),(14,'ver requisiciones por cuenta','web','2025-05-09 12:20:35','2025-05-09 12:20:35'),(15,'ver productos','web','2025-05-09 12:20:35','2025-05-09 12:20:35'),(16,'crear productos','web','2025-05-09 12:20:35','2025-05-09 12:20:35'),(17,'editar productos','web','2025-05-09 12:20:35','2025-05-09 12:20:35'),(18,'eliminar productos','web','2025-05-09 12:20:35','2025-05-09 12:20:35'),(19,'ver proveedores','web','2025-05-09 12:20:35','2025-05-09 12:20:35'),(20,'crear proveedores','web','2025-05-09 12:20:36','2025-05-09 12:20:36'),(21,'editar proveedores','web','2025-05-09 12:20:36','2025-05-09 12:20:36'),(22,'eliminar proveedores','web','2025-05-09 12:20:36','2025-05-09 12:20:36'),(23,'ver cuentas','web','2025-05-09 12:20:36','2025-05-09 12:20:36'),(24,'crear cuentas','web','2025-05-09 12:20:36','2025-05-09 12:20:36'),(25,'editar cuentas','web','2025-05-09 12:20:36','2025-05-09 12:20:36'),(26,'eliminar cuentas','web','2025-05-09 12:20:36','2025-05-09 12:20:36'),(27,'ver categorias','web','2025-05-09 12:20:36','2025-05-09 12:20:36'),(28,'crear categorias','web','2025-05-09 12:20:36','2025-05-09 12:20:36'),(29,'editar categorias','web','2025-05-09 12:20:36','2025-05-09 12:20:36'),(30,'eliminar categorias','web','2025-05-09 12:20:36','2025-05-09 12:20:36'),(31,'ver bajas','web','2025-05-09 12:20:36','2025-05-09 12:20:36'),(32,'crear bajas','web','2025-05-09 12:20:36','2025-05-09 12:20:36'),(33,'editar bajas','web','2025-05-09 12:20:36','2025-05-09 12:20:36'),(34,'eliminar bajas','web','2025-05-09 12:20:36','2025-05-09 12:20:36'),(35,'ver servicios','web','2025-05-09 12:20:36','2025-05-09 12:20:36'),(36,'crear servicios','web','2025-05-09 12:20:36','2025-05-09 12:20:36'),(37,'editar servicios','web','2025-05-09 12:20:36','2025-05-09 12:20:36'),(38,'eliminar servicios','web','2025-05-09 12:20:36','2025-05-09 12:20:36'),(39,'ver almacenes','web','2025-05-09 12:20:36','2025-05-09 12:20:36'),(40,'crear almacenes','web','2025-05-09 12:20:36','2025-05-09 12:20:36'),(41,'editar almacenes','web','2025-05-09 12:20:36','2025-05-09 12:20:36'),(42,'eliminar almacenes','web','2025-05-09 12:20:36','2025-05-09 12:20:36'),(43,'ver actividades','web','2025-05-09 12:20:36','2025-05-09 12:20:36'),(44,'crear actividades','web','2025-05-09 12:20:36','2025-05-09 12:20:36'),(45,'editar actividades','web','2025-05-09 12:20:36','2025-05-09 12:20:36'),(46,'eliminar actividades','web','2025-05-09 12:20:36','2025-05-09 12:20:36');

--
-- Table structure for table `personal_access_tokens`
--

CREATE TABLE `personal_access_tokens` (
  `id` bigint unsigned NOT NULL AUTO_INCREMENT,
  `tokenable_type` varchar(191) COLLATE utf8mb4_unicode_ci NOT NULL,
  `tokenable_id` bigint unsigned NOT NULL,
  `name` varchar(191) COLLATE utf8mb4_unicode_ci NOT NULL,
  `token` varchar(64) COLLATE utf8mb4_unicode_ci NOT NULL,
  `abilities` text COLLATE utf8mb4_unicode_ci,
  `last_used_at` timestamp NULL DEFAULT NULL,
  `created_at` timestamp NULL DEFAULT NULL,
  `updated_at` timestamp NULL DEFAULT NULL,
  PRIMARY KEY (`id`),
  UNIQUE KEY `personal_access_tokens_token_unique` (`token`),
  KEY `personal_access_tokens_tokenable_type_tokenable_id_index` (`tokenable_type`,`tokenable_id`)
) ENGINE=InnoDB DEFAULT CHARSET=utf8mb4 COLLATE=utf8mb4_unicode_ci;

--
-- Dumping data for table `personal_access_tokens`
--


--
-- Table structure for table `role_has_permissions`
--

CREATE TABLE `role_has_permissions` (
  `permission_id` bigint unsigned NOT NULL,
  `role_id` bigint unsigned NOT NULL,
  PRIMARY KEY (`permission_id`,`role_id`),
  KEY `role_has_permissions_role_id_foreign` (`role_id`),
  CONSTRAINT `role_has_permissions_permission_id_foreign` FOREIGN KEY (`permission_id`) REFERENCES `permissions` (`id`) ON DELETE CASCADE,
  CONSTRAINT `role_has_permissions_role_id_foreign` FOREIGN KEY (`role_id`) REFERENCES `roles` (`id`) ON DELETE CASCADE
) ENGINE=InnoDB DEFAULT CHARSET=utf8mb4 COLLATE=utf8mb4_unicode_ci;

--
-- Dumping data for table `role_has_permissions`
--

INSERT INTO `role_has_permissions` VALUES (1,1),(2,1),(3,1),(4,1),(5,1),(6,1),(7,1),(8,1),(9,1),(10,1),(11,1),(12,1),(13,1),(14,1),(15,1),(16,1),(17,1),(18,1),(19,1),(20,1),(21,1),(22,1),(23,1),(24,1),(25,1),(26,1),(27,1),(28,1),(29,1),(30,1),(31,1),(32,1),(33,1),(34,1),(35,1),(36,1),(37,1),(38,1),(39,1),(40,1),(41,1),(42,1),(43,1),(44,1),(45,1),(46,1),(1,2),(2,2),(6,2),(10,2),(11,2),(12,2),(13,2),(14,2),(27,2),(28,2),(29,2),(30,2),(10,3),(14,3),(15,3),(19,3),(10,4),(15,4);

--
-- Table structure for table `roles`
--

CREATE TABLE `roles` (
  `id` bigint unsigned NOT NULL AUTO_INCREMENT,
  `name` varchar(125) COLLATE utf8mb4_unicode_ci NOT NULL,
  `guard_name` varchar(50) COLLATE utf8mb4_unicode_ci NOT NULL,
  `created_at` timestamp NULL DEFAULT NULL,
  `updated_at` timestamp NULL DEFAULT NULL,
  PRIMARY KEY (`id`),
  UNIQUE KEY `roles_name_guard_name_unique` (`name`,`guard_name`)
) ENGINE=InnoDB AUTO_INCREMENT=5 DEFAULT CHARSET=utf8mb4 COLLATE=utf8mb4_unicode_ci;

--
-- Dumping data for table `roles`
--

INSERT INTO `roles` VALUES (1,'Administrador','web','2025-05-09 12:20:36','2025-05-09 12:20:36'),(2,'Subdirector','web','2025-05-09 12:20:37','2025-05-09 12:20:37'),(3,'Empleado','web','2025-05-09 12:20:37','2025-05-09 12:20:37'),(4,'Observador','web','2025-05-09 12:20:37','2025-05-09 12:20:37');

--
-- Table structure for table `users`
--

CREATE TABLE `users` (
  `id` bigint unsigned NOT NULL AUTO_INCREMENT,
  `name` varchar(191) COLLATE utf8mb4_unicode_ci NOT NULL,
  `email` varchar(191) COLLATE utf8mb4_unicode_ci NOT NULL,
  `email_verified_at` timestamp NULL DEFAULT NULL,
  `password` varchar(191) COLLATE utf8mb4_unicode_ci NOT NULL,
  `remember_token` varchar(100) COLLATE utf8mb4_unicode_ci DEFAULT NULL,
  `created_at` timestamp NULL DEFAULT NULL,
  `updated_at` timestamp NULL DEFAULT NULL,
  PRIMARY KEY (`id`),
  UNIQUE KEY `users_email_unique` (`email`)
) ENGINE=InnoDB AUTO_INCREMENT=122 DEFAULT CHARSET=utf8mb4 COLLATE=utf8mb4_unicode_ci;

--
-- Dumping data for table `users`
--

INSERT INTO `users` VALUES (1,'Mario Bautista','admin@admin.com',NULL,'$2y$10$nHrtczuNXHWhF0EwDIHk8.BpoABYEQ.Nsb3IE9s7PH1JqIBn9AzhO',NULL,'2025-05-09 12:20:37','2025-05-09 12:20:37'),(2,'Tello Calderón','tello.calderon@example.com',NULL,'$2y$10$Lhvf5mbIaB6ikktcWjvz5.EAsOJyEUlM7IZjXzLfNHStFdoH3c3pG',NULL,'2025-06-21 05:44:29','2025-06-21 05:44:29'),(3,'Olvera Calderón','olvera.calderon@example.com',NULL,'$2y$10$WSuL5f9WDZxWDLIXVwQ0Jeb7PwMLOTeLpNzK4i72p9efbZvA4b/3.',NULL,'2025-06-21 05:44:30','2025-06-21 05:44:30'),(4,'Roman Calderón','roman.calderon@example.com',NULL,'$2y$10$SF.tZ0pIBOpH.mOLogn3uOTpmE7QRimgHTbft6hszrx.GWlBBjrHW',NULL,'2025-06-21 05:44:30','2025-06-21 05:44:30'),(5,'Roman Calderón Brenda','brenda.roman.calderon@example.com',NULL,'$2y$10$dSiA0EXxTzmcvxHRtP4KUuvSpSqJOgpS0vI1rleedPkkUr5XZ3aJK',NULL,'2025-06-21 05:44:30','2025-06-21 05:44:30'),(6,'Millan Velazquez','millan.velazquez@example.com',NULL,'$2y$10$q6.stPw5SincodZBf1CMT.KFhHwnRoMYHV3oKKrLNOg8AXJXaC.T2',NULL,'2025-06-21 05:44:30','2025-06-21 05:44:30'),(7,'Millan Montes','sue.lili.montes@example.com',NULL,'$2y$10$ZWX33QzPeQKXC9dhn1A9xehiLBmMQ9ZXFioWZN8w56ePGnu91O7Dy',NULL,'2025-06-21 05:44:30','2025-06-21 05:44:30'),(8,'Garcia Millan','garcia.millan@example.com',NULL,'$2y$10$O8rspBBNdCbLUVDgdjmyXuj.C03aQMTI0Q4Viybm2YXSX9I2X9eYe',NULL,'2025-06-21 05:44:30','2025-06-21 05:44:30'),(9,'Calderón Dorazco','calderon.dorazco@example.com',NULL,'$2y$10$jI51vbSY1wj5x15Z/cHiJOtOquxLlfE4C0OsaUOzlPcGGvoqFVy/S',NULL,'2025-06-21 05:44:30','2025-06-21 05:44:30'),(10,'Heredia Calderón More','heredia.calderon.more@example.com',NULL,'$2y$10$LucZ4etxq.iphfxcF74ux.XCWDTH/RsdOCp4gC1wYPfAxBXM2wv4O',NULL,'2025-06-21 05:44:30','2025-06-21 05:44:30'),(11,'Morales Calderón Tia','tia.morales.calderon@example.com',NULL,'$2y$10$z7E3KTGzDNVb3OFp2RF.DOPvGxyuJvQRBtIyVWE07MQNbZE1pAu..',NULL,'2025-06-21 05:44:30','2025-06-21 05:44:30'),(12,'Morales Calderón Jaqui','jaqui.morales.calderon@example.com',NULL,'$2y$10$4amEQm6w3RQ.ygu9cjhuU..eMANOpQqOprDvfSeWk4dMSMznlls/y',NULL,'2025-06-21 05:44:31','2025-06-21 05:44:31'),(13,'Ramirez Morales Jesi','jesi.ramirez.morales@example.com',NULL,'$2y$10$lAgXfLZQyy4gKmWb4c0KYeCLsB05FqcbujOlaktnct.j/YB8zy0DS',NULL,'2025-06-21 05:44:31','2025-06-21 05:44:31'),(14,'Morales Calderón Maris','maris.morales.calderon@example.com',NULL,'$2y$10$RorsFndqts9dO0zqq0s4LuRjKHCC8pZSbet/u6r50/Tgn1zC.FL9q',NULL,'2025-06-21 05:44:31','2025-06-21 05:44:31'),(15,'Calderón Guerrero Tluis','tluis.calderon.guerrero@example.com',NULL,'$2y$10$Lcj.m3bGIxlBg5gGlRH20OU.4Ngnxhtt69By5oiI52EPneOIQsF3S',NULL,'2025-06-21 05:44:31','2025-06-21 05:44:31'),(16,'Cortés Hernandez Temo','temo.cortes.hernandez@example.com',NULL,'$2y$10$HfSichL72K3nQSKukcmdXOTwI2jClzLrCaOrx4/KS7pmsBceWu5Na',NULL,'2025-06-21 05:44:31','2025-06-21 05:44:31'),(17,'Cortés Rangel Bul','tiobul.cortes.rangel@example.com',NULL,'$2y$10$V7xEJpN86NkLbVvzgFtQduOk0tS5KoQ0hm4sGFfG7fDLTMWyVOKTO',NULL,'2025-06-21 05:44:31','2025-06-21 05:44:31'),(18,'Cortés Rangel Guero','guero.cortes.rangel@example.com',NULL,'$2y$10$w3GYIB9ykSvQ8z.giMNCye2k.fhM8UbejdT1AMReFaxa0vj0APC9O',NULL,'2025-06-21 05:44:31','2025-06-21 05:44:31'),(19,'Cortés Rangel Moy','moy.cortes.rangel@example.com',NULL,'$2y$10$zLt8SeTO.eKCmR3e7yr3vuaQ2zqWInvgznJea0eaetBd1z/OqeErO',NULL,'2025-06-21 05:44:31','2025-06-21 05:44:31'),(20,'Cortés Rangel Chato','chato.cortes.rangel@example.com',NULL,'$2y$10$ViBW7F1fneljWeFdmvVc4e7ww.SP.5jGggtJG5iZ2VnDd5nMV9UY6',NULL,'2025-06-21 05:44:31','2025-06-21 05:44:31'),(21,'Cortés Rangel Rosa','rosa.cortes.rangel@example.com',NULL,'$2y$10$syVld4y2EM.cUMtaM8s.3OgbdWReIaPj802PKKhkS1gjTBaw3tkti',NULL,'2025-06-21 05:44:31','2025-06-21 05:44:31'),(22,'Cortés Rangel Chata','chata.cortes.rangel@example.com',NULL,'$2y$10$Y49hq3.RLTSHaJNK3fQndeU/KOgY.CkJmqIKtdT8GvtHZHZ7Xd9H6',NULL,'2025-06-21 05:44:31','2025-06-21 05:44:31'),(23,'Cortés Cortés Jaime','jaime.cortes.cortes@example.com',NULL,'$2y$10$ol1Dsek6LLawkMJ.xgzmKO2T0SM2mFRWrcytgX5IaAOTgWshV150G',NULL,'2025-06-21 05:44:32','2025-06-21 05:44:32'),(24,'Cortés Cortés Lupita','lupita.cortes.cortes@example.com',NULL,'$2y$10$NARLj3kCYAhg2DvgzdKlS.3X8Gm4HQK0TA4eF2xM1w1N/LJZHqlkW',NULL,'2025-06-21 05:44:32','2025-06-21 05:44:32'),(25,'Rodriguez Avalos Diose','diose.rodriguez.avalos@example.com',NULL,'$2y$10$0DZJMtbghoWlZBiATm8ug.Mh8NUTu/dV2zhSOrk0PmKBVO04I5v5q',NULL,'2025-06-21 05:44:32','2025-06-21 05:44:32'),(26,'Montañes Avalos Eva','eva.montanes.avalos@example.com',NULL,'$2y$10$KghCgQe1FEPSkTTYPp5SiO6UOdGOCi9abr.9.oAOmmkuLaQBbhcF.',NULL,'2025-06-21 05:44:32','2025-06-21 05:44:32'),(27,'Reyes Medina Margot','margot.reyes.medina@example.com',NULL,'$2y$10$5RGS0Y9285L6HAmlsj8jO.jFpG3ulxiye.aKuaLrIYEKQ6idRMwRO',NULL,'2025-06-21 05:44:32','2025-06-21 05:44:32'),(28,'Corona Guzmán Meme','meme.corona.guzman@example.com',NULL,'$2y$10$uL/1P/FLnhySEF36sHx4KO7yJuLTwTzI74xgJ0O/kO7O.XC6hZhdC',NULL,'2025-06-21 05:44:32','2025-06-21 05:44:32'),(29,'Duarte Melchor','gordo.duarte.melchor@example.com',NULL,'$2y$10$ZF9eSNTfPof.Vrsovb3y/O.hB6FPSe7TGSMnxWoAaYhXHF4DV8syO',NULL,'2025-06-21 05:44:32','2025-06-21 05:44:32'),(30,'Duarte Luis','duarte.luis@example.com',NULL,'$2y$10$o4VffrexsVgZ11wtoNJMjOAzfldQM0e1XT2YXrF166i/YqaVcn1Gm',NULL,'2025-06-21 05:44:32','2025-06-21 05:44:32'),(31,'Chagolla Millan Lore','lore.chagolla.millan@example.com',NULL,'$2y$10$b4XloRylz9rmqPJlw26xueX57VvBYOcwAVxj2OKUaIRwYLp9rk1jC',NULL,'2025-06-21 05:44:32','2025-06-21 05:44:32'),(32,'Marilu Millan','marilu.millan@example.com',NULL,'$2y$10$fAmsqrFc8eXWqjKiGsuS4u51W9gc2hq.89Qcq.Rzl4V51B7nAP2ZS',NULL,'2025-06-21 05:44:32','2025-06-21 05:44:32'),(33,'Millan Nieves Gil Papa','gil.papa.millan.nieves@example.com',NULL,'$2y$10$znG6EVWFhlkFc5/zK5gkSuifEpjkpc6ADEjmqVMAgv/Nbjr9Q5Iyy',NULL,'2025-06-21 05:44:33','2025-06-21 05:44:33'),(34,'Gildardo Millán','gildardo.millan@example.com',NULL,'$2y$10$i7TpyRV9VTCg95BF1POdXewmZu.mRanxR8BB4.ziYmfm/uQ7yOTGa',NULL,'2025-06-21 05:44:33','2025-06-21 05:44:33'),(35,'Claudia Millan Claudita','claudita.claudia.millan@example.com',NULL,'$2y$10$sK5bGaz5uJFkGDRTSoD5GedQovRYY2H0dl6Rq1Vkl239A8lCYIxPi',NULL,'2025-06-21 05:44:33','2025-06-21 05:44:33'),(36,'Virgen Millan Claus','claus.virgen.millan@example.com',NULL,'$2y$10$jfq68JhKN3g.YCe.o3kH5OjRXV36GTiDfhV/JwMQgmmv2VXjHPgSm',NULL,'2025-06-21 05:44:33','2025-06-21 05:44:33'),(37,'Villagomez Millan Juni','juni.villagomez.millan@example.com',NULL,'$2y$10$J2zF8pdG6y5SExP6XVwFNuS18t57kIhQrgdZxVN3eA/oAvXFPB8j6',NULL,'2025-06-21 05:44:33','2025-06-21 05:44:33'),(38,'Mora Guzmán Verito','verito.mora.guzman@example.com',NULL,'$2y$10$Odu92dg85kJyDa1wT9bO0uuDhslMM8a2/gOTgGvmoACdDKs.uUoSu',NULL,'2025-06-21 05:44:33','2025-06-21 05:44:33'),(39,'Guzmán Villa Pancho','pancho.guzman.villa@example.com',NULL,'$2y$10$GO4lV19jucLGmi/HwTH7CugO13cttf4Of7f3pqEtdatAucw.1d5Pi',NULL,'2025-06-21 05:44:33','2025-06-21 05:44:33'),(40,'Guzmán Guerrero Salo','salo.guzman.guerrero@example.com',NULL,'$2y$10$XJZJPnbC7i37llK39JhHMe4s4Arlu3BdCRj9Dvckn2D8GM/qF5vLe',NULL,'2025-06-21 05:44:33','2025-06-21 05:44:33'),(41,'Daniel y Vicky Guzman','danielyvicky.guzman@example.com',NULL,'$2y$10$iYb9PcVfztiq40ZojvM/f..lgQvSURxkJkIK4F1J4KVYoqXhNUOPm',NULL,'2025-06-21 05:44:33','2025-06-21 05:44:33'),(43,'Angela Millan','angela.millan@example.com',NULL,'$2y$10$Tt91LxVfj5gPD1Z2s9/51OzU/JN621.dCI860XNGcoSXRRoqxHzI.',NULL,'2025-06-21 05:44:33','2025-06-21 05:44:33'),(44,'Chavez Tapia Martha','martha.chavez.tapia@example.com',NULL,'$2y$10$bcJARETvfABovUF5GigLceCJAwwF.tKabnTb017nw6v5qVvLnz3pu',NULL,'2025-06-21 05:44:34','2025-06-21 05:44:34'),(45,'Marta Torres','marta.torres@example.com',NULL,'$2y$10$Q.OMy3crmjVH2HD0k/k.AOD63ZmACVz8.LVRM9iouCRb/wmFBskXC',NULL,'2025-06-21 05:44:34','2025-06-21 05:44:34'),(46,'Marin Carrillo Gustavo','gustavo.marin.carrillo@example.com',NULL,'$2y$10$G.jcknRtILl86wOvgsLlNOxSucMYkypXtkS.KmPL2XpvY9g3VkDyS',NULL,'2025-06-21 05:44:34','2025-06-21 05:44:34'),(47,'Serrato del Moral Esme','esme.serrato.delmoral@example.com',NULL,'$2y$10$.Lcj0Lk72hjjH3rFIPGpq.Q0xJBlR0jBkDSYw7L24Lx9FUBcCrLQi',NULL,'2025-06-21 05:44:34','2025-06-21 05:44:34'),(48,'Celaya Maciel Ulices','ulices.celaya.maciel@example.com',NULL,'$2y$10$9c2T1lgMUXQpQaOKz5ibm.KZyJlhtWEEEj7AkVpkgRPDnlz1JuGOe',NULL,'2025-06-21 05:44:34','2025-06-21 05:44:34'),(49,'Julio Bautista','julio.bautista@example.com',NULL,'$2y$10$54RYNtxd.vJfJMnnYCG5YezLIxO4Z1aw/y69LJ07UIrdRD68RxWjW',NULL,'2025-06-21 05:44:34','2025-06-21 05:44:34'),(50,'Sanchez Suquilvide Dani','dani.sanchez.suquilvide@example.com',NULL,'$2y$10$4ui.hf3k4N0Smq.WrpXs/uGtWs0pB7e3nklF4QW/aMh6dAzOuQTpi',NULL,'2025-06-21 05:44:34','2025-06-21 05:44:34'),(51,'Becerril Fuentes Pao','pao.becerril.fuentes@example.com',NULL,'$2y$10$/hx2ZR2KVxwi8v2PnfHRvuTOsBaqCyP/uq0dfcyKS.zHfbvKYBEPG',NULL,'2025-06-21 05:44:34','2025-06-21 05:44:34'),(52,'Oseguera Cortes','jefe.oseguera.cortes@example.com',NULL,'$2y$10$R1OOVSjSCS8EjFc69QzQ5u1gbPfu7o2Cu7t9X0PKjwyPKLiwYd7e6',NULL,'2025-06-21 05:44:34','2025-06-21 05:44:34'),(53,'Ortega Silva','pepe.ortega.silva@example.com',NULL,'$2y$10$WidyuK.oSSSI2P588p1gKOUEzYCrI.YdpF6eikhuyq5bXqEZRa55G',NULL,'2025-06-21 05:44:34','2025-06-21 05:44:34'),(54,'Fernando Rubalcava','fernando.ruvalcaba@example.com',NULL,'$2y$10$0.03Q8cTa74lEbzDMKPa0ujEwj2EQ9kYU8pscu5hIvW.XerqazRJG',NULL,'2025-06-21 05:44:35','2025-06-21 05:44:35'),(55,'Piña','pina@example.com',NULL,'$2y$10$2FzSU000a1sJFfLdxxo.QONQYxUDa.UaewDRP8oyocElvdb..DxQ.',NULL,'2025-06-21 05:44:35','2025-06-21 05:44:35'),(56,'Tio Rodrigo','tio.rodrigo@example.com',NULL,'$2y$10$1YZcBcWSXcSnn0hdxky0meIOWgXpthCEeXkP/4kMzSji1nm7kPJMK',NULL,'2025-06-21 05:44:35','2025-06-21 05:44:35'),(57,'Karen Linares','karen.linares@example.com',NULL,'$2y$10$uLCqCGHnXyATYKm4zHYlT.hjsk8gyayabI5CH7yqGjw.mHVnBgdKy',NULL,'2025-06-21 05:44:35','2025-06-21 05:44:35'),(58,'Diaz Hernandez','diaz.hernandez@example.com',NULL,'$2y$10$7cbJu3dSWYDEiUs0c6IDVOj2ulVU1X/g4GzVglp5Dwg1CS3Yo4WTu',NULL,'2025-06-21 05:44:35','2025-06-21 05:44:35'),(59,'Baños Martinez Karlita','karlita.banos.martinez@example.com',NULL,'$2y$10$cinHcbAH8NA.Ch0owEr5ROh/sYkUEgk.3DoM.QvqpCVHssBl0So0S',NULL,'2025-06-21 05:44:35','2025-06-21 05:44:35'),(60,'Ferreira Mesa Kati','kati.ferreira.mesa@example.com',NULL,'$2y$10$Yl7fMW.nnCiQbpmTqo4YaOXr2GlrFMr.hSZJKXXwrnpfKb0Of0xRO',NULL,'2025-06-21 05:44:35','2025-06-21 05:44:35'),(61,'Arellano de la Torre Paco','paco.arellano.delatorre@example.com',NULL,'$2y$10$WaYdsglMyfNBQiZV0gjIvuT9P/6t92qHk96CObVZ1.gAxCKBxjh/6',NULL,'2025-06-21 05:44:35','2025-06-21 05:44:35'),(62,'Sandoval Razo Mauro','mauro.sandoval.razo@example.com',NULL,'$2y$10$KckiCvEBnLH41xKCLJNARe.tKEsgy6UC0O8SHFb7A7Hxr8X2J5uQK',NULL,'2025-06-21 05:44:35','2025-06-21 05:44:35'),(63,'Cortes Borjas Leo','leo.cortes.borjas@example.com',NULL,'$2y$10$VgH5B.7TwrRdCGPrKYzx0urtcm3gQ2Z1dqvuigN43jeGYXJkAlc66',NULL,'2025-06-21 05:44:35','2025-06-21 05:44:35'),(64,'Familia Magaña Diose','sdiose.familia.magana@example.com',NULL,'$2y$10$0H4Gy67hId5SQQIH88vz6OVCN.AgtqfBvSpuqYtPxYB9S7M0E1IIi',NULL,'2025-06-21 05:44:35','2025-06-21 05:44:35'),(65,'Eva Maestra','maestra.eva@example.com',NULL,'$2y$10$8i9TwL74bzrxJ/ofWx8ZJO1YMqvrYbmP5TFDeRHPQvUTWtWsWcD0W',NULL,'2025-06-21 05:44:36','2025-06-21 05:44:36'),(66,'Martinez Vazquez Breisi','breisi.martinez.vazquez@example.com',NULL,'$2y$10$G3/d/xEhLcXy.A/PnKx6fu05OG5nhqEVF0XTwxBHeWKeLKS47km76',NULL,'2025-06-21 05:44:36','2025-06-21 05:44:36'),(67,'Zoe','Zoe@example.com',NULL,'$2y$10$z76zOkT5ojbLda3uHY5W.ut4JLDuDPZl6.0SK6PAwNks1oHVJaCD.',NULL,'2025-06-30 00:30:11','2025-06-30 00:30:11'),(68,'Valeria','Valeria@example.com',NULL,'$2y$10$SLgPZ0lyypAJuru7Gx6cQu061DI5mja7mhxFfkwtoR.hklgiU892u',NULL,'2025-06-30 00:30:11','2025-06-30 00:30:11'),(69,'María José','Maria_jose@example.com',NULL,'$2y$10$eZH1nXDRWJ/btWkLxT1jZ.KJTIVxvkiSItwcxFgt7wgikNuVrZh1C',NULL,'2025-06-30 00:30:12','2025-06-30 00:30:12'),(70,'Katherine','Katherine@example.com',NULL,'$2y$10$8g1ejidURKEuWLqmBUD7oOKRKwjVNOxTN7X7aUoyazqm88Gs5furC',NULL,'2025-06-30 00:30:12','2025-06-30 00:30:12'),(71,'Kimberly','Kimberly@example.com',NULL,'$2y$10$1V7OWNHolgkWNVr/9iZzr.d06bv.//cX.YpExNtIT5yEHT5TIqIVy',NULL,'2025-06-30 00:30:12','2025-06-30 00:30:12'),(72,'Sofia','Sofia@example.com',NULL,'$2y$10$JI3Zw0XJiQyJb8KNNtmdluOx/qDsqxMcuekegR2Bj2xFJTpsrpmBi',NULL,'2025-06-30 00:30:12','2025-06-30 00:30:12'),(73,'Araci','Arci@example.com',NULL,'$2y$10$qziL7RPtP2K0wHSQNqVY4exe/rOwhZQDVpgUKUUphwiSJNRzbp8my',NULL,'2025-06-30 00:30:12','2025-06-30 00:30:12'),(74,'Erick','Erick@example.com',NULL,'$2y$10$Bh1DVr/aEXydjtgIxsTh/ufeDDJfxXc28E1BbcGtzx.xoRGcuh5Sm',NULL,'2025-06-30 00:30:12','2025-06-30 00:30:12'),(75,'Jesús','Jesus@example.com',NULL,'$2y$10$5JL/H8.uctumBehy7roe7Ob3olUkGOajjSxvlY44OcdAEOkH1CZr6',NULL,'2025-06-30 00:30:12','2025-06-30 00:30:12'),(76,'Uriel','Uriel@example.com',NULL,'$2y$10$oqJwCXKiwj6ijvxLYCr7z.rVVd6H9uc8pcbhtBwVIkxyVleKpWCdm',NULL,'2025-06-30 00:30:12','2025-06-30 00:30:12'),(77,'Jonathan','Jonathan@example.com',NULL,'$2y$10$xxSAg4ne04BuQuSrUGMxI.sDMRWFfxM2V67C3YeLR4ok/B86MHE8q',NULL,'2025-06-30 00:30:12','2025-06-30 00:30:12'),(78,'Iker','Iker@example.com',NULL,'$2y$10$XY9ezLMUJ8nz/a9KSUlL1.VtSCjptRIUl8n/cIMvZZuo3AmA7EXDO',NULL,'2025-06-30 00:30:12','2025-06-30 00:30:12'),(79,'Santos','Santos@example.com',NULL,'$2y$10$ZT4NmRS50VaNm/0gMn6PdeakQfwcSuplCkuHUhNaz8kcmAHSuDNoe',NULL,'2025-06-30 00:30:12','2025-06-30 00:30:12'),(80,'Josue','Josue@example.com',NULL,'$2y$10$OVTaBoMXty9WEIHjCDFQBOyFLlc2Y8WCOmVag6ZEZ3ZeYBa4ImTBG',NULL,'2025-06-30 00:30:13','2025-06-30 00:30:13'),(81,'Osvaldo','Osvaldo@example.com',NULL,'$2y$10$IKSgyhlOzSzdPSijtJhICugyPug3ZP9snf/1D9l5bhqsnN1lX0Z..',NULL,'2025-06-30 00:30:13','2025-06-30 00:30:13'),(82,'Hugo','Hugo@example.com',NULL,'$2y$10$HuT.odPR/aG0hZQRFiOLFeIg8q5yqbVzCdMCuZW7bIshlq6OsoUIe',NULL,'2025-06-30 00:30:13','2025-06-30 00:30:13'),(83,'Ivan','Ivan@example.com',NULL,'$2y$10$FoZTAJLO6SJnfm1N9hKl/OlEefYpbT0j8En87tJMXHXytAWViLyQG',NULL,'2025-06-30 00:30:13','2025-06-30 00:30:13'),(84,'Gabo','Gabo@example.com',NULL,'$2y$10$LLPCKMP1Ys6zOxMPZ3/T2O29VLLW4LAumSy/XCsG1wzO24IDx3E2i',NULL,'2025-06-30 00:30:13','2025-06-30 00:30:13'),(85,'Aneida','Aneida@example.com',NULL,'$2y$10$d205.5/DZy8dG29AEhoJaeEuI3RxZaec5I54cV4wRP2yRoSJw0BtC',NULL,'2025-06-30 00:30:13','2025-06-30 00:30:13'),(86,'Zujeili','Zujeili@example.com',NULL,'$2y$10$w3sZkpknpgE3r05h6.NdqOLV.SCF1LWDbV3o/CE5JNlrUp0hJNWrK',NULL,'2025-06-30 00:30:13','2025-06-30 00:30:13'),(87,'Tadeo','Tadeo@example.com',NULL,'$2y$10$zz3XpMGpVwNoQt0BrVXOx.OfO4HEPzkIDKr2qPPQE2PnBEFOrLt2q',NULL,'2025-06-30 00:30:13','2025-06-30 00:30:13'),(88,'Santiago','Santiago@example.com',NULL,'$2y$10$AdcfsetR1TWv5fyS3ehZaebsMY2ZeE5R3fjLXG429.x7D5Xxsv1h2',NULL,'2025-06-30 00:30:13','2025-06-30 00:30:13'),(89,'Hernandez Yepez','Hernandez_Yepez@example.com',NULL,'$2y$10$3hrrYmTBmbwEk.M5BR63yuoC2OQlmT6rQloZRZMtKHgLw.cyd6h2m',NULL,'2025-06-30 00:30:13','2025-06-30 00:30:13'),(90,'Concepción Flores','Concepcion_Flores@example.com',NULL,'$2y$10$lqpbjuyK1yDqeVrT7q9VvOi5W6haDwacnJVp1UW2Ft.lpcLY29Fcu',NULL,'2025-06-30 00:30:14','2025-06-30 00:30:14'),(91,'Olvera Calderón Erika','Olvera_calderon@example.com',NULL,'$2y$10$3l0Ckp/yKaZ2TkmpWd0iw.xAxcUc5tWwGzYSnzw.1tVAnqNeZYcha',NULL,'2025-06-30 00:30:14','2025-06-30 00:30:14'),(92,'Cortés Rangel Maira','Cortés_rangel_maira@example.com',NULL,'$2y$10$40dIX4W5pbuslHArctiZw.soTvYY4Tdx5K5I.9dvOCdGB7AZiqfKG',NULL,'2025-06-30 00:30:14','2025-06-30 00:30:14'),(93,'Ahumada Millan Iberia','Ahumada_millan_iberia@example.com',NULL,'$2y$10$NsC7r0iCQhG.Su96SQ5bLOp4UShDzjFWKV/g.0N6R.0T6ciYq79fO',NULL,'2025-06-30 00:30:14','2025-06-30 00:30:14'),(94,'Diaz Ochoa Adriana','Diaz_ochoa_adriana@example.com',NULL,'$2y$10$XxTuTKEXUJCvQ3XLqKZmg.sa1UlcuRpCpkcp/YGR2CU6hz04gZpLm',NULL,'2025-06-30 00:30:14','2025-06-30 00:30:14'),(95,'Aguilar Quintero Jesus','Aguilar_quintero_jesus@example.com',NULL,'$2y$10$iaA4pP8SRVdUY3oTzHU0herpgGq1Uw4ZkgABmtUZwjqmvnk7gHu6G',NULL,'2025-06-30 00:30:14','2025-06-30 00:30:14'),(96,'Ruiz Vega Adrian','Ruiz_vega_adrian@example.com',NULL,'$2y$10$txYTLuduhyL15le9bisr/.CmX9olHAJDWpBbawlrL8lHbj0h5whh6',NULL,'2025-06-30 00:30:14','2025-06-30 00:30:14'),(97,'Jorge','Jorge@example.com',NULL,'$2y$10$Lrtq.Kn/dmXFZxj89QlaKuavZloNyHbhB7kBQLaRhngemFEDweyOi',NULL,'2025-06-30 00:30:14','2025-06-30 00:30:14'),(98,'Mora Barajas Tamar','Mora_barajas_tamar@example.com',NULL,'$2y$10$ndDDCkoLo7sXUmP.G9BcQu/3oRQTN0x6mgoI4QmA0V5bd4sWcX0NW',NULL,'2025-06-30 00:30:14','2025-06-30 00:30:14'),(99,'Martita','Martita@example.com',NULL,'$2y$10$x04SOi6GTLpRE8u1VMIzGOFR2bc5wN2hMQ3t.ROpxAK/1QujJKVbO',NULL,'2025-06-30 00:30:14','2025-06-30 00:30:14'),(100,'Heber Calderón','Heber_calderon@example.com',NULL,'$2y$10$Pm3R5v0waF2pfxLg/2d8aeXMk8qhOh1XRnOha1w8duneU5eZPxs9.',NULL,'2025-06-30 00:30:14','2025-06-30 00:30:14'),(101,'Gaby','Gaby@example.com',NULL,'$2y$10$HUWriMQJW7IVnDvEvMo21eB6PWBrezagSHxDAcn9n1inpYMt1FmrS',NULL,'2025-06-30 00:30:15','2025-06-30 00:30:15'),(102,'Carlos Castañeda','Carlos_castañeda@example.com',NULL,'$2y$10$CoJj8GFHVR4SN/Qbl9Fa2eA8LsktjKkf7faUp53PE6e8McWygfpWC',NULL,'2025-06-30 00:30:15','2025-06-30 00:30:15'),(103,'Carlos Castañeda','carlos.castaneda@example.com',NULL,'$2y$10$8ybptytAHSxmdkZ2h9UUiuiHa1u/fnCJKwL3TiSuo2Rf5q9e9hrA2',NULL,'2025-06-30 00:38:17','2025-06-30 00:38:17'),(104,'García Tapia','Garcia.tapia@example.com',NULL,'$2y$10$57ijngFIMYqhXbA1H16XZeptxP0pVWHehOR7qHZiOoLtSweR8PzIS',NULL,'2025-06-30 05:39:27','2025-06-30 05:39:27'),(105,'Miguel Angel','Miguel.angel@example.com',NULL,'$2y$10$gEkZPCw0AfwwqWVOpAOEGO7DhEKOmDy.6XoWdmyNJWFGHu6NFc7CW',NULL,'2025-06-30 05:39:36','2025-06-30 05:39:36'),(106,'Ramirez Espino Oscar','Ramirez.Espino.Oscar@example.com',NULL,'$2y$10$zKXMmI5mWHKs4LmuI98KjeTXVYvvkw6R/zWYvr5qX4W2Z3oWrN3RG',NULL,'2025-07-01 19:37:43','2025-07-01 19:37:43'),(107,'Santillan Gutierrez Jesús','Santillan.Gutierrez.Jesús@example.com',NULL,'$2y$10$CttwCef3xYfwBesRG2Ripebd1IVzKAQXznkiAqURvmo.T/HY0rv5y',NULL,'2025-07-01 19:37:43','2025-07-01 19:37:43'),(108,'Tapia García','Tapia.Garcia@example.com',NULL,'$2y$10$Iq/Eg/e2TNMzNUZ1c.zOnOypUcza8oz5/jtpNp0zrJyIhR1aIE6Cq',NULL,'2025-07-02 06:26:01','2025-07-02 06:26:01'),(109,'Osny y Pablo','Osny.pablo@example.com',NULL,'$2y$10$4zdfoBJzosqIlj0VGTeF.OSu1Ig.8XnvIAkXQbIWBcBz5IAGL9ENW',NULL,'2025-07-03 01:33:20','2025-07-03 01:33:20'),(110,'Araceli','Araceli@example.com',NULL,'$2y$10$WQNQQZiYDnzdQ9iR9qiL7OgszRkeNGnsh.jj9vKmO3/1c8/2ES5R6',NULL,'2025-07-03 01:33:20','2025-07-03 01:33:20'),(111,'Luis Nuñez','luis.nuñez@example.com',NULL,'$2y$10$haKp7oHXoxqxnR61Mw4LOuIWVYEMWso.cD3EHBsmSeGSBRKjN4WEC',NULL,'2025-07-03 01:33:20','2025-07-03 01:33:20'),(112,'Alejandra','alejandra@example.com',NULL,'$2y$10$Iu2GGwYNrVV/AbWBibEXDuQa0.gOz1U6DaP6Rc6G9ltO2aOB3iBBy',NULL,'2025-07-03 01:33:20','2025-07-03 01:33:20'),(114,'Carlos','Carlos@example.com',NULL,'$2y$10$hlADp8fP1v08lTooKa5CR.NhBcH/VZMDx5DrEZ0sThDAvTCR3nSP2',NULL,'2025-07-03 01:34:36','2025-07-03 01:34:36'),(115,'Adair','Adair@example.com',NULL,'$2y$10$2VBLvcz0.bkVrmgQcUt5juc7r2sZyZuFCP5StHndLnVYmam1e276a',NULL,'2025-07-03 01:34:36','2025-07-03 01:34:36'),(116,'Valentina','Valentina@example.com',NULL,'$2y$10$XYk6Xi7F3XbuPIc07GuxP.D7tA8YqUL.LrsejF.SSTRHMIwBhtWIK',NULL,'2025-07-03 01:34:36','2025-07-03 01:34:36'),(117,'Iker','Iker.2@example.com',NULL,'$2y$10$ePsawZ.oJnXTUDOlQeiB3.f7mctbLqY9h2BZmHWc/mKAiuPgO/kC6',NULL,'2025-07-03 01:35:26','2025-07-03 01:35:26'),(119,'Iris','Iris@example.com',NULL,'$2y$10$kU.mcHohmY1ZU2NEFvhazOtpeRr9VOiuvAS/wfjlMZd.ip1gT1082',NULL,'2025-07-03 01:35:44','2025-07-03 01:35:44'),(120,'Anahi','Abahi@example.com',NULL,'$2y$10$dz6UFyndeOji.C9DHNwqjumb2/kG9reoEpQEQZmtWht65eUAWZUym',NULL,'2025-07-03 03:06:43','2025-07-03 03:06:43'),(121,'Salvador','salvador@example.com',NULL,'$2y$10$XoOTJ3nyFtlOUpWNXUWf6ebkM.dBW6/xKIknjGmiCtbPPeQ0sSShS',NULL,'2025-07-03 09:48:47','2025-07-03 09:48:47');


