--
-- Host: localhost    Database: sistemacontable
-- ------------------------------------------------------


--
-- Table structure for table `activity_log`
--

CREATE TABLE `activity_log` (
  `id` bigint unsigned NOT NULL AUTO_INCREMENT,
  `log_name` varchar(255) COLLATE utf8mb4_unicode_ci DEFAULT NULL,
  `description` text COLLATE utf8mb4_unicode_ci NOT NULL,
  `subject_type` varchar(255) COLLATE utf8mb4_unicode_ci DEFAULT NULL,
  `subject_id` bigint unsigned DEFAULT NULL,
  `causer_type` varchar(255) COLLATE utf8mb4_unicode_ci DEFAULT NULL,
  `causer_id` bigint unsigned DEFAULT NULL,
  `properties` json DEFAULT NULL,
  `created_at` timestamp NULL DEFAULT NULL,
  `updated_at` timestamp NULL DEFAULT NULL,
  PRIMARY KEY (`id`),
  KEY `activity_log_subject_type_subject_id_index` (`subject_type`,`subject_id`),
  KEY `activity_log_causer_type_causer_id_index` (`causer_type`,`causer_id`)
) ENGINE=InnoDB AUTO_INCREMENT=12 DEFAULT CHARSET=utf8mb4 COLLATE=utf8mb4_unicode_ci;

--
-- Dumping data for table `activity_log`
--

INSERT INTO `activity_log` VALUES (1,'default','El usuario ha sido created','App\\Models\\User',1,NULL,NULL,'[]','2025-04-07 11:02:22','2025-04-07 11:02:22'),(2,'default','El usuario ha sido created','App\\Models\\User',2,'App\\Models\\User',1,'[]','2025-04-07 11:08:15','2025-04-07 11:08:15'),(3,'default','El usuario ha sido created','App\\Models\\User',3,'App\\Models\\User',2,'[]','2025-05-19 23:56:43','2025-05-19 23:56:43'),(4,'default','El usuario ha sido updated','App\\Models\\User',3,'App\\Models\\User',3,'[]','2025-05-20 00:22:23','2025-05-20 00:22:23'),(5,'default','El usuario ha sido updated','App\\Models\\User',3,'App\\Models\\User',1,'[]','2025-05-21 00:22:23','2025-05-21 00:22:23'),(6,'default','El usuario ha sido created','App\\Models\\User',4,'App\\Models\\User',1,'[]','2025-05-21 00:23:17','2025-05-21 00:23:17'),(7,'default','El usuario ha sido deleted','App\\Models\\User',3,'App\\Models\\User',1,'[]','2025-05-21 00:23:55','2025-05-21 00:23:55'),(8,'default','El usuario ha sido created','App\\Models\\User',5,'App\\Models\\User',1,'[]','2025-05-21 00:24:14','2025-05-21 00:24:14'),(9,'default','El usuario ha sido deleted','App\\Models\\User',4,'App\\Models\\User',1,'[]','2025-05-21 00:25:02','2025-05-21 00:25:02'),(10,'default','El usuario ha sido updated','App\\Models\\User',1,'App\\Models\\User',1,'[]','2025-05-21 00:25:15','2025-05-21 00:25:15'),(11,'default','El usuario ha sido updated','App\\Models\\User',5,'App\\Models\\User',1,'[]','2025-05-21 00:29:12','2025-05-21 00:29:12');

--
-- Table structure for table `areas`
--

CREATE TABLE `areas` (
  `id` bigint unsigned NOT NULL AUTO_INCREMENT,
  `nombre` varchar(255) COLLATE utf8mb4_unicode_ci NOT NULL,
  `descripcion` text COLLATE utf8mb4_unicode_ci,
  `created_at` timestamp NULL DEFAULT NULL,
  `updated_at` timestamp NULL DEFAULT NULL,
  PRIMARY KEY (`id`)
) ENGINE=InnoDB AUTO_INCREMENT=28 DEFAULT CHARSET=utf8mb4 COLLATE=utf8mb4_unicode_ci;

--
-- Dumping data for table `areas`
--

INSERT INTO `areas` VALUES (1,'A11 Rectoria','Responsable de la UTM','2025-04-07 11:02:40','2025-04-08 00:33:47'),(2,'A11- Judirico','Responsable de todos los Asuntos Legales de la UTM','2025-04-07 11:02:40','2025-04-08 00:34:51'),(3,'A11 Dep Actividades culturales y Deportivas','Encargado de Actividades  y Eventos Culturales y Deportivos','2025-04-07 11:02:40','2025-04-08 00:36:05'),(4,'A11 Dep Prensa y Difusión','Encargado del diseño, difusión e Imagen de la UTM','2025-04-07 11:02:40','2025-04-08 00:38:07'),(5,'A11 Dep Promoción de la Salud','Encargada de la prevención y atención a temas de salud','2025-04-07 11:02:40','2025-04-08 00:41:42'),(6,'A11 Dep Servicios Escolares','Encargado de todos los temas estudiantiles de la UTM','2025-04-08 00:41:30','2025-04-08 00:41:30'),(7,'A11 Unidad de Apoyo Técnico y Logístico','Responsable de coordinar el buen funcionamiento de la UTM','2025-04-08 00:43:17','2025-04-08 00:45:03'),(8,'A71 Delegación Administrativa','Responsable del buen funcionamiento del área administrativa','2025-04-08 00:44:38','2025-04-08 00:46:52'),(9,'A71 Depto Recursos Humanos','Encargado de los temas del personal adscrito a la UTM','2025-04-08 00:48:27','2025-04-08 00:48:27'),(10,'A71 Depto Recursos Materiales y Servicios Generales','Encargado de adquisiciones, servicios y atencion a las necesidades de la UTM para su buen funcionamiento','2025-04-08 00:50:16','2025-04-08 00:50:16'),(11,'A71 Depto Recursos Financieros y Contabilidad','Encargado de administrar los recursos financieros de la UTM','2025-04-08 01:24:22','2025-04-08 01:24:22'),(12,'A91 Dirección Academica','Responsable del Área Académica de la UTM','2025-04-08 01:25:35','2025-04-08 01:25:35'),(13,'A91 Subdirección de Planeación Académica','Encargado de','2025-04-08 01:27:18','2025-04-08 01:27:18'),(14,'A91 Planeacion Programacion y Evaluacion','Encargado de','2025-04-08 01:28:54','2025-04-08 01:28:54'),(15,'A91 Depto de investigacion y desarollo','Encargado de','2025-04-08 01:29:36','2025-04-08 01:29:36'),(16,'A91 Depto de Practicas y Estadias','Encargado de','2025-04-08 01:30:13','2025-04-08 01:30:13'),(17,'A91 Depto de Tecnologías de la información y Comunicaciones','Encargado de los temas de comunicación de la UTM','2025-04-08 01:31:24','2025-04-08 01:31:24'),(18,'A91 Depto de vinculación Académica','Encargada de','2025-04-08 01:32:35','2025-04-08 01:32:35'),(19,'A91 Subdirección de Asesor Financiero','Encargado de la carrera de Asesor Financiero','2025-04-08 01:34:09','2025-04-08 01:34:09'),(20,'A91 Subdirección de Biotecnología','Encargado de la carrera','2025-04-08 01:35:12','2025-04-08 01:35:12'),(21,'Subdireccion de Diseño y Moda Industrial','Encargado de la Carrera','2025-04-08 01:36:04','2025-04-08 01:36:04'),(22,'A91 Subdirección de Energías Renovables','Encargado de la Carrera','2025-04-08 01:37:02','2025-04-08 01:37:02'),(23,'A91 Subdirección de Enfermería','Encargado de la carrera','2025-04-08 01:37:46','2025-04-08 01:37:46'),(24,'A91 Subdirección de Gastronomía','Encargado de la Carrera','2025-04-08 01:38:25','2025-04-08 01:38:25'),(25,'A91 Subdirección de Mantenimiento Industrial','Encargado de la Carrera','2025-04-08 01:38:59','2025-04-08 01:38:59'),(26,'A91 Subdirección de Tecnologías de la Información','Encargado de la Carrera','2025-04-08 01:39:45','2025-04-08 01:39:45'),(27,'A91 Programa de Lenguas Extranjeras','Encargado de la carrera','2025-04-08 01:40:21','2025-04-08 01:40:21');

--
-- Table structure for table `asignaciones_presupuestales`
--

CREATE TABLE `asignaciones_presupuestales` (
  `id` bigint unsigned NOT NULL AUTO_INCREMENT,
  `fondo_id` bigint unsigned NOT NULL,
  `cuenta_bancaria_id` bigint unsigned DEFAULT NULL,
  `unidad_responsable_id` bigint unsigned NOT NULL,
  `partida_id` bigint unsigned DEFAULT NULL,
  `monto` decimal(15,2) NOT NULL,
  `periodo` varchar(255) COLLATE utf8mb4_unicode_ci DEFAULT NULL,
  `justificacion` text COLLATE utf8mb4_unicode_ci,
  `created_at` timestamp NULL DEFAULT NULL,
  `updated_at` timestamp NULL DEFAULT NULL,
  PRIMARY KEY (`id`),
  KEY `asignaciones_presupuestales_fondo_id_foreign` (`fondo_id`),
  KEY `asignaciones_presupuestales_cuenta_bancaria_id_foreign` (`cuenta_bancaria_id`),
  KEY `asignaciones_presupuestales_unidad_responsable_id_foreign` (`unidad_responsable_id`),
  KEY `asignaciones_presupuestales_partida_id_foreign` (`partida_id`),
  CONSTRAINT `asignaciones_presupuestales_cuenta_bancaria_id_foreign` FOREIGN KEY (`cuenta_bancaria_id`) REFERENCES `cuenta_bancarias` (`id`) ON DELETE SET NULL,
  CONSTRAINT `asignaciones_presupuestales_fondo_id_foreign` FOREIGN KEY (`fondo_id`) REFERENCES `fondos` (`id`) ON DELETE CASCADE,
  CONSTRAINT `asignaciones_presupuestales_partida_id_foreign` FOREIGN KEY (`partida_id`) REFERENCES `partidas` (`id`) ON DELETE SET NULL,
  CONSTRAINT `asignaciones_presupuestales_unidad_responsable_id_foreign` FOREIGN KEY (`unidad_responsable_id`) REFERENCES `unidad_responsables` (`id`) ON DELETE CASCADE
) ENGINE=InnoDB AUTO_INCREMENT=4 DEFAULT CHARSET=utf8mb4 COLLATE=utf8mb4_unicode_ci;

--
-- Dumping data for table `asignaciones_presupuestales`
--


--
-- Table structure for table `capitulos`
--

CREATE TABLE `capitulos` (
  `id` bigint unsigned NOT NULL AUTO_INCREMENT,
  `nombre` varchar(255) COLLATE utf8mb4_unicode_ci NOT NULL,
  `descripcion` text COLLATE utf8mb4_unicode_ci,
  `created_at` timestamp NULL DEFAULT NULL,
  `updated_at` timestamp NULL DEFAULT NULL,
  PRIMARY KEY (`id`)
) ENGINE=InnoDB AUTO_INCREMENT=10 DEFAULT CHARSET=utf8mb4 COLLATE=utf8mb4_unicode_ci;

--
-- Dumping data for table `capitulos`
--

INSERT INTO `capitulos` VALUES (1,'10000','SERVICIOS PERSONALES','2025-04-07 11:02:22','2025-04-07 11:02:22'),(2,'20000','MATERIALES Y SUMINISTRO','2025-04-07 11:02:22','2025-04-07 11:02:22'),(3,'30000','SERVICIOS GENERALES','2025-04-07 11:02:22','2025-04-07 11:02:22'),(4,'40000','TRANSFERENCIAS, ASIGNACIONES, SUBSIDIOS Y OTRAS AYUDAS','2025-04-07 11:02:22','2025-04-07 11:02:22'),(5,'50000','BIENES MUEBLES, INMUEBLES E INTANGIBLES','2025-04-07 11:02:22','2025-04-07 11:02:22'),(6,'60000','INVERSIÓN PÚBLICA','2025-04-07 11:02:22','2025-04-07 11:02:22'),(7,'70000','INVERSIONES FINANCIERAS Y OTRAS PROVISIONES','2025-04-07 11:02:22','2025-04-07 11:02:22'),(8,'80000','PARTICIPACIONES Y APORTACIONES','2025-04-07 11:02:22','2025-04-07 11:02:22'),(9,'90000','DEUDA PÚBLICA','2025-04-07 11:02:22','2025-04-07 11:02:22');

--
-- Table structure for table `cuenta_bancarias`
--

CREATE TABLE `cuenta_bancarias` (
  `id` bigint unsigned NOT NULL AUTO_INCREMENT,
  `fondo_id` bigint unsigned NOT NULL,
  `nombre` varchar(255) COLLATE utf8mb4_unicode_ci NOT NULL,
  `numero` varchar(255) COLLATE utf8mb4_unicode_ci NOT NULL,
  `saldo` decimal(15,2) NOT NULL DEFAULT '0.00',
  `created_at` timestamp NULL DEFAULT NULL,
  `updated_at` timestamp NULL DEFAULT NULL,
  PRIMARY KEY (`id`),
  KEY `cuenta_bancarias_fondo_id_foreign` (`fondo_id`),
  CONSTRAINT `cuenta_bancarias_fondo_id_foreign` FOREIGN KEY (`fondo_id`) REFERENCES `fondos` (`id`) ON DELETE CASCADE
) ENGINE=InnoDB AUTO_INCREMENT=9 DEFAULT CHARSET=utf8mb4 COLLATE=utf8mb4_unicode_ci;

--
-- Dumping data for table `cuenta_bancarias`
--

INSERT INTO `cuenta_bancarias` VALUES (5,2,'Sub Est 2025 (09)','BBVA - 0124139445',26200280.00,'2025-04-07 11:02:40','2025-05-28 12:22:27'),(6,1,'Sub Est 2025 (02)','BBVA - 0124139852',10550000.00,'2025-04-07 23:38:51','2025-05-28 12:22:27'),(7,3,'Sub Fed 2025 (Ae)','BBVA - 0124139763',25289696.00,'2025-04-07 23:47:25','2025-05-28 12:22:27'),(8,11,'INGRESOS PROPIOS','0124139585',2496268.87,'2025-04-07 23:50:40','2025-05-28 12:22:27');

--
-- Table structure for table `evidencias`
--

CREATE TABLE `evidencias` (
  `id` bigint unsigned NOT NULL AUTO_INCREMENT,
  `solicitud_dev_id` bigint unsigned DEFAULT NULL,
  `ruta` varchar(255) COLLATE utf8mb4_unicode_ci NOT NULL,
  `created_at` timestamp NULL DEFAULT NULL,
  `updated_at` timestamp NULL DEFAULT NULL,
  PRIMARY KEY (`id`),
  KEY `evidencias_solicitud_dev_id_foreign` (`solicitud_dev_id`),
  CONSTRAINT `evidencias_solicitud_dev_id_foreign` FOREIGN KEY (`solicitud_dev_id`) REFERENCES `solicitud_devs` (`id`) ON DELETE CASCADE
) ENGINE=InnoDB AUTO_INCREMENT=2 DEFAULT CHARSET=utf8mb4 COLLATE=utf8mb4_unicode_ci;

--
-- Dumping data for table `evidencias`
--

INSERT INTO `evidencias` VALUES (1,1,'evidencias/documento_evidencia.pdf','2025-04-07 11:02:40','2025-04-07 11:02:40');

--
-- Table structure for table `failed_jobs`
--

CREATE TABLE `failed_jobs` (
  `id` bigint unsigned NOT NULL AUTO_INCREMENT,
  `uuid` varchar(255) COLLATE utf8mb4_unicode_ci NOT NULL,
  `connection` text COLLATE utf8mb4_unicode_ci NOT NULL,
  `queue` text COLLATE utf8mb4_unicode_ci NOT NULL,
  `payload` longtext COLLATE utf8mb4_unicode_ci NOT NULL,
  `exception` longtext COLLATE utf8mb4_unicode_ci NOT NULL,
  `failed_at` timestamp NOT NULL DEFAULT CURRENT_TIMESTAMP,
  PRIMARY KEY (`id`),
  UNIQUE KEY `failed_jobs_uuid_unique` (`uuid`)
) ENGINE=InnoDB DEFAULT CHARSET=utf8mb4 COLLATE=utf8mb4_unicode_ci;

--
-- Dumping data for table `failed_jobs`
--


--
-- Table structure for table `fondos`
--

CREATE TABLE `fondos` (
  `id` bigint unsigned NOT NULL AUTO_INCREMENT,
  `clave` varchar(255) COLLATE utf8mb4_unicode_ci NOT NULL,
  `nombre` varchar(255) COLLATE utf8mb4_unicode_ci DEFAULT NULL,
  `descripcion` text COLLATE utf8mb4_unicode_ci,
  `created_at` timestamp NULL DEFAULT NULL,
  `updated_at` timestamp NULL DEFAULT NULL,
  PRIMARY KEY (`id`),
  UNIQUE KEY `fondos_clave_unique` (`clave`)
) ENGINE=InnoDB AUTO_INCREMENT=12 DEFAULT CHARSET=utf8mb4 COLLATE=utf8mb4_unicode_ci;

--
-- Dumping data for table `fondos`
--

INSERT INTO `fondos` VALUES (1,'251101021','INGRESOS DE FUENTES LOCALES','FF ESTATAL','2025-04-07 11:02:22','2025-04-07 23:41:26'),(2,'251528091','FONDO GENERAL DE PARTICIPACIONES','FF ESTATAL','2025-04-07 11:02:22','2025-04-07 22:49:34'),(3,'252511AE1','UNIVERSIDADES TECNOLOGICAS, SUBSIDIO P ORG DESC EST','FF FEDERAL','2025-04-07 11:02:22','2025-04-07 22:51:42'),(4,'252511MB1','Fondo 4',NULL,'2025-04-07 11:02:22','2025-04-07 11:02:22'),(5,'252511MN1','Fondo 5',NULL,'2025-04-07 11:02:22','2025-04-07 11:02:22'),(11,'2525E0','INGRESOS PROPIOS','FF INGRESOS PROPIOS','2025-04-07 23:39:55','2025-04-07 23:41:07');

--
-- Table structure for table `migrations`
--

CREATE TABLE `migrations` (
  `id` int unsigned NOT NULL AUTO_INCREMENT,
  `migration` varchar(255) COLLATE utf8mb4_unicode_ci NOT NULL,
  `batch` int NOT NULL,
  PRIMARY KEY (`id`)
) ENGINE=InnoDB AUTO_INCREMENT=55 DEFAULT CHARSET=utf8mb4 COLLATE=utf8mb4_unicode_ci;

--
-- Dumping data for table `migrations`
--

INSERT INTO `migrations` VALUES (35,'2014_10_12_000000_create_users_table',1),(36,'2014_10_12_100000_create_password_resets_table',1),(37,'2019_08_19_000000_create_failed_jobs_table',1),(38,'2019_12_14_000001_create_personal_access_tokens_table',1),(39,'2025_01_15_203544_create_permission_tables',1),(40,'2025_01_16_042526_create_settings_table',1),(41,'2025_03_04_004147_create_activity_log_table',1),(42,'2025_03_04_012200_add_updated_at_to_activity_log_table',1),(43,'2025_03_29_000000_create_fondos_table',1),(44,'2025_03_29_010000_create_cuenta_bancarias_table',1),(45,'2025_03_29_020000_create_capitulos_table',1),(46,'2025_03_29_030000_create_partidas_table',1),(47,'2025_03_29_040000_create_unidad_responsables_table',1),(48,'2025_03_29_050000_create_areas_table',1),(49,'2025_03_29_060000_create_solicitud_devs_table',1),(50,'2025_03_29_070000_create_evidencias_table',1),(51,'2025_03_29_080000_create_transacciones_table',1),(52,'2025_04_07_005757_create_ministraciones_table',1),(53,'2025_04_07_015131_create_AsignacionesPresupuestales_table',1),(54,'2025_05_26_064953_create_movimientos_table',2);

--
-- Table structure for table `ministraciones`
--

CREATE TABLE `ministraciones` (
  `id` bigint unsigned NOT NULL AUTO_INCREMENT,
  `fecha` date NOT NULL,
  `fondo_id` bigint unsigned NOT NULL,
  `cuenta_bancaria_id` bigint unsigned NOT NULL,
  `unidad_responsable_id` bigint unsigned NOT NULL,
  `partida_id` bigint unsigned DEFAULT NULL,
  `importe` decimal(15,2) NOT NULL,
  `tipo_gasto` varchar(255) COLLATE utf8mb4_unicode_ci DEFAULT NULL,
  `descripcion` varchar(255) COLLATE utf8mb4_unicode_ci DEFAULT NULL,
  `periodo` varchar(255) COLLATE utf8mb4_unicode_ci DEFAULT NULL,
  `observaciones` text COLLATE utf8mb4_unicode_ci,
  `referencia_gasto` varchar(255) COLLATE utf8mb4_unicode_ci DEFAULT NULL,
  `referencia_desc_gasto` varchar(255) COLLATE utf8mb4_unicode_ci DEFAULT NULL,
  `ref_fondo` varchar(255) COLLATE utf8mb4_unicode_ci DEFAULT NULL,
  `ref_partida` varchar(255) COLLATE utf8mb4_unicode_ci DEFAULT NULL,
  `ref_ur` varchar(255) COLLATE utf8mb4_unicode_ci DEFAULT NULL,
  `ref_part` varchar(255) COLLATE utf8mb4_unicode_ci DEFAULT NULL,
  `cuenta_bancaria_origen` varchar(255) COLLATE utf8mb4_unicode_ci DEFAULT NULL,
  `cuenta_aplicacion` varchar(255) COLLATE utf8mb4_unicode_ci DEFAULT NULL,
  `created_at` timestamp NULL DEFAULT NULL,
  `updated_at` timestamp NULL DEFAULT NULL,
  PRIMARY KEY (`id`),
  KEY `ministraciones_fondo_id_foreign` (`fondo_id`),
  KEY `ministraciones_cuenta_bancaria_id_foreign` (`cuenta_bancaria_id`),
  KEY `ministraciones_unidad_responsable_id_foreign` (`unidad_responsable_id`),
  KEY `ministraciones_partida_id_foreign` (`partida_id`),
  CONSTRAINT `ministraciones_cuenta_bancaria_id_foreign` FOREIGN KEY (`cuenta_bancaria_id`) REFERENCES `cuenta_bancarias` (`id`) ON DELETE CASCADE,
  CONSTRAINT `ministraciones_fondo_id_foreign` FOREIGN KEY (`fondo_id`) REFERENCES `fondos` (`id`) ON DELETE CASCADE,
  CONSTRAINT `ministraciones_partida_id_foreign` FOREIGN KEY (`partida_id`) REFERENCES `partidas` (`id`) ON DELETE SET NULL,
  CONSTRAINT `ministraciones_unidad_responsable_id_foreign` FOREIGN KEY (`unidad_responsable_id`) REFERENCES `unidad_responsables` (`id`) ON DELETE CASCADE
) ENGINE=InnoDB AUTO_INCREMENT=73 DEFAULT CHARSET=utf8mb4 COLLATE=utf8mb4_unicode_ci;

--
-- Dumping data for table `ministraciones`
--

INSERT INTO `ministraciones` VALUES (6,'2025-01-30',1,5,3,1130,70000.00,'N-P CCT','Prestaciones establecidas por CGT ó CCT','2025-01','Gastos Representacion Sututem',NULL,NULL,NULL,NULL,NULL,NULL,NULL,NULL,'2025-04-07 11:02:40','2025-04-07 11:02:40'),(7,'2025-01-30',1,5,3,1130,10000.00,'N-P CCT','Prestaciones establecidas por CGT ó CCT','2025-01','Operatividad de Oficinas Sututem',NULL,NULL,NULL,NULL,NULL,NULL,NULL,NULL,'2025-04-07 11:02:40','2025-04-07 11:02:40'),(18,'2025-02-17',1,5,3,1131,144313.00,'Gasto_3000','Impuesto sobre nóminas y similares','2025-01','UTM',NULL,NULL,NULL,NULL,NULL,NULL,NULL,NULL,'2025-04-07 11:02:41','2025-04-07 11:02:41'),(19,'2025-02-18',1,5,3,1130,361400.00,'N-P CCT','Prestaciones establecidas por CGT ó CCT','2025-01','SUTUTEM - Ayuda Sindical',NULL,NULL,NULL,NULL,NULL,NULL,NULL,NULL,'2025-04-07 11:02:41','2025-04-07 11:02:41'),(20,'2025-02-18',1,5,3,1130,34000.00,'N-P CCT','Prestaciones establecidas por CGT ó CCT','2025-01','SUTUTEM - Apoyo Transporte',NULL,NULL,NULL,NULL,NULL,NULL,NULL,NULL,'2025-04-07 11:02:41','2025-04-07 11:02:41'),(27,'2025-01-14',2,5,2,533,636022.00,'SUELDOS Y SALARIOS','PROVISIONAL 1700000031/S0024 TRAMITADO EL 09 DE ENERO DEL 2025 POR $ 3,175,274.00','ENERO 2025',NULL,NULL,NULL,NULL,NULL,NULL,NULL,NULL,NULL,'2025-05-23 00:37:52','2025-05-23 00:39:08'),(28,'2025-01-14',2,5,3,533,475722.00,'SUELDOS Y SALARIOS','PROVISIONAL 1700000031/S0024 TRAMITADO EL 09 DE ENERO DEL 2025 POR $ 3,175,274.00','FEB 2025',NULL,NULL,NULL,NULL,NULL,NULL,NULL,NULL,NULL,'2025-05-23 00:42:06','2025-05-23 00:47:34'),(29,'2025-01-14',2,5,8,533,2063530.00,'SUELDOS Y SALARIOS','PROVISIONAL 1700000031/S0024 TRAMITADO EL 09 DE ENERO DEL 2025 POR $ 3,175,274.00','ENERO 2025',NULL,NULL,NULL,NULL,NULL,NULL,NULL,NULL,NULL,'2025-05-23 00:50:58','2025-05-23 00:50:58'),(30,'2025-01-14',1,6,3,533,1600000.00,'SUELDOS Y SALARIOS','PROVISIONAL 1700000029/S0022 TRAMITADO EL 09 DE ENERO DEL 2025 POR $ 1,600,000.00','FEB 2025',NULL,NULL,NULL,NULL,NULL,NULL,NULL,NULL,NULL,'2025-05-23 00:57:08','2025-05-23 00:57:08'),(31,'2025-02-06',2,5,2,533,636022.00,'SUELDOS Y SALARIOS','PROVISIONAL 1700000356/S0255 TRAMITADO EL 04 DE FEBRERO DEL 2025 POR $ 3,175,274.00','FEB 2025',NULL,NULL,NULL,NULL,NULL,NULL,NULL,NULL,NULL,'2025-05-23 01:02:26','2025-05-23 01:02:26'),(32,'2025-02-06',2,5,3,533,475722.00,'SUELDOS Y SALARIOS','PROVISIONAL 1700000356/S0255 TRAMITADO EL 04 DE FEBRERO DEL 2025 POR $ 3,175,274.00','ENERO 2025',NULL,NULL,NULL,NULL,NULL,NULL,NULL,NULL,NULL,'2025-05-23 01:06:10','2025-05-23 01:06:10'),(33,'2025-02-06',2,5,3,533,1646140.00,'SUELDOS Y SALARIOS','PROVISIONAL 1700000356/S0255 TRAMITADO EL 04 DE FEBRERO DEL 2025 POR $ 3,175,274.00','FEB 2025',NULL,NULL,NULL,NULL,NULL,NULL,NULL,NULL,NULL,'2025-05-23 01:07:52','2025-05-23 01:07:52'),(34,'2025-02-27',2,5,8,533,2063530.00,'SUELDOS Y SALARIOS','DEPP 0530000000011TRAMITADO EL 20 DE FEBRERO DEL 2025 POR $ 2,063,530.00','FEB 2025',NULL,NULL,NULL,NULL,NULL,NULL,NULL,NULL,NULL,'2025-05-23 02:25:58','2025-05-23 02:25:58'),(35,'2025-02-06',1,6,2,1131,130000.00,'PAGO ADEUDOS CCT','PROVISIONAL 1700000359/S0258 TRAMITADO EL 04 DE FEBRERO DEL 2025 POR $ 3,980,000.00','FEB 2025',NULL,NULL,NULL,NULL,NULL,NULL,NULL,NULL,NULL,'2025-05-23 02:34:24','2025-05-23 02:34:24'),(36,'2025-02-06',1,6,3,1131,1600000.00,'PAGO ADEUDOS CCT','PROVISIONAL 1700000359/S0258 TRAMITADO EL 04 DE FEBRERO DEL 2025 POR $ 3,980,000.00','FEB 2025',NULL,NULL,NULL,NULL,NULL,NULL,NULL,NULL,NULL,'2025-05-23 02:44:22','2025-05-23 02:44:22'),(37,'2025-02-06',1,6,3,533,2200000.00,'SUELDOS Y SALARIOS','PROVISIONAL 1700000359/S0258 TRAMITADO EL 04 DE FEBRERO DEL 2025 POR $ 3,980,000.00','FEB 2025',NULL,NULL,NULL,NULL,NULL,NULL,NULL,NULL,NULL,'2025-05-23 02:47:03','2025-05-23 02:47:03'),(38,'2025-02-06',1,6,8,1131,50000.00,'PAGO ADEUDOS CCT','PROVISIONAL 1700000359/S0258 TRAMITADO EL 04 DE FEBRERO DEL 2025 POR $ 3,980,000.00','FEB 2025',NULL,NULL,NULL,NULL,NULL,NULL,NULL,NULL,NULL,'2025-05-23 02:49:05','2025-05-23 02:49:05'),(40,'2025-02-13',11,8,3,132,1827027.00,'INGRESOS POR PRODUCTOS Y SERVICIOS UTM','INGRESOS POR PRODUCTOS Y SERVICIOS UTM','ENERO 2025',NULL,NULL,NULL,NULL,NULL,NULL,NULL,NULL,NULL,'2025-05-23 03:07:50','2025-05-23 03:07:50'),(41,'2025-03-18',1,6,3,1130,1600000.00,'SUELDOS Y SALARIOS','DEPP 0530000000013 DEL 14 DE MARZO 2025','MARZO 2025',NULL,NULL,NULL,NULL,NULL,NULL,NULL,NULL,NULL,'2025-05-23 03:23:48','2025-05-23 03:23:48'),(42,'2025-04-02',1,6,3,1131,800000.00,'CAPITULO 3000','DEPP 0530000000012 DEL 14 DE MARZO DE 2025','MARZO 2025',NULL,NULL,NULL,NULL,NULL,NULL,NULL,NULL,NULL,'2025-05-23 03:26:29','2025-05-23 03:26:29'),(43,'2025-04-02',1,6,8,1131,25000.00,'CAPITULO 3000','DEPP 0530000000015 DEL 14 DE MARZO 2025.','MARZO 2025',NULL,NULL,NULL,NULL,NULL,NULL,NULL,NULL,NULL,'2025-05-23 03:50:27','2025-05-23 03:50:27'),(44,'2025-04-02',1,6,2,1131,60000.00,'CAPITULO 3000','DEPP 0530000000017 DEL 14 DE MARZO DE 2025','MARZO 2025',NULL,NULL,NULL,NULL,NULL,NULL,NULL,NULL,NULL,'2025-05-23 03:53:38','2025-05-23 03:53:38'),(45,'2025-03-18',2,5,3,1130,475722.00,'SUELDOS Y SALARIOS','DEPP 0530000000014 DE FECHA 14 DE MARZO DE 2025.','MARZO 2025',NULL,NULL,NULL,NULL,NULL,NULL,NULL,NULL,NULL,'2025-05-26 23:02:53','2025-05-26 23:02:53'),(46,'2025-03-28',2,5,8,1130,2063530.00,'SUELDOS Y SALARIOS','DEPP 0530000000016 CON FECHA DEL 14 DE MARZO DE 2025','MARZO 2025',NULL,NULL,NULL,NULL,NULL,NULL,NULL,NULL,NULL,'2025-05-26 23:04:42','2025-05-26 23:04:42'),(47,'2025-03-18',2,5,2,1130,636022.00,'SUELDOS Y SALARIOS','DEPP 0530000000018 DE FECHA 14 DE MARZO DE 2025.',NULL,NULL,NULL,NULL,NULL,NULL,NULL,NULL,NULL,NULL,'2025-05-26 23:06:03','2025-05-26 23:06:03'),(48,'2025-03-31',2,5,2,1130,1654513.00,'SUELDOS Y SALARIOS','DEPP 0530000000019 DE FECHA 26 DE MARZO DE 2025.','MARZO 2025',NULL,NULL,NULL,NULL,NULL,NULL,NULL,NULL,NULL,'2025-05-26 23:07:39','2025-05-26 23:09:26'),(49,'2025-03-31',2,5,8,1130,1624780.00,'SUELDOS Y SALARIOS','DEPP 0530000000023 DE FECHA 26 DE MARZO DE 2025.',NULL,NULL,NULL,NULL,NULL,NULL,NULL,NULL,NULL,NULL,'2025-05-26 23:08:54','2025-05-26 23:08:54'),(50,'2025-03-28',3,7,2,1130,3562579.00,'SUELDOS Y SALARIOS','DEPP 0530000000020 DE FECHA 26 DE MARZO DE 2025.',NULL,NULL,NULL,NULL,NULL,NULL,NULL,NULL,NULL,NULL,'2025-05-26 23:10:59','2025-05-26 23:10:59'),(51,'2025-03-28',3,7,3,1130,3073306.00,'SUELDOS Y SALARIOS','DEPP 0530000000022 DE FECHA 26 DE MARZO DE 2025.',NULL,NULL,NULL,NULL,NULL,NULL,NULL,NULL,NULL,NULL,'2025-05-26 23:12:10','2025-05-26 23:12:10'),(52,'2025-03-28',3,7,8,1130,7815370.00,'SUELDOS Y SALARIOS','DEPP 0530000000024 DE FECHA 26 DE MARZO DE 2025.','MARZO 2025',NULL,NULL,NULL,NULL,NULL,NULL,NULL,NULL,NULL,'2025-05-26 23:13:20','2025-05-26 23:13:20'),(53,'2025-03-19',11,8,3,437,2026.87,'VIATICOS / REINTEGRO','DEVOLUCION RECURSO NO EJERCIDO JONATHAN MORENO JARAMILLO / COCINA TRADICIONALES /GST',NULL,NULL,NULL,NULL,NULL,NULL,NULL,NULL,NULL,NULL,'2025-05-26 23:22:26','2025-05-26 23:22:26'),(54,'2025-03-11',11,8,3,132,321747.00,'INGRESOS POR PRODUCTOS Y SERVICIOS UTM','INGRESOS PROPIOS FEBRERO 2025','FEBRERO25',NULL,NULL,NULL,NULL,NULL,NULL,NULL,NULL,NULL,'2025-05-26 23:32:39','2025-05-27 03:46:41'),(55,'2025-04-09',11,8,3,132,511305.31,'CAPITULO 2000','INGRESOS PROPIOS DE MARZO 2025.','MARZO 2025',NULL,NULL,NULL,NULL,NULL,NULL,NULL,NULL,NULL,'2025-05-27 03:55:55','2025-05-27 03:55:55'),(56,'2025-04-03',11,8,3,437,864.00,'VIATICOS / REINTEGRO','DEVOLUCION RECURSO NO EJERCIDO / GEORGINA ADRIANA SOSA ROCHA / COMISION CDMX','ABRIL 2025',NULL,NULL,NULL,NULL,NULL,NULL,NULL,NULL,NULL,'2025-05-27 21:51:13','2025-05-27 21:52:59'),(57,'2025-04-09',11,8,3,437,672.49,'VIATICOS / REINTEGRO','DEVOLUCION RECURSO NO EJERCIDO / ANDREA CORDOVA REYNA','ABRIL 2025',NULL,NULL,NULL,NULL,NULL,NULL,NULL,NULL,NULL,'2025-05-27 21:52:35','2025-05-27 21:52:35'),(58,'2025-05-10',11,8,3,132,193162.25,'INGRESOS PROPIOS DE ABRIL 2025.','INGRESOS PROPIOS DE ABRIL 2025.','ABRIL 2025',NULL,NULL,NULL,NULL,NULL,NULL,NULL,NULL,NULL,'2025-05-27 22:00:42','2025-05-27 22:00:42'),(59,'2025-04-22',1,6,3,1131,800000.00,'CAPITULO 3000','DEPP 0530000000030 DEL 11 DE ABRIL DE 2025','ABRIL 2025',NULL,NULL,NULL,NULL,NULL,NULL,NULL,NULL,NULL,'2025-05-27 22:08:56','2025-05-27 22:08:56'),(60,'2025-04-15',1,6,3,1130,1600000.00,'SUELDOS Y SALARIOS','DEPP 0530000000031 DEL 11 DE ABRIL DE 2025','ABRIL 2025',NULL,NULL,NULL,NULL,NULL,NULL,NULL,NULL,NULL,'2025-05-27 22:12:22','2025-05-27 22:12:22'),(61,'2025-05-05',1,6,8,1131,25000.00,'CAPITULO 3000','DEPP 0530000000037 DEL 11 DE ABRIL DE 2025','ABRIL 2025',NULL,NULL,NULL,NULL,NULL,NULL,NULL,NULL,NULL,'2025-05-27 22:33:03','2025-05-27 22:33:03'),(62,'2025-04-15',1,6,2,1131,60000.00,'CAPITULO 3000','DEPP 0530000000026 DEL 11 DE ABRIL DE 2025','ABRIL 2025',NULL,NULL,NULL,NULL,NULL,NULL,NULL,NULL,NULL,'2025-05-27 22:36:01','2025-05-27 22:36:01'),(63,'2025-04-15',2,5,3,1130,1305341.00,'SUELDOS Y SALARIOS','DEPP 0530000000032 DEL 11 DE ABRIL DE 2025','ABRIL 2025',NULL,NULL,NULL,NULL,NULL,NULL,NULL,NULL,NULL,'2025-05-27 22:37:21','2025-05-27 22:37:21'),(64,'2025-05-05',2,5,3,1131,708261.00,'CAPITULO 3000','DEPP 0530000000033 DEL 11 DE ABRIL DE 2025','ABRIL 2025',NULL,NULL,NULL,NULL,NULL,NULL,NULL,NULL,NULL,'2025-05-27 22:38:47','2025-05-27 22:38:47'),(65,'2025-05-05',2,5,3,1131,35269.00,'CAPITULO 3000','DEPP 0530000000034 DEL 11 DE ABRIL DE 2025','ABRIL 2025',NULL,NULL,NULL,NULL,NULL,NULL,NULL,NULL,NULL,'2025-05-27 22:40:03','2025-05-27 22:40:03'),(66,'2025-04-21',2,5,8,1130,7122778.00,'SUELDOS Y SALARIOS','DEPP 0530000000039 DEL 11 DE ABRIL DE 2025','ABRIL 2025',NULL,NULL,NULL,NULL,NULL,NULL,NULL,NULL,NULL,'2025-05-27 22:43:41','2025-05-27 22:43:41'),(67,'2025-04-15',2,5,2,1130,1957663.00,'SUELDOS Y SALARIOS','DEPP 0530000000027 DEL 11 DE ABRIL DE 2025','ABRIL 2025',NULL,NULL,NULL,NULL,NULL,NULL,NULL,NULL,NULL,'2025-05-27 22:44:51','2025-05-27 22:44:51'),(68,'2025-04-21',3,7,3,1131,35269.00,'SUELDOS Y SALARIOS','DEPP 0530000000036 DEL 11 DE ABRIL DE 2025','ABRIL 2025',NULL,NULL,NULL,NULL,NULL,NULL,NULL,NULL,NULL,'2025-05-27 22:46:08','2025-05-27 22:46:08'),(69,'2025-04-21',3,7,3,1130,1305341.00,'SUELDOS Y SALARIOS','DEPP 0530000000035 DEL 11 DE ABRIL DE 2025','ABRIL 2025',NULL,NULL,NULL,NULL,NULL,NULL,NULL,NULL,NULL,'2025-05-27 23:55:19','2025-05-27 23:55:19'),(70,'2025-04-29',3,7,8,1130,7122778.00,'SUELDOS Y SALARIOS','DEPP 0530000000038 DEL 11 DE ABRIL DE 2025','ABRIL 2025',NULL,NULL,NULL,NULL,NULL,NULL,NULL,NULL,NULL,'2025-05-27 23:57:51','2025-05-27 23:57:51'),(71,'2025-04-21',3,7,2,1130,2375053.00,'SUELDOS Y SALARIOS','DEPP 0530000000029 DEL 11 DE ABRIL DE 2025','ABRIL 2025',NULL,NULL,NULL,NULL,NULL,NULL,NULL,NULL,NULL,'2025-05-27 23:58:58','2025-05-27 23:58:58'),(72,'2025-04-30',11,8,3,437,192.00,'VIATICOS / REINTEGRO','DEVOLUCION RECURSO NO EJERCIDO / AXEL RIVERA VARGAS / COMISION ZACAPU','ABRIL 2025',NULL,NULL,NULL,NULL,NULL,NULL,NULL,NULL,NULL,'2025-05-28 00:01:20','2025-05-28 00:01:20');

--
-- Table structure for table `model_has_permissions`
--

CREATE TABLE `model_has_permissions` (
  `permission_id` bigint unsigned NOT NULL,
  `model_type` varchar(255) COLLATE utf8mb4_unicode_ci NOT NULL,
  `model_id` bigint unsigned NOT NULL,
  PRIMARY KEY (`permission_id`,`model_id`,`model_type`),
  KEY `model_has_permissions_model_id_model_type_index` (`model_id`,`model_type`),
  CONSTRAINT `model_has_permissions_permission_id_foreign` FOREIGN KEY (`permission_id`) REFERENCES `permissions` (`id`) ON DELETE CASCADE
) ENGINE=InnoDB DEFAULT CHARSET=utf8mb4 COLLATE=utf8mb4_unicode_ci;

--
-- Dumping data for table `model_has_permissions`
--


--
-- Table structure for table `model_has_roles`
--

CREATE TABLE `model_has_roles` (
  `role_id` bigint unsigned NOT NULL,
  `model_type` varchar(255) COLLATE utf8mb4_unicode_ci NOT NULL,
  `model_id` bigint unsigned NOT NULL,
  PRIMARY KEY (`role_id`,`model_id`,`model_type`),
  KEY `model_has_roles_model_id_model_type_index` (`model_id`,`model_type`),
  CONSTRAINT `model_has_roles_role_id_foreign` FOREIGN KEY (`role_id`) REFERENCES `roles` (`id`) ON DELETE CASCADE
) ENGINE=InnoDB DEFAULT CHARSET=utf8mb4 COLLATE=utf8mb4_unicode_ci;

--
-- Dumping data for table `model_has_roles`
--

INSERT INTO `model_has_roles` VALUES (1,'App\\Models\\User',1),(1,'App\\Models\\User',2),(1,'App\\Models\\User',5);

--
-- Table structure for table `movimientos`
--

CREATE TABLE `movimientos` (
  `id` bigint unsigned NOT NULL AUTO_INCREMENT,
  `origen` varchar(255) COLLATE utf8mb4_unicode_ci NOT NULL,
  `fecha` date DEFAULT NULL,
  `descripcion` varchar(255) COLLATE utf8mb4_unicode_ci DEFAULT NULL,
  `monto` decimal(15,2) NOT NULL DEFAULT '0.00',
  `requisicion_id` bigint unsigned DEFAULT NULL,
  `nomina_id` bigint unsigned DEFAULT NULL,
  `cuenta_bancaria_id` bigint unsigned DEFAULT NULL,
  `tipo` varchar(255) COLLATE utf8mb4_unicode_ci DEFAULT NULL,
  `referencia` varchar(255) COLLATE utf8mb4_unicode_ci DEFAULT NULL,
  `observaciones` text COLLATE utf8mb4_unicode_ci,
  `created_at` timestamp NULL DEFAULT NULL,
  `updated_at` timestamp NULL DEFAULT NULL,
  PRIMARY KEY (`id`),
  KEY `movimientos_origen_requisicion_id_nomina_id_index` (`origen`,`requisicion_id`,`nomina_id`)
) ENGINE=InnoDB DEFAULT CHARSET=utf8mb4 COLLATE=utf8mb4_unicode_ci;

--
-- Dumping data for table `movimientos`
--


--
-- Table structure for table `partidas`
--

CREATE TABLE `partidas` (
  `id` bigint unsigned NOT NULL AUTO_INCREMENT,
  `capitulo_id` bigint unsigned NOT NULL,
  `nombre` varchar(255) COLLATE utf8mb4_unicode_ci NOT NULL,
  `descripcion` text COLLATE utf8mb4_unicode_ci,
  `created_at` timestamp NULL DEFAULT NULL,
  `updated_at` timestamp NULL DEFAULT NULL,
  PRIMARY KEY (`id`),
  KEY `partidas_capitulo_id_foreign` (`capitulo_id`),
  CONSTRAINT `partidas_capitulo_id_foreign` FOREIGN KEY (`capitulo_id`) REFERENCES `capitulos` (`id`) ON DELETE CASCADE
) ENGINE=InnoDB AUTO_INCREMENT=1132 DEFAULT CHARSET=utf8mb4 COLLATE=utf8mb4_unicode_ci;

--
-- Dumping data for table `partidas`
--

INSERT INTO `partidas` VALUES (1,1,'10000','SERVICIOS PERSONALES','2025-04-07 11:02:22','2025-04-07 11:02:22'),(2,1,'11000','REMUNERACIONES AL PERSONAL DE CARÁCTER PERMANENTE','2025-04-07 11:02:22','2025-04-07 11:02:22'),(3,1,'11100','DIETAS','2025-04-07 11:02:22','2025-04-07 11:02:22'),(4,1,'11101','Dietas del Poder Legislativo','2025-04-07 11:02:22','2025-04-07 11:02:22'),(5,1,'11102','Dietas a funcionarios electorales','2025-04-07 11:02:22','2025-04-07 11:02:22'),(6,1,'11103','Dietas a Funsionarios Municipales','2025-04-07 11:02:22','2025-04-07 11:02:22'),(7,1,'11200','HABERES','2025-04-07 11:02:22','2025-04-07 11:02:22'),(8,1,'11201','HABERES','2025-04-07 11:02:22','2025-04-07 11:02:22'),(9,1,'11300','SUELDOS BASE AL PERSONAL PERMANENTE','2025-04-07 11:02:22','2025-04-07 11:02:22'),(10,1,'11301','Sueldos base','2025-04-07 11:02:22','2025-04-07 11:02:22'),(11,1,'11302','Sobresueldos','2025-04-07 11:02:22','2025-04-07 11:02:22'),(12,1,'11400','REMUNERACIONES POR ADSCRIPCIÓN LABORAL EN EL EXTRANJERO','2025-04-07 11:02:22','2025-04-07 11:02:22'),(13,1,'11401','Retribuciones por Adscripción en el Extranjero','2025-04-07 11:02:22','2025-04-07 11:02:22'),(14,1,'12000','REMUNERACIONES AL PERSONAL DE CARÁCTER TRANSITORIO','2025-04-07 11:02:22','2025-04-07 11:02:22'),(15,1,'12100','HONORARIOS ASIMILABLES A SALARIOS','2025-04-07 11:02:22','2025-04-07 11:02:22'),(16,1,'12101','Honorarios asimilables a salarios','2025-04-07 11:02:22','2025-04-07 11:02:22'),(17,1,'12200','SUELDOS BASE AL PERSONAL EVENTUAL','2025-04-07 11:02:22','2025-04-07 11:02:22'),(18,1,'12201','Sueldos base al personal eventual','2025-04-07 11:02:22','2025-04-07 11:02:22'),(19,1,'12202','Compensación a sustitutos de profesores','2025-04-07 11:02:22','2025-04-07 11:02:22'),(20,1,'12203','Sustituto a personal con licencia por gravidez','2025-04-07 11:02:22','2025-04-07 11:02:22'),(21,1,'12204','Sustituto a maestros en licencia pre jubilatoria','2025-04-07 11:02:23','2025-04-07 11:02:23'),(22,1,'12300','RETRIBUCIONES POR SERVICIOS DE CARÁCTER SOCIAL','2025-04-07 11:02:23','2025-04-07 11:02:23'),(23,1,'12301','Retribuciones por servicios de carácter social','2025-04-07 11:02:23','2025-04-07 11:02:23'),(24,1,'12400','RETRIBUCIÓN A LOS REPRESENTANTES DE LOS TRABAJADORES Y DE LOS PATRONES EN LA JUNTA DE CONCILIACIÓN Y ARBITRAJE','2025-04-07 11:02:23','2025-04-07 11:02:23'),(25,1,'12401','Retribución a los representantes de los trabajadores y de los patrones en la junta de conciliación y arbitraje','2025-04-07 11:02:23','2025-04-07 11:02:23'),(26,1,'13000','REMUNERACIONES ADICIONALES Y ESPECIALES','2025-04-07 11:02:23','2025-04-07 11:02:23'),(27,1,'13100','PRIMAS POR AÑOS DE SERVICIO EFECTIVOS PRESTADOS','2025-04-07 11:02:23','2025-04-07 11:02:23'),(28,1,'13101','Prima quinquenal por años de servicio efectivamente prestados','2025-04-07 11:02:23','2025-04-07 11:02:23'),(29,1,'13102','Acreditación por años de servicio en la docencia y al personal administrativo de las instituciones de educación superior','2025-04-07 11:02:23','2025-04-07 11:02:23'),(30,1,'13103','Estímulos por años de Servicio Activo','2025-04-07 11:02:23','2025-04-07 11:02:23'),(31,1,'13104','Prima de Antigüedad','2025-04-07 11:02:23','2025-04-07 11:02:23'),(32,1,'13200','PRIMAS DE VACACIONES, DOMINICAL Y GRATIFICACIÓN DE FIN DE AÑO','2025-04-07 11:02:23','2025-04-07 11:02:23'),(33,1,'13201','Prima vacacional','2025-04-07 11:02:23','2025-04-07 11:02:23'),(34,1,'13202','Aguinaldo o gratificación de fin de año','2025-04-07 11:02:23','2025-04-07 11:02:23'),(35,1,'13203','Prima dominical','2025-04-07 11:02:23','2025-04-07 11:02:23'),(36,1,'13300','HORAS EXTRAORDINARIAS','2025-04-07 11:02:23','2025-04-07 11:02:23'),(37,1,'13301','Remuneraciones por horas extraordinarias','2025-04-07 11:02:23','2025-04-07 11:02:23'),(38,1,'13400','COMPENSACIONES','2025-04-07 11:02:23','2025-04-07 11:02:23'),(39,1,'13401','Acreditación por titulación de la docencia','2025-04-07 11:02:23','2025-04-07 11:02:23'),(40,1,'13402','Acreditación al personal docente por años de estudio de licenciatura','2025-04-07 11:02:23','2025-04-07 11:02:23'),(41,1,'13403','Compensaciones por servicios especiales','2025-04-07 11:02:23','2025-04-07 11:02:23'),(42,1,'13404','Compensaciones por servicios eventuales','2025-04-07 11:02:23','2025-04-07 11:02:23'),(43,1,'13405','Compensaciones de retiro','2025-04-07 11:02:23','2025-04-07 11:02:23'),(44,1,'13406','No utilizada','2025-04-07 11:02:23','2025-04-07 11:02:23'),(45,1,'13407','Compensaciones adicionales por servicios especiales','2025-04-07 11:02:23','2025-04-07 11:02:23'),(46,1,'13408','Asignaciones docentes-pedagógicas genéricas y específicas','2025-04-07 11:02:23','2025-04-07 11:02:23'),(47,1,'13409','Compensación por adquisición de material didáctico','2025-04-07 11:02:23','2025-04-07 11:02:23'),(48,1,'13410','Compensación por actualización y formación académica','2025-04-07 11:02:23','2025-04-07 11:02:23'),(49,1,'13411','Compensaciones a médicos residentes','2025-04-07 11:02:23','2025-04-07 11:02:23'),(50,1,'13412','Gastos contingentes para el personal radicado en el extranjero','2025-04-07 11:02:23','2025-04-07 11:02:23'),(51,1,'13413','Asignaciones inherentes a la conclusión de servicios en la administración pública','2025-04-07 11:02:23','2025-04-07 11:02:23'),(52,1,'13414','Despensa','2025-04-07 11:02:23','2025-04-07 11:02:23'),(53,1,'13415','Previsión social múltiple','2025-04-07 11:02:23','2025-04-07 11:02:23'),(54,1,'13416','Compensación para recuperación de viáticos y material didáctico','2025-04-07 11:02:23','2025-04-07 11:02:23'),(55,1,'13417','Bono sindical','2025-04-07 11:02:23','2025-04-07 11:02:23'),(56,1,'13500','SOBREHABERES','2025-04-07 11:02:23','2025-04-07 11:02:23'),(57,1,'13501','Sobrehaberes','2025-04-07 11:02:23','2025-04-07 11:02:23'),(58,1,'13600','ASIGNACIONES DE TÉCNICO, DE MANDO, POR COMISIÓN, DE VUELO Y DE TÉCNICO ESPECIAL','2025-04-07 11:02:23','2025-04-07 11:02:23'),(59,1,'13601','Asignaciones de técnico de mando, por comisión, de vuelo y de técnico especial','2025-04-07 11:02:23','2025-04-07 11:02:23'),(60,1,'13700','HONORARIOS ESPECIALES','2025-04-07 11:02:23','2025-04-07 11:02:23'),(61,1,'13701','Honorarios Especiales','2025-04-07 11:02:23','2025-04-07 11:02:23'),(62,1,'13800','PARTICIPACIONES POR VIGILANCIA EN EL CUMPLIMIENTO DE LAS LEYES Y CUSTODIA DE VALORES','2025-04-07 11:02:23','2025-04-07 11:02:23'),(63,1,'13801','Participaciones por vigilancia en el cumplimiento de las leyes y custodia de valores','2025-04-07 11:02:23','2025-04-07 11:02:23'),(64,1,'14000','SEGURIDAD SOCIAL','2025-04-07 11:02:23','2025-04-07 11:02:23'),(65,1,'14100','APORTACIONES DE SEGURIDAD SOCIAL','2025-04-07 11:02:23','2025-04-07 11:02:23'),(66,1,'14101','Aportaciones al ISSSTE','2025-04-07 11:02:23','2025-04-07 11:02:23'),(67,1,'14102','Aportaciones al ISSFAM','2025-04-07 11:02:23','2025-04-07 11:02:23'),(68,1,'14103','Aportaciones al IMSS','2025-04-07 11:02:23','2025-04-07 11:02:23'),(69,1,'14104','Aportaciones de seguridad social contractuales','2025-04-07 11:02:23','2025-04-07 11:02:23'),(70,1,'14105','Aportaciones al seguro de cesantía en edad avanzada y vejez','2025-04-07 11:02:23','2025-04-07 11:02:23'),(71,1,'14200','APORTACIONES A FONDOS DE VIVIENDA','2025-04-07 11:02:23','2025-04-07 11:02:23'),(72,1,'14201','Aportaciones al FOVISSTE','2025-04-07 11:02:23','2025-04-07 11:02:23'),(73,1,'14202','Aportaciones al INFONAVIT','2025-04-07 11:02:23','2025-04-07 11:02:23'),(74,1,'14203','Aportaciones para vivienda','2025-04-07 11:02:23','2025-04-07 11:02:23'),(75,1,'14300','APORTACIONES AL SISTEMA PARA EL RETIRO','2025-04-07 11:02:24','2025-04-07 11:02:24'),(76,1,'14301','Aportaciones al Sistema de Ahorro para el Retiro','2025-04-07 11:02:24','2025-04-07 11:02:24'),(77,1,'14302','Depósitos para el ahorro solidario','2025-04-07 11:02:24','2025-04-07 11:02:24'),(78,1,'14303','Aportaciones para el fondo de pensiones','2025-04-07 11:02:24','2025-04-07 11:02:24'),(79,1,'14400','APORTACIONES PARA SEGUROS','2025-04-07 11:02:24','2025-04-07 11:02:24'),(80,1,'14401','Cuotas para el seguro de vida del personal','2025-04-07 11:02:24','2025-04-07 11:02:24'),(81,1,'14402','No utilizada','2025-04-07 11:02:24','2025-04-07 11:02:24'),(82,1,'14403','Cuotas para el seguro de gastos médicos del personal civil','2025-04-07 11:02:24','2025-04-07 11:02:24'),(83,1,'14404','Cuotas para el seguro de separación individualizado','2025-04-07 11:02:24','2025-04-07 11:02:24'),(84,1,'14405','Cuotas para el seguro colectivo de retiro','2025-04-07 11:02:24','2025-04-07 11:02:24'),(85,1,'14406','Seguro de responsabilidad civil, asistencia legal y otros seguros','2025-04-07 11:02:24','2025-04-07 11:02:24'),(86,1,'14407','Cuotas para jubilación','2025-04-07 11:02:24','2025-04-07 11:02:24'),(87,1,'15000','OTRAS PRESTACIONES SOCIALES Y ECONÓMICAS','2025-04-07 11:02:24','2025-04-07 11:02:24'),(88,1,'15100','CUOTAS PARA EL FONDO DE AHORRO Y FONDO DE TRABAJO','2025-04-07 11:02:24','2025-04-07 11:02:24'),(89,1,'15101','Cuotas para el fondo de ahorro del personal','2025-04-07 11:02:24','2025-04-07 11:02:24'),(90,1,'15102','No utilizada','2025-04-07 11:02:24','2025-04-07 11:02:24'),(91,1,'15103','No utilizada','2025-04-07 11:02:24','2025-04-07 11:02:24'),(92,1,'15104','No utilizada','2025-04-07 11:02:24','2025-04-07 11:02:24'),(93,1,'15109','Seguro al personal docente','2025-04-07 11:02:24','2025-04-07 11:02:24'),(94,1,'15111','Otros seguros','2025-04-07 11:02:24','2025-04-07 11:02:24'),(95,1,'15200','INDEMNIZACIONES','2025-04-07 11:02:24','2025-04-07 11:02:24'),(96,1,'15201','Indemnizaciones por accidentes de trabajo','2025-04-07 11:02:24','2025-04-07 11:02:24'),(97,1,'15202','Pago de liquidaciones','2025-04-07 11:02:24','2025-04-07 11:02:24'),(98,1,'15300','PRESTACIONES Y HABERES DE RETIRO','2025-04-07 11:02:24','2025-04-07 11:02:24'),(99,1,'15301','Prestaciones y Haberes de Retiro','2025-04-07 11:02:24','2025-04-07 11:02:24'),(100,1,'15400','PRESTACIONES CONTRACTUALES','2025-04-07 11:02:24','2025-04-07 11:02:24'),(101,1,'15401','Prestaciones establecidas por condiciones generales de trabajo o contratos colectivos de trabajo','2025-04-07 11:02:24','2025-04-07 11:02:24'),(102,1,'15500','APOYOS A LA CAPACITACIÓN DE LOS SERVICIOS PÚBLICOS','2025-04-07 11:02:24','2025-04-07 11:02:24'),(103,1,'15501','Apoyos a la capacitación de los servidores públicos','2025-04-07 11:02:24','2025-04-07 11:02:24'),(104,1,'15502','Becas educacionales','2025-04-07 11:02:24','2025-04-07 11:02:24'),(105,1,'15900','OTRAS PRESTACIONES SOCIALES Y ECONÓMICAS','2025-04-07 11:02:24','2025-04-07 11:02:24'),(106,1,'15901','Otras prestaciones','2025-04-07 11:02:24','2025-04-07 11:02:24'),(107,1,'15902','Pago extraordinario por riesgo','2025-04-07 11:02:24','2025-04-07 11:02:24'),(108,1,'15903','Subsidio al empleo','2025-04-07 11:02:24','2025-04-07 11:02:24'),(109,1,'15904','Credito al Trabajador','2025-04-07 11:02:24','2025-04-07 11:02:24'),(110,1,'15905','Prestaciones adicionales','2025-04-07 11:02:24','2025-04-07 11:02:24'),(111,1,'15906','Pago por defunción','2025-04-07 11:02:24','2025-04-07 11:02:24'),(112,1,'16000','PREVISIONES','2025-04-07 11:02:24','2025-04-07 11:02:24'),(113,1,'16100','PREVISIONES DE CARÁCTER LABORAL, ECONÓMICA Y DE SEGURIDAD SOCIAL','2025-04-07 11:02:24','2025-04-07 11:02:24'),(114,1,'16101','Incrementos a las percepciones','2025-04-07 11:02:24','2025-04-07 11:02:24'),(115,1,'16102','Creación de plazas','2025-04-07 11:02:24','2025-04-07 11:02:24'),(116,1,'16103','Otras medidas de carácter laboral y económico','2025-04-07 11:02:24','2025-04-07 11:02:24'),(117,1,'16104','Previsiones para aportaciones al ISSSTE','2025-04-07 11:02:24','2025-04-07 11:02:24'),(118,1,'16105','Previsiones para aportaciones al FOVISSSTE','2025-04-07 11:02:24','2025-04-07 11:02:24'),(119,1,'16106','Previsiones para aportaciones al sistema de ahorro para el retiro','2025-04-07 11:02:24','2025-04-07 11:02:24'),(120,1,'16107','Previsiones para aportaciones al seguro de cesantía en edad avanzada y vejez','2025-04-07 11:02:24','2025-04-07 11:02:24'),(121,1,'16108','Previsiones para los depósitos al ahorro solidario','2025-04-07 11:02:24','2025-04-07 11:02:24'),(122,1,'16109','Previsiones para aportaciones al sistema de pensiones','2025-04-07 11:02:24','2025-04-07 11:02:24'),(123,1,'17000','PAGO DE ESTÍMULOS A SERVIDORES PÚBLICOS','2025-04-07 11:02:24','2025-04-07 11:02:24'),(124,1,'17100','ESTÍMULOS','2025-04-07 11:02:24','2025-04-07 11:02:24'),(125,1,'17101','Estímulos por productividad y eficiencia','2025-04-07 11:02:24','2025-04-07 11:02:24'),(126,1,'17102','Estímulos al personal operativo','2025-04-07 11:02:24','2025-04-07 11:02:24'),(127,1,'17103','Fondo de Productividad','2025-04-07 11:02:24','2025-04-07 11:02:24'),(128,1,'17104','Premio de puntualidad','2025-04-07 11:02:24','2025-04-07 11:02:24'),(129,1,'17105','Estímulos por años de servicios','2025-04-07 11:02:24','2025-04-07 11:02:24'),(130,1,'17200','RECOMPENSAS','2025-04-07 11:02:24','2025-04-07 11:02:24'),(131,1,'17201','Recompensas','2025-04-07 11:02:24','2025-04-07 11:02:24'),(132,2,'20000','MATERIALES Y SUMINISTRO','2025-04-07 11:02:24','2025-04-07 11:02:24'),(133,2,'21000','MATERIALES DE ADMINISTRACIÓN, EMISIÓN DE DOCUEMNTOS Y ARTÍCULOS DE OFICIALES','2025-04-07 11:02:24','2025-04-07 11:02:24'),(134,2,'21100','MATERIALES, ÚTILES Y EQUIPOS MENORES DE OFICINA','2025-04-07 11:02:24','2025-04-07 11:02:24'),(135,2,'21101','Materiales y útiles de oficina','2025-04-07 11:02:24','2025-04-07 11:02:24'),(136,2,'21102','Material para estudios y proyectos','2025-04-07 11:02:24','2025-04-07 11:02:24'),(137,2,'21200','MATERIALES Y ÚTILES DE IMPRESIÓN Y REPRODUCCIÓN','2025-04-07 11:02:24','2025-04-07 11:02:24'),(138,2,'21201','Materiales y útiles de impresión y reproducción','2025-04-07 11:02:24','2025-04-07 11:02:24'),(139,2,'21300','MATERIAL ESTADÍSTICO Y GEOGRÁFICO','2025-04-07 11:02:24','2025-04-07 11:02:24'),(140,2,'21301','Material estadístico y geográfico','2025-04-07 11:02:24','2025-04-07 11:02:24'),(141,2,'21400','MATERIALES, ÚTILES Y EQUIPOS MENORES DE TECNOLOGÍAS DE LA INFORMACIÓN Y COMUNICACIONES','2025-04-07 11:02:25','2025-04-07 11:02:25'),(142,2,'21401','Materiales y útiles para el procesamiento en equipos y bienes informáticos','2025-04-07 11:02:25','2025-04-07 11:02:25'),(143,2,'21500','MATERIAL IMPRESO E INFORMACIÓN DIGITAL','2025-04-07 11:02:25','2025-04-07 11:02:25'),(144,2,'21501','Material de apoyo informativo','2025-04-07 11:02:25','2025-04-07 11:02:25'),(145,2,'21502','Material para información en actividades de investigación científica y tecnológica','2025-04-07 11:02:25','2025-04-07 11:02:25'),(146,2,'21503','Material de fotografía, cinematografía, televisión y grabación','2025-04-07 11:02:25','2025-04-07 11:02:25'),(147,2,'21600','MATERIAL DE LIMPIEZA','2025-04-07 11:02:25','2025-04-07 11:02:25'),(148,2,'21601','Material de limpieza','2025-04-07 11:02:25','2025-04-07 11:02:25'),(149,2,'21700','MATERIALES Y ÚTILES DE ENSEÑANZA','2025-04-07 11:02:25','2025-04-07 11:02:25'),(150,2,'21701','Materiales y suministros para planteles educativos','2025-04-07 11:02:25','2025-04-07 11:02:25'),(151,2,'21800','MATERIALES PARA EL REGISTRO E IDENTIFICACIÓN DE BIENES Y PERSONAS','2025-04-07 11:02:25','2025-04-07 11:02:25'),(152,2,'21801','MATERIALES PARA EL REGISTRO E IDENTIFICACIÓN DE BIENES Y PERSONAS','2025-04-07 11:02:25','2025-04-07 11:02:25'),(153,2,'22000','ALIMENTOS Y UTENSILIOS','2025-04-07 11:02:25','2025-04-07 11:02:25'),(154,2,'22100','PRODUCTOS ALIMENTICIOS PARA PERSONAS','2025-04-07 11:02:25','2025-04-07 11:02:25'),(155,2,'22101','No utilizada por el Estado','2025-04-07 11:02:25','2025-04-07 11:02:25'),(156,2,'22102','Productos alimenticios para personas derivado de la prestación de servicios públicos en unidades de salud, educativas, de readaptación social y otras','2025-04-07 11:02:25','2025-04-07 11:02:25'),(157,2,'22103','Productos alimenticios para el personal que realiza labores en campo o de supervisión','2025-04-07 11:02:25','2025-04-07 11:02:25'),(158,2,'22104','Productos alimenticios para el personal en las instalaciones de las dependencias y entidades','2025-04-07 11:02:25','2025-04-07 11:02:25'),(159,2,'22200','PRODUCTOS ALIMENTICIOS PARA ANIMALES','2025-04-07 11:02:25','2025-04-07 11:02:25'),(160,2,'22201','Productos alimenticios para animales','2025-04-07 11:02:25','2025-04-07 11:02:25'),(161,2,'22300','UTENSILIOS PARA EL SERVICIO DE ALIMENTACIÓN','2025-04-07 11:02:25','2025-04-07 11:02:25'),(162,2,'22301','Utensilios para el servicio de alimentación','2025-04-07 11:02:25','2025-04-07 11:02:25'),(163,2,'23000','MATERIAS PRIMAS Y MATERIALES DE PRODUCCIÓN Y COMERCIALIZACIÓN','2025-04-07 11:02:25','2025-04-07 11:02:25'),(164,2,'23100','PRODUCTOS ALIMENTICIOS, AGROPECUARIOS Y FORESTALES ADQUIRIDOS COMO MATERIA PRIMA','2025-04-07 11:02:25','2025-04-07 11:02:25'),(165,2,'23101','Productos alimenticios, agropecuarios y forestales adquiridos como materia prima','2025-04-07 11:02:25','2025-04-07 11:02:25'),(166,2,'23200','INSUMOS TEXTILES ADQUIRIDOS COMO MATERIA PRIMA','2025-04-07 11:02:25','2025-04-07 11:02:25'),(167,2,'23201','Insumos textiles adquiridos como materia prima','2025-04-07 11:02:25','2025-04-07 11:02:25'),(168,2,'23300','PRODUCTOS DE PAPEL, CARTÓN E IMPRESOS ADQUIRIDOS COMO MATERIA PRIMA','2025-04-07 11:02:25','2025-04-07 11:02:25'),(169,2,'23301','Productos de papel, cartón e impresos adquiridos como materia prima','2025-04-07 11:02:25','2025-04-07 11:02:25'),(170,2,'23400','COMBUSTIBLES, LUBRICANTES, ADITIVOS CARBÓN Y SUS DERIVADOS ADQUIRIDOS COMO MATERIA PRIMA','2025-04-07 11:02:25','2025-04-07 11:02:25'),(171,2,'23401','Combustibles lubricantes aditivos carbón y sus derivados adquiridos como materia prima','2025-04-07 11:02:25','2025-04-07 11:02:25'),(172,2,'23500','PRODUCTOS QUÍMICOS, FARMACÉUTICOS Y DE LABORATORIO ADQUIRIDOS COMO MATERIA PRIMA','2025-04-07 11:02:25','2025-04-07 11:02:25'),(173,2,'23501','Productos químicos farmacéuticos y de laboratorio adquiridos como materia prima','2025-04-07 11:02:25','2025-04-07 11:02:25'),(174,2,'23600','PRODUCTOS METÁLICOS Y A BASE DE MINERALES NO METÁLICOS ADQUIRIDOS COMO MATERIA PRIMA','2025-04-07 11:02:25','2025-04-07 11:02:25'),(175,2,'23601','Productos metálicos y a base de minerales no metálicos adquiridos como materia prima','2025-04-07 11:02:25','2025-04-07 11:02:25'),(176,2,'23700','PRODUCTOS DE CUERO, PIEL, PLÁSTICO Y HULE ADQUIRIDOS COMO MATERIA PRIMA','2025-04-07 11:02:25','2025-04-07 11:02:25'),(177,2,'23701','Productos de cuero, piel, plástico y hule adquiridos como materia prima','2025-04-07 11:02:25','2025-04-07 11:02:25'),(178,2,'23800','MERCANCÍAS ADQUIRIDAS PARA SU COMERCIALIZACIÓN','2025-04-07 11:02:25','2025-04-07 11:02:25'),(179,2,'23801','Mercancías adquiridas para su comercialización','2025-04-07 11:02:25','2025-04-07 11:02:25'),(180,2,'23900','OTROS PRODUCTOS ADQUIRIDOS COMO MATERIA PRIMA','2025-04-07 11:02:25','2025-04-07 11:02:25'),(181,2,'23901','Otros productos adquiridos como materia prima','2025-04-07 11:02:25','2025-04-07 11:02:25'),(182,2,'23902','Petróleo, gas y sus derivados adquiridos como materia prima','2025-04-07 11:02:25','2025-04-07 11:02:25'),(183,2,'24000','MATERIALES Y ARTÍCULOS DE CONSTRUCCIÓN Y DE REPARACIÓN','2025-04-07 11:02:25','2025-04-07 11:02:25'),(184,2,'24100','PRODUCTOS MINERALES NO METÁLICOS','2025-04-07 11:02:25','2025-04-07 11:02:25'),(185,2,'24101','Productos minerales no metálicos','2025-04-07 11:02:25','2025-04-07 11:02:25'),(186,2,'24200','CEMENTO Y PRODUCTOS DE CONCRETO','2025-04-07 11:02:25','2025-04-07 11:02:25'),(187,2,'24201','Cemento y productos de concreto','2025-04-07 11:02:25','2025-04-07 11:02:25'),(188,2,'24300','CAL, YESO Y PRODUCTOS DE YESO','2025-04-07 11:02:25','2025-04-07 11:02:25'),(189,2,'24301','Cal, yeso y productos de yeso','2025-04-07 11:02:25','2025-04-07 11:02:25'),(190,2,'24400','MADERA Y PRODUCTOS DE MADERA','2025-04-07 11:02:25','2025-04-07 11:02:25'),(191,2,'24401','Madera y productos de madera','2025-04-07 11:02:25','2025-04-07 11:02:25'),(192,2,'24500','VIDRIO Y PRODUCTOS DE VIDRIO','2025-04-07 11:02:25','2025-04-07 11:02:25'),(193,2,'24501','Vidrio y productos de vidrio','2025-04-07 11:02:25','2025-04-07 11:02:25'),(194,2,'24600','MATERIAL ELÉCTRICO Y ELECTRÓNICO','2025-04-07 11:02:25','2025-04-07 11:02:25'),(195,2,'24601','Material eléctrico y electrónico','2025-04-07 11:02:25','2025-04-07 11:02:25'),(196,2,'24700','ARTÍCULOS METÁLICOS PARA LA CONSTRUCCIÓN','2025-04-07 11:02:25','2025-04-07 11:02:25'),(197,2,'24701','Artículos metálicos para la construcción','2025-04-07 11:02:25','2025-04-07 11:02:25'),(198,2,'24800','MATERIALES COMPLEMENTARIOS','2025-04-07 11:02:25','2025-04-07 11:02:25'),(199,2,'24801','Materiales complementarios','2025-04-07 11:02:25','2025-04-07 11:02:25'),(200,2,'24900','OTROS MATERIALES Y ARTÍCULOS DE CONSTRUCCIÓN Y REPARACIÓN','2025-04-07 11:02:25','2025-04-07 11:02:25'),(201,2,'24901','Otros materiales y artículos de construcción y reparación','2025-04-07 11:02:25','2025-04-07 11:02:25'),(202,2,'24902','Material para agua potable','2025-04-07 11:02:25','2025-04-07 11:02:25'),(203,2,'24903','Material para alcantarillado sanitario','2025-04-07 11:02:25','2025-04-07 11:02:25'),(204,2,'24904','Material para mantenimiento de colectores','2025-04-07 11:02:25','2025-04-07 11:02:25'),(205,2,'24905','Material para mantenimiento de drenes y cárcamos de bombeo','2025-04-07 11:02:25','2025-04-07 11:02:25'),(206,2,'25000','PRODUCTOS QUÍMICOS, FARMACÉUTICOS Y DE LABORATORIOS','2025-04-07 11:02:25','2025-04-07 11:02:25'),(207,2,'25100','PRODUCTOS QUIMICOS BÁSICOS','2025-04-07 11:02:25','2025-04-07 11:02:25'),(208,2,'25101','Productos químicos básicos','2025-04-07 11:02:25','2025-04-07 11:02:25'),(209,2,'25102','Productos químicos para potabilización','2025-04-07 11:02:26','2025-04-07 11:02:26'),(210,2,'25103','Productos químicos para tratamiento de aguas residuales','2025-04-07 11:02:26','2025-04-07 11:02:26'),(211,2,'25200','FERTILIZANTES, PESTICIDAS Y OTROS AGROQUÍMICOS','2025-04-07 11:02:26','2025-04-07 11:02:26'),(212,2,'25201','Fertilizantes, pesticidas y otros agroquímicos','2025-04-07 11:02:26','2025-04-07 11:02:26'),(213,2,'25300','MEDICINAS Y PRODUCTOS FARMACÉUTICOS','2025-04-07 11:02:26','2025-04-07 11:02:26'),(214,2,'25301','Medicinas y productos farmacéuticos','2025-04-07 11:02:26','2025-04-07 11:02:26'),(215,2,'25400','MATERIALES, ACCESORIOS Y SUMINISTROS MÉDICOS','2025-04-07 11:02:26','2025-04-07 11:02:26'),(216,2,'25401','Materiales, accesorios y suministros médicos','2025-04-07 11:02:26','2025-04-07 11:02:26'),(217,2,'25500','MATERIALES, ACCESORIOS Y SUMINISTROS DE LABORATORIO','2025-04-07 11:02:26','2025-04-07 11:02:26'),(218,2,'25501','Materiales, accesorios y suministros de laboratorio','2025-04-07 11:02:26','2025-04-07 11:02:26'),(219,2,'25600','FIBRAS SINTÉTICAS, HULES, PLÁSTICOS Y DERIVADOS','2025-04-07 11:02:26','2025-04-07 11:02:26'),(220,2,'25601','Fibras sintéticas, hules, plásticos y derivados','2025-04-07 11:02:26','2025-04-07 11:02:26'),(221,2,'25900','OTROS PRODUCTOS QUÍMICOS','2025-04-07 11:02:26','2025-04-07 11:02:26'),(222,2,'25901','Otros productos químicos','2025-04-07 11:02:26','2025-04-07 11:02:26'),(223,2,'26000','COMBUSTIBLES, LUBRICANTES Y ADITIVOS','2025-04-07 11:02:26','2025-04-07 11:02:26'),(224,2,'26100','COMBUSTIBLES, LUBRICANTES Y ADITIVOS','2025-04-07 11:02:26','2025-04-07 11:02:26'),(225,2,'26101','No utilizada','2025-04-07 11:02:26','2025-04-07 11:02:26'),(226,2,'26102','No utilizada','2025-04-07 11:02:26','2025-04-07 11:02:26'),(227,2,'26103','Combustibles, lubricantes y aditivos para vehículos terrestres, aéreos, marítimos, lacustres y fluviales destinados a servicios administrativos','2025-04-07 11:02:26','2025-04-07 11:02:26'),(228,2,'26104','Combustibles, lubricantes y aditivos para vehículos terrestres, aéreos, marítimos, lacustres y fluviales asignados a funcionarios públicos','2025-04-07 11:02:26','2025-04-07 11:02:26'),(229,2,'26105','Combustibles, lubricantes y aditivos para maquinaria y equipo de producción','2025-04-07 11:02:26','2025-04-07 11:02:26'),(230,2,'26200','CARBÓN Y SUS DERIVADOS','2025-04-07 11:02:26','2025-04-07 11:02:26'),(231,2,'26201','Carbón y sus derivados','2025-04-07 11:02:26','2025-04-07 11:02:26'),(232,2,'27000','VESTUARIO, BLANCOS, PRENDAS DE PROTECCIÓN Y ARTÍCULOS DEPORTIVOS','2025-04-07 11:02:26','2025-04-07 11:02:26'),(233,2,'27100','VESTUARIO Y UNIFORMES','2025-04-07 11:02:26','2025-04-07 11:02:26'),(234,2,'27101','Vestuario y uniformes','2025-04-07 11:02:26','2025-04-07 11:02:26'),(235,2,'27200','PRENDAS DE SEGURIDAD Y PROTECCIÓN PERSONAL','2025-04-07 11:02:26','2025-04-07 11:02:26'),(236,2,'27201','Prendas de protección personal','2025-04-07 11:02:26','2025-04-07 11:02:26'),(237,2,'27202','Materiales preventivos y de señalamientos','2025-04-07 11:02:26','2025-04-07 11:02:26'),(238,2,'27300','ARTÍCULOS DEPORTIVOS','2025-04-07 11:02:26','2025-04-07 11:02:26'),(239,2,'27301','Artículos deportivos','2025-04-07 11:02:26','2025-04-07 11:02:26'),(240,2,'27400','PRODUCTOS TEXTILES','2025-04-07 11:02:26','2025-04-07 11:02:26'),(241,2,'27401','Productos textiles','2025-04-07 11:02:26','2025-04-07 11:02:26'),(242,2,'27500','BLANCOS Y OTROS PRODUCTOS TEXTILES,EXCEPTO PRENDAS DE VESTIR','2025-04-07 11:02:26','2025-04-07 11:02:26'),(243,2,'27501','Blancos y otros productos textiles, excepto prendas de vestir','2025-04-07 11:02:26','2025-04-07 11:02:26'),(244,2,'28000','MATERIALES Y SUMINISTRO PARA SEGURIDAD','2025-04-07 11:02:26','2025-04-07 11:02:26'),(245,2,'28100','SUSTANCIAS Y MATERIALES EXPLOSIVOS','2025-04-07 11:02:26','2025-04-07 11:02:26'),(246,2,'28101','Sustancias y materiales explosivos','2025-04-07 11:02:26','2025-04-07 11:02:26'),(247,2,'28200','MATERIALES DE SEGURIDAD PÚBLICA','2025-04-07 11:02:26','2025-04-07 11:02:26'),(248,2,'28201','Materiales de seguridad pública','2025-04-07 11:02:26','2025-04-07 11:02:26'),(249,2,'28300','PRENDAS DE PROTECCIÓN PARA SEGURIDAD PÚBLICA Y NACIONAL','2025-04-07 11:02:26','2025-04-07 11:02:26'),(250,2,'28301','Prendas de protección para seguridad pública','2025-04-07 11:02:26','2025-04-07 11:02:26'),(251,2,'29000','HERRAMIENTAS, REFACCIONES Y ACCESORIOS MENORES','2025-04-07 11:02:26','2025-04-07 11:02:26'),(252,2,'29100','HERRAMIENTAS MENORES','2025-04-07 11:02:26','2025-04-07 11:02:26'),(253,2,'29101','Herramientas menores','2025-04-07 11:02:26','2025-04-07 11:02:26'),(254,2,'29200','REFACCIONES Y ACCESORIOS MENORES DE EDIFICIOS','2025-04-07 11:02:26','2025-04-07 11:02:26'),(255,2,'29201','Refacciones y accesorios menores de edificios','2025-04-07 11:02:26','2025-04-07 11:02:26'),(256,2,'29300','REFACCIONES Y ACCESORIOS MENORES DE MOBILIARIO Y EQUIPO DE ADMINISTRACIÓN, EDUCACIONAL Y RECREATIVO','2025-04-07 11:02:26','2025-04-07 11:02:26'),(257,2,'29301','Refacciones y accesorios menores de mobiliario y equipo de administración, educacional y recreativo','2025-04-07 11:02:26','2025-04-07 11:02:26'),(258,2,'29400','REFACCIONES Y ACCESORIOS MENORES DE EQUIPO DE CÓMPUTO Y TECNOLOGÍAS DE INFORMACIÓN','2025-04-07 11:02:26','2025-04-07 11:02:26'),(259,2,'29401','Refacciones y accesorios para equipo de cómputo','2025-04-07 11:02:26','2025-04-07 11:02:26'),(260,2,'29500','REFACCIONES Y ACCESORIOS MENORES DE EQUIPO E INSTRUMENTAL MÉDICO Y DE LABORATORIO','2025-04-07 11:02:26','2025-04-07 11:02:26'),(261,2,'29501','Refacciones y accesorios menores de equipo e instrumental médico y de laboratorio','2025-04-07 11:02:26','2025-04-07 11:02:26'),(262,2,'29600','REFACCIONES Y ACCESORIOS MENORES DE EQUIPO DE TRANSPORTE','2025-04-07 11:02:26','2025-04-07 11:02:26'),(263,2,'29601','Refacciones y accesorios menores de equipo de transporte','2025-04-07 11:02:26','2025-04-07 11:02:26'),(264,2,'29700','REFACCIONES Y ACCESORIOS MENORES DE EQUIPO DE DEFENSA Y SEGURIDAD','2025-04-07 11:02:26','2025-04-07 11:02:26'),(265,2,'29701','Refacciones y accesorios menores de equipo de defensa y seguridad','2025-04-07 11:02:26','2025-04-07 11:02:26'),(266,2,'29800','REFACCIONES Y ACCESORIOS MENORES DE MAQUINARIA Y OTROS EQUIPOS','2025-04-07 11:02:26','2025-04-07 11:02:26'),(267,2,'29801','Refacciones y accesorios menores de maquinaria y otros equipos','2025-04-07 11:02:26','2025-04-07 11:02:26'),(268,2,'29802','Refacciones menores para plantas potabilizadora','2025-04-07 11:02:26','2025-04-07 11:02:26'),(269,2,'29803','Refacciones menores para pozos profundos y fuentes de abastecimiento','2025-04-07 11:02:26','2025-04-07 11:02:26'),(270,2,'29804','Refacciones menores para plantas tratadoras de aguas residuales','2025-04-07 11:02:26','2025-04-07 11:02:26'),(271,2,'29900','REFACCIONES Y ACCESORIOS MENORES DE OTROS BIENES MUEBLES','2025-04-07 11:02:26','2025-04-07 11:02:26'),(272,2,'29901','Refacciones y accesorios menores para otros bienes muebles','2025-04-07 11:02:26','2025-04-07 11:02:26'),(273,3,'30000','SERVICIOS GENERALES','2025-04-07 11:02:26','2025-04-07 11:02:26'),(274,3,'31000','SERVICIOS BÁSICOS','2025-04-07 11:02:26','2025-04-07 11:02:26'),(275,3,'31100','ENERGÍA ELÉCTRICA','2025-04-07 11:02:27','2025-04-07 11:02:27'),(276,3,'31101','Servicio de energía eléctrica en edificaciones oficiales','2025-04-07 11:02:27','2025-04-07 11:02:27'),(277,3,'31102','Servicio de energía eléctrica para alumbrado público','2025-04-07 11:02:27','2025-04-07 11:02:27'),(278,3,'31200','GAS','2025-04-07 11:02:27','2025-04-07 11:02:27'),(279,3,'31201','Servicio de gas','2025-04-07 11:02:27','2025-04-07 11:02:27'),(280,3,'31300','AGUA','2025-04-07 11:02:27','2025-04-07 11:02:27'),(281,3,'31301','Servicio de agua','2025-04-07 11:02:27','2025-04-07 11:02:27'),(282,3,'31400','TELEFONIA TRADICIONAL','2025-04-07 11:02:27','2025-04-07 11:02:27'),(283,3,'31401','SERVICIO TELEFÓNICO CONVENCIONAL.','2025-04-07 11:02:27','2025-04-07 11:02:27'),(284,3,'31500','TELEFONIA CELULAR','2025-04-07 11:02:27','2025-04-07 11:02:27'),(285,3,'31501','Servicio de telefonía celular','2025-04-07 11:02:27','2025-04-07 11:02:27'),(286,3,'31600','SERVICIOS DE TELECOMUNICACIONES Y SATÉLITES','2025-04-07 11:02:27','2025-04-07 11:02:27'),(287,3,'31601','Servicio de radio-localización','2025-04-07 11:02:27','2025-04-07 11:02:27'),(288,3,'31602','Servicios de telecomunicaciones','2025-04-07 11:02:27','2025-04-07 11:02:27'),(289,3,'31700','SERVICIOS DE ACCESO A INTERNET, REDES Y PROCESAMIENTO DE INFORMACIÓN','2025-04-07 11:02:27','2025-04-07 11:02:27'),(290,3,'31701','Servicios de conducción de señales analógicas y digitales','2025-04-07 11:02:27','2025-04-07 11:02:27'),(291,3,'31800','SERVICIOS POSTALES Y TELEGRÁFICOS','2025-04-07 11:02:27','2025-04-07 11:02:27'),(292,3,'31801','Servicio postal','2025-04-07 11:02:27','2025-04-07 11:02:27'),(293,3,'31802','Servicio telegráfico','2025-04-07 11:02:27','2025-04-07 11:02:27'),(294,3,'31900','SERVICIOS INTEGRALES Y OTROS SERVICIOS','2025-04-07 11:02:27','2025-04-07 11:02:27'),(295,3,'31901','Servicios integrales de telecomunicación','2025-04-07 11:02:27','2025-04-07 11:02:27'),(296,3,'31902','Contratación de otros servicios','2025-04-07 11:02:27','2025-04-07 11:02:27'),(297,3,'31903','Servicios generales para planteles educativos','2025-04-07 11:02:27','2025-04-07 11:02:27'),(298,3,'32000','SERVICIOS DE ARRENDAMIENTO','2025-04-07 11:02:27','2025-04-07 11:02:27'),(299,3,'32100','ARRENDAMIENTO DE TERRENOS','2025-04-07 11:02:27','2025-04-07 11:02:27'),(300,3,'32101','Arrendamiento de terrenos','2025-04-07 11:02:27','2025-04-07 11:02:27'),(301,3,'32200','ARRENDAMIENTO DE EDIFICIOS','2025-04-07 11:02:27','2025-04-07 11:02:27'),(302,3,'32201','Arrendamiento de edificios y locales','2025-04-07 11:02:27','2025-04-07 11:02:27'),(303,3,'32300','ARRENDAMIENTO DE MOBILIARIO Y EQUIPO DE ADMINISTRACIÓN, EDUCACIONAL Y RECREATIVO','2025-04-07 11:02:27','2025-04-07 11:02:27'),(304,3,'32301','Arrendamiento de equipo de cómputo y bienes informáticos','2025-04-07 11:02:27','2025-04-07 11:02:27'),(305,3,'32302','Arrendamiento de mobiliario','2025-04-07 11:02:27','2025-04-07 11:02:27'),(306,3,'32303','Arrendamiento de fotocopiadoras','2025-04-07 11:02:27','2025-04-07 11:02:27'),(307,3,'32400','ARRENDAMIENTO DE EQUIPO E INSTRUMENTAL MÉDICO Y DE LABORATORIO','2025-04-07 11:02:27','2025-04-07 11:02:27'),(308,3,'32401','Arrendamiento de equipo e instrumental médico y de laboratorio','2025-04-07 11:02:27','2025-04-07 11:02:27'),(309,3,'32500','ARRENDAMIENTO DE EQUIPO DE TRANSPORTE','2025-04-07 11:02:27','2025-04-07 11:02:27'),(310,3,'32501','Arrendamiento de vehículos terrestres, aéreos, marítimos, lacustres y fluviales para la ejecución de programas de seguridad pública','2025-04-07 11:02:27','2025-04-07 11:02:27'),(311,3,'32502','Arrendamiento de vehículos terrestres, aéreos, marítimos, lacustres y fluviales para servicios públicos y la operación de programas públicos','2025-04-07 11:02:27','2025-04-07 11:02:27'),(312,3,'32503','Arrendamiento de vehículos terrestres, aéreos, marítimos, lacustres y fluviales para servicios administrativos','2025-04-07 11:02:27','2025-04-07 11:02:27'),(313,3,'32504','Arrendamiento de vehículos terrestres, aéreos, marítimos, lacustres y fluviales para desastres naturales','2025-04-07 11:02:27','2025-04-07 11:02:27'),(314,3,'32505','Arrendamiento de vehículos terrestres marítimos lacustres y fluviales para servidores públicos','2025-04-07 11:02:27','2025-04-07 11:02:27'),(315,3,'32600','ARRENDAMIENTO DE MAQUINARIA, OTROS EQUIPOS Y HERRAMIENTAS','2025-04-07 11:02:27','2025-04-07 11:02:27'),(316,3,'32601','Arrendamiento de maquinaria, equipo y herramientas de uso administrativo','2025-04-07 11:02:27','2025-04-07 11:02:27'),(317,3,'32602','Arrendamiento de maquinaria, equipo y herramientas destinados a la inversión pública','2025-04-07 11:02:27','2025-04-07 11:02:27'),(318,3,'32700','ARRENDAMIENTO DE ACTIVOS INTANGIBLES','2025-04-07 11:02:27','2025-04-07 11:02:27'),(319,3,'32701','Patentes, regalías y otros','2025-04-07 11:02:27','2025-04-07 11:02:27'),(320,3,'32800','ARRENDAMIENTO FINANCIERO','2025-04-07 11:02:27','2025-04-07 11:02:27'),(321,3,'32801','Arrendamiento financiero de bienes destinados al gasto corriente','2025-04-07 11:02:27','2025-04-07 11:02:27'),(322,3,'32802','Arrendamiento financiero de bienes destinados a la inversión pública','2025-04-07 11:02:27','2025-04-07 11:02:27'),(323,3,'32900','OTROS ARRENDAMIENTOS','2025-04-07 11:02:27','2025-04-07 11:02:27'),(324,3,'32901','Otros arrendamientos','2025-04-07 11:02:27','2025-04-07 11:02:27'),(325,3,'33000','SERVICIOS PROFESIONALES, CIENTÍFICOS, TÉCNICOS Y OTROS SERVICIOS','2025-04-07 11:02:27','2025-04-07 11:02:27'),(326,3,'33100','SERVICIOS LEGALES, DE CONTABILIDAD, AUDITORÍA Y RELACIONADOS','2025-04-07 11:02:27','2025-04-07 11:02:27'),(327,3,'33101','Asesorías asociadas a convenios, tratados o acuerdos','2025-04-07 11:02:27','2025-04-07 11:02:27'),(328,3,'33102','No utilizada','2025-04-07 11:02:27','2025-04-07 11:02:27'),(329,3,'33103','Consultorías para programas o proyectos financiados por organismos internacionales','2025-04-07 11:02:27','2025-04-07 11:02:27'),(330,3,'33104','Otras asesorías para la operación de programas','2025-04-07 11:02:27','2025-04-07 11:02:27'),(331,3,'33105','Servicios relacionados con procedimientos jurisdiccionales','2025-04-07 11:02:27','2025-04-07 11:02:27'),(332,3,'33106','Auditorías, evaluaciones, dictámenes fiscales y de seguridad social','2025-04-07 11:02:27','2025-04-07 11:02:27'),(333,3,'33200','SERVICIOS DE DISEÑO, ARQUITECTURA, INGENIERÍA Y ACTIVIDADES RELACIONADAS','2025-04-07 11:02:27','2025-04-07 11:02:27'),(334,3,'33201','Servicios de diseño arquitectura ingeniería y actividades relacionadas','2025-04-07 11:02:27','2025-04-07 11:02:27'),(335,3,'33202','Servicios de laboratorio y muestreo','2025-04-07 11:02:27','2025-04-07 11:02:27'),(336,3,'33300','SERVICIOS DE CONSULTORÍA ADMINISTRATIVA, PROCESOS, TÉCNICAS Y EN TECNOLOGÍAS DE LA INFORMACÍON','2025-04-07 11:02:27','2025-04-07 11:02:27'),(337,3,'33301','Servicios de informática','2025-04-07 11:02:27','2025-04-07 11:02:27'),(338,3,'33302','Servicios estadísticos y geográficos','2025-04-07 11:02:27','2025-04-07 11:02:27'),(339,3,'33303','Servicios relacionados con certificación de procesos','2025-04-07 11:02:28','2025-04-07 11:02:28'),(340,3,'33304','Otros servicios profesionales científicos y técnicos','2025-04-07 11:02:28','2025-04-07 11:02:28'),(341,3,'33400','SERVICIOS DE CAPACITACIÓN','2025-04-07 11:02:28','2025-04-07 11:02:28'),(342,3,'33401','Servicios de capacitación a servidores públicos','2025-04-07 11:02:28','2025-04-07 11:02:28'),(343,3,'33500','SERVICIOS DE INVESTIGACÍON CIENTÍFICA Y DESARROLLO','2025-04-07 11:02:28','2025-04-07 11:02:28'),(344,3,'33501','Estudios e investigaciones de carácter científico y para el desarrollo de la ciencia y la tecnología','2025-04-07 11:02:28','2025-04-07 11:02:28'),(345,3,'33600','SERVICIOS DE APOYO ADMINISTRATIVO, TRADUCCIÓN, FOTOCOPIADO E IMPRESÍON','2025-04-07 11:02:28','2025-04-07 11:02:28'),(346,3,'33601','Servicios relacionados con traducciones','2025-04-07 11:02:28','2025-04-07 11:02:28'),(347,3,'33602','Otros servicios comerciales','2025-04-07 11:02:28','2025-04-07 11:02:28'),(348,3,'33603','Impresión de documentos oficiales para la prestación de servicios públicos, identificación y formatos oficiales','2025-04-07 11:02:28','2025-04-07 11:02:28'),(349,3,'33604','Impresión y elaboración de material informativo derivado de la operación y administración de los entes públicos','2025-04-07 11:02:28','2025-04-07 11:02:28'),(350,3,'33605','Información en medios masivos derivada de la operación y administración de los entes públicos','2025-04-07 11:02:28','2025-04-07 11:02:28'),(351,3,'33700','SERVICIOS DE PROTECCIÓN Y SEGURIDAD','2025-04-07 11:02:28','2025-04-07 11:02:28'),(352,3,'33701','Gastos de seguridad pública','2025-04-07 11:02:28','2025-04-07 11:02:28'),(353,3,'33800','SERVICIOS DE VIGILANCIA','2025-04-07 11:02:28','2025-04-07 11:02:28'),(354,3,'33801','Servicios de vigilancia','2025-04-07 11:02:28','2025-04-07 11:02:28'),(355,3,'33900','SERVICIOS PROFESIONALES, CIENTÍFICOS Y TÉCNICOS INTEGRALES','2025-04-07 11:02:28','2025-04-07 11:02:28'),(356,3,'33901','Subcontratación de servicios con terceros','2025-04-07 11:02:28','2025-04-07 11:02:28'),(357,3,'33902','Proyectos para la prestación de servicios','2025-04-07 11:02:28','2025-04-07 11:02:28'),(358,3,'33903','Otros servicios profesionales, científicos y técnicos integrales','2025-04-07 11:02:28','2025-04-07 11:02:28'),(359,3,'34000','SERVICIOS FINANCIEROS, BANCARIOS Y COMERCIALES','2025-04-07 11:02:28','2025-04-07 11:02:28'),(360,3,'34100','SERVICIOS FINANCIEROS Y BANCARIOS','2025-04-07 11:02:28','2025-04-07 11:02:28'),(361,3,'34101','Servicios financieros y bancarios','2025-04-07 11:02:28','2025-04-07 11:02:28'),(362,3,'34102','Comisiones bancarias','2025-04-07 11:02:28','2025-04-07 11:02:28'),(363,3,'34103','Gastos financieros','2025-04-07 11:02:28','2025-04-07 11:02:28'),(364,3,'34200','SERVICIOS DE COBRANZA, INVESTIGACIÓN CREDITICIA Y SIMILAR','2025-04-07 11:02:28','2025-04-07 11:02:28'),(365,3,'34201','Servicios de cobranza, investigación crediticia y similares','2025-04-07 11:02:28','2025-04-07 11:02:28'),(366,3,'34300','SERVICIOS DE RECAUDACIÓN, TRASLADO Y CUSTODIA DE VALORES','2025-04-07 11:02:28','2025-04-07 11:02:28'),(367,3,'34301','Servicios de Recaudación, Traslado y Custodia de Valores','2025-04-07 11:02:28','2025-04-07 11:02:28'),(368,3,'34400','SEGUROS DE RESPONSABILIDAD PATRIMONIAL Y FIANZAS','2025-04-07 11:02:28','2025-04-07 11:02:28'),(369,3,'34401','Seguro de responsabilidad patrimonial del ente público','2025-04-07 11:02:28','2025-04-07 11:02:28'),(370,3,'34500','SEGURO DE BIENES PATRIMONIALES','2025-04-07 11:02:28','2025-04-07 11:02:28'),(371,3,'34501','Seguros de bienes patrimoniales','2025-04-07 11:02:28','2025-04-07 11:02:28'),(372,3,'34600','ALMACENAJE, ENVASE Y EMBALAJE','2025-04-07 11:02:28','2025-04-07 11:02:28'),(373,3,'34601','Almacenaje, embalaje y envase','2025-04-07 11:02:28','2025-04-07 11:02:28'),(374,3,'34700','FLETES Y MANIOBRAS','2025-04-07 11:02:28','2025-04-07 11:02:28'),(375,3,'34701','Fletes y maniobras','2025-04-07 11:02:28','2025-04-07 11:02:28'),(376,3,'34800','COMISIONES POR VENTAS','2025-04-07 11:02:28','2025-04-07 11:02:28'),(377,3,'34801','Comisiones por Ventas','2025-04-07 11:02:28','2025-04-07 11:02:28'),(378,3,'34900','SERVICIOS FINANCIEROS, BANCARIOS Y COMERCIALES INTEGRALES','2025-04-07 11:02:28','2025-04-07 11:02:28'),(379,3,'34901','Servicios financieros integrales no bancarios','2025-04-07 11:02:28','2025-04-07 11:02:28'),(380,3,'34902','Servicios bancarios integrales','2025-04-07 11:02:28','2025-04-07 11:02:28'),(381,3,'34903','Servicios comerciales integrales','2025-04-07 11:02:28','2025-04-07 11:02:28'),(382,3,'35000','SERVICIOS DE INSTALACIÓN, REPARACIÓN, MANTENIMIENTO Y CONSERVACIÓN','2025-04-07 11:02:28','2025-04-07 11:02:28'),(383,3,'35100','CONSERVACIÓN Y MANTENIMIENTO MENOR DE INMUEBLES','2025-04-07 11:02:28','2025-04-07 11:02:28'),(384,3,'35101','Mantenimiento y conservación de inmuebles para la prestación de servicios administrativos','2025-04-07 11:02:28','2025-04-07 11:02:28'),(385,3,'35102','Mantenimiento y conservación de inmuebles para la prestación de servicios públicos','2025-04-07 11:02:28','2025-04-07 11:02:28'),(386,3,'35200','INSTALACIÓN, REPARACIÓN Y MANTENIMIENTO DE MOBILIARIO Y EQUIPO DE ADMINISTRACIÓN, EDUCACIONAL Y RECREATIVO','2025-04-07 11:02:28','2025-04-07 11:02:28'),(387,3,'35201','Instalación, Reparación y Mantenimiento de Mobiliario y Equipo de Administración, Educacional y Recreativo','2025-04-07 11:02:28','2025-04-07 11:02:28'),(388,3,'35300','INSTALACIÓN, REPARACIÓN Y MANTENIMIENTO DE EQUIPO DE CÓMPUTO Y TECNOLOGÍAS DE LA INFORMACIÓN','2025-04-07 11:02:28','2025-04-07 11:02:28'),(389,3,'35301','Instalación, Reparación y Mantenimiento de Equipo de Cómputo y Tecnología de la Información','2025-04-07 11:02:28','2025-04-07 11:02:28'),(390,3,'35400','INSTALACIÓN, REPARACIÓN Y MANTENIMIENTO DE EQUIPO E INSTRUMENTAL MÉDICO Y DE LABORATORIO','2025-04-07 11:02:28','2025-04-07 11:02:28'),(391,3,'35401','Instalación, reparación y mantenimiento de equipo e instrumental médico y de laboratorio','2025-04-07 11:02:28','2025-04-07 11:02:28'),(392,3,'35500','REPARACIÓN Y MANTENIMIENTO DE EQUIPO DE TRANSPORTE','2025-04-07 11:02:28','2025-04-07 11:02:28'),(393,3,'35501','Reparación, mantenimiento y conservación de equipo de transporte','2025-04-07 11:02:28','2025-04-07 11:02:28'),(394,3,'35600','REPARACIÓN Y MANTENIMIENTO DE EQUIPO DE DEFENSA Y SEGURIDAD','2025-04-07 11:02:28','2025-04-07 11:02:28'),(395,3,'35601','reparación y mantenimiento de equipo de defensa y seguridad','2025-04-07 11:02:28','2025-04-07 11:02:28'),(396,3,'35700','INSTALACIÓN, REPARACIÓN Y MANTENIMIENTO DE MAQUINARIA Y OTROS EQUIPOS Y HERRAMIENTA','2025-04-07 11:02:28','2025-04-07 11:02:28'),(397,3,'35701','Instalación, reparación, mantenimiento y conservación de maquinaria y equipo de uso administrativo','2025-04-07 11:02:28','2025-04-07 11:02:28'),(398,3,'35702','Mantenimiento y conservación de plantas e instalaciones productivas','2025-04-07 11:02:28','2025-04-07 11:02:28'),(399,3,'35703','Instalación, reparación, mantenimiento y conservación de maquinaria y equipo para la prestación de servicios públicos','2025-04-07 11:02:28','2025-04-07 11:02:28'),(400,3,'35800','SERVICIOS DE LIMPIEZA Y MANEJO DE DESECHOS','2025-04-07 11:02:28','2025-04-07 11:02:28'),(401,3,'35801','Servicios de limpieza y Manejo de desechos.','2025-04-07 11:02:28','2025-04-07 11:02:28'),(402,3,'35802','Tratamiento de aguas residuales','2025-04-07 11:02:29','2025-04-07 11:02:29'),(403,3,'35803','Acarreos y disposición de lodos de PTAR','2025-04-07 11:02:29','2025-04-07 11:02:29'),(404,3,'35900','SERVICIOS DE JARDINERÍA Y FUMIGACIÓN','2025-04-07 11:02:29','2025-04-07 11:02:29'),(405,3,'35901','Servicios de jardinería y fumigación','2025-04-07 11:02:29','2025-04-07 11:02:29'),(406,3,'36000','SERVICIOS DE COMUNICACIÓN SOCIAL Y PUBLICIDAD','2025-04-07 11:02:29','2025-04-07 11:02:29'),(407,3,'36100','DIFUSIÓN POR RADIO,TELEVISIÓN Y OTROS MEDIOS DE MENSAJE SOBRE PROGRAMAS Y ACTIVIDADES GUBERNAMENTALES','2025-04-07 11:02:29','2025-04-07 11:02:29'),(408,3,'36101','Difusión de mensajes sobre programas y actividades gubernamentales','2025-04-07 11:02:29','2025-04-07 11:02:29'),(409,3,'36200','DIFUSIÓN POR RADIO,TELEVISIÓN Y OTROS MEDIOS DE MENSAJES COMERCIALES PARA PROMOVER LA VENTA DE BIENES O SERVICIOS','2025-04-07 11:02:29','2025-04-07 11:02:29'),(410,3,'36201','Difusión de mensajes comerciales para promover la venta de productos o servicios','2025-04-07 11:02:29','2025-04-07 11:02:29'),(411,3,'36300','SERVICIOS DE CREATIVIDAD, PREPRODUCCIÓN Y PRODUCCIÓN DE PUBLICIDAD, EXEPTO INTERNET','2025-04-07 11:02:29','2025-04-07 11:02:29'),(412,3,'36301','Servicios de creatividad preproducción y producción de publicidad excepto internet','2025-04-07 11:02:29','2025-04-07 11:02:29'),(413,3,'36400','SERVICIOS DE REVELADO DE FOTOGRAFÍAS','2025-04-07 11:02:29','2025-04-07 11:02:29'),(414,3,'36401','Servicios de revelado de fotografías','2025-04-07 11:02:29','2025-04-07 11:02:29'),(415,3,'36500','SERVICIOS DE LA INDUSTRIA FÍLMICA, DEL SONIDO Y VIDEO','2025-04-07 11:02:29','2025-04-07 11:02:29'),(416,3,'36501','Servicios de la industria fílmica, del sonido y del video','2025-04-07 11:02:29','2025-04-07 11:02:29'),(417,3,'36600','SERVICIOS DE CREACIÓN Y DIFUSIÓN DE CONTENIDO EXCLUSIVAMENTE A TRAVÉS DE INTERNET','2025-04-07 11:02:29','2025-04-07 11:02:29'),(418,3,'36601','Servicios de creación y difusión de contenidos exclusivamente a través de internet','2025-04-07 11:02:29','2025-04-07 11:02:29'),(419,3,'36900','OTROS SERVICIOS DE INFORMACIÓN','2025-04-07 11:02:29','2025-04-07 11:02:29'),(420,3,'36901','Servicios relacionados con monitoreo de información en medios masivos','2025-04-07 11:02:29','2025-04-07 11:02:29'),(421,3,'37000','SERVICIOS DE TRASLADOS Y VIÁTICOS','2025-04-07 11:02:29','2025-04-07 11:02:29'),(422,3,'37100','PASAJES AÉREOS','2025-04-07 11:02:29','2025-04-07 11:02:29'),(423,3,'37101','Pasajes aéreos nacionales','2025-04-07 11:02:29','2025-04-07 11:02:29'),(424,3,'37102','Pasajes aéreos internacionales','2025-04-07 11:02:29','2025-04-07 11:02:29'),(425,3,'37200','PASAJES TERRESTRES','2025-04-07 11:02:29','2025-04-07 11:02:29'),(426,3,'37201','Pasajes terrestres nacionales','2025-04-07 11:02:29','2025-04-07 11:02:29'),(427,3,'37202','Pasajes terrestres internacionales','2025-04-07 11:02:29','2025-04-07 11:02:29'),(428,3,'37203','No utilizada','2025-04-07 11:02:29','2025-04-07 11:02:29'),(429,3,'37204','Pasajes terrestres nacionales para servidores públicos en el desempeño de comisiones y funciones oficiales','2025-04-07 11:02:29','2025-04-07 11:02:29'),(430,3,'37205','No utilizada','2025-04-07 11:02:29','2025-04-07 11:02:29'),(431,3,'37206','Pasajes terrestres internacionales para servidores públicos en el desempeño de comisiones y funciones oficiales','2025-04-07 11:02:29','2025-04-07 11:02:29'),(432,3,'37300','PASAJES MARÍTIMOS, LACUSTRES Y FLUVIALES','2025-04-07 11:02:29','2025-04-07 11:02:29'),(433,3,'37301','Pasajes marítimos, lacustres y fluviales','2025-04-07 11:02:29','2025-04-07 11:02:29'),(434,3,'37400','AUTOTRANSPORTE','2025-04-07 11:02:29','2025-04-07 11:02:29'),(435,3,'37401','Autotransportes','2025-04-07 11:02:29','2025-04-07 11:02:29'),(436,3,'37500','VIÁTICOS EN EL PAIS','2025-04-07 11:02:29','2025-04-07 11:02:29'),(437,3,'37501','Viáticos nacionales','2025-04-07 11:02:29','2025-04-07 11:02:29'),(438,3,'37600','VIÁTICOS EN EL EXTRANJERO','2025-04-07 11:02:29','2025-04-07 11:02:29'),(439,3,'37601','Viáticos en el extranjero','2025-04-07 11:02:29','2025-04-07 11:02:29'),(440,3,'37700','GASTOS DE INSTALACIÓN Y TRASLADO DE MENAJE','2025-04-07 11:02:29','2025-04-07 11:02:29'),(441,3,'37701','GASTOS DE INSTALACIÓN Y TRASLADO DE MENAJE','2025-04-07 11:02:29','2025-04-07 11:02:29'),(442,3,'37800','SERVICIOS INTEGRALES DE TRASLADO Y VIÁTICOS','2025-04-07 11:02:29','2025-04-07 11:02:29'),(443,3,'37801','Servicios integrales nacionales para servidores públicos en el desempeño de comisiones y funciones oficiales','2025-04-07 11:02:29','2025-04-07 11:02:29'),(444,3,'37802','Servicios integrales en el extranjero para servidores públicos en el desempeño de comisiones y funciones oficiales','2025-04-07 11:02:29','2025-04-07 11:02:29'),(445,3,'37900','OTROS SERVICIOS DE TRASLADO Y HOSPEDAJE','2025-04-07 11:02:29','2025-04-07 11:02:29'),(446,3,'37901','Gastos para operativos y trabajos de campo en áreas rurales','2025-04-07 11:02:29','2025-04-07 11:02:29'),(447,3,'38000','SERVICIOS OFICIALES','2025-04-07 11:02:29','2025-04-07 11:02:29'),(448,3,'38100','GASTOS CEREMONIAL','2025-04-07 11:02:29','2025-04-07 11:02:29'),(449,3,'38101','Gastos de ceremonial','2025-04-07 11:02:29','2025-04-07 11:02:29'),(450,3,'38200','GASTOS DE ORDEN SOCIAL Y CULTURAL','2025-04-07 11:02:29','2025-04-07 11:02:29'),(451,3,'38201','Gastos de orden social','2025-04-07 11:02:29','2025-04-07 11:02:29'),(452,3,'38300','CONGRESOS Y CONVENCIONES','2025-04-07 11:02:29','2025-04-07 11:02:29'),(453,3,'38301','Congresos y convenciones','2025-04-07 11:02:29','2025-04-07 11:02:29'),(454,3,'38400','EXPOSICIONES','2025-04-07 11:02:29','2025-04-07 11:02:29'),(455,3,'38401','Exposiciones','2025-04-07 11:02:29','2025-04-07 11:02:29'),(456,3,'38500','GASTOS DE REPRESENTACIÓN','2025-04-07 11:02:29','2025-04-07 11:02:29'),(457,3,'38501','Gastos de Representación','2025-04-07 11:02:29','2025-04-07 11:02:29'),(458,3,'39000','OTROS SERVICIOS GENERALES','2025-04-07 11:02:29','2025-04-07 11:02:29'),(459,3,'39100','SERVICIOS FUNERALES Y DE CEMENTERIOS','2025-04-07 11:02:29','2025-04-07 11:02:29'),(460,3,'39101','Funerales y pagas de defunción','2025-04-07 11:02:29','2025-04-07 11:02:29'),(461,3,'39200','IMPUESTOS Y DERECHOS','2025-04-07 11:02:29','2025-04-07 11:02:29'),(462,3,'39201','Impuestos y derechos de exportación','2025-04-07 11:02:29','2025-04-07 11:02:29'),(463,3,'39202','Valores de tránsito, placas, tarjetas y calcomanías','2025-04-07 11:02:29','2025-04-07 11:02:29'),(464,3,'39203','Impuesto predial','2025-04-07 11:02:29','2025-04-07 11:02:29'),(465,3,'39204','Derecho de explotación, uso o aprovechamiento de aguas nacionales','2025-04-07 11:02:29','2025-04-07 11:02:29'),(466,3,'39205','Derechos por descarga de aguas residuales a cuerpos receptores','2025-04-07 11:02:29','2025-04-07 11:02:29'),(467,3,'39206','Otros impuestos','2025-04-07 11:02:30','2025-04-07 11:02:30'),(468,3,'39207','Otros derechos','2025-04-07 11:02:30','2025-04-07 11:02:30'),(469,3,'39300','IMPUESTOS Y DERECHOS DE IMPORTACIÓN','2025-04-07 11:02:30','2025-04-07 11:02:30'),(470,3,'39301','Impuestos y derechos de importación','2025-04-07 11:02:30','2025-04-07 11:02:30'),(471,3,'39400','SENTENCIAS Y RESOLUCIONES JUDICIALES POR AUTORIDAD COMPETENTE','2025-04-07 11:02:30','2025-04-07 11:02:30'),(472,3,'39401','Erogaciones por resoluciones por autoridad competente','2025-04-07 11:02:30','2025-04-07 11:02:30'),(473,3,'39402','Indemnizaciones por expropiación de predios','2025-04-07 11:02:30','2025-04-07 11:02:30'),(474,3,'39500','PENAS, MULTAS, ACCESORIOS Y ACTUALIZACIONES','2025-04-07 11:02:30','2025-04-07 11:02:30'),(475,3,'39501','Penas, multas, accesorios y actualizaciones','2025-04-07 11:02:30','2025-04-07 11:02:30'),(476,3,'39600','OTROS GASTOS POR RESPONSABILIDADES','2025-04-07 11:02:30','2025-04-07 11:02:30'),(477,3,'39601','Pérdidas del erario','2025-04-07 11:02:30','2025-04-07 11:02:30'),(478,3,'39602','Otros gastos por responsabilidades','2025-04-07 11:02:30','2025-04-07 11:02:30'),(479,3,'39700','UTILIDADES','2025-04-07 11:02:30','2025-04-07 11:02:30'),(480,3,'39701','Erogaciones por pago de utilidades','2025-04-07 11:02:30','2025-04-07 11:02:30'),(481,3,'39800','IMPUESTO SOBRE NÓMINAS Y OTROS QUE SE DERIVEN DE UNA RELACIÓN LABORAL','2025-04-07 11:02:30','2025-04-07 11:02:30'),(482,3,'39801','Impuesto sobre nóminas y similares','2025-04-07 11:02:30','2025-04-07 11:02:30'),(483,3,'39802','Impuesto sobre la renta','2025-04-07 11:02:30','2025-04-07 11:02:30'),(484,3,'39900','OTROS SERVICIOS GENERALES','2025-04-07 11:02:30','2025-04-07 11:02:30'),(485,3,'39901','Otros servicios','2025-04-07 11:02:30','2025-04-07 11:02:30'),(486,3,'39902','No utilizada','2025-04-07 11:02:30','2025-04-07 11:02:30'),(487,3,'39903','Asignaciones a los grupos parlamentarios','2025-04-07 11:02:30','2025-04-07 11:02:30'),(488,3,'39904','Participaciones en órganos de gobierno','2025-04-07 11:02:30','2025-04-07 11:02:30'),(489,3,'39905','No utilizada','2025-04-07 11:02:30','2025-04-07 11:02:30'),(490,3,'39906','Servicios corporativos prestados por las entidades paraestatales a sus organismos','2025-04-07 11:02:30','2025-04-07 11:02:30'),(491,3,'39907','Servicios prestados entre organismos de una entidad paraestatal','2025-04-07 11:02:30','2025-04-07 11:02:30'),(492,3,'39908','Erogaciones por cuenta de terceros','2025-04-07 11:02:30','2025-04-07 11:02:30'),(493,3,'39909','Erogaciones recuperables','2025-04-07 11:02:30','2025-04-07 11:02:30'),(494,4,'40000','TRANSFERENCIAS, ASIGNACIONES, SUBSIDIOS Y OTRAS AYUDAS','2025-04-07 11:02:30','2025-04-07 11:02:30'),(495,4,'41000','TRANSFERENCIAS INTERNAS Y ASIGNACIONES AL SECTOR PÚBLICO','2025-04-07 11:02:30','2025-04-07 11:02:30'),(496,4,'41100','ASIGNACIÓN PRESUPUESTARIAS AL PODER EJECUTIVO','2025-04-07 11:02:30','2025-04-07 11:02:30'),(497,4,'41101','Transferencias para gastos de operación a dependencias del Poder Ejecutivo','2025-04-07 11:02:30','2025-04-07 11:02:30'),(498,4,'41102','Aportaciones municipales para el fortalecimiento del desarrollo institucional','2025-04-07 11:02:30','2025-04-07 11:02:30'),(499,4,'41103','Aportaciones municipales para el fortalecimiento del desarrollo regional','2025-04-07 11:02:30','2025-04-07 11:02:30'),(500,4,'41200','ASIGNACIÓN PRESUPUESTARIAS AL PODER LEGISLATIVO','2025-04-07 11:02:30','2025-04-07 11:02:30'),(501,4,'41201','Transferencias para gastos de operación del Poder Legislativo para servicios personales','2025-04-07 11:02:30','2025-04-07 11:02:30'),(502,4,'41202','Transferencias para gastos de operación del Poder Legislativo para materiales y suministros','2025-04-07 11:02:30','2025-04-07 11:02:30'),(503,4,'41203','Transferencias para gastos de operación del Poder Legislativo para servicios generales','2025-04-07 11:02:30','2025-04-07 11:02:30'),(504,4,'41204','Transferencias para gastos de operación del Poder Legislativo para subsidios y otras ayudas','2025-04-07 11:02:30','2025-04-07 11:02:30'),(505,4,'41205','Transferencias para gastos de operación del Poder Legislativo para bienes muebles inmuebles e intangibles','2025-04-07 11:02:30','2025-04-07 11:02:30'),(506,4,'41206','Transferencias para gastos de operación del Poder Legislativo para inversión publica','2025-04-07 11:02:30','2025-04-07 11:02:30'),(507,4,'41300','ASIGNACIÓN PRESUPUESTARIAS AL PODER JUDICIAL','2025-04-07 11:02:30','2025-04-07 11:02:30'),(508,4,'41301','Transferencias para gastos de operación al Poder Judicial para servicios personales','2025-04-07 11:02:30','2025-04-07 11:02:30'),(509,4,'41302','Transferencias para gastos de operación al Poder Judicial para materiales y suministros','2025-04-07 11:02:30','2025-04-07 11:02:30'),(510,4,'41303','Transferencias para gastos de operación al Poder Judicial para servicios generales','2025-04-07 11:02:30','2025-04-07 11:02:30'),(511,4,'41304','Transferencias para gastos de operación al Poder Judicial para subsidios y otras ayudas','2025-04-07 11:02:30','2025-04-07 11:02:30'),(512,4,'41305','Transferencias para gastos de operación al Poder Judicial para bienes muebles inmuebles e intangibles','2025-04-07 11:02:30','2025-04-07 11:02:30'),(513,4,'41306','Transferencias para gastos de operación al Poder Judicial para inversión publica','2025-04-07 11:02:30','2025-04-07 11:02:30'),(514,4,'41400','ASIGNACIÓN PRESUPUESTARIAS A ÓRGANOS AUTÓNOMOS','2025-04-07 11:02:30','2025-04-07 11:02:30'),(515,4,'41401','Transferencias para gastos de operación de organismos autónomos para servicios personales','2025-04-07 11:02:30','2025-04-07 11:02:30'),(516,4,'41402','Transferencias para gastos de operación de organismos autónomos para materiales y suministros','2025-04-07 11:02:30','2025-04-07 11:02:30'),(517,4,'41403','Transferencias para gastos de operación de organismos autónomos para servicios generales','2025-04-07 11:02:30','2025-04-07 11:02:30'),(518,4,'41404','Transferencias para gastos de operación de organismos autónomos para subsidios y otras ayudas','2025-04-07 11:02:30','2025-04-07 11:02:30'),(519,4,'41405','Transferencias para gastos de operación de organismos autónomos para bienes muebles, inmuebles e intangibles','2025-04-07 11:02:30','2025-04-07 11:02:30'),(520,4,'41406','Transferencias para gastos de operación de organismos autónomos para inversión publica','2025-04-07 11:02:30','2025-04-07 11:02:30'),(521,4,'41500','TRANSFERENCIA INTERNAS OTORGADAS A ENTIDADES PARAESTATALES NO EMPRESARIALES Y NO FINANCIERAS','2025-04-07 11:02:30','2025-04-07 11:02:30'),(522,4,'41501','Transferencias para cubrir el déficit de operación y los gastos de administración asociados al otorgamiento de subsidios','2025-04-07 11:02:30','2025-04-07 11:02:30'),(523,4,'41600','TRANSFERENCIA INTERNAS OTORGADAS A ENTIDADES PARAESTATALES EMPRESARIALES Y NO FINANCIERAS','2025-04-07 11:02:30','2025-04-07 11:02:30'),(524,4,'41601','Transferencias a entidades empresariales no financieras derivadas de la obtención de derechos','2025-04-07 11:02:30','2025-04-07 11:02:30'),(525,4,'41700','TRANSFERENCIA INTERNAS OTORGADAS A FIDEICOMISOS PÚBLICOS EMPRESARIALES Y NO FINANCIEROS','2025-04-07 11:02:31','2025-04-07 11:02:31'),(526,4,'41701','Transferencias internas otorgadas a fideicomisos públicos empresariales y no financieros','2025-04-07 11:02:31','2025-04-07 11:02:31'),(527,4,'41800','TRANSFERENCIA INTERNAS OTORGADAS A INSTITUCIONES PARAESTATALES PÚBLICAS FINANCIERAS','2025-04-07 11:02:31','2025-04-07 11:02:31'),(528,4,'41801','Transferencias internas otorgadas a instituciones paraestatales públicas financieras','2025-04-07 11:02:31','2025-04-07 11:02:31'),(529,4,'41900','TRANSFERENCIA INTERNAS OTORGADAS A FIDEICOMISOS PÚBLICOS FINANCIEROS','2025-04-07 11:02:31','2025-04-07 11:02:31'),(530,4,'41901','Transferencias internas otorgadas a fideicomisos públicos financieros','2025-04-07 11:02:31','2025-04-07 11:02:31'),(531,4,'42000','TRANSFERENCIAS AL RESTO DEL SECTOR PÚBLICO','2025-04-07 11:02:31','2025-04-07 11:02:31'),(532,4,'42100','TRANSFERENCIA OTORGADAS A ENTIDADES PARAESTATALES NO EMPRESARIALES Y NO FINANCIERAS','2025-04-07 11:02:31','2025-04-07 11:02:31'),(533,4,'42101','Transferencias otorgadas a entidades paraestatales para servicios personales','2025-04-07 11:02:31','2025-04-07 11:02:31'),(534,4,'42102','Transferencias otorgadas a entidades paraestatales para materiales y suministros','2025-04-07 11:02:31','2025-04-07 11:02:31'),(535,4,'42103','Transferencias otorgadas a entidades paraestatales para servicios generales','2025-04-07 11:02:31','2025-04-07 11:02:31'),(536,4,'42104','Transferencias otorgadas a entidades paraestatales para subsidios y otras ayudas','2025-04-07 11:02:31','2025-04-07 11:02:31'),(537,4,'42105','Transferencias otorgadas a entidades paraestatales para bienes muebles inmuebles e intangibles','2025-04-07 11:02:31','2025-04-07 11:02:31'),(538,4,'42106','Transferencias otorgadas a entidades paraestatales para inversión publica','2025-04-07 11:02:31','2025-04-07 11:02:31'),(539,4,'42200','TRANSFERENCIA OTORGADAS A ENTIDADES PARAESTATALES EMPRESARIALES Y NO FINANCIERAS','2025-04-07 11:02:31','2025-04-07 11:02:31'),(540,4,'42201','Transferencias otorgadas para entidades paraestatales empresariales y no financieras','2025-04-07 11:02:31','2025-04-07 11:02:31'),(541,4,'42300','TRANSFERENCIA OTORGADAS A INSTITUCIONES PARAESTATALES PÚBLICAS FINANCIERAS','2025-04-07 11:02:31','2025-04-07 11:02:31'),(542,4,'42301','Transferencias Otorgadas a Instituciones paraestatales Publicas Financieras','2025-04-07 11:02:31','2025-04-07 11:02:31'),(543,4,'42400','TRANSFERENCIA OTORGADAS A ENTIDADES FEDERATIVAS Y MUNICIPIOS','2025-04-07 11:02:31','2025-04-07 11:02:31'),(544,4,'42401','Transferencias otorgadas a entidades federativas y municipios','2025-04-07 11:02:31','2025-04-07 11:02:31'),(545,4,'42500','TRANSFERENCIAS A FIDEICOMISOS DE ENTIDADES FEDERATIVAS Y MUNICIPIOS','2025-04-07 11:02:31','2025-04-07 11:02:31'),(546,4,'42501','Transferencias a fideicomisos de entidades federativas y municipios','2025-04-07 11:02:31','2025-04-07 11:02:31'),(547,4,'43000','SUBSIDIOS Y SUBVENCIONES','2025-04-07 11:02:31','2025-04-07 11:02:31'),(548,4,'43100','SUBSIDIO A LA PRODUCCIÓN','2025-04-07 11:02:31','2025-04-07 11:02:31'),(549,4,'43101','Subsidios a la producción','2025-04-07 11:02:31','2025-04-07 11:02:31'),(550,4,'43200','SUBSIDIO A LA DISTRIBUCIÓN','2025-04-07 11:02:31','2025-04-07 11:02:31'),(551,4,'43201','Subsidios a la distribución','2025-04-07 11:02:31','2025-04-07 11:02:31'),(552,4,'43300','SUBSIDIO A LA INVERSIÓN','2025-04-07 11:02:31','2025-04-07 11:02:31'),(553,4,'43301','Subsidios a la inversión','2025-04-07 11:02:31','2025-04-07 11:02:31'),(554,4,'43400','SUBSIDIO A LA PRESTACIÓN DE SERVICIÓS PÚBLICOS','2025-04-07 11:02:31','2025-04-07 11:02:31'),(555,4,'43401','Subsidios a la prestación de servicios públicos','2025-04-07 11:02:31','2025-04-07 11:02:31'),(556,4,'43500','SUBSIDIOS PARA CUBRIR DIFERENCIALES DE TASA DE INTERÉS','2025-04-07 11:02:31','2025-04-07 11:02:31'),(557,4,'43501','Subsidios para cubrir diferenciales de tasas de interés','2025-04-07 11:02:31','2025-04-07 11:02:31'),(558,4,'43600','SUBSIDIOS A LA VIVIENDA','2025-04-07 11:02:31','2025-04-07 11:02:31'),(559,4,'43601','Subsidios para la adquisición de vivienda de interés social','2025-04-07 11:02:31','2025-04-07 11:02:31'),(560,4,'43700','SUBVENCIONES AL CONSUMO','2025-04-07 11:02:31','2025-04-07 11:02:31'),(561,4,'43701','Subsidios al consumo','2025-04-07 11:02:31','2025-04-07 11:02:31'),(562,4,'43800','SUBSIDIOS A ENTIDADES FEDERATIVAS Y MUNICIPIOS','2025-04-07 11:02:31','2025-04-07 11:02:31'),(563,4,'43801','Subsidios a Entidades Federativas y Municipios','2025-04-07 11:02:31','2025-04-07 11:02:31'),(564,4,'43900','OTROS SUBSIDIOS','2025-04-07 11:02:31','2025-04-07 11:02:31'),(565,4,'43901','Subsidios para capacitación y becas','2025-04-07 11:02:31','2025-04-07 11:02:31'),(566,4,'43902','Subsidios a fideicomisos privados y estatales','2025-04-07 11:02:31','2025-04-07 11:02:31'),(567,4,'43903','Otros subsidios','2025-04-07 11:02:31','2025-04-07 11:02:31'),(568,4,'44000','AYUDAS SOCIALES','2025-04-07 11:02:31','2025-04-07 11:02:31'),(569,4,'44100','AYUDAS SOCIALES A PERSONAS','2025-04-07 11:02:31','2025-04-07 11:02:31'),(570,4,'44101','Ayudas sociales para actividades culturales','2025-04-07 11:02:31','2025-04-07 11:02:31'),(571,4,'44102','Gastos por servicios de traslado de personas','2025-04-07 11:02:31','2025-04-07 11:02:31'),(572,4,'44103','Premios, estímulos, recompensas, becas y seguros','2025-04-07 11:02:31','2025-04-07 11:02:31'),(573,4,'44105','Apoyo a voluntarios que participan en programas del ente público','2025-04-07 11:02:31','2025-04-07 11:02:31'),(574,4,'44106','Compensaciones por servicio social','2025-04-07 11:02:31','2025-04-07 11:02:31'),(575,4,'44107','Apoyo a representantes, consejeros y funcionarios de casilla','2025-04-07 11:02:31','2025-04-07 11:02:31'),(576,4,'44108','Ayudas sociales a la población individual','2025-04-07 11:02:31','2025-04-07 11:02:31'),(577,4,'44109','Apoyos para operación e inversión hidráulica y sanitaria a comunidades','2025-04-07 11:02:31','2025-04-07 11:02:31'),(578,4,'44110','Otras ayudas','2025-04-07 11:02:31','2025-04-07 11:02:31'),(579,4,'44200','BECAS Y OTRAS AYUDAS PARA PROGRAMAS DE CAPACITACIÓN','2025-04-07 11:02:31','2025-04-07 11:02:31'),(580,4,'44201','Becas y otras ayudas para programas de capacitación','2025-04-07 11:02:31','2025-04-07 11:02:31'),(581,4,'44300','AYUDAS SOCIALES A INSTITUCIONES DE ENSEÑANZA','2025-04-07 11:02:31','2025-04-07 11:02:31'),(582,4,'44301','Ayudas sociales a instituciones de enseñanza','2025-04-07 11:02:31','2025-04-07 11:02:31'),(583,4,'44400','AYUDAS SOCIALES A ACTIVIDADES CIENTÍFICAS O ACADÉMICAS','2025-04-07 11:02:31','2025-04-07 11:02:31'),(584,4,'44401','Apoyos a la investigación científica y tecnológica de instituciones académicas y del sector público','2025-04-07 11:02:31','2025-04-07 11:02:31'),(585,4,'44402','Apoyos a la investigación científica y tecnológica en otras instituciones','2025-04-07 11:02:31','2025-04-07 11:02:31'),(586,4,'44500','AYUDAS SOCIALES A INSTITUCIONES SIN FINES DE LUCRO','2025-04-07 11:02:32','2025-04-07 11:02:32'),(587,4,'44501','Apoyo financiero al comité nacional de supervisión y evaluación y a la comisión nacional de vigilancia locales y distritales del registro federal de electores','2025-04-07 11:02:32','2025-04-07 11:02:32'),(588,4,'44502','Financiamiento público a partidos políticos y agrupaciones políticas con registro autorizado','2025-04-07 11:02:32','2025-04-07 11:02:32'),(589,4,'44600','AYUDAS SOCIALES A COOPERATIVAS','2025-04-07 11:02:32','2025-04-07 11:02:32'),(590,4,'44601','Ayudas Sociales a Cooperativas','2025-04-07 11:02:32','2025-04-07 11:02:32'),(591,4,'44700','AYUDAS SOCIALES A ENTIDADES DE INTERÉS PÚBLICO','2025-04-07 11:02:32','2025-04-07 11:02:32'),(592,4,'44701','Ayudas sociales a entidades de interés público','2025-04-07 11:02:32','2025-04-07 11:02:32'),(593,4,'44800','AYUDAS POR DESASTRES NATURALES Y OTROS SINIESTROS','2025-04-07 11:02:32','2025-04-07 11:02:32'),(594,4,'44801','Ayudas por desastres naturales y otros siniestros','2025-04-07 11:02:32','2025-04-07 11:02:32'),(595,4,'44802','Indemnización a terceros','2025-04-07 11:02:32','2025-04-07 11:02:32'),(596,4,'45000','PENSIONES Y JUBILACIONES','2025-04-07 11:02:32','2025-04-07 11:02:32'),(597,4,'45100','PENSIONES','2025-04-07 11:02:32','2025-04-07 11:02:32'),(598,4,'45101','Pensiones','2025-04-07 11:02:32','2025-04-07 11:02:32'),(599,4,'45200','JUBILACIONES','2025-04-07 11:02:32','2025-04-07 11:02:32'),(600,4,'45201','Pago de pensiones y jubilaciones','2025-04-07 11:02:32','2025-04-07 11:02:32'),(601,4,'45202','Pago de pensiones y jubilaciones contractuales','2025-04-07 11:02:32','2025-04-07 11:02:32'),(602,4,'45203','Transferencias para el pago de pensiones y jubilaciones','2025-04-07 11:02:32','2025-04-07 11:02:32'),(603,4,'45900','OTRAS PENSIONES Y JUBILACIONES','2025-04-07 11:02:32','2025-04-07 11:02:32'),(604,4,'45901','Pago de sumas aseguradas','2025-04-07 11:02:32','2025-04-07 11:02:32'),(605,4,'45902','Prestaciones económicas distintas de pensiones y jubilaciones','2025-04-07 11:02:32','2025-04-07 11:02:32'),(606,4,'46000','TRANSFERENCIAS A FIDEICOMISOS, MANDATOS Y OTROS ANÁLOGOS','2025-04-07 11:02:32','2025-04-07 11:02:32'),(607,4,'46100','TRANSFERENCIAS A FIDEICOMISOS DEL PODER EJECUTIVO','2025-04-07 11:02:32','2025-04-07 11:02:32'),(608,4,'46101','Transferencias a fideicomisos públicos','2025-04-07 11:02:32','2025-04-07 11:02:32'),(609,4,'46102','Transferencias a mandatos públicos','2025-04-07 11:02:32','2025-04-07 11:02:32'),(610,4,'46200','TRANSFERENCIAS A FIDEICOMISOS DEL PODER LEGISLATIVO','2025-04-07 11:02:32','2025-04-07 11:02:32'),(611,4,'46201','Transferencias a Fideicomisos del Poder Legislativo','2025-04-07 11:02:32','2025-04-07 11:02:32'),(612,4,'46300','TRANSFERENCIAS A FIDEICOMISOS DEL PODER JUDICIAL','2025-04-07 11:02:32','2025-04-07 11:02:32'),(613,4,'46301','Transferencias a fideicomisos públicos del poder judicial','2025-04-07 11:02:32','2025-04-07 11:02:32'),(614,4,'46400','TRANSFERENCIAS A FIDEICOMISOS PÚBLICOS DE ENTIDADES PARAESTATALES NO EMPRESARIALES Y NO FINANCIERAS','2025-04-07 11:02:32','2025-04-07 11:02:32'),(615,4,'46401','Transferencias a fideicomisos públicos de entidades paraestatales y paramunicipales no empresariales y no financieras','2025-04-07 11:02:32','2025-04-07 11:02:32'),(616,4,'46500','TRANSFERENCIAS A FIDEICOMISOS PÚBLICOS DE ENTIDADES PARAESTATALES EMPRESARIALES Y NO FINANCIERAS','2025-04-07 11:02:32','2025-04-07 11:02:32'),(617,4,'46501','Transferencias a fideicomisos públicos de entidades paraestatales y paramunicipales empresariales y no financieras','2025-04-07 11:02:32','2025-04-07 11:02:32'),(618,4,'46600','TRANSFERENCIAS A FIDEICOMISOS DE INSTITUCIONES PÚBLICAS FINANCIERAS','2025-04-07 11:02:32','2025-04-07 11:02:32'),(619,4,'46601','Transferencias a fideicomisos de instituciones públicas financieras','2025-04-07 11:02:32','2025-04-07 11:02:32'),(620,4,'46900','OTRAS TRANSFERENCIAS A FIDEICOMISOS','2025-04-07 11:02:32','2025-04-07 11:02:32'),(621,4,'46901','Otras Transferencias a fideicomisos','2025-04-07 11:02:32','2025-04-07 11:02:32'),(622,4,'47000','TRANSFERENCIAS A LA SEGURIDAD SOCIAL','2025-04-07 11:02:32','2025-04-07 11:02:32'),(623,4,'47100','TRANSFERENCIAS POR OBLIGACIÓN DE LEY','2025-04-07 11:02:32','2025-04-07 11:02:32'),(624,4,'47101','Trasferencias para cuotas y aportaciones de seguridad social para el IMSS, ISSSTE e ISSFAM por obligación del estado','2025-04-07 11:02:32','2025-04-07 11:02:32'),(625,4,'47102','Transferencias para cuotas y aportaciones a los seguros de retiro, cesantía en edad avanzada y vejez','2025-04-07 11:02:32','2025-04-07 11:02:32'),(626,4,'48000','DONATIVOS','2025-04-07 11:02:32','2025-04-07 11:02:32'),(627,4,'48100','DONATIVOS A INSTITUCIONES SIN FINES DE LUCRO','2025-04-07 11:02:32','2025-04-07 11:02:32'),(628,4,'48101','Donativos a instituciones sin fines de lucro','2025-04-07 11:02:32','2025-04-07 11:02:32'),(629,4,'48200','DONATIVOS A ENTIDADES FEDERATIVAS','2025-04-07 11:02:32','2025-04-07 11:02:32'),(630,4,'48201','Donativos a entidades federativas o municipios','2025-04-07 11:02:32','2025-04-07 11:02:32'),(631,4,'48300','DONATIVOS A FIDEICOMISOS PRIVADOS','2025-04-07 11:02:32','2025-04-07 11:02:32'),(632,4,'48301','Donativos a fideicomisos privados','2025-04-07 11:02:32','2025-04-07 11:02:32'),(633,4,'48400','DONATIVOS A FIDEICOMISOS ESTATALES','2025-04-07 11:02:32','2025-04-07 11:02:32'),(634,4,'48401','Donativos a fideicomisos estatales','2025-04-07 11:02:32','2025-04-07 11:02:32'),(635,4,'48402','Donativos a fideicomisos municipales','2025-04-07 11:02:32','2025-04-07 11:02:32'),(636,4,'48500','DONATIVOS INTERNACIONALES','2025-04-07 11:02:32','2025-04-07 11:02:32'),(637,4,'48501','Donativos internacionales','2025-04-07 11:02:32','2025-04-07 11:02:32'),(638,4,'49000','TRANFERENCIAS AL EXTERIOR','2025-04-07 11:02:32','2025-04-07 11:02:32'),(639,4,'49100','TRANSFERENCIA PARA GOBIERNOS EXTRANJEROS','2025-04-07 11:02:32','2025-04-07 11:02:32'),(640,4,'49101','Transferencias para gobiernos extranjeros','2025-04-07 11:02:32','2025-04-07 11:02:32'),(641,4,'49200','TRANSFERENCIA PARA ORGANISMOS INTERNACIONALES','2025-04-07 11:02:32','2025-04-07 11:02:32'),(642,4,'49201','Cuotas y aportaciones a organismos internacionales','2025-04-07 11:02:32','2025-04-07 11:02:32'),(643,4,'49300','TRANSFERNCIA PARA EL SECTOR PRIVADO EXTERNO','2025-04-07 11:02:32','2025-04-07 11:02:32'),(644,4,'49301','Transferencias para el sector privado externo','2025-04-07 11:02:32','2025-04-07 11:02:32'),(645,5,'50000','BIENES MUEBLES, INMUEBLES E INTANGIBLES','2025-04-07 11:02:32','2025-04-07 11:02:32'),(646,5,'51000','MOBILIARIO Y EQUIPO DE ADMINISTRACIÓN','2025-04-07 11:02:32','2025-04-07 11:02:32'),(647,5,'51100','MUEBLES DE OFICINA Y ESTANTERÍA','2025-04-07 11:02:33','2025-04-07 11:02:33'),(648,5,'51101','Mobiliario','2025-04-07 11:02:33','2025-04-07 11:02:33'),(649,5,'51200','MUEBLES, EXCEPTO DE OFICINA Y ESTANTERÍA','2025-04-07 11:02:33','2025-04-07 11:02:33'),(650,5,'51201','Muebles excepto de oficina y estantería','2025-04-07 11:02:33','2025-04-07 11:02:33'),(651,5,'51300','BIENES ARTISTICOS, CULTURALRES Y CIENTÍFICOS','2025-04-07 11:02:33','2025-04-07 11:02:33'),(652,5,'51301','Bienes artísticos y culturales','2025-04-07 11:02:33','2025-04-07 11:02:33'),(653,5,'51400','OBJETOS DE VALOR','2025-04-07 11:02:33','2025-04-07 11:02:33'),(654,5,'51401','Objetos de valor','2025-04-07 11:02:33','2025-04-07 11:02:33'),(655,5,'51500','EQUIPOS DE CÓMPUTO Y DE TECNOLOGÍAS DE LA INFORMACIÓN','2025-04-07 11:02:33','2025-04-07 11:02:33'),(656,5,'51501','Bienes informáticos','2025-04-07 11:02:33','2025-04-07 11:02:33'),(657,5,'51900','OTRO MOBILIARIO Y EQUIPO DE ADMINISTRACIÓN','2025-04-07 11:02:33','2025-04-07 11:02:33'),(658,5,'51901','Equipo de administración','2025-04-07 11:02:33','2025-04-07 11:02:33'),(659,5,'51902','Adjudicaciones, expropiaciones e indemnizaciones de bienes muebles','2025-04-07 11:02:33','2025-04-07 11:02:33'),(660,5,'52000','MOBILIARIO Y EQUIPO EDUCACIONAL Y RECREATIVO','2025-04-07 11:02:33','2025-04-07 11:02:33'),(661,5,'52100','EQUIPOS Y APARATOS AUDIOVISUALES','2025-04-07 11:02:33','2025-04-07 11:02:33'),(662,5,'52101','Equipos y aparatos audiovisuales','2025-04-07 11:02:33','2025-04-07 11:02:33'),(663,5,'52200','APARATOS DEPORTIVOS','2025-04-07 11:02:33','2025-04-07 11:02:33'),(664,5,'52201','Aparatos deportivos','2025-04-07 11:02:33','2025-04-07 11:02:33'),(665,5,'52300','CÁMARAS FOTOGRÁFICAS Y DE VIDEO','2025-04-07 11:02:33','2025-04-07 11:02:33'),(666,5,'52301','Cámaras fotográficas y de video','2025-04-07 11:02:33','2025-04-07 11:02:33'),(667,5,'52900','OTRO MOBILIARIO Y EQUIPO EDUCACIONAL Y RECREATIVO','2025-04-07 11:02:33','2025-04-07 11:02:33'),(668,5,'52901','Mobiliario y equipo educacional','2025-04-07 11:02:33','2025-04-07 11:02:33'),(669,5,'52902','Mobiliario y equipo recreativo','2025-04-07 11:02:33','2025-04-07 11:02:33'),(670,5,'52903','Otro mobiliario','2025-04-07 11:02:33','2025-04-07 11:02:33'),(671,5,'53000','EQUIPO E INSTRUMENTAL MÉDICO Y DE LABORATORIO','2025-04-07 11:02:33','2025-04-07 11:02:33'),(672,5,'53100','EQUIPO MÉDICO Y DE LABORATORIO','2025-04-07 11:02:33','2025-04-07 11:02:33'),(673,5,'53101','Equipo médico y de laboratorio','2025-04-07 11:02:33','2025-04-07 11:02:33'),(674,5,'53200','INSTRUMENTAL MÉDICO Y DE LABORATORIO','2025-04-07 11:02:33','2025-04-07 11:02:33'),(675,5,'53201','Instrumental médico y de laboratorio','2025-04-07 11:02:33','2025-04-07 11:02:33'),(676,5,'54000','VEHÍCULOS Y EQUIPO DE TRANSPORTE','2025-04-07 11:02:33','2025-04-07 11:02:33'),(677,5,'54100','AUTOMÓVILES Y EQUIPO TERRESTRE','2025-04-07 11:02:33','2025-04-07 11:02:33'),(678,5,'54101','Vehículos y equipos terrestres para la ejecución de programas de seguridad pública y nacional','2025-04-07 11:02:33','2025-04-07 11:02:33'),(679,5,'54102','Vehículos y equipos terrestres destinados exclusivamente para desastres naturales','2025-04-07 11:02:33','2025-04-07 11:02:33'),(680,5,'54103','Vehículos y equipos terrestres destinados a servicios públicos y la operación de programas públicos','2025-04-07 11:02:33','2025-04-07 11:02:33'),(681,5,'54104','Vehículos y equipos terrestres destinados a servicios administrativos','2025-04-07 11:02:33','2025-04-07 11:02:33'),(682,5,'54200','CARROCERÍAS Y REMOLQUES','2025-04-07 11:02:33','2025-04-07 11:02:33'),(683,5,'54201','Carrocerías y remolques','2025-04-07 11:02:33','2025-04-07 11:02:33'),(684,5,'54300','EQUIPO AEROESPACIAL','2025-04-07 11:02:33','2025-04-07 11:02:33'),(685,5,'54301','Vehículos y equipos aéreos para la ejecución de programas de seguridad pública y nacional','2025-04-07 11:02:33','2025-04-07 11:02:33'),(686,5,'54302','Vehículos y equipo aéreos destinados exclusivamente para desastres naturales','2025-04-07 11:02:33','2025-04-07 11:02:33'),(687,5,'54303','Vehículos y equipo aéreos destinados a servicios públicos y la operación de programas públicos','2025-04-07 11:02:33','2025-04-07 11:02:33'),(688,5,'54400','EQUIPO FERROVIARIO','2025-04-07 11:02:33','2025-04-07 11:02:33'),(689,5,'54401','Equipo ferroviario','2025-04-07 11:02:33','2025-04-07 11:02:33'),(690,5,'54500','EMBARCACIONES','2025-04-07 11:02:33','2025-04-07 11:02:33'),(691,5,'54501','Vehículos y equipos marítimo para la ejecución de programas de seguridad pública','2025-04-07 11:02:33','2025-04-07 11:02:33'),(692,5,'54502','Vehículos y equipos marítimo destinados a servicios públicos y la operación de programas públicos','2025-04-07 11:02:33','2025-04-07 11:02:33'),(693,5,'54503','Construcción de embarcaciones','2025-04-07 11:02:33','2025-04-07 11:02:33'),(694,5,'54900','OTROS EQUIPOS DE TRANSPORTE','2025-04-07 11:02:33','2025-04-07 11:02:33'),(695,5,'54901','Otros equipos de transporte','2025-04-07 11:02:33','2025-04-07 11:02:33'),(696,5,'55000','EQUIPO DE DEFENSA Y SEGURIDAD','2025-04-07 11:02:33','2025-04-07 11:02:33'),(697,5,'55100','EQUIPO DE DEFENSA Y SEGURIDAD','2025-04-07 11:02:33','2025-04-07 11:02:33'),(698,5,'55101','Maquinaria y equipo de defensa y seguridad pública','2025-04-07 11:02:33','2025-04-07 11:02:33'),(699,5,'55102','Equipo de seguridad pública y nacional','2025-04-07 11:02:33','2025-04-07 11:02:33'),(700,5,'56000','MAQUINARIA, OTROS EQUIPOS Y HERRAMIENTAS','2025-04-07 11:02:33','2025-04-07 11:02:33'),(701,5,'56100','MAQUINARIA Y EQUIPO AGROPECUARIO','2025-04-07 11:02:33','2025-04-07 11:02:33'),(702,5,'56101','Maquinaria y equipo agropecuario','2025-04-07 11:02:33','2025-04-07 11:02:33'),(703,5,'56200','MAQUINARIA Y EQUIPO INDUSTRIAL','2025-04-07 11:02:33','2025-04-07 11:02:33'),(704,5,'56201','Maquinaria y equipo industrial','2025-04-07 11:02:33','2025-04-07 11:02:33'),(705,5,'56300','MAQUINARIA Y EQUIPO DE CONSTRUCCIÓN','2025-04-07 11:02:33','2025-04-07 11:02:33'),(706,5,'56301','Maquinaria y equipo de construcción','2025-04-07 11:02:33','2025-04-07 11:02:33'),(707,5,'56400','SISTEMAS DE AIRE ACONDICIONADO, CALEFACCIÓN Y DE REFRIGERACIÓN INDUSTRIAL Y COMERCIAL','2025-04-07 11:02:33','2025-04-07 11:02:33'),(708,5,'56401','Sistemas de aire acondicionado, calefacción y de refrigeración industrial y comercial','2025-04-07 11:02:33','2025-04-07 11:02:33'),(709,5,'56500','EQUIPO DE COMUNICACIÓN Y TELECOMUNICACIÓN','2025-04-07 11:02:33','2025-04-07 11:02:33'),(710,5,'56501','Equipos y aparatos de comunicaciones y telecomunicaciones','2025-04-07 11:02:33','2025-04-07 11:02:33'),(711,5,'56600','EQUIPOS DE GENERACIÓN ELÉCTRICA, APARATOS Y ACCESORIOS ELÉCTRICOS','2025-04-07 11:02:34','2025-04-07 11:02:34'),(712,5,'56601','Maquinaria, equipo eléctrico y electrónico','2025-04-07 11:02:34','2025-04-07 11:02:34'),(713,5,'56700','HERRAMIENTAS Y MÁQUINAS-HERRAMIENTAS','2025-04-07 11:02:34','2025-04-07 11:02:34'),(714,5,'56701','Herramientas y maquinas herramienta','2025-04-07 11:02:34','2025-04-07 11:02:34'),(715,5,'56900','OTROS EQUIPOS','2025-04-07 11:02:34','2025-04-07 11:02:34'),(716,5,'56901','Bienes muebles por arrendamiento financiero','2025-04-07 11:02:34','2025-04-07 11:02:34'),(717,5,'56902','Otros bienes muebles','2025-04-07 11:02:34','2025-04-07 11:02:34'),(718,5,'56903','Equipo para animales','2025-04-07 11:02:34','2025-04-07 11:02:34'),(719,5,'56904','Equipo de desazolve','2025-04-07 11:02:34','2025-04-07 11:02:34'),(720,5,'56905','Equipo hidroneumático','2025-04-07 11:02:34','2025-04-07 11:02:34'),(721,5,'56906','Equipo de video inspección','2025-04-07 11:02:34','2025-04-07 11:02:34'),(722,5,'56907','Equipo de detección de fugas','2025-04-07 11:02:34','2025-04-07 11:02:34'),(723,5,'56908','Equipo de ingeniería y dibujo','2025-04-07 11:02:34','2025-04-07 11:02:34'),(724,5,'56909','Equipo de bombeo','2025-04-07 11:02:34','2025-04-07 11:02:34'),(725,5,'57000','ACTIVOS BIOLÓGICOS','2025-04-07 11:02:34','2025-04-07 11:02:34'),(726,5,'57100','BOVINOS','2025-04-07 11:02:34','2025-04-07 11:02:34'),(727,5,'57101','Bovinos','2025-04-07 11:02:34','2025-04-07 11:02:34'),(728,5,'57200','PORCINOS','2025-04-07 11:02:34','2025-04-07 11:02:34'),(729,5,'57201','Porcinos','2025-04-07 11:02:34','2025-04-07 11:02:34'),(730,5,'57300','AVES','2025-04-07 11:02:34','2025-04-07 11:02:34'),(731,5,'57301','Aves','2025-04-07 11:02:34','2025-04-07 11:02:34'),(732,5,'57400','OVINOS Y CAPRINOS','2025-04-07 11:02:34','2025-04-07 11:02:34'),(733,5,'57401','Ganado ovino','2025-04-07 11:02:34','2025-04-07 11:02:34'),(734,5,'57402','Ganado caprino','2025-04-07 11:02:34','2025-04-07 11:02:34'),(735,5,'57500','PECES Y ACUICULTURA','2025-04-07 11:02:34','2025-04-07 11:02:34'),(736,5,'57501','Peces y acuicultura','2025-04-07 11:02:34','2025-04-07 11:02:34'),(737,5,'57600','EQUINOS','2025-04-07 11:02:34','2025-04-07 11:02:34'),(738,5,'57601','Equinos','2025-04-07 11:02:34','2025-04-07 11:02:34'),(739,5,'57700','ESPECIES MENORES Y DE ZOOLÓGICOS','2025-04-07 11:02:34','2025-04-07 11:02:34'),(740,5,'57701','Especies menores y de zoológico','2025-04-07 11:02:34','2025-04-07 11:02:34'),(741,5,'57800','ÁRBOLES Y PLANTAS','2025-04-07 11:02:34','2025-04-07 11:02:34'),(742,5,'57801','Árboles y plantas','2025-04-07 11:02:34','2025-04-07 11:02:34'),(743,5,'57802','Plantas de ornato y otras','2025-04-07 11:02:34','2025-04-07 11:02:34'),(744,5,'57900','OTROS ACTIVOS BIOLÓGICOS','2025-04-07 11:02:34','2025-04-07 11:02:34'),(745,5,'57901','Otros activos biológicos','2025-04-07 11:02:34','2025-04-07 11:02:34'),(746,5,'58000','BIENES INMUEBLES','2025-04-07 11:02:34','2025-04-07 11:02:34'),(747,5,'58100','TERRENOS','2025-04-07 11:02:34','2025-04-07 11:02:34'),(748,5,'58101','Terrenos para reserva territorial','2025-04-07 11:02:34','2025-04-07 11:02:34'),(749,5,'58102','Terrenos para atención a la población','2025-04-07 11:02:34','2025-04-07 11:02:34'),(750,5,'58103','Terrenos para uso propio del ente','2025-04-07 11:02:34','2025-04-07 11:02:34'),(751,5,'58200','VIVIENDAS','2025-04-07 11:02:34','2025-04-07 11:02:34'),(752,5,'58201','Vivienda para atención a la población','2025-04-07 11:02:34','2025-04-07 11:02:34'),(753,5,'58202','Vivienda para usos propios','2025-04-07 11:02:34','2025-04-07 11:02:34'),(754,5,'58300','EDIFICIOS NO RESIDENCIALES','2025-04-07 11:02:34','2025-04-07 11:02:34'),(755,5,'58301','Edificios no residenciales para usos propios','2025-04-07 11:02:34','2025-04-07 11:02:34'),(756,5,'58900','OTROS BIENES INMUEBLES','2025-04-07 11:02:34','2025-04-07 11:02:34'),(757,5,'58901','Adjudicaciones, expropiaciones e indemnizaciones de inmuebles','2025-04-07 11:02:34','2025-04-07 11:02:34'),(758,5,'58902','Bienes inmuebles en la modalidad de proyectos de infraestructura productiva de largo plazo','2025-04-07 11:02:34','2025-04-07 11:02:34'),(759,5,'58903','Bienes inmuebles por arrendamiento financiero','2025-04-07 11:02:34','2025-04-07 11:02:34'),(760,5,'58904','Otros bienes inmuebles','2025-04-07 11:02:34','2025-04-07 11:02:34'),(761,5,'59000','ACTIVOS INTANGIBLES','2025-04-07 11:02:34','2025-04-07 11:02:34'),(762,5,'59100','SOFTWARE','2025-04-07 11:02:34','2025-04-07 11:02:34'),(763,5,'59101','Software','2025-04-07 11:02:34','2025-04-07 11:02:34'),(764,5,'59200','PATENTES','2025-04-07 11:02:34','2025-04-07 11:02:34'),(765,5,'59201','Patentes','2025-04-07 11:02:34','2025-04-07 11:02:34'),(766,5,'59300','MARCAS','2025-04-07 11:02:34','2025-04-07 11:02:34'),(767,5,'59301','Marcas','2025-04-07 11:02:34','2025-04-07 11:02:34'),(768,5,'59400','DERECHOS','2025-04-07 11:02:34','2025-04-07 11:02:34'),(769,5,'59401','Derechos','2025-04-07 11:02:34','2025-04-07 11:02:34'),(770,5,'59500','CONCESIONES','2025-04-07 11:02:34','2025-04-07 11:02:34'),(771,5,'59501','Concesiones','2025-04-07 11:02:34','2025-04-07 11:02:34'),(772,5,'59600','FRANQUICIAS','2025-04-07 11:02:34','2025-04-07 11:02:34'),(773,5,'59601','Franquicias','2025-04-07 11:02:34','2025-04-07 11:02:34'),(774,5,'59700','LICENCIAS INFORMÁTICAS E INTELECTUALES','2025-04-07 11:02:34','2025-04-07 11:02:34'),(775,5,'59701','Licencias informáticas e intelectuales','2025-04-07 11:02:34','2025-04-07 11:02:34'),(776,5,'59800','LICENCIAS INDUSTRIALES, COMERCIALES Y OTRAS','2025-04-07 11:02:34','2025-04-07 11:02:34'),(777,5,'59801','Licencias industriales comerciales y otras','2025-04-07 11:02:34','2025-04-07 11:02:34'),(778,5,'59900','OTROS ACTIVOS INTANGIBLES','2025-04-07 11:02:34','2025-04-07 11:02:34'),(779,5,'59901','Otros activos intangibles','2025-04-07 11:02:35','2025-04-07 11:02:35'),(780,6,'60000','INVERSIÓN PÚBLICA','2025-04-07 11:02:35','2025-04-07 11:02:35'),(781,6,'61000','OBRA PÚBLICA EN BIENES DE DOMINIO PÚBLICO','2025-04-07 11:02:35','2025-04-07 11:02:35'),(782,6,'61100','EDIFICACIÓN HABITACIONAL','2025-04-07 11:02:35','2025-04-07 11:02:35'),(783,6,'61101','Edificaciones Habitacionales','2025-04-07 11:02:35','2025-04-07 11:02:35'),(784,6,'61106','Proyectos para vivienda','2025-04-07 11:02:35','2025-04-07 11:02:35'),(785,6,'61200','EDIFICACIÓN NO HABITACIONAL','2025-04-07 11:02:35','2025-04-07 11:02:35'),(786,6,'61201','Infraestructura hospitalaria','2025-04-07 11:02:35','2025-04-07 11:02:35'),(787,6,'61202','Infraestructura educativa y de investigación','2025-04-07 11:02:35','2025-04-07 11:02:35'),(788,6,'61203','Infraestructura para la producción','2025-04-07 11:02:35','2025-04-07 11:02:35'),(789,6,'61204','Espacios deportivos, recreativos, turísticos y culturales','2025-04-07 11:02:35','2025-04-07 11:02:35'),(790,6,'61205','Parques, naves, talleres y plantas industriales y de procesamiento','2025-04-07 11:02:35','2025-04-07 11:02:35'),(791,6,'61206','Edificaciones para el acopio, intercambio y distribución de bienes y servicios','2025-04-07 11:02:35','2025-04-07 11:02:35'),(792,6,'61207','Edificios, sitios y monumentos históricos y artísticos','2025-04-07 11:02:35','2025-04-07 11:02:35'),(793,6,'61208','Centros de asistencia social','2025-04-07 11:02:35','2025-04-07 11:02:35'),(794,6,'61209','Edificaciones para limpia, recolección, traslado y disposición final de residuos','2025-04-07 11:02:35','2025-04-07 11:02:35'),(795,6,'61210','Panteones y edificaciones funerarias','2025-04-07 11:02:35','2025-04-07 11:02:35'),(796,6,'61211','Rastros','2025-04-07 11:02:35','2025-04-07 11:02:35'),(797,6,'61212','Edificaciones para la seguridad pública, policía y tránsito','2025-04-07 11:02:35','2025-04-07 11:02:35'),(798,6,'61213','Otros sitios y edificaciones de infraestructura pública','2025-04-07 11:02:35','2025-04-07 11:02:35'),(799,6,'61214','Estudios y proyectos no habitacionales','2025-04-07 11:02:35','2025-04-07 11:02:35'),(800,6,'61300','CONSTRUCCIÓN DE OBRAS PARA EL ABASTECIMIENTO DE AGUA, PETRÓLEO, GAS, ELECTRICIDAD Y TELECOMUNICACIONES','2025-04-07 11:02:35','2025-04-07 11:02:35'),(801,6,'61301','Obras para la extracción, conducción y suministro de agua','2025-04-07 11:02:35','2025-04-07 11:02:35'),(802,6,'61302','Obras para la generación y suministro de energía eléctrica','2025-04-07 11:02:35','2025-04-07 11:02:35'),(803,6,'61303','Telecomunicaciones','2025-04-07 11:02:35','2025-04-07 11:02:35'),(804,6,'61304','Estudios y proyectos de abastecimiento de agua, electricidad y telecomunicaciones','2025-04-07 11:02:35','2025-04-07 11:02:35'),(805,6,'61305','Infraestructura para agua potable','2025-04-07 11:02:35','2025-04-07 11:02:35'),(806,6,'61306','Infraestructura para drenaje y alcantarillado residual','2025-04-07 11:02:35','2025-04-07 11:02:35'),(807,6,'61307','Infraestructura para drenaje y alcantarillado pluvial','2025-04-07 11:02:35','2025-04-07 11:02:35'),(808,6,'61308','Infraestructura para saneamiento de aguas residuales','2025-04-07 11:02:35','2025-04-07 11:02:35'),(809,6,'61309','Letrinas y fosas sépticas','2025-04-07 11:02:35','2025-04-07 11:02:35'),(810,6,'61310','Plantas potabilizadoras','2025-04-07 11:02:35','2025-04-07 11:02:35'),(811,6,'61311','Tanques de almacenamiento de agua, cárcamos y similares','2025-04-07 11:02:35','2025-04-07 11:02:35'),(812,6,'61312','Distritos hidrométricos','2025-04-07 11:02:35','2025-04-07 11:02:35'),(813,6,'61400','DIVISIÓN DE TERRENOS Y CONSTRUCCIÓN DE OBRAS DE URBANIZACIÓN','2025-04-07 11:02:35','2025-04-07 11:02:35'),(814,6,'61401','División de terrenos','2025-04-07 11:02:35','2025-04-07 11:02:35'),(815,6,'61402','Infraestructura para el suministro público de agua potable en obras de urbanización','2025-04-07 11:02:35','2025-04-07 11:02:35'),(816,6,'61403','Infraestructura para el suministro de energía eléctrica en obras de urbanización','2025-04-07 11:02:35','2025-04-07 11:02:35'),(817,6,'61404','Infraestructura para el servicio de alumbrado público en obras de urbanización','2025-04-07 11:02:35','2025-04-07 11:02:35'),(818,6,'61405','Otras obras de urbanización','2025-04-07 11:02:35','2025-04-07 11:02:35'),(819,6,'61406','Proyectos de división y urbanización','2025-04-07 11:02:35','2025-04-07 11:02:35'),(820,6,'61500','CONSTRUCCION DE VÍAS DE COMUNICACIÓN','2025-04-07 11:02:35','2025-04-07 11:02:35'),(821,6,'61501','Carreteras, autopistas y aeropistas','2025-04-07 11:02:35','2025-04-07 11:02:35'),(822,6,'61502','Puentes y pasos a desnivel','2025-04-07 11:02:35','2025-04-07 11:02:35'),(823,6,'61503','Caminos rurales','2025-04-07 11:02:35','2025-04-07 11:02:35'),(824,6,'61504','Estudios y proyectos de vías de comunicación','2025-04-07 11:02:35','2025-04-07 11:02:35'),(825,6,'61600','OTRAS CONSTRUCCIONES DE INGENIERÍA CIVIL U OBRA PESADA','2025-04-07 11:02:35','2025-04-07 11:02:35'),(826,6,'61601','Presas y represas','2025-04-07 11:02:35','2025-04-07 11:02:35'),(827,6,'61602','Muelles, atracaderos y embarcaderos','2025-04-07 11:02:35','2025-04-07 11:02:35'),(828,6,'61603','Rehabilitación y mantenimiento de cuerpos de agua','2025-04-07 11:02:35','2025-04-07 11:02:35'),(829,6,'61604','Andenes y vías férreas','2025-04-07 11:02:35','2025-04-07 11:02:35'),(830,6,'61605','Vialidades urbanas','2025-04-07 11:02:35','2025-04-07 11:02:35'),(831,6,'61606','Plazas, parques, jardines y espacios abiertos','2025-04-07 11:02:35','2025-04-07 11:02:35'),(832,6,'61607','Proyectos de otras construcciones de ingeniería civil u obra pesada','2025-04-07 11:02:35','2025-04-07 11:02:35'),(833,6,'61700','INSTALACIONES Y EQUIPAMIENTO EN CONSTRUCCIONES','2025-04-07 11:02:35','2025-04-07 11:02:35'),(834,6,'61701','Instalaciones y equipamiento de infraestructura hospitalaria','2025-04-07 11:02:35','2025-04-07 11:02:35'),(835,6,'61702','Instalaciones y equipamiento de infraestructura educativa y de investigación','2025-04-07 11:02:35','2025-04-07 11:02:35'),(836,6,'61703','Instalaciones y equipamientos de infraestructura para la producción','2025-04-07 11:02:35','2025-04-07 11:02:35'),(837,6,'61704','Instalaciones y equipamiento de espacios deportivos, recreativos, turísticos y culturales','2025-04-07 11:02:35','2025-04-07 11:02:35'),(838,6,'61705','Instalaciones y equipamiento de centros de asistencia social','2025-04-07 11:02:35','2025-04-07 11:02:35'),(839,6,'61706','Instalaciones y equipamiento de parques, naves, talleres y plantas industriales y de procesamiento','2025-04-07 11:02:35','2025-04-07 11:02:35'),(840,6,'61707','Instalaciones y equipamiento de edificaciones para el acopio, intercambio y distribución de bienes y servicios','2025-04-07 11:02:35','2025-04-07 11:02:35'),(841,6,'61708','Instalaciones y equipamiento para limpia, recolección, traslado y disposición final de residuos sólidos','2025-04-07 11:02:35','2025-04-07 11:02:35'),(842,6,'61709','Instalaciones y equipamiento de panteones y edificaciones funerarias','2025-04-07 11:02:35','2025-04-07 11:02:35'),(843,6,'61710','Instalaciones y equipamiento de rastros','2025-04-07 11:02:35','2025-04-07 11:02:35'),(844,6,'61711','Instalaciones y equipamiento de edificaciones para la seguridad pública, policía y tránsito','2025-04-07 11:02:35','2025-04-07 11:02:35'),(845,6,'61712','Instalaciones y equipamiento en calles, parques y jardines','2025-04-07 11:02:35','2025-04-07 11:02:35'),(846,6,'61713','Instalaciones y equipamientos en otros sitios y edificaciones de infraestructura pública','2025-04-07 11:02:35','2025-04-07 11:02:35'),(847,6,'61714','Proyectos de instalaciones y equipamientos','2025-04-07 11:02:35','2025-04-07 11:02:35'),(848,6,'61900','TRABAJOS DE ACABADOS EN EDIFICACIONES Y OTROS TRABAJOS ESPECIALIZADOS','2025-04-07 11:02:36','2025-04-07 11:02:36'),(849,6,'61901','Acabados en edificaciones','2025-04-07 11:02:36','2025-04-07 11:02:36'),(850,6,'61902','Preparación de terrenos y demolición de estructuras','2025-04-07 11:02:36','2025-04-07 11:02:36'),(851,6,'61903','Servicios de Supervición de Obras','2025-04-07 11:02:36','2025-04-07 11:02:36'),(852,6,'61904','Proyectos de instalación y equipamientos','2025-04-07 11:02:36','2025-04-07 11:02:36'),(853,6,'62000','OBRA PÚBLICA EN BIENES PROPIOS','2025-04-07 11:02:36','2025-04-07 11:02:36'),(854,6,'62100','EDIFICACIÓN HABITACIONAL','2025-04-07 11:02:36','2025-04-07 11:02:36'),(855,6,'62101','Edificaciones Habitacionales','2025-04-07 11:02:36','2025-04-07 11:02:36'),(856,6,'62106','Proyectos para vivienda','2025-04-07 11:02:36','2025-04-07 11:02:36'),(857,6,'62200','EDIFICACIÓN NO HABITACIONAL','2025-04-07 11:02:36','2025-04-07 11:02:36'),(858,6,'62201','Infraestructura hospitalaria','2025-04-07 11:02:36','2025-04-07 11:02:36'),(859,6,'62202','Infraestructura educativa y de investigación','2025-04-07 11:02:36','2025-04-07 11:02:36'),(860,6,'62203','Infraestructura para la producción','2025-04-07 11:02:36','2025-04-07 11:02:36'),(861,6,'62204','Espacios deportivos, recreativos y turísticos','2025-04-07 11:02:36','2025-04-07 11:02:36'),(862,6,'62205','Parques, naves, talleres y plantas industriales y de procesamiento','2025-04-07 11:02:36','2025-04-07 11:02:36'),(863,6,'62206','Edificaciones para el acopio, intercambio y distribución de bienes y servicios','2025-04-07 11:02:36','2025-04-07 11:02:36'),(864,6,'62207','Edificios, sitios y monumentos históricos y artísticos','2025-04-07 11:02:36','2025-04-07 11:02:36'),(865,6,'62208','Centros de asistencia social','2025-04-07 11:02:36','2025-04-07 11:02:36'),(866,6,'62209','Edificaciones para limpia, recolección, traslado y disposición final de residuos','2025-04-07 11:02:36','2025-04-07 11:02:36'),(867,6,'62210','Panteones y edificaciones funerarias','2025-04-07 11:02:36','2025-04-07 11:02:36'),(868,6,'62211','Rastros','2025-04-07 11:02:36','2025-04-07 11:02:36'),(869,6,'62212','Edificaciones para la seguridad pública, policía y tránsito','2025-04-07 11:02:36','2025-04-07 11:02:36'),(870,6,'62213','Otros sitios y edificaciones de infraestructura pública','2025-04-07 11:02:36','2025-04-07 11:02:36'),(871,6,'62214','Estudios y proyectos no habitacionales','2025-04-07 11:02:36','2025-04-07 11:02:36'),(872,6,'62300','CONSTRUCCIÓN DE OBRAS PARA EL ABASTECIMIENTO DE AGUA, PETRÓLEO, GAS, ELECTRICIDAD Y TELECOMUNICACIONES','2025-04-07 11:02:36','2025-04-07 11:02:36'),(873,6,'62301','Obras de extracción, conducción y suministro de agua','2025-04-07 11:02:36','2025-04-07 11:02:36'),(874,6,'62302','Obras para la generación y suministro de energía eléctrica','2025-04-07 11:02:36','2025-04-07 11:02:36'),(875,6,'62303','Telecomunicaciones','2025-04-07 11:02:36','2025-04-07 11:02:36'),(876,6,'62304','Estudios y proyectos de abastecimiento de agua, electricidad y telecomunicaciones','2025-04-07 11:02:36','2025-04-07 11:02:36'),(877,6,'62305','Infraestructura para agua potable','2025-04-07 11:02:36','2025-04-07 11:02:36'),(878,6,'62306','Infraestructura para drenaje y alcantarillado residual','2025-04-07 11:02:36','2025-04-07 11:02:36'),(879,6,'62307','Infraestructura para drenaje y alcantarillado pluvial','2025-04-07 11:02:36','2025-04-07 11:02:36'),(880,6,'62308','Infraestructura para saneamiento de aguas residuales','2025-04-07 11:02:36','2025-04-07 11:02:36'),(881,6,'62309','Letrinas y fosas sépticas','2025-04-07 11:02:36','2025-04-07 11:02:36'),(882,6,'62310','Plantas potabilizadoras','2025-04-07 11:02:36','2025-04-07 11:02:36'),(883,6,'62311','Tanques de almacenamiento de agua, cárcamos y similares','2025-04-07 11:02:36','2025-04-07 11:02:36'),(884,6,'62312','Distritos hidrométricos','2025-04-07 11:02:36','2025-04-07 11:02:36'),(885,6,'62400','DIVISIÓN DE TERRENOS Y CONSTRUCCIÓN DE OBRAS DE URBANIZACIÓN','2025-04-07 11:02:36','2025-04-07 11:02:36'),(886,6,'62401','División de terrenos','2025-04-07 11:02:36','2025-04-07 11:02:36'),(887,6,'62402','Infraestructura para el suministro público de agua potable en obras de urbanización','2025-04-07 11:02:36','2025-04-07 11:02:36'),(888,6,'62403','Infraestructura para el suministro de energía eléctrica en obras de urbanización','2025-04-07 11:02:36','2025-04-07 11:02:36'),(889,6,'62404','Infraestructura para el servicio de alumbrado público en obras de urbanización','2025-04-07 11:02:36','2025-04-07 11:02:36'),(890,6,'62405','Otras obras de urbanización','2025-04-07 11:02:36','2025-04-07 11:02:36'),(891,6,'62406','Proyectos de división y urbanización','2025-04-07 11:02:36','2025-04-07 11:02:36'),(892,6,'62500','CONSTRUCCIÓN DE VÍAS DE COMUNICACIÓN','2025-04-07 11:02:36','2025-04-07 11:02:36'),(893,6,'62501','Carreteras, autopistas y aeropistas','2025-04-07 11:02:36','2025-04-07 11:02:36'),(894,6,'62502','Puentes y pasos a desnivel','2025-04-07 11:02:36','2025-04-07 11:02:36'),(895,6,'62503','Caminos rurales','2025-04-07 11:02:36','2025-04-07 11:02:36'),(896,6,'62504','Estudios y proyectos de vías de comunicación','2025-04-07 11:02:36','2025-04-07 11:02:36'),(897,6,'62600','OTRAS CONSTRUCCIONES DE INGENIERÍA CIVIL U OBRA PESADA','2025-04-07 11:02:36','2025-04-07 11:02:36'),(898,6,'62601','Presas y represas','2025-04-07 11:02:36','2025-04-07 11:02:36'),(899,6,'62602','Muelles, atracaderos y embarcaderos','2025-04-07 11:02:36','2025-04-07 11:02:36'),(900,6,'62603','Rehabilitación y mantenimiento de cuerpos de agua','2025-04-07 11:02:36','2025-04-07 11:02:36'),(901,6,'62604','Andenes y vías férreas','2025-04-07 11:02:36','2025-04-07 11:02:36'),(902,6,'62605','Vialidades urbanas','2025-04-07 11:02:36','2025-04-07 11:02:36'),(903,6,'62606','Plazas, parques, jardines y espacios abiertos','2025-04-07 11:02:36','2025-04-07 11:02:36'),(904,6,'62607','Proyectos de otras construcciones de ingeniería civil u obra pesada','2025-04-07 11:02:36','2025-04-07 11:02:36'),(905,6,'62700','INSTALACIONES Y EQUIPAMIENTO EN CONSTRUCCIONES','2025-04-07 11:02:36','2025-04-07 11:02:36'),(906,6,'62701','Instalaciones y equipamiento de infraestructura hospitalaria','2025-04-07 11:02:36','2025-04-07 11:02:36'),(907,6,'62702','Instalaciones y equipamiento de infraestructura educativa y de investigación','2025-04-07 11:02:36','2025-04-07 11:02:36'),(908,6,'62703','Instalaciones y equipamientos de infraestructura para la producción','2025-04-07 11:02:36','2025-04-07 11:02:36'),(909,6,'62704','Instalaciones y equipamiento de espacios deportivos, recreativos, turísticos y culturales','2025-04-07 11:02:36','2025-04-07 11:02:36'),(910,6,'62705','Instalaciones y equipamiento de centros de asistencia social','2025-04-07 11:02:36','2025-04-07 11:02:36'),(911,6,'62706','Instalaciones y equipamiento de parques, naves, talleres y plantas industriales y de procesamiento','2025-04-07 11:02:36','2025-04-07 11:02:36'),(912,6,'62707','Instalaciones y equipamiento de edificaciones para el acopio, intercambio y distribución de bienes y servicios','2025-04-07 11:02:36','2025-04-07 11:02:36'),(913,6,'62708','Instalaciones y equipamiento para limpia, recolección, traslado y disposición final de residuos sólidos','2025-04-07 11:02:36','2025-04-07 11:02:36'),(914,6,'62709','Instalaciones y equipamiento de panteones y edificaciones funerarias','2025-04-07 11:02:36','2025-04-07 11:02:36'),(915,6,'62710','Instalaciones y equipamiento de rastros','2025-04-07 11:02:37','2025-04-07 11:02:37'),(916,6,'62711','Instalaciones y equipamiento de edificaciones para la seguridad pública, policía y tránsito','2025-04-07 11:02:37','2025-04-07 11:02:37'),(917,6,'62712','Instalaciones y equipamiento en calles, parques y jardines','2025-04-07 11:02:37','2025-04-07 11:02:37'),(918,6,'62713','Instalaciones y equipamientos en otros sitios y edificaciones de infraestructura pública','2025-04-07 11:02:37','2025-04-07 11:02:37'),(919,6,'62714','Proyectos de instalaciones y equipamientos','2025-04-07 11:02:37','2025-04-07 11:02:37'),(920,6,'62900','TRABAJOS DE ACABADOS EN EDIFICACIONES Y OTROS TRABAJOS ESPECIALIZADOS','2025-04-07 11:02:37','2025-04-07 11:02:37'),(921,6,'62901','Acabados de edificaciones','2025-04-07 11:02:37','2025-04-07 11:02:37'),(922,6,'62902','Preparación de terrenos y demolición de estructuras','2025-04-07 11:02:37','2025-04-07 11:02:37'),(923,6,'62903','Servicios de Supervisión de Obras','2025-04-07 11:02:37','2025-04-07 11:02:37'),(924,6,'62904','Proyectos de instalación y equipamientos','2025-04-07 11:02:37','2025-04-07 11:02:37'),(925,6,'62905','Servicios para la liberación de Derechos de vía','2025-04-07 11:02:37','2025-04-07 11:02:37'),(926,6,'63000','PROYECTOS PRODUCTIVOS Y ACCIONES DE FOMENTO','2025-04-07 11:02:37','2025-04-07 11:02:37'),(927,6,'63100','ESTUDIOS, FORMULACIÓN Y EVALUACIÓN DE PROYECTOS PRODUCTIVOS NO INCLUIDOS EN CONCEPTOS ANTERIORES DE ESTE CAPÍTULO','2025-04-07 11:02:37','2025-04-07 11:02:37'),(928,6,'63101','Estudios, formulación y evaluación de proyectos productivos no incluidos en conceptos anteriores de este capítulo','2025-04-07 11:02:37','2025-04-07 11:02:37'),(929,6,'63200','EJECUCION DE PROYECTOS PRODUCTIVOS NO INCLUIDOS EN CONCEPTOS ANTERIORES DE ESTE CAPÍTULO','2025-04-07 11:02:37','2025-04-07 11:02:37'),(930,6,'63201','Ejecución de proyectos productivos no incluidos en conceptos anteriores de este capítulo','2025-04-07 11:02:37','2025-04-07 11:02:37'),(931,7,'70000','INVERSIONES FINANCIERAS Y OTRAS PROVISIONES','2025-04-07 11:02:37','2025-04-07 11:02:37'),(932,7,'71000','INVERSIONES PARA EL FOMENTO DE ACTIVIDADES PRODUCTIVAS','2025-04-07 11:02:37','2025-04-07 11:02:37'),(933,7,'71100','CRÉDITOS OTORGADOS POR ENTIDADES FEDERATIVAS Y MUNICIPIOS AL SECTOR SOCIAL Y PRIVADO PARA EL FOMENTO DE ACTIVIDADES PROD','2025-04-07 11:02:37','2025-04-07 11:02:37'),(934,7,'71101','Créditos otorgados por el estado al sector social y privado para el fomento de actividades productivas','2025-04-07 11:02:37','2025-04-07 11:02:37'),(935,7,'71102','Créditos otorgados por el municipio al sector social y privado para el fomento de actividades productivas','2025-04-07 11:02:37','2025-04-07 11:02:37'),(936,7,'71200','CRÉDITOS OTORGADOS POR LAS ENTIDADES FEDERATIVAS A MUNICIPIOS PARA EL FOMENTO DE ACTIVIDADES PRODUCTIVAS','2025-04-07 11:02:37','2025-04-07 11:02:37'),(937,7,'71201','Créditos otorgados por las entidades federativas a municipios para el fomento de actividades productivas','2025-04-07 11:02:37','2025-04-07 11:02:37'),(938,7,'72000','ACCIONES Y PARTICIPACIONES DE CAPITAL','2025-04-07 11:02:37','2025-04-07 11:02:37'),(939,7,'72100','ACCIONES Y PARTICIPACIONES DE CAPITAL EN ENTIDADES PARAESTATALES NO EMPRESARIALES Y NO FINANCIERAS CON FINES DE POLÍTICA','2025-04-07 11:02:37','2025-04-07 11:02:37'),(940,7,'72101','Acciones y participaciones de capital en entidades paraestatales no empresariales y no financieras con fines de política económica','2025-04-07 11:02:37','2025-04-07 11:02:37'),(941,7,'72200','ACCIONES Y PARTICIPACIONES DE CAPITAL EN ENTIDADES PARAESTATALES EMPRESARIALES Y NO FINANCIERAS CON FINES DE POLÍTICA EC','2025-04-07 11:02:37','2025-04-07 11:02:37'),(942,7,'72201','Acciones y participaciones de capital en entidades paraestatales empresariales y no financieras con fines de política económica','2025-04-07 11:02:37','2025-04-07 11:02:37'),(943,7,'72300','ACCIONES Y PARTICIPACIONES DE CAPITAL EN INSTITUCIONES PARAESTATALES PÚBLICAS FINANCIERAS CON FINES DE POLÍTICA ECONÓMIC','2025-04-07 11:02:37','2025-04-07 11:02:37'),(944,7,'72301','Acciones y participaciones de capital en instituciones paraestatales públicas financieras con fines de política económica','2025-04-07 11:02:37','2025-04-07 11:02:37'),(945,7,'72400','ACCIONES Y PARTICIPACIONES DE CAPITAL EN EL SECTOR PRIVADO CON FINES DE POLÍTICA ECONÓMICA','2025-04-07 11:02:37','2025-04-07 11:02:37'),(946,7,'72401','ACCIONES Y PARTICIPACIONES DE CAPITAL EN EL SECTOR PRIVADO CON FINES DE POLÍTICA ECONÓMICA','2025-04-07 11:02:37','2025-04-07 11:02:37'),(947,7,'72500','ACCIONES Y PARTICIPACIONES DE CAPITAL EN ORGANISMOS INTERNACIONALES CON FINES DE POLÍTICA ECONÓMICA','2025-04-07 11:02:37','2025-04-07 11:02:37'),(948,7,'72501','Acciones y participaciones de capital en organismos internacionales con fines de política económica','2025-04-07 11:02:37','2025-04-07 11:02:37'),(949,7,'72600','ACCIONES Y PARTICIPACIONES DE CAPITAL EN EL SECTOR EXTERNO CON FINES DE POLÍTICA ECONÓMICA','2025-04-07 11:02:37','2025-04-07 11:02:37'),(950,7,'72601','Acciones y participaciones de capital en el sector externo con fines de política económica','2025-04-07 11:02:37','2025-04-07 11:02:37'),(951,7,'72700','ACCIONES Y PARTICIPACIONES DE CAPITAL EN EL SECTOR PÚBLICO CON FINES DE GESTIÓN DE LA LIQUIDEZ','2025-04-07 11:02:37','2025-04-07 11:02:37'),(952,7,'72701','Acciones y participaciones de capital en el sector público con fines de liquidez','2025-04-07 11:02:37','2025-04-07 11:02:37'),(953,7,'72800','ACCIONES Y PARTICIPACIONES DE CAPITAL EN EL SECTOR PRIVADO CON FINES DE GESTIÓN DE LA LIQUIDEZ','2025-04-07 11:02:37','2025-04-07 11:02:37'),(954,7,'72801','Acciones y participaciones de capital en el sector privado con fines de gestión de liquidez','2025-04-07 11:02:37','2025-04-07 11:02:37'),(955,7,'72900','ACCIONES Y PARTICIPACIONES DE CAPITAL EN EL SECTOR EXTERNO CON FINES DE GESTIÓN DE LA LIQUIDEZ','2025-04-07 11:02:37','2025-04-07 11:02:37'),(956,7,'72901','Acciones y participaciones de capital en el sector externo con fines de liquidez','2025-04-07 11:02:37','2025-04-07 11:02:37'),(957,7,'73000','COMPRA DE TÍTULOS Y VALORES','2025-04-07 11:02:37','2025-04-07 11:02:37'),(958,7,'73100','BONOS','2025-04-07 11:02:37','2025-04-07 11:02:37'),(959,7,'73101','Adquisición de bonos','2025-04-07 11:02:37','2025-04-07 11:02:37'),(960,7,'73200','VALORES REPRESENTATIVOS DE DEUDA ADQUIRIDOS CON FINES DE POLÍTICA ECONÓMICA','2025-04-07 11:02:37','2025-04-07 11:02:37'),(961,7,'73201','Valores representativos de deuda adquiridos con fines de política económica','2025-04-07 11:02:37','2025-04-07 11:02:37'),(962,7,'73300','VALORES REPRESENTATIVOS DE DEUDA ADQUIRIDOS CON FINES DE GESTIÓN DE LIQUIDEZ','2025-04-07 11:02:37','2025-04-07 11:02:37'),(963,7,'73301','Valores representativos de deuda adquiridos con fines de gestión de liquidez','2025-04-07 11:02:37','2025-04-07 11:02:37'),(964,7,'73400','OBLIGACIONES NEGOCIABLES ADQUIRIDAS CON FINES DE POLÍTICA ECONÓMICA','2025-04-07 11:02:37','2025-04-07 11:02:37'),(965,7,'73401','Obligaciones negociables adquiridas con fines de política económica','2025-04-07 11:02:37','2025-04-07 11:02:37'),(966,7,'73500','OBLIGACIONES NEGOCIABLES ADQUIRIDAS CON FINES DE GESTIÓN DE LIQUIDEZ','2025-04-07 11:02:37','2025-04-07 11:02:37'),(967,7,'73501','OBLIGACIONES NEGOCIABLES ADQUIRIDAS CON FINES DE GESTIÓN DE LIQUIDEZ','2025-04-07 11:02:37','2025-04-07 11:02:37'),(968,7,'73900','OTROS VALORES','2025-04-07 11:02:37','2025-04-07 11:02:37'),(969,7,'73901','Fideicomisos para adquisición de títulos de crédito','2025-04-07 11:02:37','2025-04-07 11:02:37'),(970,7,'73902','Adquisición de acciones','2025-04-07 11:02:37','2025-04-07 11:02:37'),(971,7,'73903','Adquisición de otros valores','2025-04-07 11:02:37','2025-04-07 11:02:37'),(972,7,'74000','CONCESIÓN DE PRÉSTAMOS','2025-04-07 11:02:37','2025-04-07 11:02:37'),(973,7,'74100','CONCESIÓN DE PRÉSTAMOS A ENTIDADES PARAESTATALES NO EMPRESARIALES Y NO FINANCIERAS CON FINES DE POLÍTICA ECONÓMICA','2025-04-07 11:02:37','2025-04-07 11:02:37'),(974,7,'74101','Concesión de préstamos a entidades paraestatales no empresariales y no financieras con fines de política económica','2025-04-07 11:02:37','2025-04-07 11:02:37'),(975,7,'74200','CONCESIÓN DE PRÉSTAMOS A ENTIDADES PARAESTATALES EMPRESARIALES Y NO FINANCIERAS CON FINES DE POLÍTICA ECONÓMICA','2025-04-07 11:02:37','2025-04-07 11:02:37'),(976,7,'74201','Créditos directos para actividades productivas otorgados a entidades paraestatales empresariales y no financieras con fines de política económica','2025-04-07 11:02:37','2025-04-07 11:02:37'),(977,7,'74300','CONCESIÓN DE PRÉSTAMOS A INSTITUCIONES PARAESTATALES PÚBLICAS FINANCIERAS CON FINES DE POLÍTICA ECONÓMICA','2025-04-07 11:02:37','2025-04-07 11:02:37'),(978,7,'74301','Concesión de préstamos a instituciones paraestatales públicas financieras con fines de política económica','2025-04-07 11:02:37','2025-04-07 11:02:37'),(979,7,'74400','CONCESIÓN DE PRÉSTAMOS A ENTIDADES FEDERATIVAS Y MUNICIPIOS CON FINES DE POLÍTICA ECONÓMICA','2025-04-07 11:02:37','2025-04-07 11:02:37'),(980,7,'74401','Créditos directos para actividades productivas otorgados a entidades federativas y municipios con fines de política económica','2025-04-07 11:02:37','2025-04-07 11:02:37'),(981,7,'74500','CONCESIÓN DE PRÉSTAMOS AL SECTOR PRIVADO CON FINES DE POLÍTICA ECONÓMICA','2025-04-07 11:02:37','2025-04-07 11:02:37'),(982,7,'74501','Créditos directos para actividades productivas otorgados al sector privado con fines de política económica','2025-04-07 11:02:37','2025-04-07 11:02:37'),(983,7,'74502','Fideicomisos para financiamiento de obras','2025-04-07 11:02:38','2025-04-07 11:02:38'),(984,7,'74503','Fideicomisos para financiamientos agropecuarios','2025-04-07 11:02:38','2025-04-07 11:02:38'),(985,7,'74504','Fideicomisos para financiamientos industriales','2025-04-07 11:02:38','2025-04-07 11:02:38'),(986,7,'74505','Fideicomisos para financiamientos al comercio y otros servicios','2025-04-07 11:02:38','2025-04-07 11:02:38'),(987,7,'74506','Fideicomisos para financiamientos de vivienda','2025-04-07 11:02:38','2025-04-07 11:02:38'),(988,7,'74600','CONCESIÓN DE PRÉSTAMOS AL SECTOR EXTERNO CON FINES DE POLÍTICA ECONÓMICA','2025-04-07 11:02:38','2025-04-07 11:02:38'),(989,7,'74601','Concesión de préstamos al sector externo con fines de política económica','2025-04-07 11:02:38','2025-04-07 11:02:38'),(990,7,'74700','CONCESIÓN DE PRÉSTAMOS AL SECTOR PÚBLICO CON FINES DE GESTIÓN DE LIQUIDEZ','2025-04-07 11:02:38','2025-04-07 11:02:38'),(991,7,'74701','Concesión de préstamos al sector público con fines de gestión de liquidez','2025-04-07 11:02:38','2025-04-07 11:02:38'),(992,7,'74800','CONCESIÓN DE PRÉSTAMOS AL SECTOR PRIVADO CON FINES DE GESTIÓN DE LIQUIDEZ','2025-04-07 11:02:38','2025-04-07 11:02:38'),(993,7,'74801','Concesión de préstamos al sector privado con fines de gestión de liquidez','2025-04-07 11:02:38','2025-04-07 11:02:38'),(994,7,'74900','CONCESIÓN DE PRÉSTAMOS AL SECTOR EXTERNO CON FINES DE GESTIÓN DE LIQUIDEZ','2025-04-07 11:02:38','2025-04-07 11:02:38'),(995,7,'74901','Concesión de préstamos al sector externo con fines de gestión de liquidez','2025-04-07 11:02:38','2025-04-07 11:02:38'),(996,7,'75000','INVERSIONES EN FIDEICOMISOS, MANDATOS Y OTROS ANÁLOGOS','2025-04-07 11:02:38','2025-04-07 11:02:38'),(997,7,'75100','INVERSIONES EN FIDEICOMISOS DEL PODER EJECUTIVO','2025-04-07 11:02:38','2025-04-07 11:02:38'),(998,7,'75101','Inversiones en fideicomisos del poder ejecutivo','2025-04-07 11:02:38','2025-04-07 11:02:38'),(999,7,'75200','INVERSIONES EN FIDEICOMISOS DEL PODER LEGILATIVO','2025-04-07 11:02:38','2025-04-07 11:02:38'),(1000,7,'75201','Inversiones en fideicomisos del poder legislativo','2025-04-07 11:02:38','2025-04-07 11:02:38'),(1001,7,'75300','INVERSIONES EN FIDEICOMISOS DEL PODER JUDICIAL','2025-04-07 11:02:38','2025-04-07 11:02:38'),(1002,7,'75301','Inversiones en fideicomisos del poder judicial','2025-04-07 11:02:38','2025-04-07 11:02:38'),(1003,7,'75400','INVERSIONES EN FIDEICOMISOS PÚBLICOS NO EMPRESARIALES Y NO FINANCIEROS','2025-04-07 11:02:38','2025-04-07 11:02:38'),(1004,7,'75401','Inversiones en fideicomisos públicos no empresariales y no financieros','2025-04-07 11:02:38','2025-04-07 11:02:38'),(1005,7,'75500','INVERSIONES EN FIDEICOMISOS PÚBLICOS EMPRESARIALES Y NO FINANCIEROS','2025-04-07 11:02:38','2025-04-07 11:02:38'),(1006,7,'75501','Inversiones en fideicomisos públicos empresariales y no financieros considerados entidades paraestatales o paramunicipales','2025-04-07 11:02:38','2025-04-07 11:02:38'),(1007,7,'75600','INVERSIONES EN FIDEICOMISOS PÚBLICOS FINANCIEROS','2025-04-07 11:02:38','2025-04-07 11:02:38'),(1008,7,'75601','Inversiones en fideicomisos públicos considerados entidades paraestatales o paramunicipales','2025-04-07 11:02:38','2025-04-07 11:02:38'),(1009,7,'75602','Inversiones en mandatos y otros análogos','2025-04-07 11:02:38','2025-04-07 11:02:38'),(1010,7,'75700','INVERSIONES EN FIDEICOMISOS DE ENTIDADES FEDERATIVAS','2025-04-07 11:02:38','2025-04-07 11:02:38'),(1011,7,'75701','Aportaciones para financiamiento al comercio y otros servicios','2025-04-07 11:02:38','2025-04-07 11:02:38'),(1012,7,'75702','Aportaciones para el financiamiento a la actividad agropecuaria','2025-04-07 11:02:38','2025-04-07 11:02:38'),(1013,7,'75703','Aportaciones a fideicomisos sin fines productivos','2025-04-07 11:02:38','2025-04-07 11:02:38'),(1014,7,'75704','Aportaciones a fideicomisos con fines productivos','2025-04-07 11:02:38','2025-04-07 11:02:38'),(1015,7,'75800','INVERSIONES EN FIDEICOMISOS DE MUNICIPIOS','2025-04-07 11:02:38','2025-04-07 11:02:38'),(1016,7,'75801','Inversiones en fideicomisos de municipios','2025-04-07 11:02:38','2025-04-07 11:02:38'),(1017,7,'75900','FIDEICOMISOS DE EMPRESAS PRIVADAS Y PARTICULARES','2025-04-07 11:02:38','2025-04-07 11:02:38'),(1018,7,'75901','Otras inversiones en fideicomisos','2025-04-07 11:02:38','2025-04-07 11:02:38'),(1019,7,'76000','OTRAS INVERSIONES FINANCIERAS','2025-04-07 11:02:38','2025-04-07 11:02:38'),(1020,7,'76100','DEPÓSITOS A LARGO PLAZO EN MONEDA NACIONAL','2025-04-07 11:02:38','2025-04-07 11:02:38'),(1021,7,'76101','Depósitos a largo plazo en moneda nacional','2025-04-07 11:02:38','2025-04-07 11:02:38'),(1022,7,'76200','DEPÓSITOS A LARGO PLAZO EN MONEDA EXTRANJERA','2025-04-07 11:02:38','2025-04-07 11:02:38'),(1023,7,'76201','Depósitos a largo plazo en moneda extranjera','2025-04-07 11:02:38','2025-04-07 11:02:38'),(1024,7,'79000','PROVISIONES PARA CONTINGENCIAS Y OTRAS EROGACIONES ESPECIALES','2025-04-07 11:02:38','2025-04-07 11:02:38'),(1025,7,'79100','CONTINGENCIAS POR FENÓMENOS NATURALES','2025-04-07 11:02:38','2025-04-07 11:02:38'),(1026,7,'79101','Contingencias por fenómenos naturales','2025-04-07 11:02:38','2025-04-07 11:02:38'),(1027,7,'79200','CONTINGENCIAS SOCIOECONÓMICAS','2025-04-07 11:02:38','2025-04-07 11:02:38'),(1028,7,'79201','Contingencias socioeconómicas','2025-04-07 11:02:38','2025-04-07 11:02:38'),(1029,7,'79900','OTRAS EROGACIONES ESPECIALES','2025-04-07 11:02:38','2025-04-07 11:02:38'),(1030,7,'79901','Erogaciones contingentes','2025-04-07 11:02:38','2025-04-07 11:02:38'),(1031,7,'79902','Provisiones para erogaciones especiales','2025-04-07 11:02:38','2025-04-07 11:02:38'),(1032,8,'80000','PARTICIPACIONES Y APORTACIONES','2025-04-07 11:02:38','2025-04-07 11:02:38'),(1033,8,'81000','PARTICIPACIONES','2025-04-07 11:02:38','2025-04-07 11:02:38'),(1034,8,'81100','FONDO GENERAL DE PARTICIPACIONES','2025-04-07 11:02:38','2025-04-07 11:02:38'),(1035,8,'81101','Fondo general de participaciones','2025-04-07 11:02:38','2025-04-07 11:02:38'),(1036,8,'81200','FONDO DE FOMENTO MUNICIPAL','2025-04-07 11:02:38','2025-04-07 11:02:38'),(1037,8,'81201','Fondo de fomento municipal','2025-04-07 11:02:38','2025-04-07 11:02:38'),(1038,8,'81300','PARTICIPACIONES DE LAS ENTIDADES FEDERATIVAS A LOS MUNICIPIOS','2025-04-07 11:02:38','2025-04-07 11:02:38'),(1039,8,'81301','Fondo Estatal para la Infraestructura de los Servicios Públicos Municipales','2025-04-07 11:02:38','2025-04-07 11:02:38'),(1040,8,'81302','Contribuciones  Locales condicionadas','2025-04-07 11:02:38','2025-04-07 11:02:38'),(1041,8,'81400','OTROS CONCEPTOS PARTICIPABLES DE LA FEDERACION A ENTIDADES FEDERATIVAS','2025-04-07 11:02:38','2025-04-07 11:02:38'),(1042,8,'81401','Otros conceptos participables de la Federación a las Entidades Federativas','2025-04-07 11:02:38','2025-04-07 11:02:38'),(1043,8,'81500','OTROS CONCEPTOS PARTICIPABLES DE LA FEDERACION A MUNICIPIOS','2025-04-07 11:02:38','2025-04-07 11:02:38'),(1044,8,'81501','Otros conceptos participables de la Federación a los municipios','2025-04-07 11:02:38','2025-04-07 11:02:38'),(1045,8,'81600','CONVENIOS DE COLABORACION ADMINISTRATIVA','2025-04-07 11:02:38','2025-04-07 11:02:38'),(1046,8,'81601','Convenios de colaboración administrativa','2025-04-07 11:02:38','2025-04-07 11:02:38'),(1047,8,'83000','APORTACIONES','2025-04-07 11:02:38','2025-04-07 11:02:38'),(1048,8,'83100','APORTACIONES DE LA FEDERACION A LAS ENTIDADES FEDERATIVAS','2025-04-07 11:02:38','2025-04-07 11:02:38'),(1049,8,'83101','No utilizada por el Estado','2025-04-07 11:02:38','2025-04-07 11:02:38'),(1050,8,'83200','APORTACIONES DE LA FEDERACION A MUNICIPIOS','2025-04-07 11:02:39','2025-04-07 11:02:39'),(1051,8,'83201','Fondo de aportaciones para la infraestructura social municipal','2025-04-07 11:02:39','2025-04-07 11:02:39'),(1052,8,'83202','Fondo de aportaciones para el fortalecimiento de los municipios y de las demarcaciones territoriales del Distrito Federal','2025-04-07 11:02:39','2025-04-07 11:02:39'),(1053,8,'83300','APORTACIONES DE LAS ENTIDADES FEDERATIVAS A LOS MUNICIPIOS','2025-04-07 11:02:39','2025-04-07 11:02:39'),(1054,8,'83301','No utilizada por el Estado','2025-04-07 11:02:39','2025-04-07 11:02:39'),(1055,8,'83400','APORTACIONES PREVISTAS EN LEYES Y DECRETOS AL SISTEMA DE PROTECCIÓN SOCIAL','2025-04-07 11:02:39','2025-04-07 11:02:39'),(1056,8,'83401','Aportaciones del estado y municipios al sistema de protección social','2025-04-07 11:02:39','2025-04-07 11:02:39'),(1057,8,'83500','APORTACIONES PREVISTAS EN LEYES Y DECRETOS COMPENSATORIAS A ENTIDADES FEDERATIVAS Y MUNICIPIOS','2025-04-07 11:02:39','2025-04-07 11:02:39'),(1058,8,'83501','APORTACIONES PREVISTAS EN LEYES Y DECRETOS COMPENSATORIAS A ENTIDADES FEDERATIVAS Y MUNICIPIOS','2025-04-07 11:02:39','2025-04-07 11:02:39'),(1059,8,'85000','CONVENIOS','2025-04-07 11:02:39','2025-04-07 11:02:39'),(1060,8,'85100','No utilizada por el Estado','2025-04-07 11:02:39','2025-04-07 11:02:39'),(1061,8,'85101','Convenios de reasignación','2025-04-07 11:02:39','2025-04-07 11:02:39'),(1062,8,'85200','CONVENIOS DE DESCENTRALIZACIÓN','2025-04-07 11:02:39','2025-04-07 11:02:39'),(1063,8,'85201','Convenios de descentralización','2025-04-07 11:02:39','2025-04-07 11:02:39'),(1064,8,'85300','OTROS CONVENIOS','2025-04-07 11:02:39','2025-04-07 11:02:39'),(1065,8,'85301','Otros convenios','2025-04-07 11:02:39','2025-04-07 11:02:39'),(1066,9,'90000','DEUDA PÚBLICA','2025-04-07 11:02:39','2025-04-07 11:02:39'),(1067,9,'91000','AMORTIZACIÓN DE LA DEUDA PÚBLICA','2025-04-07 11:02:39','2025-04-07 11:02:39'),(1068,9,'91100','AMORTIZACIÓN DE LA DEUDA INTERNA CON INSTITUCIONES DE CRÉDITO','2025-04-07 11:02:39','2025-04-07 11:02:39'),(1069,9,'91101','Amortización de la deuda interna con instituciones de crédito','2025-04-07 11:02:39','2025-04-07 11:02:39'),(1070,9,'91102','Amortización de la deuda interna derivada de proyectos de infraestructura productiva de largo plazo','2025-04-07 11:02:39','2025-04-07 11:02:39'),(1071,9,'91200','AMORTIZACIÓN DE LA DEUDA INTERNA POR EMISIÓN DE TÍTULOS Y VALORES','2025-04-07 11:02:39','2025-04-07 11:02:39'),(1072,9,'91201','Amortización de la deuda por la emisión de valores gubernamentales','2025-04-07 11:02:39','2025-04-07 11:02:39'),(1073,9,'91300','AMORTIZACIÓN DE ARRENDAMIENTOS FINANCIEROS NACIONALES','2025-04-07 11:02:39','2025-04-07 11:02:39'),(1074,9,'91301','Amortización de arrendamientos financieros nacionales','2025-04-07 11:02:39','2025-04-07 11:02:39'),(1075,9,'91303','Amortización de arrendamientos financieros especiales','2025-04-07 11:02:39','2025-04-07 11:02:39'),(1076,9,'91400','AMORTIZACIÓN DE LA DEUDA EXTERNA CON INSTITUCIONES DE CRÉDITO','2025-04-07 11:02:39','2025-04-07 11:02:39'),(1077,9,'91401','No utilizada por el Estado','2025-04-07 11:02:39','2025-04-07 11:02:39'),(1078,9,'91500','AMORTIZACIÓN DE LA DEUDA EXTERNA CON ORGANISMOS FINANCIEROS INTERNACIONALES','2025-04-07 11:02:39','2025-04-07 11:02:39'),(1079,9,'91501','No utilizada por el Estado','2025-04-07 11:02:39','2025-04-07 11:02:39'),(1080,9,'91600','AMORTIZACIÓN DE LA DEUDA BILATERAL','2025-04-07 11:02:39','2025-04-07 11:02:39'),(1081,9,'91601','Amortización de la deuda bilateral','2025-04-07 11:02:39','2025-04-07 11:02:39'),(1082,9,'91700','AMORTIZACIÓN DE LA DEUDA EXTERNA POR EMISIÓN DE TÍTULOS Y VALORES','2025-04-07 11:02:39','2025-04-07 11:02:39'),(1083,9,'91701','No utilizada por el Estado','2025-04-07 11:02:39','2025-04-07 11:02:39'),(1084,9,'91800','AMORTIZACIÓN DE ARRENDAMIENTOS FINANCIEROS INTERNACIONALES','2025-04-07 11:02:39','2025-04-07 11:02:39'),(1085,9,'91801','No utilizada por el Estado','2025-04-07 11:02:39','2025-04-07 11:02:39'),(1086,9,'92000','INTERESES DE LA DEUDA PÚBLICA','2025-04-07 11:02:39','2025-04-07 11:02:39'),(1087,9,'92100','INTERESES DE LA DEUDA INTERNA CON INSTITUCIONES DE CRÉDITO','2025-04-07 11:02:39','2025-04-07 11:02:39'),(1088,9,'92101','Intereses de la deuda interna con instituciones de crédito','2025-04-07 11:02:39','2025-04-07 11:02:39'),(1089,9,'92102','Intereses de la deuda interna derivados de proyectos de infraestructura productiva de largo plazo','2025-04-07 11:02:39','2025-04-07 11:02:39'),(1090,9,'92200','INTERESES DERIVADOS DE LA COLOCACIÓN DE TÍTULOS Y VALORES','2025-04-07 11:02:39','2025-04-07 11:02:39'),(1091,9,'92201','Intereses derivados de la colocación de valores gubernamentales','2025-04-07 11:02:39','2025-04-07 11:02:39'),(1092,9,'92300','INTERESES POR ARRENDAMIENTOS FINANCIEROS NACIONALES','2025-04-07 11:02:39','2025-04-07 11:02:39'),(1093,9,'92301','Intereses por arrendamientos financieros nacionales','2025-04-07 11:02:39','2025-04-07 11:02:39'),(1094,9,'92302','Intereses por arrendamientos financieros especiales','2025-04-07 11:02:39','2025-04-07 11:02:39'),(1095,9,'92400','INTERESES DE LA DEUDA EXTERNA CON INSTITUCIONES DE CRÉDITO','2025-04-07 11:02:39','2025-04-07 11:02:39'),(1096,9,'92401','Intereses de la deuda externa con instituciones de crédito','2025-04-07 11:02:39','2025-04-07 11:02:39'),(1097,9,'92500','INTERESES DE LA DEUDA CON ORGANISMOS FINANCIEROS INTERNACIONALES','2025-04-07 11:02:39','2025-04-07 11:02:39'),(1098,9,'92501','INTERESES DE LA DEUDA CON ORGANISMOS FINANCIEROS INTERNACIONALES','2025-04-07 11:02:39','2025-04-07 11:02:39'),(1099,9,'92600','INTERESES DE LA DEUDA BILATERAL','2025-04-07 11:02:39','2025-04-07 11:02:39'),(1100,9,'92601','Intereses de la deuda bilateral','2025-04-07 11:02:39','2025-04-07 11:02:39'),(1101,9,'92700','INTERESES DERIVADOS DE LA COLOCACIÓN DE TÍTULOS Y VALORES EN EL EXTERIOR','2025-04-07 11:02:39','2025-04-07 11:02:39'),(1102,9,'92701','Intereses derivados de la colocación de títulos y valores en el exterior','2025-04-07 11:02:39','2025-04-07 11:02:39'),(1103,9,'92800','INTERESES POR ARRENDAMIENTOS FINANCIEROS INTERNACIONALES','2025-04-07 11:02:39','2025-04-07 11:02:39'),(1104,9,'92801','Intereses por arrendamientos financieros internacionales','2025-04-07 11:02:39','2025-04-07 11:02:39'),(1105,9,'93000','COMISIONES DE LA DEUDA PÚBLICA','2025-04-07 11:02:39','2025-04-07 11:02:39'),(1106,9,'93100','COMISIONES DE LA DEUDA PÚBLICA INTERNA','2025-04-07 11:02:39','2025-04-07 11:02:39'),(1107,9,'93101','Comisiones y gastos de la deuda pública interna','2025-04-07 11:02:39','2025-04-07 11:02:39'),(1108,9,'93200','COMISIONES DE LA DEUDA PÚBLICA EXTERNA','2025-04-07 11:02:39','2025-04-07 11:02:39'),(1109,9,'93201','No utilizada por el Estado','2025-04-07 11:02:39','2025-04-07 11:02:39'),(1110,9,'94000','GASTOS DE LA DEUDA PÚBLICA','2025-04-07 11:02:39','2025-04-07 11:02:39'),(1111,9,'94100','GASTOS DE LA DEUDA PÚBLICA INTERNA','2025-04-07 11:02:39','2025-04-07 11:02:39'),(1112,9,'94101','Gastos de la deuda pública interna','2025-04-07 11:02:39','2025-04-07 11:02:39'),(1113,9,'94102','Gastos de la deuda pública interna derivados de proyectos de infraestructura productiva de largo plazo','2025-04-07 11:02:39','2025-04-07 11:02:39'),(1114,9,'94200','GASTOS DE LA DEUDA PÚBLICA EXTERNA','2025-04-07 11:02:39','2025-04-07 11:02:39'),(1115,9,'94201','No utilizada por el Estado','2025-04-07 11:02:40','2025-04-07 11:02:40'),(1116,9,'95000','COSTOS POR COBERTURA','2025-04-07 11:02:40','2025-04-07 11:02:40'),(1117,9,'95100','COSTOS POR COBERTURAS','2025-04-07 11:02:40','2025-04-07 11:02:40'),(1118,9,'95101','Costos por coberturas de la deuda pública interna','2025-04-07 11:02:40','2025-04-07 11:02:40'),(1119,9,'95102','Costos por coberturas de la deuda pública interna derivados de proyectos de infraestructura productiva de largo plazo','2025-04-07 11:02:40','2025-04-07 11:02:40'),(1120,9,'95200','COSTOS POR COBERTURA DE LA DEUDA PÚBLICA EXTERNA','2025-04-07 11:02:40','2025-04-07 11:02:40'),(1121,9,'95201','No utilizada por el Estado','2025-04-07 11:02:40','2025-04-07 11:02:40'),(1122,9,'96000','APOYOS FINANCIEROS','2025-04-07 11:02:40','2025-04-07 11:02:40'),(1123,9,'96100','APOYOS A INTERMEDIARIOS FINANCIEROS','2025-04-07 11:02:40','2025-04-07 11:02:40'),(1124,9,'96101','Apoyos a intermediarios financieros','2025-04-07 11:02:40','2025-04-07 11:02:40'),(1125,9,'96200','APOYOS A AHORRADORES Y DEUDORES DEL SISTEMA FINANCIERO NACIONAL','2025-04-07 11:02:40','2025-04-07 11:02:40'),(1126,9,'96201','Apoyos a ahorradores y deudores del Sistema Financiero Nacional','2025-04-07 11:02:40','2025-04-07 11:02:40'),(1127,9,'99000','ADEUDOS DE EJERCICIOS FISCALES ANTERIORES (ADEFAS)','2025-04-07 11:02:40','2025-04-07 11:02:40'),(1128,9,'99100','ADEFAS','2025-04-07 11:02:40','2025-04-07 11:02:40'),(1129,9,'99101','Adeudos de ejercicios fiscales anteriores','2025-04-07 11:02:40','2025-04-07 11:02:40'),(1130,1,'421011','Partida 421011','2025-04-07 11:02:40','2025-04-07 11:02:40'),(1131,1,'421031','Partida 421031','2025-04-07 11:02:41','2025-04-07 11:02:41');

--
-- Table structure for table `permissions`
--

CREATE TABLE `permissions` (
  `id` bigint unsigned NOT NULL AUTO_INCREMENT,
  `name` varchar(255) COLLATE utf8mb4_unicode_ci NOT NULL,
  `guard_name` varchar(255) COLLATE utf8mb4_unicode_ci NOT NULL,
  `created_at` timestamp NULL DEFAULT NULL,
  `updated_at` timestamp NULL DEFAULT NULL,
  PRIMARY KEY (`id`),
  UNIQUE KEY `permissions_name_guard_name_unique` (`name`,`guard_name`)
) ENGINE=InnoDB AUTO_INCREMENT=66 DEFAULT CHARSET=utf8mb4 COLLATE=utf8mb4_unicode_ci;

--
-- Dumping data for table `permissions`
--

INSERT INTO `permissions` VALUES (1,'ver configuraciones','web','2025-04-07 11:02:20','2025-04-07 11:02:20'),(2,'ver usuarios','web','2025-04-07 11:02:20','2025-04-07 11:02:20'),(3,'crear usuarios','web','2025-04-07 11:02:20','2025-04-07 11:02:20'),(4,'editar usuarios','web','2025-04-07 11:02:20','2025-04-07 11:02:20'),(5,'eliminar usuarios','web','2025-04-07 11:02:20','2025-04-07 11:02:20'),(6,'ver roles','web','2025-04-07 11:02:20','2025-04-07 11:02:20'),(7,'crear roles','web','2025-04-07 11:02:20','2025-04-07 11:02:20'),(8,'editar roles','web','2025-04-07 11:02:20','2025-04-07 11:02:20'),(9,'eliminar roles','web','2025-04-07 11:02:20','2025-04-07 11:02:20'),(10,'ver fondos','web','2025-04-07 11:02:20','2025-04-07 11:02:20'),(11,'crear fondos','web','2025-04-07 11:02:20','2025-04-07 11:02:20'),(12,'editar fondos','web','2025-04-07 11:02:20','2025-04-07 11:02:20'),(13,'eliminar fondos','web','2025-04-07 11:02:20','2025-04-07 11:02:20'),(14,'ver cuentas','web','2025-04-07 11:02:20','2025-04-07 11:02:20'),(15,'crear cuentas','web','2025-04-07 11:02:20','2025-04-07 11:02:20'),(16,'editar cuentas','web','2025-04-07 11:02:20','2025-04-07 11:02:20'),(17,'eliminar cuentas','web','2025-04-07 11:02:20','2025-04-07 11:02:20'),(18,'ver capitulos','web','2025-04-07 11:02:20','2025-04-07 11:02:20'),(19,'crear capitulos','web','2025-04-07 11:02:20','2025-04-07 11:02:20'),(20,'editar capitulos','web','2025-04-07 11:02:20','2025-04-07 11:02:20'),(21,'eliminar capitulos','web','2025-04-07 11:02:20','2025-04-07 11:02:20'),(22,'ver partidas','web','2025-04-07 11:02:20','2025-04-07 11:02:20'),(23,'crear partidas','web','2025-04-07 11:02:20','2025-04-07 11:02:20'),(24,'editar partidas','web','2025-04-07 11:02:20','2025-04-07 11:02:20'),(25,'eliminar partidas','web','2025-04-07 11:02:20','2025-04-07 11:02:20'),(26,'ver unidad','web','2025-04-07 11:02:20','2025-04-07 11:02:20'),(27,'crear unidad','web','2025-04-07 11:02:20','2025-04-07 11:02:20'),(28,'editar unidad','web','2025-04-07 11:02:20','2025-04-07 11:02:20'),(29,'eliminar unidad','web','2025-04-07 11:02:20','2025-04-07 11:02:20'),(30,'ver areas','web','2025-04-07 11:02:20','2025-04-07 11:02:20'),(31,'crear areas','web','2025-04-07 11:02:20','2025-04-07 11:02:20'),(32,'editar areas','web','2025-04-07 11:02:20','2025-04-07 11:02:20'),(33,'eliminar areas','web','2025-04-07 11:02:20','2025-04-07 11:02:20'),(34,'ver solicitudesDev','web','2025-04-07 11:02:20','2025-04-07 11:02:20'),(35,'crear solicitudesDev','web','2025-04-07 11:02:20','2025-04-07 11:02:20'),(36,'editar solicitudesDev','web','2025-04-07 11:02:20','2025-04-07 11:02:20'),(37,'eliminar solicitudesDev','web','2025-04-07 11:02:20','2025-04-07 11:02:20'),(38,'ver evidencias','web','2025-04-07 11:02:20','2025-04-07 11:02:20'),(39,'crear evidencias','web','2025-04-07 11:02:20','2025-04-07 11:02:20'),(40,'editar evidencias','web','2025-04-07 11:02:20','2025-04-07 11:02:20'),(41,'eliminar evidencias','web','2025-04-07 11:02:20','2025-04-07 11:02:20'),(42,'ver transacciones','web','2025-04-07 11:02:20','2025-04-07 11:02:20'),(43,'crear transacciones','web','2025-04-07 11:02:20','2025-04-07 11:02:20'),(44,'editar transacciones','web','2025-04-07 11:02:20','2025-04-07 11:02:20'),(45,'eliminar transacciones','web','2025-04-07 11:02:20','2025-04-07 11:02:20'),(46,'ver reportes','web','2025-04-07 11:02:20','2025-04-07 11:02:20'),(47,'crear reportes','web','2025-04-07 11:02:20','2025-04-07 11:02:20'),(48,'editar reportes','web','2025-04-07 11:02:20','2025-04-07 11:02:20'),(49,'eliminar reportes','web','2025-04-07 11:02:20','2025-04-07 11:02:20'),(50,'ver ministraciones','web','2025-04-07 11:02:20','2025-04-07 11:02:20'),(51,'crear ministraciones','web','2025-04-07 11:02:20','2025-04-07 11:02:20'),(52,'editar ministraciones','web','2025-04-07 11:02:20','2025-04-07 11:02:20'),(53,'eliminar ministraciones','web','2025-04-07 11:02:21','2025-04-07 11:02:21'),(54,'ver asignacionpresupuestal','web','2025-04-07 11:02:21','2025-04-07 11:02:21'),(55,'crear asignacionpresupuestal','web','2025-04-07 11:02:21','2025-04-07 11:02:21'),(56,'editar asignacionpresupuestal','web','2025-04-07 11:02:21','2025-04-07 11:02:21'),(57,'eliminar asignacionpresupuestal','web','2025-04-07 11:02:21','2025-04-07 11:02:21'),(58,'ver movimientos','web','2025-05-26 21:09:28','2025-05-26 21:09:28'),(59,'crear movimientos','web','2025-05-26 21:09:28','2025-05-26 21:09:28'),(60,'editar movimientos','web','2025-05-26 21:09:28','2025-05-26 21:09:28'),(61,'eliminar movimientos','web','2025-05-26 21:09:28','2025-05-26 21:09:28'),(62,'ver estadisticas','web','2025-06-03 23:39:57','2025-06-03 23:39:57'),(63,'crear estadisticas','web','2025-06-03 23:39:57','2025-06-03 23:39:57'),(64,'editar estadisticas','web','2025-06-03 23:39:57','2025-06-03 23:39:57'),(65,'eliminar estadisticas','web','2025-06-03 23:39:57','2025-06-03 23:39:57');

--
-- Table structure for table `role_has_permissions`
--

CREATE TABLE `role_has_permissions` (
  `permission_id` bigint unsigned NOT NULL,
  `role_id` bigint unsigned NOT NULL,
  PRIMARY KEY (`permission_id`,`role_id`),
  KEY `role_has_permissions_role_id_foreign` (`role_id`),
  CONSTRAINT `role_has_permissions_permission_id_foreign` FOREIGN KEY (`permission_id`) REFERENCES `permissions` (`id`) ON DELETE CASCADE,
  CONSTRAINT `role_has_permissions_role_id_foreign` FOREIGN KEY (`role_id`) REFERENCES `roles` (`id`) ON DELETE CASCADE
) ENGINE=InnoDB DEFAULT CHARSET=utf8mb4 COLLATE=utf8mb4_unicode_ci;

--
-- Dumping data for table `role_has_permissions`
--

INSERT INTO `role_has_permissions` VALUES (1,1),(2,1),(3,1),(4,1),(5,1),(6,1),(7,1),(8,1),(9,1),(10,1),(11,1),(12,1),(13,1),(14,1),(15,1),(16,1),(17,1),(18,1),(19,1),(20,1),(21,1),(22,1),(23,1),(24,1),(25,1),(26,1),(27,1),(28,1),(29,1),(30,1),(31,1),(32,1),(33,1),(34,1),(35,1),(36,1),(37,1),(38,1),(39,1),(40,1),(41,1),(42,1),(43,1),(44,1),(45,1),(46,1),(47,1),(48,1),(49,1),(50,1),(51,1),(52,1),(53,1),(54,1),(55,1),(56,1),(57,1),(58,1),(59,1),(60,1),(61,1),(62,1),(63,1),(64,1),(65,1),(1,2),(2,2),(6,2);

--
-- Table structure for table `roles`
--

CREATE TABLE `roles` (
  `id` bigint unsigned NOT NULL AUTO_INCREMENT,
  `name` varchar(255) COLLATE utf8mb4_unicode_ci NOT NULL,
  `guard_name` varchar(255) COLLATE utf8mb4_unicode_ci NOT NULL,
  `created_at` timestamp NULL DEFAULT NULL,
  `updated_at` timestamp NULL DEFAULT NULL,
  PRIMARY KEY (`id`),
  UNIQUE KEY `roles_name_guard_name_unique` (`name`,`guard_name`)
) ENGINE=InnoDB AUTO_INCREMENT=5 DEFAULT CHARSET=utf8mb4 COLLATE=utf8mb4_unicode_ci;

--
-- Dumping data for table `roles`
--

INSERT INTO `roles` VALUES (1,'Administrador','web','2025-04-07 11:02:21','2025-04-07 11:02:21'),(2,'Subdirector','web','2025-04-07 11:02:21','2025-04-07 11:02:21'),(3,'Empleado','web','2025-04-07 11:02:22','2025-04-07 11:02:22'),(4,'Observador','web','2025-04-07 11:02:22','2025-04-07 11:02:22');

--
-- Table structure for table `settings`
--

CREATE TABLE `settings` (
  `id` bigint unsigned NOT NULL AUTO_INCREMENT,
  `created_at` timestamp NULL DEFAULT NULL,
  `updated_at` timestamp NULL DEFAULT NULL,
  PRIMARY KEY (`id`)
) ENGINE=InnoDB DEFAULT CHARSET=utf8mb4 COLLATE=utf8mb4_unicode_ci;

--
-- Dumping data for table `settings`
--


--
-- Table structure for table `solicitud_devs`
--

CREATE TABLE `solicitud_devs` (
  `id` bigint unsigned NOT NULL AUTO_INCREMENT,
  `codigo` varchar(255) COLLATE utf8mb4_unicode_ci DEFAULT NULL,
  `descripcion` text COLLATE utf8mb4_unicode_ci,
  `documento_origen` varchar(255) COLLATE utf8mb4_unicode_ci DEFAULT NULL,
  `created_at` timestamp NULL DEFAULT NULL,
  `updated_at` timestamp NULL DEFAULT NULL,
  PRIMARY KEY (`id`)
) ENGINE=InnoDB AUTO_INCREMENT=9 DEFAULT CHARSET=utf8mb4 COLLATE=utf8mb4_unicode_ci;

--
-- Dumping data for table `solicitud_devs`
--

INSERT INTO `solicitud_devs` VALUES (1,'ING-001','INGRESOS POR SUBSIDIO',NULL,'2025-04-07 11:02:40','2025-04-08 01:52:30'),(2,'ING-002','INGRESOS POR CONVENIO',NULL,'2025-04-07 11:02:40','2025-04-08 01:53:06'),(3,'ING-003','ING POR PRODUCTOS Y SERV PROPORCIONADOS DE LA UTM',NULL,'2025-04-07 11:02:40','2025-04-08 01:54:17'),(4,'GT-001','SOLICITUD DE VIATICOS',NULL,'2025-04-07 11:02:40','2025-04-08 01:54:58'),(5,'GT-002','SOLICITUD COMPRA PRODUCTOS',NULL,'2025-04-08 01:56:21','2025-04-08 01:56:21'),(6,'GT-003','SOLICITUD PAGO SERVICIO',NULL,'2025-04-08 01:56:51','2025-04-08 01:56:51'),(7,'GT-004','SOLICITUD PAGO APOYO, AYUDA',NULL,'2025-04-08 01:57:29','2025-04-08 01:57:29'),(8,'GT-005','SOLICITUD COMPRA ACTIVO',NULL,'2025-04-08 01:58:15','2025-04-08 01:58:15');

--
-- Table structure for table `transacciones`
--

CREATE TABLE `transacciones` (
  `id` bigint unsigned NOT NULL AUTO_INCREMENT,
  `tipo` enum('ingreso','egreso') COLLATE utf8mb4_unicode_ci NOT NULL,
  `monto` decimal(15,2) NOT NULL,
  `fecha` datetime NOT NULL,
  `descripcion` text COLLATE utf8mb4_unicode_ci,
  `cuenta_bancaria_id` bigint unsigned NOT NULL,
  `capitulo_id` bigint unsigned DEFAULT NULL,
  `partida_id` bigint unsigned DEFAULT NULL,
  `unidad_responsable_id` bigint unsigned DEFAULT NULL,
  `area_id` bigint unsigned DEFAULT NULL,
  `solicitud_dev_id` bigint unsigned DEFAULT NULL,
  `created_at` timestamp NULL DEFAULT NULL,
  `updated_at` timestamp NULL DEFAULT NULL,
  PRIMARY KEY (`id`),
  KEY `transacciones_cuenta_bancaria_id_foreign` (`cuenta_bancaria_id`),
  KEY `transacciones_capitulo_id_foreign` (`capitulo_id`),
  KEY `transacciones_partida_id_foreign` (`partida_id`),
  KEY `transacciones_unidad_responsable_id_foreign` (`unidad_responsable_id`),
  KEY `transacciones_area_id_foreign` (`area_id`),
  KEY `transacciones_solicitud_dev_id_foreign` (`solicitud_dev_id`),
  CONSTRAINT `transacciones_area_id_foreign` FOREIGN KEY (`area_id`) REFERENCES `areas` (`id`) ON DELETE SET NULL,
  CONSTRAINT `transacciones_capitulo_id_foreign` FOREIGN KEY (`capitulo_id`) REFERENCES `capitulos` (`id`) ON DELETE SET NULL,
  CONSTRAINT `transacciones_cuenta_bancaria_id_foreign` FOREIGN KEY (`cuenta_bancaria_id`) REFERENCES `cuenta_bancarias` (`id`) ON DELETE CASCADE,
  CONSTRAINT `transacciones_partida_id_foreign` FOREIGN KEY (`partida_id`) REFERENCES `partidas` (`id`) ON DELETE SET NULL,
  CONSTRAINT `transacciones_solicitud_dev_id_foreign` FOREIGN KEY (`solicitud_dev_id`) REFERENCES `solicitud_devs` (`id`) ON DELETE SET NULL,
  CONSTRAINT `transacciones_unidad_responsable_id_foreign` FOREIGN KEY (`unidad_responsable_id`) REFERENCES `unidad_responsables` (`id`) ON DELETE SET NULL
) ENGINE=InnoDB AUTO_INCREMENT=15 DEFAULT CHARSET=utf8mb4 COLLATE=utf8mb4_unicode_ci;

--
-- Dumping data for table `transacciones`
--

INSERT INTO `transacciones` VALUES (11,'ingreso',130000.00,'2025-02-28 12:00:00','Comprobación DPEPP 1700000359',6,3,NULL,2,NULL,1,'2025-04-08 02:07:58','2025-04-08 02:09:48'),(12,'ingreso',1600000.00,'2025-02-28 14:08:00',NULL,6,3,NULL,3,NULL,1,'2025-04-08 02:09:28','2025-04-08 02:09:28'),(13,'ingreso',2200000.00,'2025-02-28 14:10:00','Regularizacion DPDEPP',6,1,NULL,3,NULL,1,'2025-04-08 02:11:49','2025-04-08 02:11:49'),(14,'ingreso',50000.00,'2025-02-28 14:37:00','Regularización DPEPP',6,3,NULL,4,NULL,1,'2025-04-08 02:38:51','2025-04-08 02:38:51');

--
-- Table structure for table `unidad_responsables`
--

CREATE TABLE `unidad_responsables` (
  `id` bigint unsigned NOT NULL AUTO_INCREMENT,
  `fondo_id` bigint unsigned NOT NULL,
  `clave` varchar(255) COLLATE utf8mb4_unicode_ci NOT NULL,
  `nombre` varchar(255) COLLATE utf8mb4_unicode_ci DEFAULT NULL,
  `descripcion` text COLLATE utf8mb4_unicode_ci,
  `created_at` timestamp NULL DEFAULT NULL,
  `updated_at` timestamp NULL DEFAULT NULL,
  PRIMARY KEY (`id`),
  UNIQUE KEY `unidad_responsables_clave_unique` (`clave`),
  KEY `unidad_responsables_fondo_id_foreign` (`fondo_id`),
  CONSTRAINT `unidad_responsables_fondo_id_foreign` FOREIGN KEY (`fondo_id`) REFERENCES `fondos` (`id`) ON DELETE CASCADE
) ENGINE=InnoDB AUTO_INCREMENT=10 DEFAULT CHARSET=utf8mb4 COLLATE=utf8mb4_unicode_ci;

--
-- Dumping data for table `unidad_responsables`
--

INSERT INTO `unidad_responsables` VALUES (2,3,'1603053001053001','UR RECTORIA','Dirección General','2025-04-07 11:02:22','2025-04-08 00:15:22'),(3,1,'1603053001053007','UR DELEGACION ADMINISTRATIVA','Administración de Recursos','2025-04-07 11:02:22','2025-04-08 00:28:47'),(4,2,'1603053001053008','UR DIRECCION ACADEMICA PA\'S','Profesores de Asignatura','2025-04-07 11:02:22','2025-04-08 00:26:14'),(8,2,'1603053001053008-1','UR DIRECCIÓN ACADÉMICA  PTC\'S','Profesores Tiempo Completo','2025-04-07 11:02:22','2025-05-26 23:42:19'),(9,2,'1603053001053008-2','UR DIRECCIÓN ACADÉMICA TA\'S','Profesores Técnico Académico','2025-04-07 11:02:22','2025-04-08 00:28:10');


