
--
-- Table structure for table `submodulo_usuario`
--

CREATE TABLE `submodulo_usuario` (
  `id` bigint unsigned NOT NULL AUTO_INCREMENT,
  `user_id` bigint unsigned NOT NULL,
  `submodulo_id` bigint unsigned NOT NULL,
  `estatus` varchar(125) COLLATE utf8mb4_unicode_ci NOT NULL DEFAULT 'Pendiente',
  `created_at` timestamp NULL DEFAULT NULL,
  `updated_at` timestamp NULL DEFAULT NULL,
  PRIMARY KEY (`id`),
  UNIQUE KEY `submodulo_usuario_user_id_submodulo_id_unique` (`user_id`,`submodulo_id`),
  KEY `submodulo_usuario_submodulo_id_foreign` (`submodulo_id`),
  CONSTRAINT `submodulo_usuario_submodulo_id_foreign` FOREIGN KEY (`submodulo_id`) REFERENCES `submodulos` (`id`) ON DELETE CASCADE,
  CONSTRAINT `submodulo_usuario_user_id_foreign` FOREIGN KEY (`user_id`) REFERENCES `users` (`id`) ON DELETE CASCADE
) ENGINE=InnoDB AUTO_INCREMENT=142 DEFAULT CHARSET=utf8mb4 COLLATE=utf8mb4_unicode_ci;

--
-- Dumping data for table `submodulo_usuario`
--

INSERT INTO `submodulo_usuario` VALUES (5,104,13,'Entregado','2025-05-30 19:43:52','2025-05-30 19:43:52'),(6,132,13,'Entregado','2025-05-30 19:48:21','2025-05-30 19:48:21'),(7,89,13,'Entregado','2025-05-30 19:50:52','2025-05-30 19:50:52'),(8,104,14,'Entregado','2025-05-30 19:55:05','2025-05-30 19:55:05'),(9,130,14,'Entregado','2025-05-30 20:55:06','2025-05-30 20:55:06'),(10,103,14,'Entregado','2025-05-30 21:02:30','2025-05-30 21:02:30'),(12,30,14,'Entregado','2025-05-30 22:08:27','2025-05-30 22:08:27'),(13,108,13,'Entregado','2025-05-31 03:19:52','2025-05-31 03:19:52'),(14,110,14,'Entregado','2025-05-31 04:05:27','2025-05-31 04:05:27'),(16,77,13,'Entregado','2025-05-31 04:45:06','2025-05-31 04:45:06'),(17,125,13,'Entregado','2025-05-31 04:46:44','2025-05-31 04:46:44'),(18,90,13,'Entregado','2025-05-31 05:51:46','2025-05-31 05:51:46'),(19,65,13,'Entregado','2025-06-01 23:46:52','2025-06-01 23:46:52'),(20,60,14,'Entregado','2025-06-02 02:46:37','2025-06-02 02:46:37'),(21,98,13,'Entregado','2025-06-02 15:21:18','2025-06-02 15:21:18'),(22,53,14,'Entregado','2025-06-02 17:00:26','2025-06-02 17:00:26'),(23,53,13,'Entregado','2025-06-02 17:04:50','2025-06-02 17:04:50'),(24,56,14,'Entregado','2025-06-02 18:34:59','2025-06-02 18:34:59'),(25,75,13,'Entregado','2025-06-02 18:44:32','2025-06-02 18:44:32'),(26,75,14,'Entregado','2025-06-02 18:50:49','2025-06-02 18:50:49'),(27,122,13,'Entregado','2025-06-02 19:21:17','2025-06-02 19:21:17'),(28,103,13,'Entregado','2025-06-02 20:24:07','2025-06-02 20:24:07'),(29,142,14,'Entregado','2025-06-02 20:39:04','2025-06-02 20:39:04'),(31,101,13,'Entregado','2025-06-02 21:03:46','2025-06-02 21:03:46'),(32,101,14,'Entregado','2025-06-02 21:04:01','2025-06-02 21:04:01'),(33,89,14,'Entregado','2025-06-02 21:32:03','2025-06-02 21:32:03'),(34,102,13,'Entregado','2025-06-02 21:51:44','2025-06-02 21:51:44'),(35,79,13,'Entregado','2025-06-03 00:08:35','2025-06-03 00:08:35'),(36,112,13,'Entregado','2025-06-03 01:13:53','2025-06-03 01:13:53'),(37,128,14,'Entregado','2025-06-03 04:56:37','2025-06-03 04:56:37'),(38,116,13,'Entregado','2025-06-03 15:09:52','2025-06-03 15:09:52'),(39,116,14,'Entregado','2025-06-03 15:10:14','2025-06-03 15:10:14'),(40,115,13,'Entregado','2025-06-03 16:16:30','2025-06-03 16:16:30'),(41,60,13,'Entregado','2025-06-03 16:17:52','2025-06-03 16:17:52'),(42,130,13,'Entregado','2025-06-03 17:00:18','2025-06-03 17:00:18'),(43,55,14,'Entregado','2025-06-03 17:30:55','2025-06-03 17:30:55'),(44,55,13,'Entregado','2025-06-03 17:36:20','2025-06-03 17:36:20'),(45,122,14,'Entregado','2025-06-03 17:38:38','2025-06-03 17:38:38'),(46,111,13,'Entregado','2025-06-03 17:42:48','2025-06-03 17:42:48'),(47,111,14,'Entregado','2025-06-03 17:53:56','2025-06-03 17:53:56'),(48,56,13,'Entregado','2025-06-03 19:04:22','2025-06-03 19:04:22'),(50,139,13,'Entregado','2025-06-03 20:26:00','2025-06-03 20:26:00'),(51,139,14,'Entregado','2025-06-03 20:26:34','2025-06-03 20:26:34'),(52,142,13,'Entregado','2025-06-03 20:52:33','2025-06-03 20:52:33'),(53,31,14,'Entregado','2025-06-03 21:09:22','2025-06-03 21:09:22'),(54,1,13,'Entregado','2025-06-03 21:26:24','2025-06-03 21:26:24'),(55,1,12,'Entregado','2025-06-03 21:31:08','2025-06-03 21:31:08'),(56,135,13,'Entregado','2025-06-03 23:33:51','2025-06-03 23:33:51'),(58,134,14,'Entregado','2025-06-04 01:05:58','2025-06-04 01:05:58'),(59,19,13,'Entregado','2025-06-04 01:07:17','2025-06-04 01:07:17'),(60,129,14,'Entregado','2025-06-04 01:17:40','2025-06-04 01:17:40'),(61,125,14,'Entregado','2025-06-04 01:22:15','2025-06-04 01:22:15'),(62,119,13,'Entregado','2025-06-04 01:28:00','2025-06-04 01:28:00'),(63,108,14,'Entregado','2025-06-04 01:29:53','2025-06-04 01:29:53'),(64,77,14,'Entregado','2025-06-04 04:00:11','2025-06-04 04:00:11'),(65,98,14,'Entregado','2025-06-04 04:16:31','2025-06-04 04:16:31'),(66,59,14,'Entregado','2025-06-04 04:36:03','2025-06-04 04:36:03'),(67,32,13,'Entregado','2025-06-04 04:39:40','2025-06-04 04:39:40'),(68,32,14,'Entregado','2025-06-04 04:49:24','2025-06-04 04:49:24'),(70,82,13,'Entregado','2025-06-04 13:50:01','2025-06-04 13:50:01'),(71,54,14,'Entregado','2025-06-04 15:11:36','2025-06-04 15:11:36'),(72,54,13,'Entregado','2025-06-04 15:13:23','2025-06-04 15:13:23'),(73,127,14,'Entregado','2025-06-04 15:27:41','2025-06-04 15:27:41'),(74,127,13,'Entregado','2025-06-04 15:27:59','2025-06-04 15:27:59'),(75,52,13,'Entregado','2025-06-04 16:00:53','2025-06-04 16:00:53'),(76,82,14,'Entregado','2025-06-04 16:07:57','2025-06-04 16:07:57'),(77,81,13,'Entregado','2025-06-04 17:54:41','2025-06-04 17:54:41'),(78,129,13,'Entregado','2025-06-04 18:05:19','2025-06-04 18:05:19'),(79,112,14,'Entregado','2025-06-04 18:19:21','2025-06-04 18:19:21'),(80,57,13,'Entregado','2025-06-04 18:57:02','2025-06-04 18:57:02'),(81,69,14,'Entregado','2025-06-05 00:22:11','2025-06-05 00:22:11'),(82,38,13,'Entregado','2025-06-05 02:02:01','2025-06-05 02:02:01'),(83,99,14,'Entregado','2025-06-05 15:08:41','2025-06-05 15:08:41'),(84,51,13,'Entregado','2025-06-06 03:16:30','2025-06-06 03:16:30'),(85,13,13,'Entregado','2025-06-06 16:51:40','2025-06-06 16:51:40'),(87,143,13,'Entregado','2025-06-06 21:00:25','2025-06-06 21:00:25'),(88,143,14,'Entregado','2025-06-06 21:00:54','2025-06-06 21:00:54'),(89,9,13,'Entregado','2025-06-06 21:34:10','2025-06-06 21:34:10'),(90,12,13,'Entregado','2025-06-06 21:39:27','2025-06-06 21:39:27'),(91,73,13,'Entregado','2025-06-07 01:48:35','2025-06-07 01:48:35'),(92,21,13,'Entregado','2025-06-07 16:25:16','2025-06-07 16:25:16'),(93,21,14,'Entregado','2025-06-07 16:34:13','2025-06-07 16:34:13'),(94,25,14,'Entregado','2025-06-08 00:09:49','2025-06-08 00:09:49'),(95,25,13,'Entregado','2025-06-08 00:34:46','2025-06-08 00:34:46'),(96,30,13,'Entregado','2025-06-09 16:53:28','2025-06-09 16:53:28'),(97,30,8,'Entregado','2025-06-09 16:54:22','2025-06-09 16:54:22'),(98,73,14,'Entregado','2025-06-09 19:55:45','2025-06-09 19:55:45'),(99,51,14,'Entregado','2025-06-09 20:04:58','2025-06-09 20:04:58'),(100,104,8,'Entregado','2025-06-09 20:37:26','2025-06-09 20:37:26'),(101,134,13,'Entregado','2025-06-09 23:18:17','2025-06-09 23:18:17'),(102,142,8,'Entregado','2025-06-10 14:37:45','2025-06-10 14:37:45'),(103,53,8,'Entregado','2025-06-10 16:44:10','2025-06-10 16:44:10'),(104,134,8,'Entregado','2025-06-10 18:14:57','2025-06-10 18:14:57'),(105,103,8,'Entregado','2025-06-10 22:27:41','2025-06-10 22:27:41'),(106,110,13,'Entregado','2025-06-11 02:16:45','2025-06-11 02:16:45'),(107,89,8,'Entregado','2025-06-11 18:26:07','2025-06-11 18:26:07'),(108,129,8,'Entregado','2025-06-12 17:03:27','2025-06-12 17:03:27'),(109,130,8,'Entregado','2025-06-12 17:35:40','2025-06-12 17:35:40'),(110,75,8,'Entregado','2025-06-12 18:39:53','2025-06-12 18:39:53'),(111,55,8,'Entregado','2025-06-12 19:38:20','2025-06-12 19:38:20'),(112,128,13,'Entregado','2025-06-13 00:16:58','2025-06-13 00:16:58'),(113,125,8,'Entregado','2025-06-13 01:53:47','2025-06-13 01:53:47'),(114,61,13,'Entregado','2025-06-13 03:13:01','2025-06-13 03:13:01'),(115,56,8,'Entregado','2025-06-13 17:55:58','2025-06-13 17:55:58'),(116,111,8,'Entregado','2025-06-13 18:12:31','2025-06-13 18:12:31'),(117,116,8,'Entregado','2025-06-13 19:43:16','2025-06-13 19:43:16'),(118,139,8,'Entregado','2025-06-13 20:58:16','2025-06-13 20:58:16'),(119,82,8,'Entregado','2025-06-13 22:18:45','2025-06-13 22:18:45'),(120,112,8,'Entregado','2025-06-14 00:47:26','2025-06-14 00:47:26'),(121,108,8,'Entregado','2025-06-14 01:31:14','2025-06-14 01:31:14'),(122,32,8,'Entregado','2025-06-14 02:50:54','2025-06-14 02:50:54'),(123,76,8,'Entregado','2025-06-14 04:28:22','2025-06-14 04:28:22'),(124,119,14,'Entregado','2025-06-14 05:05:04','2025-06-14 05:05:04'),(125,119,8,'Entregado','2025-06-14 05:06:26','2025-06-14 05:06:26'),(126,59,13,'Entregado','2025-06-14 05:22:57','2025-06-14 05:22:57'),(127,110,8,'Entregado','2025-06-14 05:29:49','2025-06-14 05:29:49'),(128,59,8,'Entregado','2025-06-14 05:37:20','2025-06-14 05:37:20'),(129,21,8,'Entregado','2025-06-14 05:49:41','2025-06-14 05:49:41'),(130,90,14,'Entregado','2025-06-14 18:13:55','2025-06-14 18:13:55'),(131,90,8,'Entregado','2025-06-14 18:16:59','2025-06-14 18:16:59'),(132,77,8,'Entregado','2025-06-17 17:36:30','2025-06-17 17:36:30'),(133,98,8,'Entregado','2025-06-17 18:12:29','2025-06-17 18:12:29'),(134,122,8,'Entregado','2025-06-17 18:14:23','2025-06-17 18:14:23'),(135,128,8,'Entregado','2025-06-18 01:13:41','2025-06-18 01:13:41'),(136,46,14,'Entregado','2025-06-18 19:01:15','2025-06-18 19:01:15'),(137,46,8,'Entregado','2025-06-18 19:03:03','2025-06-18 19:03:03'),(138,69,8,'Entregado','2025-06-19 13:55:52','2025-06-19 13:55:52'),(139,9,14,'Entregado','2025-06-20 02:10:22','2025-06-20 02:10:22'),(140,9,8,'Entregado','2025-06-20 02:10:37','2025-06-20 02:10:37'),(141,143,8,'Entregado','2025-06-20 17:24:46','2025-06-20 17:24:46');

--
-- Table structure for table `submodulos`
--

CREATE TABLE `submodulos` (
  `id` bigint unsigned NOT NULL AUTO_INCREMENT,
  `subsection_id` bigint unsigned NOT NULL,
  `titulo` varchar(125) COLLATE utf8mb4_unicode_ci NOT NULL,
  `descripcion` text COLLATE utf8mb4_unicode_ci,
  `documento_solicitado` varchar(125) COLLATE utf8mb4_unicode_ci DEFAULT NULL,
  `fecha_apertura` datetime DEFAULT NULL,
  `fecha_cierre` datetime DEFAULT NULL,
  `fecha_limite` datetime DEFAULT NULL,
  `estatus` varchar(125) COLLATE utf8mb4_unicode_ci NOT NULL DEFAULT 'pendiente',
  `acuse_pdf` varchar(125) COLLATE utf8mb4_unicode_ci DEFAULT NULL,
  `documento_url` varchar(125) COLLATE utf8mb4_unicode_ci DEFAULT NULL,
  `orden` int NOT NULL DEFAULT '0',
  `created_at` timestamp NULL DEFAULT NULL,
  `updated_at` timestamp NULL DEFAULT NULL,
  PRIMARY KEY (`id`),
  KEY `submodulos_subsection_id_foreign` (`subsection_id`),
  CONSTRAINT `submodulos_subsection_id_foreign` FOREIGN KEY (`subsection_id`) REFERENCES `subsections` (`id`) ON DELETE CASCADE
) ENGINE=InnoDB AUTO_INCREMENT=15 DEFAULT CHARSET=utf8mb4 COLLATE=utf8mb4_unicode_ci;

--
-- Dumping data for table `submodulos`
--

INSERT INTO `submodulos` VALUES (8,1002,'1er Tutoría Grupal',NULL,'/tmp/php5KrdLJ','2025-06-09 01:00:00','2025-06-18 12:59:00','2025-06-13 23:59:00','pendiente',NULL,NULL,1,'2025-05-27 03:42:05','2025-05-30 03:01:22'),(9,1002,'2da Tutoría Grupal',NULL,'/tmp/phpgMmVSL','2025-07-14 01:00:00','2025-07-23 23:59:00','2025-07-18 23:59:00','pendiente',NULL,NULL,2,'2025-05-27 03:43:44','2025-05-30 03:03:12'),(10,1002,'3er Tutoría Grupal',NULL,'/tmp/phpwxHDyT','2025-08-18 01:00:00','2025-08-22 23:59:00','2025-08-22 23:59:00','pendiente',NULL,NULL,3,'2025-05-27 03:44:38','2025-05-30 03:04:05'),(11,6,'Informe Parcial',NULL,'plantillas/YVtSOVHJWfTEKuMYOSGqQGofauXQto2FlaNtcWIW.docx','2025-06-23 01:00:00','2025-07-02 23:59:00','2025-06-27 23:59:00','pendiente',NULL,NULL,2,'2025-05-27 03:54:11','2025-05-30 03:46:49'),(12,6,'Informe Global',NULL,'plantillas/m8bj22605ChMrFxQbjV6uk59QN38iTGvFcfXObqu.docx','2025-08-18 01:00:00','2025-08-22 23:59:00','2025-08-22 23:59:00','pendiente',NULL,NULL,3,'2025-05-27 04:00:24','2025-05-30 03:46:57'),(13,6,'Registro de Proyecto Institucional',NULL,'plantillas/bE1rsAo1TLN6pcaVwAbZG07jscri8h76yn5h873w.docx','2025-05-26 01:00:00','2025-06-03 23:59:00','2025-05-30 23:59:00','pendiente',NULL,NULL,1,'2025-05-29 01:58:10','2025-05-30 03:46:40'),(14,1002,'Presentación del Tutor',NULL,'plantillas/RTaNciNRe6Er1ZkJGUtEoDflqiujHROyejXeRZOg.xlsx','2025-05-06 01:00:00','2025-06-06 12:59:00','2025-06-03 23:59:00','pendiente',NULL,NULL,0,'2025-05-30 02:25:38','2025-05-30 02:25:38');

--
-- Table structure for table `subsections`
--

CREATE TABLE `subsections` (
  `id` bigint unsigned NOT NULL AUTO_INCREMENT,
  `nombre` varchar(125) COLLATE utf8mb4_unicode_ci NOT NULL,
  `modulo_id` bigint unsigned NOT NULL,
  `parent_id` bigint unsigned DEFAULT NULL,
  `orden` int NOT NULL DEFAULT '0',
  `created_at` timestamp NULL DEFAULT NULL,
  `updated_at` timestamp NULL DEFAULT NULL,
  PRIMARY KEY (`id`),
  KEY `subsections_modulo_id_foreign` (`modulo_id`),
  KEY `subsections_parent_id_foreign` (`parent_id`),
  CONSTRAINT `subsections_modulo_id_foreign` FOREIGN KEY (`modulo_id`) REFERENCES `modulos` (`id`) ON DELETE CASCADE,
  CONSTRAINT `subsections_parent_id_foreign` FOREIGN KEY (`parent_id`) REFERENCES `subsections` (`id`) ON DELETE SET NULL
) ENGINE=InnoDB AUTO_INCREMENT=1003 DEFAULT CHARSET=utf8mb4 COLLATE=utf8mb4_unicode_ci;

--
-- Dumping data for table `subsections`
--

INSERT INTO `subsections` VALUES (4,'Licenciaturas',1,NULL,0,'2025-03-31 03:30:13','2025-03-31 03:30:13'),(5,'Maestrías',1,NULL,0,'2025-03-31 03:30:22','2025-03-31 03:30:22'),(6,'Proyecto Institucional',5,NULL,2,'2025-04-23 09:57:32','2025-05-29 06:11:14'),(7,'GESTIÓN ACADÉMICA',5,NULL,1,'2025-04-23 10:20:27','2025-05-29 06:11:14'),(1000,'Licenciaturas',6,NULL,1,'2025-05-20 15:12:53','2025-05-29 06:01:37'),(1001,'MAESTRÍA',6,NULL,2,'2025-05-20 15:23:07','2025-05-29 06:01:37'),(1002,'GESTIÓN TUTORIAL',5,NULL,3,'2025-05-27 03:18:19','2025-05-30 01:56:52');

--
-- Table structure for table `tutorials`
--

CREATE TABLE `tutorials` (
  `id` bigint unsigned NOT NULL AUTO_INCREMENT,
  `orden` int NOT NULL DEFAULT '0',
  `titulo` varchar(125) COLLATE utf8mb4_spanish_ci NOT NULL,
  `descripcion` text COLLATE utf8mb4_spanish_ci,
  `tipo` varchar(125) COLLATE utf8mb4_spanish_ci NOT NULL DEFAULT 'video',
  `url` varchar(125) COLLATE utf8mb4_spanish_ci DEFAULT NULL,
  `imagenes` json DEFAULT NULL,
  `activo` tinyint(1) NOT NULL DEFAULT '1',
  `created_at` timestamp NULL DEFAULT NULL,
  `updated_at` timestamp NULL DEFAULT NULL,
  PRIMARY KEY (`id`)
) ENGINE=InnoDB DEFAULT CHARSET=utf8mb4 COLLATE=utf8mb4_spanish_ci;

--
-- Dumping data for table `tutorials`
--


--
-- Table structure for table `users`
--

CREATE TABLE `users` (
  `id` bigint unsigned NOT NULL AUTO_INCREMENT,
  `teacher_id` bigint unsigned DEFAULT NULL,
  `nombres` varchar(125) COLLATE utf8mb4_unicode_ci NOT NULL,
  `curp` varchar(18) COLLATE utf8mb4_unicode_ci NOT NULL,
  `correo_institucional` varchar(125) COLLATE utf8mb4_unicode_ci NOT NULL,
  `correo_personal` varchar(125) COLLATE utf8mb4_unicode_ci NOT NULL,
  `categoria` enum('Titular C','Titular B','Titular A','Asociado C','Técnico Académico C','Técnico Académico B','Técnico Académico A','Profesor de Asignatura B') COLLATE utf8mb4_unicode_ci NOT NULL,
  `caracter` enum('Indeterminado','Determinado') COLLATE utf8mb4_unicode_ci NOT NULL,
  `email_verified_at` timestamp NULL DEFAULT NULL,
  `password` varchar(125) COLLATE utf8mb4_unicode_ci NOT NULL,
  `estado` varchar(125) COLLATE utf8mb4_unicode_ci DEFAULT NULL,
  `foto_perfil` varchar(125) COLLATE utf8mb4_unicode_ci DEFAULT NULL,
  `area` varchar(125) COLLATE utf8mb4_unicode_ci DEFAULT NULL,
  `remember_token` varchar(100) COLLATE utf8mb4_unicode_ci DEFAULT NULL,
  `created_at` timestamp NULL DEFAULT NULL,
  `updated_at` timestamp NULL DEFAULT NULL,
  `must_change_password` tinyint(1) NOT NULL DEFAULT '0',
  PRIMARY KEY (`id`),
  UNIQUE KEY `users_email_unique` (`correo_institucional`)
) ENGINE=InnoDB AUTO_INCREMENT=149 DEFAULT CHARSET=utf8mb4 COLLATE=utf8mb4_unicode_ci;

--
-- Dumping data for table `users`
--

INSERT INTO `users` VALUES (1,NULL,'Mario Bautista','BARM980308HMNTBR03','info@rrb-soluciones.com','info@rrb-soluciones.com','Titular C','Indeterminado',NULL,'$2y$10$M8ppROLGdVccK9eK/EmoAOj1yaCJwKuh3ejHuUa6obkKnhOWe4icG','Activo',NULL,'AFC,DMI,ENF,ERV,GST,MAI,MEC,MTI,QMBT,TI',NULL,'2025-03-28 01:30:07','2025-06-02 01:15:37',0),(2,NULL,'ALEXEI RODRIGUEZ','ROHJ960206HMNTBR03','jorgerodriguez@ut-morelia.edu.mx','jorgerodriguez@ut-morelia.edu.mx','Titular C','Indeterminado',NULL,'$2y$10$41JvpQmLkw..NCdH7riGx.JxHtL1w5fcsPVpAdGel4Qzx2xcE/v2i','Activo',NULL,'AFC,DMI,ENF,ERV,GST,MAI,MEC,MTI,QMBT,TI',NULL,'2025-03-28 01:30:07','2025-06-02 01:15:02',0),(4,NULL,'SALVADOR','NANA980308HMNTBR03','srangel@ut-morelia.edu.mx','srangel@ut-morelia.edu.mx','Titular B','Indeterminado',NULL,'$2y$10$R4mFY34zIiQaHSTN8zDH.eBGOfwXmVwcPUtwTq5ISNCzcEt3P1gaC','Activo',NULL,'ADMIN','lI1dFMAIFV6AjuLp15SlJdgErA7l24lgTLR93URAew6lMznpOsAjGr1tgBED','2025-05-22 18:48:11','2025-05-22 18:48:11',0),(7,6,'ADRIAN BOLAÑOS LOPEZ','BOLA830213HMNLPD05','adrian.bolanos@ut-morelia.edu.mx','bolaosmix@gmail.com','Titular C','Indeterminado',NULL,'$2y$10$x./dKTbpEkaVhbyq02rOp.2RK7y2iu5PabGGf4TJyW2v0O8ai2wHW','Activo',NULL,'DMI',NULL,'2025-05-28 22:11:15','2025-06-02 00:26:58',0),(8,8,'AGUSTIN DE LA TORRE TORRES','TOTA690814HMNRRG02','agustin.torres@ut-morelia.edu.mx','adelatorre21@gmail.com','Titular C','Indeterminado',NULL,'$2y$10$.TiIiFB8PYSgxDqqrtEfUe/KSyVZioogMwxjSdZ9ePczxPgnYBRUO','Activo',NULL,'MAI,MEC',NULL,'2025-05-28 22:24:53','2025-06-01 19:13:06',0),(9,67,'ANA PATRICIA OROZCO ORTIZ','OOOA790501MMNRRN07','ana.orozco@ut-morelia.edu.mx','biologa.ana.41@gmail.com','Asociado C','Indeterminado',NULL,'$2y$10$qCmRlZr9SkN427pPgrnYJeWp1likiN6ycjUs17NIo9R4/ffyCRMt6','Activo',NULL,'QMBT','XWeNFL85GPRwDuBimlEv1hoWGbLAwQRWzxO9STpGHnovGItdnOf9ZjBwUTQd','2025-05-28 22:33:54','2025-06-05 16:29:18',0),(10,54,'ANGELICA CECILIA JIMENEZ ALVAREZ','JIAA821122MMNMLN02','angelica.jimenez@ut-morelia.edu.mx','angelica.jimenez@ut-morelia.edu.mx','Técnico Académico B','Indeterminado',NULL,'$2y$10$r77NnW8zKqNvns/fEWbwiOnp9KCjZnToY/0aHHCUJhR82yLOzx95y','Activo',NULL,'DMI',NULL,'2025-05-29 15:31:07','2025-05-30 19:26:25',0),(11,69,'ALBERTO GARDUÑO SALAZAR','GASA800127HMNRLL07','alberto.garduno@ut-morelia.edu.mx','alberto.garduno@ut-morelia.edu.mx','Técnico Académico B','Indeterminado',NULL,'$2y$10$aLT9.PuDcb1giA2mJ4bQye8N2DlxTzpnwH4ZKTkY7h1j3hcybOM7i','Activo',NULL,'TI',NULL,'2025-05-29 15:34:55','2025-06-01 22:44:41',1),(12,80,'ALEJANDRO ALVAREZ','AAXA600524HDFLXL00','alejandro.alvarez@ut-morelia.edu.mx','alejandro.alvarez@ut-morelia.edu.mx','Titular C','Indeterminado',NULL,'$2y$10$0nlX4b5h2hnoNXXzAV2g4.u7zMNz8bMh7JxCeA/uSSYyrHOvShGie','Activo',NULL,'QMBT',NULL,'2025-05-29 15:43:48','2025-06-02 19:55:55',0),(13,98,'ALFREDO EMMANUEL HERNANDEZ DUARTE','HEDA860922HMNRRL08','alfredo.hernandez@ut-morelia.edu.mx','alfredo.hernandez@ut-morelia.edu.mx','Asociado C','Indeterminado',NULL,'$2y$10$x1K/3XfMChMhqaExoFDE1u/Q4nIOL1XDN0Ap2FDy7PfeP81m2cA1e','Activo',NULL,'GST',NULL,'2025-05-29 15:47:25','2025-06-06 16:47:55',0),(14,77,'ALMA LILIA GONZALEZ ASPERA','GOAA700505MMNNSL07','alma.gonzalez@ut-morelia.edu.mx','alma.gonzalez@ut-morelia.edu.mx','Titular C','Indeterminado',NULL,'$2y$10$uFb5UeI9Pyay0GCm4SdSAOe7f1jRc/s4ScDkzj7IU0DRqt1NfuQka','Activo',NULL,'TI',NULL,'2025-05-29 15:51:08','2025-06-01 19:14:13',0),(15,86,'ALMA TERESA MIRANDA QUIROZ','MIQA771015MGTRRL07','alma.miranda@ut-morelia.edu.mx','almatmq@hotmail.com','Titular C','Indeterminado',NULL,'$2y$10$pe7jSNkE/LRd04JC6R2LpulEnXOgfErWD5bc.gvdQslolbJ.Vgfl.','Activo',NULL,'QMBT',NULL,'2025-05-29 15:58:55','2025-05-29 15:58:55',1),(16,112,'AMBAR RODRIGUEZ MILLAN','ROMA970425MQTDLM03','arodriguez@ut-morelia.edu.mx','ambar.rodmillan@gmail.com','Profesor de Asignatura B','Determinado',NULL,'$2y$10$zvdB5FG9k5thdAz3Y1MIjegfXF/lag7b22b.joGwbQjq4UR/dvXAa','Activo',NULL,'GST',NULL,'2025-05-29 16:04:27','2025-05-29 16:04:27',1),(17,180,'ANDREA ALEJANDRA PATIÑO LECUONA','PALA001231MMNTCNA8','aapatino@ut-morelia.edu.mx','lecuonaalejandra@gmail.com','Profesor de Asignatura B','Determinado',NULL,'$2y$10$dz2ZJC2ZJtmi.j.pDNw6y.bm.qBUIanckUuQCPeAQsS8Xf5Yp2VOq','Activo',NULL,'DMI',NULL,'2025-05-29 16:20:30','2025-05-29 16:20:30',1),(18,198,'ANGEL ABRAHAM GUTIERREZ GARCIA ROJAS','GUGA930409HMNTRN00','aagutierrez@ut-morelia.edu.mx','angelggr1@gmail.com','Profesor de Asignatura B','Determinado',NULL,'$2y$10$5mszkdOgD/pVR/cYLRfXierIBkfPnUUjgvdwscoEAw.WC5x9mUGDO','Activo',NULL,'GST','SML7LyPzdAd0EutzN7P2mW3VBfDCU4ZN4VdXUpOivnx7FvLyyhqgCcCcRkuV','2025-05-29 16:25:00','2025-05-30 19:11:42',0),(19,143,'ANTONIO ORTIZ GARCILAZO','OIGA700613HMNRRN08','antonio.ortiz@ut-morelia.edu.mx','antonio.ortiz@ut-morelia.edu.mx','Titular C','Determinado',NULL,'$2y$10$N9ySYqWRWJUNngqsla/BAu0TBUkwfqKSSPiGv04.ShfGg.OHcsbEu','Activo',NULL,'MAI,MEC','OiNf1WAdMsUWgDWd9bUD9lijV02b2Mu7L2AJSHWPBTk3KYXyfnrlx1Q6Z6km','2025-05-29 16:43:45','2025-06-03 21:36:52',0),(20,130,'ARMANDO MOLINA MORENO','MOMA681113HMNLRR00','armando.molina@ut-morelia.edu.mx','armando.molina@ut-morelia.edu.mx','Asociado C','Indeterminado',NULL,'$2y$10$2gVCZ8F/p/WjWjUPOj0hQO6LjEoAFsvtBwbzpKFiOAhKQWszVu6ne','Activo',NULL,'ERV',NULL,'2025-05-29 16:48:48','2025-05-30 19:56:33',0),(21,132,'ARTURO CALDERON CASTRO','CXCA820302HMNLSR02','arturo.calderon@ut-morelia.edu.mx','acalderonc82@gmail.com','Titular A','Indeterminado',NULL,'$2y$10$j.Y3V4BEMu9osC/ota/GHOsJO.Y447vAr3OVQVZwCJ7PnM18pPqCW','Activo',NULL,'DMI','En8pgUY0Si5lbIuNsbI7ZhVOXPTCLRujsaTqViC3ozXJRcXyvUqXlxLouV6f','2025-05-29 16:51:51','2025-05-30 18:22:34',0),(22,89,'BENJAMIN COLIN RICO','CORB770313HMNLCN07','benjamin.colin@ut-morelia.edu.mx','benjamin.colin@ut-morelia.edu.mx','Asociado C','Indeterminado',NULL,'$2y$10$4y3bCFt5Kc3DOeImE4u/y.AaFq6kQx0q1DldCu1H7LfqUPTR73sIu','Activo',NULL,'ERV',NULL,'2025-05-29 16:55:47','2025-05-30 19:24:41',0),(23,95,'BERENICE CEJA GUZMAN','CEGB720414MMNJZR00','berenice.ceja@ut-morelia.edu.mx','berenice.ceja@ut-morelia.edu.mx','Titular B','Indeterminado',NULL,'$2y$10$BIGzYZLkCijSETFUVhOF6.3eu745N4Qdb.QI6Mh7HD/g3O26EERGC','Activo',NULL,'GST',NULL,'2025-05-29 16:59:32','2025-05-30 19:22:10',0),(24,128,'BERENICE VARGAS SALGADO','VASB930806MMNRLR02','berenice.vargas@ut-morelia.edu.mx','berenice.vargas@ut-morelia.edu.mx','Técnico Académico A','Indeterminado',NULL,'$2y$10$Re2gZBNlXfYatG2Y1FF/juJdetRErGBR7OspNwdixzq99bipVaOqi','Activo',NULL,'GST',NULL,'2025-05-29 17:02:15','2025-05-29 17:02:15',1),(25,56,'CARLOS FERNANDO LOPEZ BUCIO','lobc810717hmNpcr06','carlos.lopez@ut-morelia.edu.mx','carlos.lopez@ut-morelia.edu.mx','Asociado C','Indeterminado',NULL,'$2y$10$jdH.VkUPNqINpsrt2qMTO.m8.IzCEGLs3j6Wf1h6MMVhQEKW0VNve','Activo',NULL,'ERV','0eyzdBhxxTVG4nwi9QSrnENNPr6y2ChPFo5v5LNUtg4mW0hy97wx4xgZH7kt','2025-05-29 17:09:03','2025-05-30 19:23:49',0),(26,201,'CAROLINA CARRILLO LOPEZ','CALC911005MMNRPR06','ccarrillo@ut-morelia.edu.mx','ccarrillo@ut-morelia.edu.mx','Profesor de Asignatura B','Determinado',NULL,'$2y$10$F6Veg5V6zDWmEm3ucONdE.rM7Q2AMZGQDTvgBI3rF3fpYmn9PsdaO','Activo',NULL,'GST',NULL,'2025-05-29 17:13:15','2025-05-29 17:13:15',1),(27,187,'CINTYA ARROYO ARROYO','AOAC890109MMNRRN05','cintya.arroyo@ut-morelia.edu.mx','Cintya_3aa@hotmail.com','Profesor de Asignatura B','Determinado',NULL,'$2y$10$utKlwTRliCiKFUW30AANTuBd39NQdjb64K5DjaHiZoaZfSfmrcn5G','Activo',NULL,'QMBT',NULL,'2025-05-29 17:22:57','2025-05-29 17:22:57',1),(28,115,'CLAUDIA BARCENAS CORTES','BACC870729MMNRRL06','claudia.barcenas@ut-morelia.edu.mx','claudia.bacor@gmail.com','Profesor de Asignatura B','Indeterminado',NULL,'$2y$10$Lf4h/BsrtnXxhQsY6Ce3i.mLwsV7sl7T2wnzxmLIIPnnGtudAt.RK','Activo',NULL,'DMI','BWP00r2hKfewE9hoxxkjReY69AUAC3MGmn3kHqJelu3MALuFvbCFNoQOBYSY','2025-05-29 17:30:18','2025-05-30 19:26:24',0),(29,84,'CRISTOPHER EMANUELL CERVANTEZ DIAZ','CEDC941117HMNRZR08','cristopher.cervantes@ut-morelia.edu.mx','cristopher.cervantes@ut-morelia.edu.mx','Profesor de Asignatura B','Determinado',NULL,'$2y$10$L1sdC/2mX6a.fT4sBT9eoe100tjFbjfVGag86IuFw.rmoSlo9JdCO','Activo',NULL,'GST','rsoQPL3nAm5lBIm1guOGlztSPmph5cnLAGIr2PZKvSKi2PVEQNO1FmrYOeLM','2025-05-29 17:40:23','2025-05-30 19:10:17',0),(30,9,'DANIEL CONTRERAS ESTRADA','COED890308HMNNSN08','daniel.contreras@ut-morelia.edu.mx','cedani.08@gmail.com','Asociado C','Indeterminado',NULL,'$2y$10$T67RWzlhd5GarSvn30JMku1UhojPlTNCS4vs.evW1QJSRkgUZ0M9i','Activo',NULL,'GST','j5jJfxpcwAQiHQgWN7sJfmMSNYW8buHY5UbcNjSP66XgmyoKoh77qwviHkfn','2025-05-29 17:55:06','2025-05-30 19:06:56',0),(31,14,'DANTE GARCIA GARCIA','GAGD680517HMNRRN06','dante.garcia@ut-morelia.edu.mx','dantegarcia1768@gmail.com','Asociado C','Indeterminado',NULL,'$2y$10$mnqzd9Ci374IPnElRi4SXe9kSucJdWGPHEFGRbWaNgXETw5jgUShu','Activo',NULL,'MAI,MEC','f9oF24N3f5DadO2EHEt3XUD9rlXWX90rtLUmog7dUTe8F4vpGf57Y7j6Bzcw','2025-05-29 17:57:29','2025-06-01 19:13:54',0),(32,60,'DAVID GARCIA HERNANDEZ','GAHD691027HVZRRV05','david.garcia@ut-morelia.edu.mx','dasahim@hotmail.com','Titular B','Indeterminado',NULL,'$2y$10$F1s/qpc8EBM2bNjxT0XuieTYegFCBO7u9lVp0t008LpmMEeT83xdq','Activo',NULL,'QMBT','SpfQpC4kRQbrLtR3xDaAu7QeaUcSu87Wkoa3J3ukvqfNioBuWyAmzmaM6pCj','2025-05-29 18:00:49','2025-06-02 20:36:54',0),(33,102,'DEYANIRA MARTINEZ RODRIGUEZ','MARD830720MDFRDY09','deyanira.martinez@ut-morelia.edu.mx','dmtz3@hotmail.com','Titular C','Indeterminado',NULL,'$2y$10$LgaHjqv8C.Eni6n71BAuJ.yLRQ1ARZkBFLUZGLJvRorWImTdKIn7C','Activo',NULL,'TI',NULL,'2025-05-29 18:04:08','2025-06-04 03:26:58',0),(34,199,'DIANA ITZEL SALINAS AGUILAR','SAAD940912MQTLGN05','disalinas@ut-morelia.edu.mx','dianasalinas1209@gmail.com','Profesor de Asignatura B','Determinado',NULL,'$2y$10$B74v16Jk/Y1WUJkiAw3l3OOHoZG6jerDzcYnz3K/snIaAxPUD0pqm','Activo',NULL,'QMBT','hPgKaj80tOnahky2wnwYtG1LGfhxtSz4sG0pz6UOOqf7MzUNYaFMcw7JSvjg','2025-05-29 18:09:48','2025-05-30 19:13:00',0),(35,177,'DIEGO ALEJANDRO ZURITA ANGELES','ZUAD980820HMNRNG04','diego.zurita@ut-morelia.edu.mx','diego.zurita@ut-morelia.edu.mx','Profesor de Asignatura B','Determinado',NULL,'$2y$10$5Yp5FYIhpqOmJH/Uzdq9eOL/AMJPOl6pfBM8CgNUOIHU5CBrn.vpi','Activo',NULL,'GST',NULL,'2025-05-29 18:12:43','2025-05-29 18:12:43',1),(36,22,'EDGAR EDUARDO TAPIA SILVA','TASE801127HMNPLD07','edgar.tapia@ut-morelia.edu.mx','edgar.tapia@ut-morelia.edu.mx','Asociado C','Indeterminado',NULL,'$2y$10$N/iQH/KaZ7nXIh01r5r0yeCluBmXGc/m2Zjj72FQE1ptld/A1A5kC','Activo',NULL,'MAI,MEC',NULL,'2025-05-29 18:15:21','2025-06-01 23:44:57',1),(37,15,'EDGAR JONATHAN TALAVERA ZAMORA','TAZE970209HMNLMD04','ejtalavera@ut-morelia.edu.mx','ejtalavera@ut-morelia.edu.mx','Profesor de Asignatura B','Determinado',NULL,'$2y$10$dQrVh2c67MqHXLI73pSKG.CgP.QtTG2CBn.5A5h7rH/QIH.WZBNSC','Activo',NULL,'GST',NULL,'2025-05-29 18:18:06','2025-05-29 18:18:06',1),(38,131,'EDGAR OCTAVIO GARCIA CASTRO','GACE820718HGTRSD00','edgar.garcia@ut-morelia.edu.mx','edgar.garcia@ut-morelia.edu.mx','Asociado C','Indeterminado',NULL,'$2y$10$P9/o7OwyBDEyHg3Keb.e2etH5ZjE7mOwuxpLhCsGbOOMEFI8YAy1O','Activo',NULL,'MAI,MEC',NULL,'2025-05-29 18:20:47','2025-06-04 00:20:50',0),(39,158,'EDITH SARAI RODRIGUEZ CALDERON','ROCE720911MMNDLD01','edith.rodriguez@ut-morelia.edu.mx','edsarc@gmail.com','Profesor de Asignatura B','Indeterminado',NULL,'$2y$10$OEQYaHv6Vv45de/d0Wi8FOucwoka9hIH3lzILQtnF2iRzK7RDKkb2','Activo',NULL,'GST','D7f9VVSIOu7rkuahBimowAXWEqhbCjmbVuCMlwNVD63Iu0FaaEGVRVJK0bfu','2025-05-29 18:25:28','2025-05-30 19:12:30',0),(40,126,'EKATERINA SANDOVAL FLORES','SAFE930330MZSNLK09','ekaterina.sandoval@ut-morelia.edu.mx','ekasanflo@gmail.com','Profesor de Asignatura B','Determinado',NULL,'$2y$10$rFYkHvWQlgwfgUURDstjyeCxtgzfnkZNSV3LViiRjtJ84fc7dfka.','Activo',NULL,'GST',NULL,'2025-05-29 18:28:06','2025-05-30 19:05:54',0),(41,64,'ELENA PÉREZ CAMPOS','PECE760428MMNRML01','elena.perez@ut-morelia.edu.mx','elena.perez@ut-morelia.edu.mx','Profesor de Asignatura B','Determinado',NULL,'$2y$10$SYe8F4fZ6PvvvjUbyY8My.BQkOuQtxu8LzzFucv0dzkMewFTJhX/u','Activo',NULL,'ERV',NULL,'2025-05-29 18:31:07','2025-05-29 18:31:07',1),(42,24,'ERIC BETANCOURT GASCA','BEGE770503HMNTSR09','eric.betancourt@ut-morelia.edu.mx','eric.betancourt@ut-morelia.edu.mx','Técnico Académico C','Indeterminado',NULL,'$2y$10$hYnmQvrEFYsWFgQctT1ziOzIuXXcIYGeO.O57Cmbce2NZAetOiC.S','Activo',NULL,'TI',NULL,'2025-05-29 18:34:08','2025-06-01 19:15:28',0),(43,43,'ERICK MOISÉS ZARCO MORALES','ZAME980811HMNRRR09','erick.zarco@ut-morelia.edu.mx','erick.zarco@ut-morelia.edu.mx','Profesor de Asignatura B','Determinado',NULL,'$2y$10$yifU8xJISU4Wo3aS75U8HeQZ4kBuKP2/zTZEEHCRyfhAz0HvDhX/W','Activo',NULL,'GST',NULL,'2025-05-29 18:37:05','2025-05-29 18:37:05',1),(44,48,'EZEQUIEL FARIAS ARRIAGA','FAAE820108HMNRRZ01','ezequiel.farias@ut-morelia.edu.mx','ezfaar@gmail.com','Titular C','Indeterminado',NULL,'$2y$10$.IyIkD69QlNWc0dnytqwneAM96UykhLSfv6/SJqJY38Sjvk4AaNhe','Activo',NULL,'MAI,MEC',NULL,'2025-05-29 18:58:19','2025-06-01 19:15:38',0),(45,148,'FRANCISCO CORTES ARREDONDO','COAF701226HMNRRR04','francisco.cortes@ut-morelia.edu.mx','fco711226@hotmail.com','Técnico Académico A','Indeterminado',NULL,'$2y$10$fQUShbOgCgEzcE.ZR7Bp7OWiAslmkrLThMoOUfOw4cH1wtEsZWZHG','Activo',NULL,'MAI,MEC','mBGZzSltq2FuAL7IyzMArrtP3OB2HKjA5g7rWN65iBJn7snpjDXes5K2wT9S','2025-05-29 19:02:08','2025-06-01 23:49:29',0),(46,11,'FRANCISCO JAVIER MAURICIO FUENTES','MAFF680207HMNRNR02','francisco.mauricio@ut-morelia.edu.mx','francisco.mauricio@ut-morelia.edu.mx','Asociado C','Indeterminado',NULL,'$2y$10$7wCtsArwq/IuqyGD9pIldOtLzHo2odcuhy.JQEG.ytHDItogW/r8i','Activo',NULL,'MAI,MEC',NULL,'2025-05-29 19:06:33','2025-06-01 19:15:53',0),(47,73,'FRANCISCO JAVIER FRIAS CORREA','FICF821203HMNRRR04','francisco.frias@ut-morelia.edu.mx','fiklista@gmail.com','Titular C','Indeterminado',NULL,'$2y$10$792GgD8Bgl439tpm0xDNaO7eWmv4BiLSN6M1JzMboCbW1/9.CQb2m','Activo',NULL,'GST',NULL,'2025-05-29 19:43:03','2025-06-02 19:56:46',1),(48,37,'FRIDA CAROLINA GUIDO GONZALEZ','GUGF980713MMNDNR01','fcguido@ut-morelia.edu.mx','fcguido@ut-morelia.edu.mx','Profesor de Asignatura B','Determinado',NULL,'$2y$10$YBV6KRgVq0UOta0SW3fnKOqJmvy2Ha/d4ZZBHzTy.EWZXXl8t1fKa','Activo',NULL,'DMI',NULL,'2025-05-29 19:45:47','2025-05-29 19:45:47',1),(49,82,'FROYLAN ZAMORA SANCHEZ','ZASF610917HMNMNR00','froylan.zamora@ut-morelia.edu.mx','froylan.zamora@ut-morelia.edu.mx','Asociado C','Indeterminado',NULL,'$2y$10$k56fCIYDCp7xMqMZ3GfnGeB0y65s/BNRamNB49VgXLlcz2eU//iEa','Activo',NULL,'GST','A7yYqsT3pbDLVh0r150TPEXeNSgcWyc8UmFttIW75Wd0S8FptVEfvuDLVLJa','2025-05-29 19:47:20','2025-06-04 04:43:08',0),(50,28,'GERARDO CHAVEZ HERNANDEZ','CAHG750506HMNHRR19','gerardo.chavez@ut-morelia.edu.mx','gerardo.chavez@ut-morelia.edu.mx','Asociado C','Indeterminado',NULL,'$2y$10$wgrA54NshTlsiweYMp3sI.WcVHuLHW3XOG0UAfRlGhgdU0gLkBGeG','Activo',NULL,'TI',NULL,'2025-05-29 19:49:21','2025-06-01 23:54:11',1),(51,62,'GIOVANNA CORTEZ MIRANDA','COMG761028MMNRRV01','giovanna.cortez@ut-morelia.edu.mx','giovanna.cortez@ut-morelia.edu.mx','Profesor de Asignatura B','Indeterminado',NULL,'$2y$10$8viG8UHOWntvpBoIuJylje5OO3xi5aGpgKDCz/mCcip9LSyh/9bvG','Activo',NULL,'GST',NULL,'2025-05-29 19:51:45','2025-05-30 19:14:11',0),(52,140,'GRACIELA ISOLINA MARTINEZ AVILA','MAAG730903MDFRVR02','graciela.martinez@ut-morelia.edu.mx','graciela.martinez@ut-morelia.edu.mx','Titular C','Indeterminado',NULL,'$2y$10$4C1eFw8q.o1MAn1P3JzO5egkfhocA.tsFlTDiLkwdg23H0W0kj9Hy','Activo',NULL,'TI','9A2vqbqwJwi16pb5Xwqq6ngjsPwcAGHlEA4agextm0pmgPtyMaeM0fWKNgKY','2025-05-29 19:53:30','2025-06-02 17:26:39',0),(53,53,'GRICELDA RODRIGUEZ ROBLEDO','RORG721123MMSDBR02','gricelda.rodriguez@ut-morelia.edu.mx','gris.72@gmail.com','Titular C','Indeterminado',NULL,'$2y$10$7kMWNBAoWXKEoqfdPThKaeYT6KibqdsAPop6HNrGNOhpvjkE9BxXC','Activo',NULL,'TI','0SSe8yx1vSk2RWNnA5onuJFIHn2xG4Kdj6oqLSSOyoC45kIJycok1o6BiMLb','2025-05-29 19:55:29','2025-06-01 19:16:18',0),(54,42,'GRISELDA YUNUEN VILLA GARCIA','VIGG870704MMNLRR07','griselda.villa@ut-morelia.edu.mx','yunuenvilla@hotmail.com','Asociado C','Indeterminado',NULL,'$2y$10$qrPcZJs.sTgJ0zRyshcPV.6pNNpjfsz99ttHIuWscJvSQF16KqYJO','Activo',NULL,'DMI',NULL,'2025-05-29 19:57:27','2025-05-30 19:23:05',0),(55,136,'GUSTAVO ABRAHAM VANEGAS CONTRERAS','VACG780228HDFNNS05','gustavo.vanegas@ut-morelia.edu.mx','gabrahamvc@gmail.com','Titular C','Indeterminado',NULL,'$2y$10$gc2ew9o.74aDjUfZr9JRp.ylrl67AEkg.q4JnWrk1EA7bPkyg8lq.','Activo',NULL,'TI','ngXSnyO6gyEdkbVMPWJZ9xMpSUs7xuISEiHtchMBeJVvuBy0sgNvQORgHNiQ','2025-05-29 20:01:05','2025-06-01 19:16:27',0),(56,21,'HOMERO SILVA NUÑEZ','SINH630926HMNLXM08','homero.silva@ut-morelia.edu.mx','hsilvamx@gmail.com','Asociado C','Indeterminado',NULL,'$2y$10$J51VVa006Uv0OGnycauij.RDfBhRAv5Zljnm6wnuPuyb8m4WxUKhu','Activo',NULL,'QMBT','HbpR7j7HXKrJhtDYVqC2H0mPQBkaUg2lHQNyUC0KfKnBNlo3qM8Dh7oY8cTE','2025-05-29 20:04:34','2025-05-30 21:04:14',0),(57,142,'HUGO MORA ALCARAZ','MOAH890804HMNRLG01','hugo.mora@ut-morelia.edu.mx','hugo.mora@ut-morelia.edu.mx','Asociado C','Indeterminado',NULL,'$2y$10$OP3nrMJR.B3JCBvglhWNLuHwwhqbi3bu/SQd5BxCXCtveaz0WuIF6','Activo',NULL,'GST',NULL,'2025-05-29 20:07:00','2025-06-03 16:14:53',0),(58,125,'HUGO VARGAS LOPEZ','VALH771128HMNRPG09','hugo.vargas@ut-morelia.edu.mx','hugo.vargas@ut-morelia.edu.mx','Asociado C','Indeterminado',NULL,'$2y$10$va0afcadNgIOMZCSlt0q3uybsVWMJnH.BXjgIj3p/fY1IpOpmrFOu','Activo',NULL,'GST',NULL,'2025-05-29 20:08:56','2025-05-29 20:08:56',1),(59,122,'IDRI SANTILLAN FUENTES','safi850503mmnnnd05','idri.santillan@ut-morelia.edu.mx','idri.santillan@ut-morelia.edu.mx','Asociado C','Indeterminado',NULL,'$2y$10$ht4TWBKY6MEsGLawJyDqlOWgvxvFETd6gne2Y62Z/wvLIO4K9J4Yy','Activo',NULL,'GST',NULL,'2025-05-29 20:11:00','2025-06-02 19:06:04',0),(60,19,'JAIME FABIAN GONZALEZ FIGUEROA','GOFJ880302HMNNGM02','jaime.gonzalez@ut-morelia.edu.mx','jaime.gonzalez@ut-morelia.edu.mx','Asociado C','Indeterminado',NULL,'$2y$10$m1oJ0RCOPh7UNEbaRov7ueEIY.ONWzex77oahdYbKsH9riiGD0SUG','Activo',NULL,'GST',NULL,'2025-05-29 20:13:52','2025-05-30 19:12:24',0),(61,127,'JAQUELINE SANCHEZ NUÑEZ','SANJ961118MMNNXQ06','jaqueline.sanchez@ut-morelia.edu.mx','jaqueline.sanchez@ut-morelia.edu.mx','Profesor de Asignatura B','Determinado',NULL,'$2y$10$0izmMeCJ6DjyjSt5Khldqem96R0uDgBDCZJlhv4JYos.rMnu39AgC','Activo',NULL,'GST','nkCJKNbvxywkrzcLR7aBxoMFXnL6C1a03ufFlmOKeldxWH3PKCCqnFsbYAnh','2025-05-29 20:16:42','2025-06-09 03:24:22',0),(62,163,'JESÚS MEDINA MIRAMAR','MEMJ870106HMNDRS09','jmedina@ut-morelia.edu.mx','jmedina@ut-morelia.edu.mx','Profesor de Asignatura B','Determinado',NULL,'$2y$10$/KE7xTM97PQy9a/eGuF2KuOJyFoub3ZzxPwRE/aZYi13ldVIBsQwi','Activo',NULL,'GST',NULL,'2025-05-29 20:25:26','2025-05-29 20:25:26',1),(63,2,'JESUS EDUARDO RODRÍGUEZ GUTIÉRREZ','ROGJ840603HMNDTS03','jesus.rodriguez@ut-morelia.edu.mx','eduardo.rod.gtz@gmail.com','Asociado C','Indeterminado',NULL,'$2y$10$Srpw283tD0a6/gp1GhTr3OdhApzEH7VgWpNfkIUx9sJ40D.81Nkr.','Activo',NULL,'DMI',NULL,'2025-05-29 20:27:29','2025-05-29 20:27:29',1),(64,181,'JESUS RICARDO VILLA GARCÍA','VIGJ960524HMNLRS00','ricardo.villa@ut-morelia.edu.mx','ricardo.villa@ut-morelia.edu.mx','Profesor de Asignatura B','Determinado',NULL,'$2y$10$/TF6BUinauX3Y4acw5B9B.dSf0PsODSvJY2eaVRGndnRDSSasWocC','Activo',NULL,'DMI',NULL,'2025-05-29 20:38:04','2025-05-29 20:38:04',1),(65,5,'ROCIO GONZALEZ SANCHEZ','GOSR710105MMNNNC05','rocio.gonzalez@ut-morelia.edu.mx','gosr7101@hotmail.com','Titular C','Indeterminado',NULL,'$2y$10$7HF6lpfjPg8ocide5tjPcOniTA.HI0OWXrp6gr3x.YM/7ETd3egUq','Activo',NULL,'AFC','utcoTfYYZx9j4BuyzsjnhK0t2T5euIqR6zEKQRIRSGslhONPmKRPWgx2vNF5','2025-05-29 20:41:20','2025-06-03 01:17:32',0),(66,12,'JOAQUIN COLIN SOTO','COSJ691029HMNLTQ02','joaquin.colin@ut-morelia.edu.mx','joaquin.colin@ut-morelia.edu.mx','Titular C','Indeterminado',NULL,'$2y$10$kTDfk5DVYxoK1SY7WsyVRe7z/TD9DQgV7aKJJC6y3ODX8gKMB4HEK','Activo',NULL,'TIC',NULL,'2025-05-29 22:09:03','2025-06-25 17:15:20',0),(67,147,'JONATAN JOEL SALAZAR AYALA','SAAJ860110HMNLYN00','jonatan.salazar@ut-morelia.edu.mx','jonatanjoel_528@hotmail.com','Titular C','Indeterminado',NULL,'$2y$10$ejBnrnmX6n/r6mUHg.uzouQo/NJ40apTsxai9rIyILo61yeG.37ty','Activo',NULL,'MAI,MEC',NULL,'2025-05-29 22:11:56','2025-06-02 01:02:04',0),(68,200,'JORGE ARTURO MEJIA BARAJAS','MEBJ870727HMNJRR03','jorge.mejia@ut-morelia.edu.mx','jorge.arturo17@hotmail.com','Profesor de Asignatura B','Determinado',NULL,'$2y$10$xqXOM6eEyrn4sdrRYhl3xOENalgTnth7/yBP9m/Rr3RNfkg7HKzG6','Activo',NULL,'QMBT','kssT0zbx7PtvTvaXvmVk0vh2VpxsHXX81CNvthOUZLBDJIxWxvKteskRFQZw','2025-05-29 22:16:23','2025-05-30 19:27:48',0),(69,25,'JOSE ARTURO MORALES TINOCO','MOTA880127HMNRNR05','jose.morales@ut-morelia.edu.mx','jose.morales@ut-morelia.edu.mx','Técnico Académico A','Indeterminado',NULL,'$2y$10$vvSC1htPWcMaheC/gcH/qOsm.2FizcOtWdDwaolPCpDaBcP/bgwHS','Activo',NULL,'MAI,MEC',NULL,'2025-05-29 22:22:22','2025-06-02 01:02:42',0),(70,117,'JOSE EDUARDO VALDES DUEÑAS','VADE930601HMNLXD08','jose.valdes@ut-morelia.edu.mx','jose.valdes@ut-morelia.edu.mx','Técnico Académico A','Indeterminado',NULL,'$2y$10$iv.ZPo2LAe2lD2NLfwXaU.Y0/eOX9A1Z0uyeOGpFP6RKW6aMQZcVy','Activo',NULL,'GST','TXrFVNzIFZDc07pJdyr1NZqEHpONTm81XEnS5GsigRN1zXUE9OeogElYprh4','2025-05-29 22:24:01','2025-05-30 19:11:17',0),(71,172,'JOSÉ EDUARDO MARTÍNEZ MENDOZA','MXME950127HMNRND00','jose.martinez@ut-morelia.edu.mx','eduardo_mtz_mendoza@hotmail.com','Titular C','Determinado',NULL,'$2y$10$55REiRWOOcblyfWvAaHUsefjFriWzNzDPXpXFu4c5D64Rh8BtI35q','Activo',NULL,'ENF','2q3rCC7AMYAKE1D9KpG8cmFOU7wJGIwZHpvJjdG6mb7nWNOiLWqbq3v97L9K','2025-05-29 22:28:16','2025-06-02 01:03:21',0),(72,45,'JOSE FERNANDO LINARES FACIO','LIFF931023HMNNCR02','fernando.linares@ut-morelia.edu.mx','fernando.linares@ut-morelia.edu.mx','Profesor de Asignatura B','Determinado',NULL,'$2y$10$6V1/WQg9LDB8Xq9RkSyBreEKP9C5HKvRMfJdBtNq0gaEjRF9qLEC6','Activo',NULL,'GST',NULL,'2025-05-29 22:30:47','2025-05-29 22:30:47',1),(73,7,'JOSE GERARDO TORRES RENDON','TORG661006HMNRNR05','jose.torres@ut-morelia.edu.mx','jose.torres@ut-morelia.edu.mx','Titular C','Indeterminado',NULL,'$2y$10$iWkcv.0BGhAJ3YPL/mTPQuKIpcqglnU2pmxresZpBXUlXo.2i60uG','Activo',NULL,'MAI,MEC',NULL,'2025-05-29 22:33:19','2025-06-01 19:17:23',0),(74,31,'JOSE ISRAEL RODRIGUEZ FLORES','ROFI721018HDFDLS00','jose.rodriguez@ut-morelia.edu.mx','israel_rodriguezf@hotmail.com','Titular C','Indeterminado',NULL,'$2y$10$MSu/ogzCirNpFE8ATCXJI.zh43nLyS4qVKw6SMB9Jm/g.3KNR77kK','Activo',NULL,'TI','8f6pD398XHMrQnLZ5mUQji2iLQnDOzHnrO2fxrdPXpWryGkMvCJTDQSrJk66','2025-05-29 22:37:20','2025-06-20 15:44:24',0),(75,76,'JOSE LUIS CENDEJAS VALDEZ','CEVL741227HMNNLS08','luis.cendejas@ut-morelia.edu.mx','luiscendejas@hotmail.com','Titular C','Indeterminado',NULL,'$2y$10$juRJvpnD4h.AyCjDHNQMR.F8ZR6AsPiZBJ1tjTJNYx7ozNPsgQ/jW','Activo',NULL,'TI',NULL,'2025-05-29 22:40:45','2025-06-01 19:17:44',0),(76,138,'JOSE LUIS CALVILLO BANDA','CABL701013HMNLNSO4','jose.calvillo@ut-morelia.edu.mx','jose.calvillo@ut-morelia.edu.mx','Titular C','Indeterminado',NULL,'$2y$10$0yTpD.0YiB14lmcJtWBIqeKspTW7Vq48PKUkIV.mSEtWfY.IhyUT6','Activo',NULL,'TI','CfErsOULealwysyI3zft51nYcQAxwrecPF2qCIkwuamJzDb5zMJu36SihXiC','2025-05-29 22:43:29','2025-06-01 19:17:51',0),(77,120,'JOSE OSCAR HERNANDEZ BAUTISTA','HEBO711025HVZRTS04','oscar.hernandez@ut-morelia.edu.mx','maneoskar2010@gmail.com','Titular B','Indeterminado',NULL,'$2y$10$bzzFR4UK6MdlBZ.y.fyaAu1XFAUU1VMNLlSYLXjX75RPFbwBl.5eW','Activo',NULL,'DMI',NULL,'2025-05-29 22:46:52','2025-05-30 19:25:39',0),(78,88,'JUAN CARLOS LOPEZ LOPEZ','LOLJ780621HMNPPN08','juan.lopez@ut-morelia.edu.mx','Drjuanl@hotmail.com','Profesor de Asignatura B','Indeterminado',NULL,'$2y$10$s06THA495RrYItvVJqh9mO9EhSQpe1ghzO5lOhjHmD1Rcc1TdH1J6','Activo',NULL,'QMBT','1GhXP8EV3MbnCoY5qCqZNTXqyC3DTlMZkkqWjGt0Sn5a6CCTQ0Iq1ergNvmq','2025-05-29 22:52:00','2025-05-30 19:17:13',0),(79,49,'JUAN GHALEB SANCHEZ LOPEZ','salj850619hmnnpn00','jgsanchez@ut-morelia.edu.mx','jgsanchez@ut-morelia.edu.mx','Titular C','Indeterminado',NULL,'$2y$10$xfqy433oaapv5uWIrHhfGe5AJNBa0uIpWG15cRhqfmGv8mx5jEcMy','Activo',NULL,'TI','rXq7YfzegfNLNWLaAWnzBdAb4wwVk6uZneDignkfla5lDQ3uFswu7CNEmJAa','2025-05-30 01:50:09','2025-06-02 01:05:19',0),(80,193,'JUAN PABLO GUTIERREZ MONTES','GUMJ910824HMNTNN06','juan.montes@ut-morelia.edu.mx','elsantocontrabluedemon@hotmail.com','Titular C','Determinado',NULL,'$2y$10$5a56dm.wtoZf/EQOgtbRReTp2U2P/sDJn2iZ6n2HVvu3J2mCwGP/6','Activo',NULL,'MAI,MEC',NULL,'2025-05-30 02:04:00','2025-06-02 01:05:51',1),(81,145,'JULIO CESAR CORREA TORRES','COTJ750729HMNRRL00','julio.correa@ut-morelia.edu.mx','julio.correa@ut-morelia.edu.mx','Titular C','Indeterminado',NULL,'$2y$10$RpI7vx6MXiyZd9l7QysoM.6eM4VeO2dIuhkwD.2pR/QzCc50ercEC','Activo',NULL,'TI',NULL,'2025-05-30 02:06:10','2025-06-04 17:44:24',0),(82,39,'JULIO CESAR HERNANDEZ RAMIREZ','HERJ830625HMNRML02','julio.hernandez@ut-morelia.edu.mx','julio.hernandez@ut-morelia.edu.mx','Titular B','Indeterminado',NULL,'$2y$10$kw4eAL.gnUAXA1wMHh4nHubdCPWLaRAmhdqNv7AJpf1Dz4EATZa6G','Activo',NULL,'MAI,MEC','57IYeLcWvzmmYJoGwqf4PyZVv7qTeGGqVdrryiWtTqo4sXODm9yWj6m8Mas3','2025-05-30 02:08:28','2025-06-11 13:34:07',0),(83,182,'JULIO DAMIÁN ZUÑIGA RAMÍREZ','ZURJ810804HMNXML04','damian.zuniga@ut-morelia.edu.mx','damian.zuniga@ut-morelia.edu.mx','Profesor de Asignatura B','Determinado',NULL,'$2y$10$pXS3CmVDFadNf.aXB3/Uou3XIUz0v1uLa7aqDk3lurcqd0l9/k7XC','Activo',NULL,'QMBT',NULL,'2025-05-30 02:10:28','2025-05-30 02:10:28',1),(84,152,'JUSTO ROMAN ROMERO ROMERO','RORJ791201HPLMMS01','justo.romero@ut-morelia.edu.mx','justo.romero@ut-morelia.edu.mx','Técnico Académico B','Indeterminado',NULL,'$2y$10$tdaiZnkipSZzBrU4Io7hFuYFu/7/RUs/COSKExQ/ma4ssbhFpCdTm','Activo',NULL,'ERV',NULL,'2025-05-30 02:20:05','2025-05-30 19:24:07',0),(85,176,'KARLA FERNANDA LÓPEZ LÁZARO','LOLK940501MMNPZR03','fernanda.lopez@ut-morelia.edu.mx','fernanda.lopez@ut-morelia.edu.mx','Profesor de Asignatura B','Determinado',NULL,'$2y$10$Z/RWdYzrYMeo.lQhC9h36.HJg6Tfj7gfw9PghUUD.uHlZD.e4ibam','Activo',NULL,'GST',NULL,'2025-05-30 02:28:15','2025-05-30 02:28:15',1),(86,46,'KARLA IVONNE RODRIGUEZ SOLORZANO','ROSK900327MCHDLR00','karla.rodriguez@ut-morelia.edu.mx','karla.rodriguez@ut-morelia.edu.mx','Profesor de Asignatura B','Determinado',NULL,'$2y$10$1FdwX27UnkoTfX96OzJLBO/v9Lg9b2lZS/lnLfq0aytU8ydnLvYW.','Activo',NULL,'GST','DtVFFA7QqaBPDdUbrA6rXyy81u3zBBzr5xmhE8ZEOOMkRW1FBJ6YJMOd6o26','2025-05-30 02:31:43','2025-05-30 19:07:14',0),(87,186,'KARLA MIRELLE HERNANDEZ JACOBO','HEJK861127MMNRCR06','karla.hernandez@ut-morelia.edu.mx','karla.hernandez@ut-morelia.edu.mx','Titular C','Determinado',NULL,'$2y$10$zZjQizew.XJxS7OwnhW7T.kCbVAY6uS6yG2UFkFGbwD7BrEfdFSMe','Activo',NULL,'MAI,MEC',NULL,'2025-05-30 02:33:33','2025-06-02 01:06:37',1),(88,41,'LAURA PEREZ PAZOS','PEPL741019MDFRZR05','laura.perez@ut-morelia.edu.mx','laura.perez@ut-morelia.edu.mx','Titular C','Indeterminado',NULL,'$2y$10$9aniOPx6Y/YvL0ZaBpQQCeA/Gd1jjLPJvv1BE1L5y2j3AJBeB/oM2','Activo',NULL,'MAI,MEC','pvfMu86kiUvWjM2fetioYka5bII2lMhyy1JZQORUje9Rva1kfQYaHv0IOFKA','2025-05-30 02:35:06','2025-06-01 19:19:27',0),(89,90,'LETICIA ARGUELLO CORREA','AUCL730628MMNRRT01','leticia.arguello@ut-morelia.edu.mx','leticia.arguello@ut-morelia.edu.mx','Titular B','Indeterminado',NULL,'$2y$10$/SZN6xO.JwkvwReTpOGZkerhOk2DzccpeOdqImFjsbeWv2jQSVAZW','Activo',NULL,'QMBT','3lKHE0LY3xUxd2zNeiKQhDuMAsTwoUC6u4ZKCHKkbpjKTVzVJDOQn7L8W4SI','2025-05-30 02:37:12','2025-05-30 19:14:25',0),(90,109,'LETICIA RUBICELA RODRIGUEZ RUIZ','RORL720317MMNDZT01','leticia.rodriguez@ut-morelia.edu.mx','leticia.rodriguez@ut-morelia.edu.mx','Titular C','Indeterminado',NULL,'$2y$10$TcrcYk5W5XFv0lzeb4HvueWd33fD9Qxcbr3Ms7rf/04/raKYZaaZK','Activo',NULL,'TI','Z15zW2jdI3hJhUtakbu5I2Yv1vKDqmrg0uJninTxF2qeQ13fJAMceP4dO3S2','2025-05-30 02:38:25','2025-06-01 19:19:39',0),(91,72,'LINDA CITLALLI CERDAN MAYEN','CEML821122MDFRYN04','linda.cerdan@ut-morelia.edu.mx','linda.cerdan@ut-morelia.edu.mx','Profesor de Asignatura B','Indeterminado',NULL,'$2y$10$SBSpUeNgRDrgPfmx4NnWdO9l2GXtzlYlY/lgDapjtp6J3bMHYtKfK','Activo',NULL,'QMBT','OUW9oo9rwSO31w8TJzrnVhQpP7JeFybKAs4yJLtFtK7h3ec49Whg0r7HPDaB','2025-05-30 02:40:41','2025-05-30 19:10:40',0),(92,65,'MACARIO AMBRIZ VALENCIA','AIVM870113HMNMLC03','macario.ambriz@ut-morelia.edu.mx','macario.ambriz@ut-morelia.edu.mx','Profesor de Asignatura B','Indeterminado',NULL,'$2y$10$qGu5UIieQSS2oEuC0yStQuOFTCu/CCurDxiNyWps3BlB3jN6/WZCG','Activo',NULL,'GST','WsWN99zAQc22fYRZFIPL4EoC1w79xSkHpaqRSaUGIBBbKzLwB8rgExkPfG06','2025-05-30 02:41:42','2025-06-02 16:06:04',0),(93,52,'MAGNOLIA GISELA CHAVEZ HERNANDEZ','CAHM760925MMNHRG09','magnolia.chavez@ut-morelia.edu.mx','magnolia.chavez@ut-morelia.edu.mx','Profesor de Asignatura B','Determinado',NULL,'$2y$10$tt56s5i8Sq4JT9ioMNZFyuxKK.ERpFiFTU.GV39Mq/FnVH7SuC0wy','Activo',NULL,'DMI',NULL,'2025-05-30 02:43:09','2025-05-30 19:21:46',0),(94,159,'MANUEL ALVAREZ VIVANCO','AAVM720330HMNLVN01','manuel.alvarez@ut-morelia.edu.mx','manuel.alvarez@ut-morelia.edu.mx','Profesor de Asignatura B','Indeterminado',NULL,'$2y$10$47vDL.bhdh44DZolJRmW8ucbeZsKIVw/acNMrAiv5xyrYTm8WJVWC','Activo',NULL,'ERV',NULL,'2025-05-30 02:46:04','2025-05-31 01:16:00',0),(96,34,'MARCO ANTONIO BELMAN ARGUELLO','BEAM900505HMNLRR09','mabelman@ut-morelia.edu.mx','mabelman@ut-morelia.edu.mx','Profesor de Asignatura B','Determinado',NULL,'$2y$10$Ur1tzQC.Lv1q64aP6y7B2.GLLkrpyYtylPDxnwJtHSJkVVvp/Cjnu','Activo',NULL,'GST',NULL,'2025-05-30 02:48:52','2025-05-30 19:23:14',0),(97,157,'MARIA ARACELI PEREZ ESCUTIA','PEEA770812MMNRSR07','araceli.perez@ut-morelia.edu.mx','araceli.perez@ut-morelia.edu.mx','Técnico Académico B','Indeterminado',NULL,'$2y$10$YsnJZFSy8CjBeitM2Xrdveb67SCiiXZ2wCkcU3fHPVRh0egmiVA.a','Activo',NULL,'DMI',NULL,'2025-05-30 02:50:22','2025-05-30 19:22:16',0),(98,93,'MARIA ELENA BENITEZ RAMIREZ','BERE860818MMNNML02','maria.benitez@ut-morelia.edu.mx','maria.benitez@ut-morelia.edu.mx','Titular B','Indeterminado',NULL,'$2y$10$Fun0nIFZyLnZAZBO0wdvUeeJVeT63baFa6FSeI0u8Xt6KL2i/JaMC','Activo',NULL,'TI','4Ke4x6i0luu3OmjSkMgKGzb8YeHJU8huAZpJTvsUK77LBXpPFXq2oojTaLSv','2025-05-30 02:56:43','2025-06-01 19:21:08',0),(99,135,'MARIA JAZMIN LOPEZ RIVERA','LORJ941021MMNPVZ01','jazmin.lopez@ut-morelia.edu.mx','jazmin.lopez@ut-morelia.edu.mx','Técnico Académico B','Indeterminado',NULL,'$2y$10$/BFvkTKNn4oarr8DmQ5Zj.CP39rqMpHTrKe2fxe97Qff.e3.UwR1G','Activo',NULL,'MAI,MEC',NULL,'2025-05-30 02:58:41','2025-06-02 01:07:26',0),(100,66,'MARIA VERONICA ALVAREZ RIOS','AARV890203MMNLSR01','maria.alvarez@ut-morelia.edu.mx','maria.alvarez@ut-morelia.edu.mx','Titular C','Indeterminado',NULL,'$2y$10$kNyyPLWHtQrxwxz0Z0yuQet6VUZy41pfgTzQm927EXeHGUoj3qJvK','Activo',NULL,'MAI,MEC','gx30SBC1UXDWWJz6gz8fl4s9CrTlmofEOmQ5c3hQWt6onFzLNDHtzx6ftUCG','2025-05-30 02:59:50','2025-06-01 19:21:32',0),(101,197,'MARIANA JIMENA GONZALEZ FIGUEROA','GOFM900222MMNNGR00','mariana.gonzalez@ut-morelia.edu.mx','mariana.gonzalez@ut-morelia.edu.mx','Técnico Académico A','Determinado',NULL,'$2y$10$0QFMs7ZunHlUnEF4vcjxs.MtRABIcBUshUj2Kewe7AiLUrBMDEMyC','Activo',NULL,'GST','pbHkn24XAlTpAH7SDV8ZspD1Dj4SEacYsXMdZysb2dNz2oj9vra4OLNj1fKD','2025-05-30 03:02:00','2025-06-03 22:05:50',0),(102,4,'MARINA JOSEFINA TAPIA MERLO','TAMM730818MMNPRR07','marina.tapia@ut-morelia.edu.mx','marina.tapia@ut-morelia.edu.mx','Titular C','Indeterminado',NULL,'$2y$10$UmOGpsPPqo6Rz.CMDYNIHO.O4y/iNdK95oik6om1Ijjx9oiFk9ka6','Activo',NULL,'MAI,MEC',NULL,'2025-05-30 15:11:54','2025-06-02 01:07:45',0),(103,123,'MARIO EDMUNDO MONTAÑO PEREZ','MOPM880621HMNNRR03','mario.montano@ut-morelia.edu.mx','mario.montano@ut-morelia.edu.mx','Asociado C','Indeterminado',NULL,'$2y$10$8BGfVS2vhXbYB.55lREyTO1YYO2iXfjj4EYZIkfTrT9Mma.JUvBqm','Activo',NULL,'GST','KclQ3w2UtXs3rOgxRx78VtJvZNhhgTJJ0gXWJV7gcIk94WWo6ZlQxOWmcjWd','2025-05-30 15:13:24','2025-05-30 19:13:43',0),(104,81,'MARIO JAVIER GUTIERREZ FERNANDEZ','GUFM731016HMNTRR08','mario.gutierrez@ut-morelia.edu.mx','mario.gutierrez@ut-morelia.edu.mx','Asociado C','Indeterminado',NULL,'$2y$10$c7gpekx2YQllSZDgR5etm.KYWpMB14r3YlXDG4Rigd1klFY.Rra5W','Activo',NULL,'QMBT','xIFkNrKpWyoP63tcTkDsX6DTl2V7bZtPGQVVQk0cYicnI6h1cXzOjU3LaUyV','2025-05-30 15:14:45','2025-05-30 19:17:40',0),(105,105,'MARTIN CASTILLEJOS CARDENAS','CACM600910HMNSRR00','martin.castillejos@ut-morelia.edu.mx','martin.castillejos@ut-morelia.edu.mx','Técnico Académico A','Indeterminado',NULL,'$2y$10$mgbmA4wOpuhZ6SGOZ2qkXORrGAByoLUhUfYDakue.sCEAXeNWHRoe','Activo',NULL,'ERV',NULL,'2025-05-30 15:22:03','2025-05-30 15:22:03',1),(106,124,'MAURICIO GUZMAN TAPIA','GUTM810112HMNZPR05','mauricio.guzman@ut-morelia.edu.mx','mauricio.guzman@ut-morelia.edu.mx','Titular C','Indeterminado',NULL,'$2y$10$jixYsM6B3t0kmCCL43Y4SuVpoutxy5rwvij35Xob8tBCeW3CI0R2a','Activo',NULL,'MAI,MEC',NULL,'2025-05-30 15:25:09','2025-06-02 01:08:02',1),(107,18,'MIGUEL BARRAGAN BUENO','BABM690218HMNRNG03','miguel.barragan@ut-morelia.edu.mx','miguel.barragan@ut-morelia.edu.mx','Titular C','Indeterminado',NULL,'$2y$10$q7ormAB4D9Dnhvqck9Ek0.VjQsqRMgAcLDboAIGhReyzLlLfYocJm','Activo',NULL,'ERV',NULL,'2025-05-30 15:30:06','2025-05-30 19:25:09',0),(108,150,'MIGUEL ANGEL ACUÑA LOPEZ','AULM730929HMNCPG00','miguel.acuna@ut-morelia.edu.mx','ithalo_1@hotmail.com','Titular C','Indeterminado',NULL,'$2y$10$Pon1oJeccpEVm7P1l9MM1uNdUPcPor11MVzEH42HNtydm2lPXIXr6','Activo',NULL,'MAI,MEC',NULL,'2025-05-30 15:33:56','2025-06-01 19:22:07',0),(109,189,'MILTON GREGORIO CHAVEZ CARDENAS','CACM950128HMNHRL00','milton.chavez@ut-morelia.edu.mx','milton.chavez@ut-morelia.edu.mx','Profesor de Asignatura B','Determinado',NULL,'$2y$10$ycgQnvhQhX3dYJJ0DppODu/q6gt9PzhBv/JHQorZe6zZHs7Xh62LO','Activo',NULL,'GST',NULL,'2025-05-30 15:39:09','2025-05-30 15:39:09',1),(110,108,'NORMA GARCIA MONTAÑEZ','GAMN810101MMNRNR14','norma.garcia@ut-morelia.edu.mx','halokury@gmail.com','Titular B','Indeterminado',NULL,'$2y$10$ajNPwDaW2zH7rkrQe6q6VuuheFlaIWrTJZTUbeVaufKWNyqtXAiHK','Activo',NULL,'QMBT',NULL,'2025-05-30 15:44:15','2025-05-30 19:14:46',0),(111,155,'OLGA LETICIA ROBLES GARCIA','ROGO690405MCLBRL04','olga.robles@ut-morelia.edu.mx','olgaletyrobles@gmail.com','Titular C','Indeterminado',NULL,'$2y$10$68WEuLwhgeR8kkuu7pfnzO3AhKbH7dq1Y7t4qJvgUYKte98r3vCzG','Activo',NULL,'TI','umg5l2VXQ91D834JlgCTOWhTjmpcfWSojqLDIDJaKyPi9iE09xj7vhOP49F0','2025-05-30 15:48:33','2025-06-03 17:37:44',0),(112,104,'OMAR ORDOÑEZ TOLEDO','OOTO710215HMNRLM04','omar.ordonez@ut-morelia.edu.mx','omar_oto@outlook.com','Titular C','Indeterminado',NULL,'$2y$10$IBN4cpFR79Sj0p4hQaY02.joHSfGowMPfyW.b0nPDq38hBhbsFqPS','Activo',NULL,'TI','kXQGCpkPgWHb5qeFetL3GkgdBmyqc8eQPUchTVNaawiR3ji6RnsnwtPzVgdT','2025-05-30 15:53:20','2025-06-01 19:22:24',0),(113,178,'ORLANDO SOTO ZAVALA','SOZO921129HMNTVR06','orsoto@ut-morelia.edu.mx','orsoto@ut-morelia.edu.mx','Titular C','Determinado',NULL,'$2y$10$utTczaR3.6c9XCkbDZnNcOQ3bIzUvkrwMBcHab3Zhuc0LcjOWFkmi','Activo',NULL,'TI',NULL,'2025-05-30 15:56:24','2025-06-02 01:08:32',1),(114,44,'OSCAR VAZQUEZ GARCIA','GAVO891107HMNRZS01','oscar.garcia@ut-morelia.edu.mx','oscar.garcia@ut-morelia.edu.mx','Asociado C','Indeterminado',NULL,'$2y$10$rx8oO.g6wbAKKkKZ6v.W1eX9rT6g4UEI1oeJ9WlLyKjfIQYZib1sm','Activo',NULL,'GST',NULL,'2025-05-30 15:59:29','2025-05-30 15:59:29',1),(115,85,'OSHIN ESMERALDA ESQUIVEL GASPAR','EUGO881224MMNSSS08','oshin.esquivel@ut-morelia.edu.mx','oshin.esme@gmail.com','Profesor de Asignatura B','Indeterminado',NULL,'$2y$10$Z5RjZCvhi3aFRinXfZ8SNOYlgUXjNrSrfqCcAB6Wgz2hsgCPGPeui','Activo',NULL,'QMBT',NULL,'2025-05-30 16:02:25','2025-06-02 20:15:18',0),(116,167,'PAULINA SOLORZANO SALGADO','SOSP820224MMNLLL03','paulina.solorzano@ut-morelia.edu.mx','paulina.solorzano@gmail.com','Asociado C','Indeterminado',NULL,'$2y$10$gp9DNWBatb8KA34FARFeXuwOc7kdHkSRAcFsnNQlrWGI3cQHQ83su','Activo',NULL,'TI','zu9ez7LCUPyKCHQsc60Wn6JYmtYxBLTJb0fIP5App2XeZldon9RgejJijEnM','2025-05-30 16:04:41','2025-06-01 19:22:40',0),(117,118,'RAFAEL AYALA ZAMUDIO','AAZR770820HMNYMF01','rafael.ayala@ut-morelia.edu.mx','chilaaz@gmail.com','Técnico Académico A','Indeterminado',NULL,'$2y$10$nPiukP3WtBRoTHT43EVy1uqDIxMzNIfC64uk82IIyvjjOjWYS1soy','Activo',NULL,'MAI,MEC',NULL,'2025-05-30 16:07:53','2025-06-02 01:08:45',0),(118,116,'RAQUEL SARAHI RODRIGUEZ ANGULO','ROAR820824MMNDNQ03','rsrodriguez@ut-morelia.edu.mx','rsrodriguez@ut-morelia.edu.mx','Titular C','Indeterminado',NULL,'$2y$10$CBPKLfM/g9PntycNv2RRjuNQhAykZVa4R7t5Q0NmgZ1/B0qSW2rSW','Activo',NULL,'MAI,MEC',NULL,'2025-05-30 16:10:20','2025-06-02 01:09:18',1),(119,97,'RICARDO LEON SOLORZANO','LESR930605HMNNLC01','ricardo.leon@ut-morelia.edu.mx','leon.richy.05@gmail.com','Asociado C','Indeterminado',NULL,'$2y$10$lAsInyTiVdqrZi8GZdCPregrELE9JJOLiavDSm/bJSCItB3zQvmWa','Activo',NULL,'GST','HZ32zrOXt6a1DOnclwFqUGhjKq6fGJSscN7rFUnS0ROXwLx26OuFUqK2GNv4','2025-05-30 16:14:00','2025-06-03 19:22:43',0),(120,184,'ROSA HIPOLITA GARCIA HERNANDEZ','GAHR810820MMNRRS00','rosa.garcia@ut-morelia.edu.mx','rosa.garcia@ut-morelia.edu.mx','Técnico Académico C','Indeterminado',NULL,'$2y$10$6tDk2cdKrCCTWa1DQmQeg.6/Lg6PjzE9490sjuLIc9CuMCyb3UJQG','Activo',NULL,'MAI,MEC',NULL,'2025-05-30 16:35:53','2025-06-04 18:11:24',0),(121,161,'ROSA ISELA GONZÁLEZ RAYA','GORR961021MMNNYS04','rosa.gonzalez@ut-morelia.edu.mx','rossy.biotec@gmail.com','Titular C','Determinado',NULL,'$2y$10$LGhh3cQuLXgf9SGxd8ADzeTWvo6cqKEtRTAjE8Xlek2eomcH3WOx.','Activo',NULL,'MAI,MEC',NULL,'2025-05-30 16:37:44','2025-06-02 01:10:35',1),(122,99,'ROSARIO HERNANDEZ CALDERON','HECR721028MDFRLS08','rosario.hernandez@ut-morelia.edu.mx','li_hndezc_ros@hotmail.com','Titular A','Indeterminado',NULL,'$2y$10$Lwd4upUKfhTxJKmjWMZoCuGRUzN7tYBsabK0OeTH7P/ciJ7fIvVfy','Activo',NULL,'TI','nqDAuahAZ9iSyIDZcjXodKTlI1pAromTAhY7XQtkndG9Atm1ApGnIjnbJd8P','2025-05-30 16:40:13','2025-06-01 19:23:36',0),(123,111,'ROXANA COLIN AVILES','COAR840419MMNLVX07','roxana.colin@ut-morelia.edu.mx','rxncolin@hotmail.com','Técnico Académico A','Indeterminado',NULL,'$2y$10$0.ubn3u3UprK8PnJEoi3/.3l3CSglT04FZ8WJgBojv/S0/8V2K0oa','Activo',NULL,'QMBT',NULL,'2025-05-30 16:42:09','2025-05-30 19:19:36',0),(124,16,'SALVADOR ROJAS VILLANUEVA','ROVS660331HMNJLL00','salvador.rojas@ut-morelia.edu.mx','corupo66@gmail.com','Técnico Académico C','Indeterminado',NULL,'$2y$10$HjDFsv3kFHiulIVgRJV2M.oe8aADPObd1WWwDk7Mqdq0fibMBhbhO','Activo',NULL,'QMBT',NULL,'2025-05-30 16:45:00','2025-05-30 19:25:18',0),(125,134,'SILVIA LILIANA BUCIO LOPEZ','BULS740725MSLCPL00','silvia.bucio@ut-morelia.edu.mx','lbucio23@gmail.com','Titular C','Indeterminado',NULL,'$2y$10$cN3mPGoxywUGqFq7SlBISeWXBF8WpCnC8hREj593Tq3Zi0FxB1KTG','Activo',NULL,'QMBT','DgCEFDKIoNvLWrR52UvVfJhozAnAzq6NHxhpYlHTWTzPzdW56LRgz0zHceJt','2025-05-30 16:47:19','2025-05-30 19:36:23',0),(126,188,'SOFIA JIMENEZ GONZALEZ','JIGS910222MMNMNF07','sofia.jimenez@ut-morelia.edu.mx','sofi_1240@hotmail.com','Titular C','Determinado',NULL,'$2y$10$Qq/voHuxmsS2SvPNJdPsc.BNzm1/ztvQKXW.HxyckKg0ITl93eyDO','Activo',NULL,'MAI,MEC',NULL,'2025-05-30 16:52:42','2025-06-02 01:10:46',1),(127,149,'VANIA MARILYN MARIN RANGEL','MARV840917MMNRNN01','vania.marin@ut-morelia.edu.mx','vania.m2r@gmail.com','Asociado C','Indeterminado',NULL,'$2y$10$DZaS5rpD6cbWnAqFldv5qO7kb/Cp6USZQ1S5GW3pgzNb3frxJkbgq','Activo',NULL,'QMBT','nPMppodU3U2T5qfuCaYIKAc2xycee4rk2ws6JvMvN62mBvMbBbQhEJSc2AgI','2025-05-30 16:55:57','2025-05-30 19:16:32',0),(128,10,'VICTOR HUGO GARCIA CAZARES','GACV930329HMNRZC03','victor.garcia@ut-morelia.edu.mx','victor.garcia@ut-morelia.edu.mx','Asociado C','Indeterminado',NULL,'$2y$10$2PmXQ3FaOlp/wzxDIDTfx.nGPetX9bbeL7P6/dDuN9WqN8mpZgKoi','Activo',NULL,'GST','Qbn95ovBxZkbTzuLudlat9DFFjUgjBhLNUcfHGJYk3lxitHXYOPJ5fJfsjsi','2025-05-30 16:58:42','2025-05-30 19:12:22',0),(129,101,'VICTOR HUGO ZALAPA MEDINA','ZAMV700917HMNLDC09','victor.zalapa@ut-morelia.edu.mx','victorzalapam@gmail.com','Titular C','Indeterminado',NULL,'$2y$10$gjdPHnhQVPWr8e4b93yZZ.vKK8rt9GRMh5E9UHmk.gTsCqtIwwafa','Activo',NULL,'MAI,MEC',NULL,'2025-05-30 17:00:23','2025-06-01 19:23:53',0),(130,32,'VICTOR MANUEL CHAVEZ OROZCO','CAOV870317HMNHRC04','victor.chavez@ut-morelia.edu.mx','chavez_vic87@hotmail.com','Asociado C','Indeterminado',NULL,'$2y$10$xjbgJZ/ZA6GNCbeWUnLpbutPZPhd8XlcdZQsjMkH2wXBKYE/Cc9km','Activo',NULL,'GST','toXsaFgjIKH6IEcSoDEYmOlj6HwvVX0RuRRIr9XZVkaFVOGbnw49fFdJXM0j','2025-05-30 17:25:50','2025-05-30 19:10:02',0),(131,129,'WILEBALDO RODRIGUEZ SAENZ','ROSW720408HMNDNL04','wilebaldo.rodriguez@ut-morelia.edu.mx','wilebaldo.rodriguez@ut-morelia.edu.mx','Técnico Académico C','Indeterminado',NULL,'$2y$10$qflqaUwvq7kUoBVDzZ0H7esW663kDdNHc8RYwk1Pc2AoZtTOrWoKi','Activo',NULL,'TI',NULL,'2025-05-30 17:28:14','2025-06-02 01:11:07',0),(132,20,'YOHATZIN LARA GOMEZ','LAGY860823MMNRMH09','yohatzin.lara@ut-morelia.edu.mx','lex_lara@live.com','Titular C','Indeterminado',NULL,'$2y$10$pXc/5R54tMSTRdVlgTsOSOpQN7W7zkqskyBLI5op72GnZB6NBmt4i','Activo',NULL,'GST',NULL,'2025-05-30 17:33:13','2025-06-09 19:45:05',0),(133,55,'YUNUHEN ANAYD ESTRADA BARRIGA','EABY730913MMNSRN00','yunuhen.estrada@ut-morelia.edu.mx','utmorelia19@gmail.com','Titular C','Indeterminado',NULL,'$2y$10$k8L3SIJ6jZLbvTS//dutFueC7D9PBpqC/cHe76L4KWrepCgr7zbc2','Activo',NULL,'TI','NwmFqYv9fWbbVhdT4YmiCzjTQ4JvPlc34gxbtvwpwkMV2b1uqnEUQmFjKJuv','2025-05-30 17:35:05','2025-06-01 19:24:10',0),(134,106,'ZACARIAS ESAU TORRES OLGUIN','TOOZ851015HMNRLC03','zacarias.torres@ut-morelia.edu.mx','zacesau@gmail.com','Asociado C','Indeterminado',NULL,'$2y$10$5LbuP0YWW/uOMTBHaoWc6uPLzvzB5p9DkLw38a2NFfXjzmKKzIk3S','Activo',NULL,'GST','Ik3ui9GFx7SfY8mzId4hyPr8ZFwSH9jz5IWi26kYlmRKZ87vnHFdnrCg76iR','2025-05-30 17:37:55','2025-06-02 14:43:17',0),(135,133,'ZENAIDA ANDRADE ORTIZ','AAOZ841030MMNNRN00','zenaida.andrade@ut-morelia.edu.mx','zenbiologaortiz@gmail.com','Profesor de Asignatura B','Indeterminado',NULL,'$2y$10$hZLFhUn930.b11qsXsfn.OyjxQf9pD4lVpi0EiJugoP6DZ5l88F9y','Activo',NULL,'ERV','jNGVZ7RVReCAEwa5YR23TlwU9bov1LSpLxEwJoCQDa08Jxwphvs8lRIjY0zB','2025-05-30 17:40:01','2025-05-30 19:24:51',0),(136,75,'AGUSTIN IVAN CABEZAS AGUILAR','CAAA781017HMNBGG02','agustin.cabezas@ut-morelia.edu.mx','ing_agustin_utm@hotmail.com','Técnico Académico B','Indeterminado',NULL,'$2y$10$nnoGlsgbOZxD6wDOH7OFve2QuqGtdWe.Yz6wZIvdVN9aJBwuG99Iy','Activo',NULL,'QMBT',NULL,'2025-05-30 17:42:30','2025-05-30 19:16:24',0),(137,87,'JOSE FRANCISCO CARRILLO MASTACHE','CAMF720414HDFRSR06','francisco.carrillo@ut-motelia.edu.mx','cmjfrancisco9@gmail.com','Técnico Académico A','Indeterminado',NULL,'$2y$10$P8edlF28YKHNADpVOZeI1OtCM4r1r71fjc7hLRs6XpCmBPLg/5c06','Activo',NULL,'TI',NULL,'2025-05-30 17:47:58','2025-06-02 01:12:39',1),(138,113,'JUAN CARLOS ANDRADE ORTIZ','AAOJ730607HMNNRN05','jcandrade@ut-morelia.edu.mx','utm121048iti@gmail.com','Técnico Académico C','Indeterminado',NULL,'$2y$10$zmiz9vv3R8sAxafP3ja.aOLwnGjt4hA.cMG5WudglPug.oZ22ODyi','Activo',NULL,'TI',NULL,'2025-05-30 17:50:01','2025-06-02 01:13:20',0),(139,33,'MARIA DEL CARMEN SOLORIO RAYA','SORC810807MDFLYR03','maria.solorio@ut-morelia.edu.mx','maria.solorio@ut-morelia.edu.mx','Asociado C','Indeterminado',NULL,'$2y$10$QkP.ITydNOifzSrkJvmYO.XlKzo/00yKhigNQE5v6kC/yui7VCZei','Activo',NULL,'TI',NULL,'2025-05-30 19:17:45','2025-06-01 19:24:38',0),(140,3,'MARCOS ENRIQUE PACHECO CEDEÑO','PACM790327HMNCDR05','marcos.pacheco@ut-morelia.edu.mx','marcos.pacheco@ut-morelia.edu.mx','Técnico Académico C','Indeterminado',NULL,'$2y$10$zBeedEyiKnckSmjccSJsdOuB2JsARuH3K0h7T49jIaeZjbEAWeZ7m','Activo',NULL,'TI','4t509ZNirCNhuN5HUdejF5OsmWo826ortxpX3UbXgYgurOCth8Cy0TkXFG2K','2025-05-30 19:58:15','2025-06-02 01:13:36',0),(141,NULL,'SUBDIRECTOR','POPO980308HMNTBR03','lenin@admin.com','lenin@admin.com','Titular B','Indeterminado',NULL,'$2y$10$MUx2doSUwBKnV.2YxhAEJu6wIP0/DFLAIR5WgfE/AO7I4Tz2MyTbG','Activo',NULL,'TI',NULL,'2025-06-01 04:16:32','2025-06-01 21:45:06',0),(142,139,'MARCELA ALVAREZ VIVANCO','AAVM770615MMNLVR03','marcela.alvarez@ut-morelia.edu.mx','marcela.alvarez@ut-morelia.edu.mx','Titular B','Indeterminado',NULL,'$2y$10$2VaupuwA1vVFw00O77JIFeT29I1wqEQbFztNsn8lR9PW.8762t0qu','Activo',NULL,'TI',NULL,'2025-06-02 18:04:30','2025-06-02 19:39:37',0),(143,38,'JUAN CARLOS CAMPOS VILLAFUERTE','CAVJ680719HMNMLN00','juan.campos@ut-morelia.edu.mx','juan.campos@ut-morelia.edu.mx','Asociado C','Indeterminado',NULL,'$2y$10$wThRkYSAPjOeyxzqIFJDB.Sn76BktA8rzrkQQU7plyY9xO454YPKm','Activo',NULL,'MAI','VudhffXcFE3e39sL2aoR13BKfF0ZtmfT3bdPcjrFdLiDMV3DLm2LyMRXlS7C','2025-06-02 19:33:38','2025-06-02 20:46:24',0),(144,NULL,'Kenia Yesenia Peñaloza López','PELK940518MGRXPN04','kpenaloza@ut-morelia.edu.mx','kypl.1605@gmail.com','Asociado C','Determinado',NULL,'$2y$10$eeC4uRU8Kh7BV9XwKFKZiOS8XxIyrn4SP8w/gawgfxJfMUdpEAByC','Activo',NULL,'ENF,QMBT',NULL,'2025-06-03 01:04:39','2025-06-03 01:06:32',0),(145,NULL,'José Cervantes Coronado','CECJ771126HMNRRS06','jose.cervantes@ut-morelia.edu.mx','jose.cervantes@ut-morelia.edu.mx','Técnico Académico A','Indeterminado',NULL,'$2y$10$FSwYVgVdRQzEJleQyG1fBOI4.H3itKyfeSHRt9hnRBDHVMm.yx3qG','Activo',NULL,'MAI,MEC',NULL,'2025-06-03 01:10:29','2025-06-03 15:40:54',0),(146,NULL,'Jonathan Moreno Jaramillo','MOJJ910422HMNRRN00','jonathan.moreno@ut-morelia.edu.mx','jonathan.moreno@ut-morelia.edu.mx','Profesor de Asignatura B','Indeterminado',NULL,'$2y$10$R7yFW6A306rTnNMqjOQ5Ou4e6TJY.kFbu/CCtauv.FrylRWxE.nha','Activo',NULL,'GST',NULL,'2025-06-03 01:12:37','2025-06-03 16:10:41',0),(147,NULL,'Luis Alberto Gutiérrez García','GUGL841201HMNTRS00','luis.gutierrez@ut-morelia.edu.mx','luis.gutierrez@ut-morelia.edu.mx','Técnico Académico C','Indeterminado',NULL,'$2y$10$O2IUDzV7SF8lc4fXnUuIJOUUm4KK8bweMov7b7e7NQLq/9LUIDHbS','Activo',NULL,'TI','h0lyGi1UHxZotbVIQTkiDA1k5o9c1J0F2Kz8RhTP0pDKHcXtxNelIZlho6Cr','2025-06-03 03:56:05','2025-06-03 18:50:52',0),(148,NULL,'Mintzirani Equihua Sánchez','EUSM870530HGRQNN07','mequihua@ut-morelia.edu.mx','mequihua@ut-morelia.edu.mx','Profesor de Asignatura B','Determinado',NULL,'$2y$10$h.TvFGpopLimuqZkXW9PkuuafbMt1uNpgtMflulg9jncVomx0Hj9i','Activo',NULL,'ERV',NULL,'2025-06-03 03:57:43','2025-06-05 18:14:55',0);


