(1510,108,'SISTEMAS ELÉCTRICOS','MAI-3A',2,'Seguimiento de la Planeación','documentos_subidos/BjfP7SXUoTAzd4mjyM6mgMTRMfKD8EYJ1n6TyVCR.pdf',NULL,'2025-06-21 00:49:50','2025-06-21 00:49:50',NULL,NULL),(1511,108,'SISTEMAS ELÉCTRICOS','MAI-3B',2,'Seguimiento de la Planeación','documentos_subidos/zVQlSGpHSCQEznoDJpllo2nrM7sUMLDxUyxIwlXr.pdf',NULL,'2025-06-21 00:51:30','2025-06-21 00:51:30',NULL,NULL),(1512,108,'SISTEMAS ELÉCTRICOS','MAI-3B',1,'Reporte de Evaluación Continua por Unidad de Aprendizaje (SIGO)','documentos_subidos/LQMbDDoxHVlFn1QxxLosISSulCAChHUSnh65reFl.pdf',NULL,'2025-06-21 00:52:46','2025-06-21 00:52:46',NULL,NULL),(1513,108,'SISTEMAS ELÉCTRICOS','MAI-3B',1,'Control de Asesorías','documentos_subidos/x6KHn49pF9E8u5cvrfzzfd553gs6NIHek1oPvyhZ.pdf',NULL,'2025-06-21 00:59:48','2025-06-21 00:59:48',NULL,NULL),(1514,108,'PROYECTO INTEGRADOR I','MEC-3A',2,'Control de Asesorías','documentos_subidos/VCsoJbjYaYgPwTeDX32hZNj2xwFysp1uQ3vP2DYT.pdf',NULL,'2025-06-21 01:00:31','2025-06-21 01:00:31',NULL,NULL),(1515,108,'PROYECTO INTEGRADOR I','MEC-3B',1,'Control de Asesorías','documentos_subidos/jjWylklbDZq4KF1gj0PlYOlhtsLrJ881FAQBQoJr.pdf',NULL,'2025-06-21 01:01:22','2025-06-21 01:01:22',NULL,NULL),(1516,108,'PROYECTO INTEGRADOR I','MEC-3B',2,'Control de Asesorías','documentos_subidos/bCPv04hTMusnM2pqrjxMkRXKPTdRmoN3Pjc7RXDl.pdf',NULL,'2025-06-21 01:01:42','2025-06-21 01:01:42',NULL,NULL),(1517,115,'INFORMÁTICA PARA INGENIEROS','BIO-9A',1,'Reporte de Evaluación Continua por Unidad de Aprendizaje (SIGO)','documentos_subidos/zNQeTfDz5U8gqdUHCvIRlM00ucvzIWdlR4oTBXuR.pdf',NULL,'2025-06-22 05:25:42','2025-06-22 05:25:42',NULL,NULL),(1518,115,'INFORMÁTICA PARA INGENIEROS','BIO-9A',1,'Informe de Estudiantes No Acreditados','documentos_subidos/OM0wI3fbY8c9APDkTGWNfAsO2qNvB2XlyDDrkjCC.pdf',NULL,'2025-06-22 05:28:40','2025-06-22 05:28:40',NULL,NULL),(1519,115,'INFORMÁTICA PARA INGENIEROS','BIO-9A',1,'Control de Asesorías','documentos_subidos/fVCgeg4ljxKnQNK0F3196QCsfEy6XS2NM1bWg4xl.pdf',NULL,'2025-06-22 05:29:53','2025-06-22 05:29:53',NULL,NULL),(1520,115,'INFORMÁTICA PARA INGENIEROS','BIO-9A',1,'Seguimiento de la Planeación','documentos_subidos/aW5cveS3buBTn5vDv4BA4PoHX6O9jOdNJpR1aCAd.pdf',NULL,'2025-06-22 05:31:08','2025-06-22 05:31:08',NULL,NULL),(1521,115,'INFORMÁTICA PARA INGENIEROS','BIO-9B',1,'Reporte de Evaluación Continua por Unidad de Aprendizaje (SIGO)','documentos_subidos/WQd3Ogxgh7vXFXHKpAo8iowm67JxXSBd0Zuw6NSi.pdf',NULL,'2025-06-22 05:32:27','2025-06-22 05:32:27',NULL,NULL),(1522,115,'INFORMÁTICA PARA INGENIEROS','BIO-9B',1,'Informe de Estudiantes No Acreditados','documentos_subidos/j9vI5mczuBtF8IwwQVUK9MUQ1dCb2R09Hr2B1p2c.pdf',NULL,'2025-06-22 05:34:30','2025-06-22 05:34:30',NULL,NULL),(1523,115,'INFORMÁTICA PARA INGENIEROS','BIO-9B',1,'Control de Asesorías','documentos_subidos/gnp3cnbHMkSK9tlsyMLkjrtMEQev5Jlw0HeBfQ6H.pdf',NULL,'2025-06-22 05:35:56','2025-06-22 05:35:56',NULL,NULL),(1524,115,'INFORMÁTICA PARA INGENIEROS','BIO-9B',1,'Seguimiento de la Planeación','documentos_subidos/0Rwm81gfZWGPnRgUuLsQFuQQK0lAiCnyC1F3a7QB.pdf',NULL,'2025-06-22 05:37:13','2025-06-22 05:37:13',NULL,NULL),(1525,91,'INGLÉS III','BIO-3B',1,'Reporte de Evaluación Continua por Unidad de Aprendizaje (SIGO)','documentos_subidos/BjXz2dV0irWTO7PoQZJ6udcasNW0kQROkSPD13RD.pdf',NULL,'2025-06-22 22:44:43','2025-06-22 22:44:43',NULL,NULL),(1526,91,'INGLÉS III','BIO-3B',1,'Informe de Estudiantes No Acreditados','documentos_subidos/AxTtelpu4SzRDWmUd5j5gwQfKkoEOvFNWoCR9GEx.pdf',NULL,'2025-06-22 22:45:38','2025-06-22 22:45:38',NULL,NULL),(1527,91,'INGLÉS III','BIO-3B',1,'Control de Asesorías','documentos_subidos/gFr43jIPJh1CH0WIBfknJwMHMhjAAqhoqJr8jEUQ.pdf',NULL,'2025-06-22 22:46:42','2025-06-22 22:46:42',NULL,NULL),(1528,91,'INGLÉS III','BIO-3B',1,'Seguimiento de la Planeación','documentos_subidos/dNSvdkYsWvQtu0cB6jCl8A49R6iHHGmo5aCtEaq5.pdf',NULL,'2025-06-22 22:47:41','2025-06-22 22:47:41',NULL,NULL),(1529,91,'INGLÉS III','BIO-3C',1,'Reporte de Evaluación Continua por Unidad de Aprendizaje (SIGO)','documentos_subidos/SgBIqktfJm8sbiN2eLTERd3gxxZYZyo34aoCggpL.pdf',NULL,'2025-06-22 22:48:13','2025-06-22 22:48:13',NULL,NULL),(1530,91,'INGLÉS III','BIO-3C',1,'Informe de Estudiantes No Acreditados','documentos_subidos/6vtt0roUKkkLM3WutM0Yza7Oj13SfdLkFxpn2v07.pdf',NULL,'2025-06-22 22:48:57','2025-06-22 22:48:57',NULL,NULL),(1531,91,'INGLÉS III','BIO-3C',1,'Control de Asesorías','documentos_subidos/QeKnGBIeGhufWCJ23WYNFk17vm3NFguIX04XSxcP.pdf',NULL,'2025-06-22 22:49:47','2025-06-22 22:49:47',NULL,NULL),(1532,91,'INGLÉS III','BIO-3C',1,'Seguimiento de la Planeación','documentos_subidos/j3DkmYJW7rTeTQduMMOP6mPp99Zbg5BS7LkUajo3.pdf',NULL,'2025-06-22 22:50:30','2025-06-22 22:50:30',NULL,NULL),(1533,104,'MICROBIOLOGÍA','BIO-3A',2,'Reporte de Evaluación Continua por Unidad de Aprendizaje (SIGO)','documentos_subidos/KA9XU3HTKcVkHGq1kfkOsl3K3warDHCQZEroN3M6.pdf',NULL,'2025-06-22 23:12:29','2025-06-22 23:12:29',NULL,NULL),(1534,104,'MICROBIOLOGÍA','BIO-3B',2,'Reporte de Evaluación Continua por Unidad de Aprendizaje (SIGO)','documentos_subidos/r7xx4DrR8ke9Hef5fQu48HVQWZQbC89SdbQuv5dj.pdf',NULL,'2025-06-22 23:13:01','2025-06-22 23:13:01',NULL,NULL),(1535,104,'BIOQUÍMICA','BIO-3B',2,'Reporte de Evaluación Continua por Unidad de Aprendizaje (SIGO)','documentos_subidos/gON3wJ5QEslmXCz8mKN7r2lasOJK388lBNyprk79.pdf',NULL,'2025-06-22 23:13:17','2025-06-22 23:13:17',NULL,NULL),(1536,130,'PROYECTO INTEGRADOR I','GST-3C',1,'Control de Asesorías','documentos_subidos/Vr203nh601QeS1Ynd36vI720huw3KMQDD0FVjhFm.pdf',NULL,'2025-06-23 13:33:55','2025-06-23 13:33:55',NULL,NULL),(1537,130,'PROYECTO INTEGRADOR I','GST-3F',1,'Control de Asesorías','documentos_subidos/i5AcouXy9t35wTrltAR4fSQ4GZfcnHOk09MG7Ego.pdf',NULL,'2025-06-23 13:34:23','2025-06-23 13:34:23',NULL,NULL),(1538,54,'PROYECTO INTEGRADOR I','DMI-3A',1,'Reporte de Evaluación Continua por Unidad de Aprendizaje (SIGO)','documentos_subidos/uhBW8QwEoCMABchHOa8uH3XIZWObquCcQBksvSPC.pdf',NULL,'2025-06-23 19:28:02','2025-06-23 19:28:02',NULL,NULL),(1539,54,'PROYECTO INTEGRADOR I','DMI-3B',1,'Reporte de Evaluación Continua por Unidad de Aprendizaje (SIGO)','documentos_subidos/ljgKu4hqNoKzLXNrS5RBZMh9obR7vo6QDW55WKeW.pdf',NULL,'2025-06-23 19:28:19','2025-06-23 19:28:19',NULL,NULL),(1540,54,'MÁQUINARIA TEXTIL','DMI-9A',1,'Reporte de Evaluación Continua por Unidad de Aprendizaje (SIGO)','documentos_subidos/yGxCJKR66SWqYfVqE6vasJSR2UcHXk9TPA3pcIUn.pdf',NULL,'2025-06-23 19:29:03','2025-06-23 19:29:03',NULL,NULL),(1541,54,'MÁQUINARIA TEXTIL','DMI-9B',1,'Reporte de Evaluación Continua por Unidad de Aprendizaje (SIGO)','documentos_subidos/iGItVq8rYv1EIed2UXXCS0ZdeP7nsA2ZakCJ2GeI.pdf',NULL,'2025-06-23 19:29:22','2025-06-23 19:29:22',NULL,NULL),(1542,54,'MODA SOSTENIBLE','DMI-9A',1,'Reporte de Evaluación Continua por Unidad de Aprendizaje (SIGO)','documentos_subidos/HtQREPc2IMm0yQcHeDqR5FAPuX8b6U68SvhAHKJt.pdf',NULL,'2025-06-23 19:29:43','2025-06-23 19:29:46',NULL,NULL),(1543,54,'MODA SOSTENIBLE','DMI-9B',1,'Reporte de Evaluación Continua por Unidad de Aprendizaje (SIGO)','documentos_subidos/SxqHsYDhaiuiTxskSzDdrlBroiqoREGRAO8HLyJ1.pdf',NULL,'2025-06-23 19:30:11','2025-06-23 19:30:11',NULL,NULL),(1545,74,'INGLÉS III','BIO-3A',1,'Informe de Estudiantes No Acreditados','documentos_subidos/dbRsuvGQemc0DvndCqtbTtwMSCjgl0VmVKeyS5xS.pdf','acuses/acuse_1545.pdf','2025-06-23 20:58:11','2025-06-23 20:58:11','[BLOB]','2025-06-23 20:58:11'),(1546,74,'INGLÉS III','BIO-3A',1,'Control de Asesorías','documentos_subidos/ULavwiN853rck8MvwAPj5WNZxA9IyI2O6BAKxWWB.pdf','acuses/acuse_1546.pdf','2025-06-23 20:58:46','2025-06-23 20:58:47','[BLOB]','2025-06-23 20:58:46'),(1547,74,'INGLÉS III','BIO-3A',1,'Seguimiento de la Planeación','documentos_subidos/rrGPPsHue2evZRDA4N1E1cO0GFhfm7BJ9cgVnf7S.pdf','acuses/acuse_1547.pdf','2025-06-23 21:02:28','2025-06-23 21:02:28','[BLOB]','2025-06-23 21:02:28'),(1548,74,'CÁLCULO INTEGRAL','TI-3C',1,'Seguimiento de la Planeación','documentos_subidos/3Yn3425kw0kIDlqFcqcfd8tKnxTm3jhEO0bgBe1C.pdf','acuses/acuse_1548.pdf','2025-06-23 21:06:45','2025-06-23 21:06:45','[BLOB]','2025-06-23 21:06:45'),(1549,74,'CÁLCULO INTEGRAL','TI-3C',1,'Reporte de Evaluación Continua por Unidad de Aprendizaje (SIGO)','documentos_subidos/hw80nrgrFSINR0xCNIEQsgdZmOkFKQyAiqVYOLSW.pdf','acuses/acuse_1549.pdf','2025-06-23 21:07:27','2025-06-23 21:07:28','[BLOB]','2025-06-23 21:07:27'),(1550,74,'CÁLCULO INTEGRAL','TI-3C',1,'Informe de Estudiantes No Acreditados','documentos_subidos/NdPR0xKVeeSNPKVBBWM8LD2sOW3NDNRJEmlZJUSD.pdf','acuses/acuse_1550.pdf','2025-06-23 21:07:53','2025-06-23 21:07:54','[BLOB]','2025-06-23 21:07:53'),(1551,74,'CÁLCULO INTEGRAL','TI-3C',1,'Control de Asesorías','documentos_subidos/il98K2XKOnCvDbAHHBNB71aMsGBHpxPu90IRj8AT.pdf','acuses/acuse_1551.pdf','2025-06-23 21:08:25','2025-06-23 21:08:25','[BLOB]','2025-06-23 21:08:25'),(1552,74,'INGLÉS III','BIO-3A',1,'Reporte de Evaluación Continua por Unidad de Aprendizaje (SIGO)','documentos_subidos/EpDYlmO2dtz3gYtqiGcuTtikR8HMk1jAqBupwOl4.pdf','acuses/acuse_1552.pdf','2025-06-24 03:44:27','2025-06-24 03:44:27','[BLOB]','2025-06-24 03:44:27'),(1553,129,'ELECTRÓNICA ANALOGICA Y POTENCIA','MEC-3A',1,'Reporte de Evaluación Continua por Unidad de Aprendizaje (SIGO)','documentos_subidos/GvJxC3ojCYyVsS2dOnx59UF53dYjFxOeSqO6yXXE.pdf',NULL,'2025-06-24 17:18:48','2025-06-24 17:18:48',NULL,NULL),(1554,129,'ELECTRÓNICA ANALOGICA Y POTENCIA','MEC-3A',1,'Informe de Estudiantes No Acreditados','documentos_subidos/D565W5QoEJtK5OTJY1ENEWJSp4cFYAtxRrhVlmKl.pdf',NULL,'2025-06-24 17:19:06','2025-06-24 17:19:06',NULL,NULL),(1555,129,'ELECTRÓNICA ANALOGICA Y POTENCIA','MEC-3A',1,'Control de Asesorías','documentos_subidos/edN2z4feYw1izySorBL1qCmKu5Q3rDT6mGzPhyKu.pdf',NULL,'2025-06-24 17:19:43','2025-06-24 17:19:43',NULL,NULL),(1556,129,'ELECTRÓNICA ANALOGICA Y POTENCIA','MEC-3A',1,'Seguimiento de la Planeación','documentos_subidos/61NGRls2bCBqAKfIRchdnGD5hdIT9lRXcERLlzSX.pdf',NULL,'2025-06-24 17:19:58','2025-06-24 17:19:58',NULL,NULL),(1557,129,'ELECTRÓNICA ANALOGICA','MAI-3B',2,'Reporte de Evaluación Continua por Unidad de Aprendizaje (SIGO)','documentos_subidos/qIqdURY5Ty2ZZQwVX6IDtoEi39V9QsHLvOq10UB8.pdf',NULL,'2025-06-24 17:33:48','2025-06-24 17:33:48',NULL,NULL),(1558,129,'ELECTRÓNICA ANALOGICA','MAI-3B',2,'Informe de Estudiantes No Acreditados','documentos_subidos/81aUCULJx6SUz8vyeohUIaTc9iD5oELuRRFXOmNC.pdf',NULL,'2025-06-24 17:34:14','2025-06-24 17:34:14',NULL,NULL),(1559,129,'ELECTRÓNICA ANALOGICA','MAI-3B',2,'Control de Asesorías','documentos_subidos/rUSqmwChgqHSL0t5NLryBYvHOyKymMgEhHRNJmuP.pdf',NULL,'2025-06-24 17:34:40','2025-06-24 17:34:40',NULL,NULL),(1560,129,'ELECTRÓNICA ANALOGICA','MAI-3B',2,'Seguimiento de la Planeación','documentos_subidos/5zFmnCtlovWh9qUwYPyeWmvmaS0gHVcxXt1RSG7g.pdf',NULL,'2025-06-24 17:35:00','2025-06-24 17:35:00',NULL,NULL),(1561,55,'BASE DE DATOS','TI-3A',2,'Control de Asesorías','documentos_subidos/zAW8FhcAAhaHGQd1TughEf9lPfu6eeR6dMxdgKUf.pdf','acuses/acuse_1561.pdf','2025-06-25 13:44:32','2025-06-25 13:44:32','[BLOB]','2025-06-25 13:44:32'),(1562,55,'BASE DE DATOS','TI-3B',2,'Control de Asesorías','documentos_subidos/Ij13bKOVjSydBKGTY1MJ51mkXC8tnaKsDQLStTRr.pdf','acuses/acuse_1562.pdf','2025-06-25 13:45:06','2025-06-25 13:45:06','[BLOB]','2025-06-25 13:45:06'),(1563,31,'MÁQUINAS Y MECANISMOS','MAI-3B',2,'Reporte de Evaluación Continua por Unidad de Aprendizaje (SIGO)','documentos_subidos/vs6us5YxEwx4hhi5BRgNlP3DscDa0RHm9s69HnhE.pdf','acuses/acuse_1563.pdf','2025-06-25 16:23:46','2025-06-25 16:23:47','[BLOB]','2025-06-25 16:23:46'),(1564,31,'MÁQUINAS Y MECANISMOS','MAI-3B',2,'Informe de Estudiantes No Acreditados','documentos_subidos/6nmcd134K22wgEJkSLX3A2CUvflMz0QDzzEsxapB.pdf','acuses/acuse_1564.pdf','2025-06-25 16:48:42','2025-06-25 16:48:42','[BLOB]','2025-06-25 16:48:42'),(1565,31,'MÁQUINAS Y MECANISMOS','MAI-3B',2,'Seguimiento de la Planeación','documentos_subidos/xkbNhj3Yd1v6OV0X3BGYoAWfHgOwauE3fwhKj5AW.pdf','acuses/acuse_1565.pdf','2025-06-25 16:50:10','2025-06-25 16:50:10','[BLOB]','2025-06-25 16:50:10'),(1566,31,'MÁQUINAS Y MECANISMOS','MAI-3B',2,'Control de Asesorías','documentos_subidos/0hRwyR4H6nONNZ1cufEv5m48s3mY1Dspd2cp155B.pdf','acuses/acuse_1566.pdf','2025-06-25 16:51:20','2025-06-25 16:51:20','[BLOB]','2025-06-25 16:51:20'),(1567,55,'BASE DE DATOS','TI-3A',2,'Reporte de Evaluación Continua por Unidad de Aprendizaje (SIGO)','documentos_subidos/ziJM1pZwE9bzzrFfDoOcvsF5hgjPTkgYHwD5AKIB.pdf','acuses/acuse_1567.pdf','2025-06-25 18:47:48','2025-06-25 18:47:48','[BLOB]','2025-06-25 18:47:48'),(1568,55,'BASE DE DATOS','TI-3B',2,'Reporte de Evaluación Continua por Unidad de Aprendizaje (SIGO)','documentos_subidos/9cI1WyqJs8WvkxyFaTK6NzziSM6UNIWPPQAI6cow.pdf','acuses/acuse_1568.pdf','2025-06-25 18:48:21','2025-06-25 18:48:21','[BLOB]','2025-06-25 18:48:21'),(1569,55,'BASE DE DATOS','TI-3A',2,'Informe de Estudiantes No Acreditados','documentos_subidos/sHCYb8ks7wxSUlvbfxtRLLb6DxxKGybwMSslQBqZ.pdf','acuses/acuse_1569.pdf','2025-06-25 19:00:12','2025-06-25 19:00:12','[BLOB]','2025-06-25 19:00:12'),(1570,55,'BASE DE DATOS','TI-3B',2,'Informe de Estudiantes No Acreditados','documentos_subidos/GTKJRR51vr3z92mMET88pnwp7yHPMUI5xwYpVCX8.pdf','acuses/acuse_1570.pdf','2025-06-25 19:00:44','2025-06-25 19:00:44','[BLOB]','2025-06-25 19:00:44'),(1571,129,'ELECTRÓNICA ANALOGICA Y POTENCIA','MEC-3B',1,'Reporte de Evaluación Continua por Unidad de Aprendizaje (SIGO)','documentos_subidos/dgp5MpeMiNFiNPo6gyxIUVliqLHNO31tQBasMxPf.pdf',NULL,'2025-06-25 20:38:26','2025-06-25 20:38:26',NULL,NULL),(1572,129,'ELECTRÓNICA ANALOGICA Y POTENCIA','MEC-3B',1,'Informe de Estudiantes No Acreditados','documentos_subidos/jgKU66QuG7CQEEk3S9DkW8IXbk1YFkR0RKkiN7To.pdf',NULL,'2025-06-25 20:38:50','2025-06-25 20:38:50',NULL,NULL),(1573,129,'ELECTRÓNICA ANALOGICA Y POTENCIA','MEC-3B',1,'Control de Asesorías','documentos_subidos/Jb4nzMvh3Ilw4e8U8Df7v1euiH6J8lsUtjermgjn.pdf',NULL,'2025-06-25 20:39:03','2025-06-25 20:39:03',NULL,NULL),(1574,129,'ELECTRÓNICA ANALOGICA Y POTENCIA','MEC-3B',1,'Seguimiento de la Planeación','documentos_subidos/e2wnlII2vjJbWK1ne2XBgFvvdXCjKwjIPtSULqw1.pdf',NULL,'2025-06-25 20:39:19','2025-06-25 20:39:19',NULL,NULL),(1575,74,'INGLÉS III','ERV-3A',1,'Reporte de Evaluación Continua por Unidad de Aprendizaje (SIGO)','documentos_subidos/TfpQXPLU5AMrrwKfW03pgaMry9QCIbLVjVv5HPqa.pdf','acuses/acuse_1575.pdf','2025-06-25 20:41:49','2025-06-25 20:41:49','[BLOB]','2025-06-25 20:41:49'),(1576,74,'INGLÉS III','ERV-3A',1,'Informe de Estudiantes No Acreditados','documentos_subidos/SxVsGNXWBKzNM4syi1oy2vF4QGRNvJ2edI1UEv9E.pdf','acuses/acuse_1576.pdf','2025-06-25 20:42:31','2025-06-25 20:42:31','[BLOB]','2025-06-25 20:42:31'),(1577,74,'INGLÉS III','ERV-3A',1,'Control de Asesorías','documentos_subidos/GGyT0pZXXTwkSRnP7QZTktLWHJfREpXFExytxC8r.pdf','acuses/acuse_1577.pdf','2025-06-25 20:43:16','2025-06-25 20:43:16','[BLOB]','2025-06-25 20:43:16'),(1578,74,'INGLÉS III','ERV-3A',1,'Seguimiento de la Planeación','documentos_subidos/BezaB6HJJyMrlKCnJayOHvttjc0RzCxeTTCTvidR.pdf','acuses/acuse_1578.pdf','2025-06-25 20:44:01','2025-06-25 20:44:01','[BLOB]','2025-06-25 20:44:01'),(1579,74,'CÁLCULO INTEGRAL','ERV-3A',1,'Reporte de Evaluación Continua por Unidad de Aprendizaje (SIGO)','documentos_subidos/j3boxXu7eBn2lyvOko2zuwuLPCeF7l3nUVoXFTCZ.pdf','acuses/acuse_1579.pdf','2025-06-25 20:44:33','2025-06-25 20:44:34','[BLOB]','2025-06-25 20:44:33'),(1580,74,'CÁLCULO INTEGRAL','ERV-3A',1,'Informe de Estudiantes No Acreditados','documentos_subidos/ZKjYiVGTKZqG035Jv1YY662YQAakPQQqDwEixUUp.pdf','acuses/acuse_1580.pdf','2025-06-25 20:44:57','2025-06-25 20:44:57','[BLOB]','2025-06-25 20:44:57'),(1581,74,'CÁLCULO INTEGRAL','ERV-3A',1,'Control de Asesorías','documentos_subidos/bQfbQPUbHskHRTy0eATi6mvA2mfBose9HhNaaFK5.pdf','acuses/acuse_1581.pdf','2025-06-25 20:45:27','2025-06-25 20:45:27','[BLOB]','2025-06-25 20:45:27'),(1582,74,'CÁLCULO INTEGRAL','ERV-3A',1,'Seguimiento de la Planeación','documentos_subidos/S8H91qBkCpGleePYCFtSkH4G7cptn524cpwNRhdh.pdf','acuses/acuse_1582.pdf','2025-06-25 20:46:34','2025-06-25 20:46:35','[BLOB]','2025-06-25 20:46:34'),(1583,34,'INGLÉS III','DMI-3B',1,'Reporte de Evaluación Continua por Unidad de Aprendizaje (SIGO)','documentos_subidos/1TKRJXsibzbPlqsTlBjZPeTs2Kpj5wOkCFwIKNR2.pdf','acuses/acuse_1583.pdf','2025-06-25 22:53:23','2025-06-25 22:53:24','[BLOB]','2025-06-25 22:53:23'),(1584,34,'INGLÉS III','DMI-3B',1,'Seguimiento de la Planeación','documentos_subidos/xGPCWCnMrDsvpjVkPF10nIhwqnAW3k7yAl0bpMGU.pdf','acuses/acuse_1584.pdf','2025-06-25 22:56:43','2025-06-25 22:56:43','[BLOB]','2025-06-25 22:56:43'),(1585,46,'PROYECTO INTEGRADOR I','MAI-3A',1,'Planeación didáctica','documentos_subidos/9j0WoT0GswtVEaoSlNWPlbiwMreoxkmtMA2aSMvw.pdf',NULL,'2025-06-26 14:52:58','2025-06-26 14:52:58',NULL,NULL),(1586,46,'PROYECTO INTEGRADOR I','MAI-3A',1,'Reporte de Evaluación Continua por Unidad de Aprendizaje (SIGO)','documentos_subidos/cV6alzCHMaKdUK9bzFsFVru6mq070y4B9DX7p13P.pdf',NULL,'2025-06-26 15:10:31','2025-06-26 15:10:31',NULL,NULL),(1587,129,'ELECTRÓNICA ANALOGICA','MAI-3A',2,'Reporte de Evaluación Continua por Unidad de Aprendizaje (SIGO)','documentos_subidos/cIY721rXuFEs2Os4oy82SJFYCPBOdLiIfMZ4V9xG.pdf',NULL,'2025-06-26 16:27:21','2025-06-26 16:27:21',NULL,NULL),(1588,129,'ELECTRÓNICA ANALOGICA','MAI-3A',2,'Informe de Estudiantes No Acreditados','documentos_subidos/q3S5Z9tVGvQPhFW0fqFZpPhHWXjQv6BgIyf0Eh3S.pdf',NULL,'2025-06-26 16:27:42','2025-06-26 16:27:42',NULL,NULL),(1589,129,'ELECTRÓNICA ANALOGICA','MAI-3A',2,'Control de Asesorías','documentos_subidos/rSENnkobg2jew3lEGJ9OJGNB7iw8MfkfVfb6k0pQ.pdf',NULL,'2025-06-26 16:28:05','2025-06-26 16:28:05',NULL,NULL),(1590,129,'ELECTRÓNICA ANALOGICA','MAI-3A',2,'Seguimiento de la Planeación','documentos_subidos/TrgYuHjW5aJUkxjckER1ACppuHO8jhRmHQlodtqB.pdf',NULL,'2025-06-26 16:28:23','2025-06-26 16:28:23',NULL,NULL),(1591,18,'INGLÉS III','GST-3Z',1,'Seguimiento de la Planeación','documentos_subidos/9YbAEDQqvXNPlcpH1rxp42oruPIEPRdUe5DLVjTv.pdf','acuses/acuse_1591.pdf','2025-06-26 18:03:08','2025-06-26 18:03:08','[BLOB]','2025-06-26 18:03:08'),(1592,18,'INGLÉS III','GST-3Z',1,'Informe de Estudiantes No Acreditados','documentos_subidos/x6HY6O6lugUUs5RR0MuG7c2wfNEYxGYSdjkQz3sD.pdf','acuses/acuse_1592.pdf','2025-06-26 18:11:38','2025-06-26 18:11:38','[BLOB]','2025-06-26 18:11:38'),(1593,18,'INGLÉS III','GST-3Z',1,'Reporte de Evaluación Continua por Unidad de Aprendizaje (SIGO)','documentos_subidos/QoQEZDVYdg8VYv4vvOWQm47p5rq0zQCLrC7g0pq2.pdf','acuses/acuse_1593.pdf','2025-06-26 18:15:04','2025-06-26 18:15:04','[BLOB]','2025-06-26 18:15:04'),(1594,18,'INGLÉS III','MAI-3B',1,'Reporte de Evaluación Continua por Unidad de Aprendizaje (SIGO)','documentos_subidos/khvB47DZ61fmGnZDWalnGfv5toCywTws9rnGUo7A.pdf','acuses/acuse_1594.pdf','2025-06-26 18:16:01','2025-06-26 18:16:02','[BLOB]','2025-06-26 18:16:01'),(1595,18,'INGLÉS III','MAI-3B',1,'Informe de Estudiantes No Acreditados','documentos_subidos/FYm4mCf6DFR1ZOMKZ7D7pvUYWOtXOBrpuYPflEAV.pdf','acuses/acuse_1595.pdf','2025-06-26 18:17:42','2025-06-26 18:17:42','[BLOB]','2025-06-26 18:17:42'),(1596,18,'INGLÉS III','MAI-3B',1,'Seguimiento de la Planeación','documentos_subidos/hoO9p0Z8gUMFzd5YtHHJES7NDzFpj4BXzcfe9D0K.pdf','acuses/acuse_1596.pdf','2025-06-26 18:18:42','2025-06-26 18:18:42','[BLOB]','2025-06-26 18:18:42'),(1597,18,'INGLÉS III','MEC-3B',1,'Seguimiento de la Planeación','documentos_subidos/RfHuUBqYuf9JAuRO6PYU61u03bCWzTvVEUJk1w44.pdf','acuses/acuse_1597.pdf','2025-06-26 18:20:08','2025-06-26 18:20:08','[BLOB]','2025-06-26 18:20:08'),(1598,20,'MOTORES ELECTRICOS','EMV-3A',1,'Planeación didáctica','documentos_subidos/gytEButUXhC5UqzLdg0G5Zo2vZzGAuGIEiG1VrpG.docx',NULL,'2025-06-27 02:28:17','2025-06-27 02:28:17',NULL,NULL),(1599,38,'MÁQUINAS Y MECANISMOS','MAI-3A',1,'Reporte de Evaluación Continua por Unidad de Aprendizaje (SIGO)','documentos_subidos/L7FRUC0vTusiwgrHUaehRDY0yaHm4CbmDdFlpqQ1.pdf',NULL,'2025-06-27 02:31:03','2025-06-27 02:31:03',NULL,NULL),(1600,20,'MOTORES ELECTRICOS','EMV-3A',1,'Reporte de Evaluación Continua por Unidad de Aprendizaje (SIGO)','documentos_subidos/0zfHcBFr4attdyD7RwYvpc1UU2pttDOL9elEMDy7.pdf',NULL,'2025-06-27 02:31:21','2025-06-27 02:31:21',NULL,NULL),(1601,20,'MOTORES ELECTRICOS','EMV-3A',1,'Informe de Estudiantes No Acreditados','documentos_subidos/xStIvU03mu83Kc5cvmXKLTEpsWICCeTuyomUa4uY.xlsx',NULL,'2025-06-27 02:33:09','2025-06-27 02:33:09',NULL,NULL),(1602,38,'SISTEMAS MECÁNICOS II','MEC-9A',1,'Reporte de Evaluación Continua por Unidad de Aprendizaje (SIGO)','documentos_subidos/oBEdYdwzH5PoQmOMUZLJOzGp76ZsXHf2HqcpP0f7.pdf','acuses/acuse_1602.pdf','2025-06-27 02:35:48','2025-06-27 02:35:48','[BLOB]','2025-06-27 02:35:48'),(1603,38,'DIRECCIÓN DE EQUIPOS DE ALTO RENDIMIENTO','MAI-9A',1,'Reporte de Evaluación Continua por Unidad de Aprendizaje (SIGO)','documentos_subidos/n9zpB40abjr4Nn5KowdeglhewfMy9r7bm3QuBY79.pdf','acuses/acuse_1603.pdf','2025-06-27 02:37:20','2025-06-27 02:37:21','[BLOB]','2025-06-27 02:37:20'),(1604,20,'MOTORES ELECTRICOS','EMV-3A',1,'Seguimiento de la Planeación','documentos_subidos/p4dnx5aAK6JDaNgaGd9zFKWuZJrUZZ54SwkXJVnG.xlsx',NULL,'2025-06-27 02:41:18','2025-06-27 02:41:18',NULL,NULL),(1605,20,'ELECTRONICA ANALOGICA','EMV-3A',1,'Seguimiento de la Planeación','documentos_subidos/X9MUp4bV8yAucawBjF4uTWoszU5NWIpAOdQmyj2b.xlsx',NULL,'2025-06-27 15:43:20','2025-06-27 15:43:20',NULL,NULL),(1606,20,'ELECTRONICA ANALOGICA','EMV-3A',2,'Seguimiento de la Planeación','documentos_subidos/ywppsX02lcn2zxK1QuYF8romIuYU5TgUGswNLT3M.xlsx',NULL,'2025-06-27 15:56:39','2025-06-27 15:56:39',NULL,NULL),(1607,20,'ELECTRONICA ANALOGICA','EMV-3A',3,'Seguimiento de la Planeación','documentos_subidos/rmVtEgegz1DhYEoGw4tv7t26oOdm5EcqhLBGDynI.xlsx',NULL,'2025-06-27 16:04:13','2025-06-27 16:04:13',NULL,NULL),(1608,68,'INGLÉS III','GST-3E',1,'Reporte de Evaluación Continua por Unidad de Aprendizaje (SIGO)','documentos_subidos/9TEdzoieO1j3hEqlHSgA1xhwtlkAAQLhdTh3laMV.pdf',NULL,'2025-06-27 17:18:21','2025-06-27 17:18:21',NULL,NULL),(1609,68,'INGLÉS II','GST-2A',1,'Reporte de Evaluación Continua por Unidad de Aprendizaje (SIGO)','documentos_subidos/2hfiyB1T5C0N6bWusXOYDoe8qxZcPvx81HBr67WQ.pdf',NULL,'2025-06-27 17:24:23','2025-06-27 17:24:23',NULL,NULL),(1610,68,'INGLÉS II','GST-2A',1,'Informe de Estudiantes No Acreditados','documentos_subidos/QE0Pf3Jf8uT0kfwv1LRrfEVNal28tVK4aGNYjifS.pdf',NULL,'2025-06-27 17:24:44','2025-06-27 17:24:44',NULL,NULL),(1611,68,'INGLÉS II','GST-2A',1,'Control de Asesorías','documentos_subidos/m33TcGyhX2ortVIo8LJrZu1lzrJFcD89ZZfENoLS.pdf',NULL,'2025-06-27 17:25:00','2025-06-27 17:25:00',NULL,NULL),(1612,68,'INGLÉS III','GST-3E',1,'Informe de Estudiantes No Acreditados','documentos_subidos/OVRst7doIHSzrtqs1NLpTAYOBOxGw7ccxqmMUpEC.pdf',NULL,'2025-06-27 17:47:33','2025-06-27 17:47:33',NULL,NULL),(1613,68,'INGLÉS III','GST-3E',1,'Control de Asesorías','documentos_subidos/ksrbNSDd1bpBEJlXpxn1yoAbNOMFSjixAUcUn7Ru.pdf',NULL,'2025-06-27 17:47:58','2025-06-27 17:47:58',NULL,NULL);

--
-- Table structure for table `failed_jobs`
--

CREATE TABLE `failed_jobs` (
  `id` bigint unsigned NOT NULL AUTO_INCREMENT,
  `uuid` varchar(125) COLLATE utf8mb4_unicode_ci NOT NULL,
  `connection` text COLLATE utf8mb4_unicode_ci NOT NULL,
  `queue` text COLLATE utf8mb4_unicode_ci NOT NULL,
  `payload` longtext COLLATE utf8mb4_unicode_ci NOT NULL,
  `exception` longtext COLLATE utf8mb4_unicode_ci NOT NULL,
  `failed_at` timestamp NOT NULL DEFAULT CURRENT_TIMESTAMP,
  PRIMARY KEY (`id`),
  UNIQUE KEY `failed_jobs_uuid_unique` (`uuid`)
) ENGINE=InnoDB DEFAULT CHARSET=utf8mb4 COLLATE=utf8mb4_unicode_ci;

--
-- Dumping data for table `failed_jobs`
--


--
-- Table structure for table `migrations`
--

CREATE TABLE `migrations` (
  `id` int unsigned NOT NULL AUTO_INCREMENT,
  `migration` varchar(125) COLLATE utf8mb4_unicode_ci NOT NULL,
  `batch` int NOT NULL,
  PRIMARY KEY (`id`)
) ENGINE=InnoDB AUTO_INCREMENT=90 DEFAULT CHARSET=utf8mb4 COLLATE=utf8mb4_unicode_ci;

--
-- Dumping data for table `migrations`
--

INSERT INTO `migrations` VALUES (45,'2014_10_12_000000_create_users_table',1),(46,'2014_10_12_100000_create_password_resets_table',1),(47,'2019_08_19_000000_create_failed_jobs_table',1),(48,'2019_12_14_000001_create_personal_access_tokens_table',1),(49,'2025_03_14_015223_create_permission_tables',1),(50,'2025_03_14_015415_create_activity_log_table',1),(51,'2025_03_14_060142_create_requerimientos_table',1),(52,'2025_03_14_062603_create_comunicados_table',1),(53,'2025_03_14_073158_add_event_column_to_activity_log_table',1),(54,'2025_03_14_073159_add_batch_uuid_column_to_activity_log_table',1),(55,'2025_03_15_053409_create_seccions_table',1),(56,'2025_03_15_075846_create_modulos_table',1),(57,'2025_03_15_083759_add_seccion_id_to_modulos_table',1),(58,'2025_03_15_135246_create_settings_table',1),(59,'2025_03_16_044442_add_fields_to_users_table',1),(60,'2025_03_16_081721_create_carpetas_table',1),(61,'2025_03_16_082020_create_archivos_table',1),(62,'2025_03_16_091505_create_subsections_table',1),(63,'2025_03_16_141745_add_subsection_id_to_carpetas_table',1),(64,'2025_03_20_225835_create_submodulos_table',1),(65,'2025_03_21_172524_add_user_id_to_submodulo_archivos_table',1),(66,'2025_03_21_195026_create_correspondencias_table',1),(67,'2025_03_27_184846_create_submodulo_usuarios_table',1),(68,'2025_04_25_003222_add_icono_to_modulos_table',2),(69,'2025_04_25_005230_rename_email_to_correo_institucional_in_users_table',3),(70,'2025_04_25_005231_update_users_table_with_personal_and_academic_fields',3),(71,'2025_04_26_020614_update_submodulos_table_add_fields',4),(72,'2025_04_26_021041_update_submodulo_archivos_add_firma_fields',4),(73,'2025_05_10_162101_add_teacher_id_to_users_table',4),(74,'2025_05_13_235836_create_cuatrimestres_table',5),(75,'2025_05_14_002958_create_documentos_subidos_table',5),(76,'2025_05_21_153626_add_orden_to_seccions_table',6),(77,'2025_05_21_161232_add_acuse_pdf_to_documentos_subidos_table',6),(78,'2025_05_21_162939_add_firma_fields_to_documentos_subidos_table',6),(79,'2025_05_22_100814_add_unidad_to_documentos_subidos_table',7),(80,'2025_05_24_164104_add_must_change_password_to_users_table',7),(81,'2025_05_28_192115_remove_apellidos_and_name_from_users_table',8),(82,'2025_05_28_203626_add_orden_to_submodulos_table',8),(83,'2025_05_29_002021_add_orden_to_subsections_table',8),(84,'2025_05_29_002026_add_orden_to_carpetas_table',8),(85,'2025_05_29_175554_add_acuse_pdf_to_submodulo_archivos_table',9),(86,'2025_05_30_170010_add_grupo_to_documentos_subidos_table',10),(87,'2025_06_03_121048_create_tutorials_table',11),(88,'2025_06_03_123736_add_orden_to_tutorials_table',11),(89,'2025_06_20_222912_create_categoria_submodulo_table',12);

--
-- Table structure for table `model_has_permissions`
--

CREATE TABLE `model_has_permissions` (
  `permission_id` bigint unsigned NOT NULL,
  `model_type` varchar(125) COLLATE utf8mb4_unicode_ci NOT NULL,
  `model_id` bigint unsigned NOT NULL,
  PRIMARY KEY (`permission_id`,`model_id`,`model_type`),
  KEY `model_has_permissions_model_id_model_type_index` (`model_id`,`model_type`),
  CONSTRAINT `model_has_permissions_permission_id_foreign` FOREIGN KEY (`permission_id`) REFERENCES `permissions` (`id`) ON DELETE CASCADE
) ENGINE=InnoDB DEFAULT CHARSET=utf8mb4 COLLATE=utf8mb4_unicode_ci;

--
-- Dumping data for table `model_has_permissions`
--


--
-- Table structure for table `model_has_roles`
--

CREATE TABLE `model_has_roles` (
  `role_id` bigint unsigned NOT NULL,
  `model_type` varchar(125) COLLATE utf8mb4_unicode_ci NOT NULL,
  `model_id` bigint unsigned NOT NULL,
  PRIMARY KEY (`role_id`,`model_id`,`model_type`),
  KEY `model_has_roles_model_id_model_type_index` (`model_id`,`model_type`),
  CONSTRAINT `model_has_roles_role_id_foreign` FOREIGN KEY (`role_id`) REFERENCES `roles` (`id`) ON DELETE CASCADE
) ENGINE=InnoDB DEFAULT CHARSET=utf8mb4 COLLATE=utf8mb4_unicode_ci;

--
-- Dumping data for table `model_has_roles`
--

INSERT INTO `model_has_roles` VALUES (1,'App\\Models\\User',1),(1,'App\\Models\\User',2),(1,'App\\Models\\User',4),(5,'App\\Models\\User',7),(5,'App\\Models\\User',8),(5,'App\\Models\\User',9),(5,'App\\Models\\User',10),(5,'App\\Models\\User',11),(5,'App\\Models\\User',12),(5,'App\\Models\\User',13),(5,'App\\Models\\User',14),(5,'App\\Models\\User',15),(5,'App\\Models\\User',16),(5,'App\\Models\\User',17),(5,'App\\Models\\User',18),(5,'App\\Models\\User',19),(5,'App\\Models\\User',20),(5,'App\\Models\\User',21),(5,'App\\Models\\User',22),(5,'App\\Models\\User',23),(5,'App\\Models\\User',24),(5,'App\\Models\\User',25),(5,'App\\Models\\User',26),(5,'App\\Models\\User',27),(5,'App\\Models\\User',28),(5,'App\\Models\\User',29),(5,'App\\Models\\User',30),(5,'App\\Models\\User',31),(5,'App\\Models\\User',32),(5,'App\\Models\\User',33),(5,'App\\Models\\User',34),(5,'App\\Models\\User',35),(5,'App\\Models\\User',36),(5,'App\\Models\\User',37),(5,'App\\Models\\User',38),(5,'App\\Models\\User',39),(5,'App\\Models\\User',40),(5,'App\\Models\\User',41),(5,'App\\Models\\User',42),(5,'App\\Models\\User',43),(5,'App\\Models\\User',44),(5,'App\\Models\\User',45),(5,'App\\Models\\User',46),(5,'App\\Models\\User',47),(5,'App\\Models\\User',48),(5,'App\\Models\\User',49),(5,'App\\Models\\User',50),(5,'App\\Models\\User',51),(5,'App\\Models\\User',52),(5,'App\\Models\\User',53),(5,'App\\Models\\User',54),(5,'App\\Models\\User',55),(5,'App\\Models\\User',56),(5,'App\\Models\\User',57),(5,'App\\Models\\User',58),(5,'App\\Models\\User',59),(5,'App\\Models\\User',60),(5,'App\\Models\\User',61),(5,'App\\Models\\User',62),(5,'App\\Models\\User',63),(5,'App\\Models\\User',64),(2,'App\\Models\\User',65),(5,'App\\Models\\User',66),(5,'App\\Models\\User',67),(5,'App\\Models\\User',68),(5,'App\\Models\\User',69),(5,'App\\Models\\User',70),(5,'App\\Models\\User',71),(5,'App\\Models\\User',72),(5,'App\\Models\\User',73),(5,'App\\Models\\User',74),(5,'App\\Models\\User',75),(5,'App\\Models\\User',76),(5,'App\\Models\\User',77),(5,'App\\Models\\User',78),(5,'App\\Models\\User',79),(5,'App\\Models\\User',80),(5,'App\\Models\\User',81),(5,'App\\Models\\User',82),(5,'App\\Models\\User',83),(5,'App\\Models\\User',84),(5,'App\\Models\\User',85),(5,'App\\Models\\User',86),(5,'App\\Models\\User',87),(5,'App\\Models\\User',88),(5,'App\\Models\\User',89),(5,'App\\Models\\User',90),(5,'App\\Models\\User',91),(5,'App\\Models\\User',92),(5,'App\\Models\\User',93),(5,'App\\Models\\User',94),(5,'App\\Models\\User',96),(5,'App\\Models\\User',97),(5,'App\\Models\\User',98),(5,'App\\Models\\User',99),(5,'App\\Models\\User',100),(5,'App\\Models\\User',101),(5,'App\\Models\\User',102),(5,'App\\Models\\User',103),(5,'App\\Models\\User',104),(5,'App\\Models\\User',105),(5,'App\\Models\\User',106),(5,'App\\Models\\User',107),(5,'App\\Models\\User',108),(5,'App\\Models\\User',109),(5,'App\\Models\\User',110),(5,'App\\Models\\User',111),(5,'App\\Models\\User',112),(5,'App\\Models\\User',113),(5,'App\\Models\\User',114),(5,'App\\Models\\User',115),(5,'App\\Models\\User',116),(5,'App\\Models\\User',117),(5,'App\\Models\\User',118),(5,'App\\Models\\User',119),(5,'App\\Models\\User',120),(5,'App\\Models\\User',121),(5,'App\\Models\\User',122),(5,'App\\Models\\User',123),(5,'App\\Models\\User',124),(5,'App\\Models\\User',125),(5,'App\\Models\\User',126),(5,'App\\Models\\User',127),(5,'App\\Models\\User',128),(5,'App\\Models\\User',129),(5,'App\\Models\\User',130),(5,'App\\Models\\User',131),(5,'App\\Models\\User',132),(5,'App\\Models\\User',133),(5,'App\\Models\\User',134),(5,'App\\Models\\User',135),(5,'App\\Models\\User',136),(5,'App\\Models\\User',137),(5,'App\\Models\\User',138),(5,'App\\Models\\User',139),(5,'App\\Models\\User',140),(2,'App\\Models\\User',141),(5,'App\\Models\\User',142),(5,'App\\Models\\User',143),(2,'App\\Models\\User',144),(2,'App\\Models\\User',145),(2,'App\\Models\\User',146),(2,'App\\Models\\User',147),(2,'App\\Models\\User',148);

--
-- Table structure for table `modulos`
--

CREATE TABLE `modulos` (
  `id` bigint unsigned NOT NULL AUTO_INCREMENT,
  `titulo` varchar(125) COLLATE utf8mb4_unicode_ci NOT NULL,
  `anio` varchar(125) COLLATE utf8mb4_unicode_ci DEFAULT NULL,
  `categoria` varchar(125) COLLATE utf8mb4_unicode_ci DEFAULT NULL,
  `color` varchar(125) COLLATE utf8mb4_unicode_ci NOT NULL DEFAULT '#009688',
  `descripcion` text COLLATE utf8mb4_unicode_ci,
  `link` varchar(125) COLLATE utf8mb4_unicode_ci DEFAULT NULL,
  `created_at` timestamp NULL DEFAULT NULL,
  `updated_at` timestamp NULL DEFAULT NULL,
  `seccion_id` bigint unsigned DEFAULT NULL,
  `icono` varchar(125) COLLATE utf8mb4_unicode_ci DEFAULT NULL,
  PRIMARY KEY (`id`),
  KEY `modulos_seccion_id_foreign` (`seccion_id`),
  CONSTRAINT `modulos_seccion_id_foreign` FOREIGN KEY (`seccion_id`) REFERENCES `seccions` (`id`) ON DELETE CASCADE
) ENGINE=InnoDB AUTO_INCREMENT=8 DEFAULT CHARSET=utf8mb4 COLLATE=utf8mb4_unicode_ci;

--
-- Dumping data for table `modulos`
--

INSERT INTO `modulos` VALUES (1,'Programas Educativos de la UTM','2025','Técnico Académico','#009688',NULL,'https://IT-UTM.COM/tecnico-academico','2025-03-28 01:30:08','2025-04-25 08:14:45',1,'fa-graduation-cap'),(5,'Gestión Académica','2025','1','#009688',NULL,NULL,'2025-04-23 09:54:16','2025-05-22 05:46:24',1,'fa-chart-pie'),(6,'Planeaciones Didácticas',NULL,'Licenciatura','#009688',NULL,NULL,'2025-05-19 21:32:01','2025-06-03 00:56:40',1,'fa-graduation-cap');

--
-- Table structure for table `permissions`
--

CREATE TABLE `permissions` (
  `id` bigint unsigned NOT NULL AUTO_INCREMENT,
  `name` varchar(125) COLLATE utf8mb4_unicode_ci NOT NULL,
  `guard_name` varchar(125) COLLATE utf8mb4_unicode_ci NOT NULL,
  `created_at` timestamp NULL DEFAULT NULL,
  `updated_at` timestamp NULL DEFAULT NULL,
  PRIMARY KEY (`id`),
  UNIQUE KEY `permissions_name_guard_name_unique` (`name`,`guard_name`)
) ENGINE=InnoDB AUTO_INCREMENT=52 DEFAULT CHARSET=utf8mb4 COLLATE=utf8mb4_unicode_ci;

--
-- Dumping data for table `permissions`
--

INSERT INTO `permissions` VALUES (1,'ver configuraciones','web','2025-03-28 01:30:06','2025-03-28 01:30:06'),(2,'ver usuarios','web','2025-03-28 01:30:06','2025-03-28 01:30:06'),(3,'crear usuarios','web','2025-03-28 01:30:06','2025-03-28 01:30:06'),(4,'editar usuarios','web','2025-03-28 01:30:06','2025-03-28 01:30:06'),(5,'eliminar usuarios','web','2025-03-28 01:30:06','2025-03-28 01:30:06'),(6,'ver roles','web','2025-03-28 01:30:06','2025-03-28 01:30:06'),(7,'crear roles','web','2025-03-28 01:30:06','2025-03-28 01:30:06'),(8,'editar roles','web','2025-03-28 01:30:06','2025-03-28 01:30:06'),(9,'eliminar roles','web','2025-03-28 01:30:06','2025-03-28 01:30:06'),(10,'ver secciones','web','2025-03-28 01:30:06','2025-03-28 01:30:06'),(11,'crear secciones','web','2025-03-28 01:30:06','2025-03-28 01:30:06'),(12,'editar secciones','web','2025-03-28 01:30:06','2025-03-28 01:30:06'),(13,'eliminar secciones','web','2025-03-28 01:30:06','2025-03-28 01:30:06'),(14,'ver modulos','web','2025-03-28 01:30:06','2025-03-28 01:30:06'),(15,'crear modulos','web','2025-03-28 01:30:06','2025-03-28 01:30:06'),(16,'editar modulos','web','2025-03-28 01:30:06','2025-03-28 01:30:06'),(17,'eliminar modulos','web','2025-03-28 01:30:06','2025-03-28 01:30:06'),(18,'ver carpetas','web','2025-03-28 01:30:06','2025-03-28 01:30:06'),(19,'crear carpetas','web','2025-03-28 01:30:06','2025-03-28 01:30:06'),(20,'editar carpetas','web','2025-03-28 01:30:06','2025-03-28 01:30:06'),(21,'eliminar carpetas','web','2025-03-28 01:30:06','2025-03-28 01:30:06'),(22,'subir archivos','web','2025-03-28 01:30:06','2025-03-28 01:30:06'),(23,'ver subsecciones','web','2025-03-28 01:30:06','2025-03-28 01:30:06'),(24,'crear subsecciones','web','2025-03-28 01:30:06','2025-03-28 01:30:06'),(25,'editar subsecciones','web','2025-03-28 01:30:06','2025-03-28 01:30:06'),(26,'eliminar subsecciones','web','2025-03-28 01:30:06','2025-03-28 01:30:06'),(27,'ver comunicados','web','2025-03-28 01:30:06','2025-03-28 01:30:06'),(28,'crear comunicados','web','2025-03-28 01:30:06','2025-03-28 01:30:06'),(29,'editar comunicados','web','2025-03-28 01:30:06','2025-03-28 01:30:06'),(30,'eliminar comunicados','web','2025-03-28 01:30:06','2025-03-28 01:30:06'),(31,'ver submodulos','web','2025-03-28 01:30:06','2025-03-28 01:30:06'),(32,'crear submodulos','web','2025-03-28 01:30:06','2025-03-28 01:30:06'),(33,'editar submodulos','web','2025-03-28 01:30:06','2025-03-28 01:30:06'),(34,'eliminar submodulos','web','2025-03-28 01:30:06','2025-03-28 01:30:06'),(35,'ver correspondencias','web','2025-03-28 01:30:06','2025-03-28 01:30:06'),(36,'crear correspondencias','web','2025-03-28 01:30:06','2025-03-28 01:30:06'),(37,'editar correspondencias','web','2025-03-28 01:30:06','2025-03-28 01:30:06'),(38,'eliminar correspondencias','web','2025-03-28 01:30:06','2025-03-28 01:30:06'),(39,'ver archivos','web','2025-03-28 01:30:06','2025-03-28 01:30:06'),(40,'crear archivos','web','2025-03-28 01:30:06','2025-03-28 01:30:06'),(41,'editar archivos','web','2025-03-28 01:30:06','2025-03-28 01:30:06'),(42,'eliminar archivos','web','2025-03-28 01:30:06','2025-03-28 01:30:06'),(43,'ver documentos profesores','web','2025-05-14 06:31:44','2025-05-14 06:31:44'),(44,'ver revisiones','web','2025-06-01 07:04:16','2025-06-01 07:04:16'),(45,'crear revisiones','web','2025-06-01 07:04:16','2025-06-01 07:04:16'),(46,'editar revisiones','web','2025-06-01 07:04:16','2025-06-01 07:04:16'),(47,'eliminar revisiones','web','2025-06-01 07:04:16','2025-06-01 07:04:16'),(48,'ver tutoriales','web','2025-06-03 18:00:13','2025-06-03 18:00:13'),(49,'crear tutoriales','web','2025-06-03 18:00:13','2025-06-03 18:00:13'),(50,'editar tutoriales','web','2025-06-03 18:00:13','2025-06-03 18:00:13'),(51,'eliminar tutoriales','web','2025-06-03 18:00:13','2025-06-03 18:00:13');

--
-- Table structure for table `requerimientos`
--

CREATE TABLE `requerimientos` (
  `id` bigint unsigned NOT NULL AUTO_INCREMENT,
  `user_id` bigint unsigned NOT NULL,
  `nombre` varchar(125) COLLATE utf8mb4_unicode_ci NOT NULL,
  `fecha_limite` date NOT NULL,
  `estado` enum('pendiente','entregado') COLLATE utf8mb4_unicode_ci NOT NULL DEFAULT 'pendiente',
  `created_at` timestamp NULL DEFAULT NULL,
  `updated_at` timestamp NULL DEFAULT NULL,
  PRIMARY KEY (`id`),
  KEY `requerimientos_user_id_foreign` (`user_id`),
  CONSTRAINT `requerimientos_user_id_foreign` FOREIGN KEY (`user_id`) REFERENCES `users` (`id`) ON DELETE CASCADE
) ENGINE=InnoDB AUTO_INCREMENT=3 DEFAULT CHARSET=utf8mb4 COLLATE=utf8mb4_unicode_ci;

--
-- Dumping data for table `requerimientos`
--

INSERT INTO `requerimientos` VALUES (1,1,'Informe del Primer Semestre sobre Acciones en Cultura de la Paz','2025-01-15','pendiente','2025-03-28 01:30:07','2025-03-28 01:30:07'),(2,1,'Informe del Segundo Semestre sobre Acciones en Cultura de la Paz','2025-03-15','pendiente','2025-03-28 01:30:07','2025-03-28 01:30:07');

--
-- Table structure for table `role_has_permissions`
--

CREATE TABLE `role_has_permissions` (
  `permission_id` bigint unsigned NOT NULL,
  `role_id` bigint unsigned NOT NULL,
  PRIMARY KEY (`permission_id`,`role_id`),
  KEY `role_has_permissions_role_id_foreign` (`role_id`),
  CONSTRAINT `role_has_permissions_permission_id_foreign` FOREIGN KEY (`permission_id`) REFERENCES `permissions` (`id`) ON DELETE CASCADE,
  CONSTRAINT `role_has_permissions_role_id_foreign` FOREIGN KEY (`role_id`) REFERENCES `roles` (`id`) ON DELETE CASCADE
) ENGINE=InnoDB DEFAULT CHARSET=utf8mb4 COLLATE=utf8mb4_unicode_ci;

--
-- Dumping data for table `role_has_permissions`
--

INSERT INTO `role_has_permissions` VALUES (1,1),(2,1),(3,1),(4,1),(5,1),(6,1),(7,1),(8,1),(9,1),(10,1),(11,1),(12,1),(13,1),(14,1),(15,1),(16,1),(17,1),(18,1),(19,1),(20,1),(21,1),(22,1),(23,1),(24,1),(25,1),(26,1),(27,1),(28,1),(29,1),(30,1),(31,1),(32,1),(33,1),(34,1),(35,1),(36,1),(37,1),(38,1),(39,1),(40,1),(41,1),(42,1),(43,1),(44,1),(45,1),(46,1),(47,1),(48,1),(49,1),(50,1),(51,1),(10,2),(14,2),(18,2),(23,2),(27,2),(31,2),(35,2),(39,2),(43,2),(44,2),(48,2),(10,5),(14,5),(18,5),(22,5),(23,5),(27,5),(31,5),(35,5),(39,5),(44,5),(48,5);

--
-- Table structure for table `roles`
--

CREATE TABLE `roles` (
  `id` bigint unsigned NOT NULL AUTO_INCREMENT,
  `name` varchar(125) COLLATE utf8mb4_unicode_ci NOT NULL,
  `guard_name` varchar(125) COLLATE utf8mb4_unicode_ci NOT NULL,
  `created_at` timestamp NULL DEFAULT NULL,
  `updated_at` timestamp NULL DEFAULT NULL,
  PRIMARY KEY (`id`),
  UNIQUE KEY `roles_name_guard_name_unique` (`name`,`guard_name`)
) ENGINE=InnoDB AUTO_INCREMENT=6 DEFAULT CHARSET=utf8mb4 COLLATE=utf8mb4_unicode_ci;

--
-- Dumping data for table `roles`
--

INSERT INTO `roles` VALUES (1,'Administrador','web','2025-03-28 01:30:06','2025-03-28 01:30:06'),(2,'Subdirector','web','2025-03-28 01:30:07','2025-03-28 01:30:07'),(3,'Empleado','web','2025-03-28 01:30:07','2025-03-28 01:30:07'),(4,'Observador','web','2025-03-28 01:30:07','2025-03-28 01:30:07'),(5,'Profesor','web','2025-05-22 18:49:26','2025-05-22 18:49:26');

--
-- Table structure for table `seccions`
--

CREATE TABLE `seccions` (
  `id` bigint unsigned NOT NULL AUTO_INCREMENT,
  `nombre` varchar(125) COLLATE utf8mb4_unicode_ci NOT NULL,
  `slug` varchar(125) COLLATE utf8mb4_unicode_ci NOT NULL,
  `color` varchar(125) COLLATE utf8mb4_unicode_ci NOT NULL DEFAULT '#009688',
  `orden` int NOT NULL DEFAULT '0',
  `created_at` timestamp NULL DEFAULT NULL,
  `updated_at` timestamp NULL DEFAULT NULL,
  PRIMARY KEY (`id`),
  UNIQUE KEY `seccions_slug_unique` (`slug`)
) ENGINE=InnoDB AUTO_INCREMENT=8 DEFAULT CHARSET=utf8mb4 COLLATE=utf8mb4_unicode_ci;

--
-- Dumping data for table `seccions`
--

INSERT INTO `seccions` VALUES (1,'Académico','generico','#670D37',1,'2025-03-28 01:30:08','2025-05-23 21:56:41');

--
-- Table structure for table `settings`
--

CREATE TABLE `settings` (
  `id` bigint unsigned NOT NULL AUTO_INCREMENT,
  `created_at` timestamp NULL DEFAULT NULL,
  `updated_at` timestamp NULL DEFAULT NULL,
  PRIMARY KEY (`id`)
) ENGINE=InnoDB DEFAULT CHARSET=utf8mb4 COLLATE=utf8mb4_unicode_ci;

--
-- Dumping data for table `settings`
--


--
-- Table structure for table `submodulo_archivos`
--

CREATE TABLE `submodulo_archivos` (
  `id` bigint unsigned NOT NULL AUTO_INCREMENT,
  `submodulo_id` bigint unsigned NOT NULL,
  `user_id` bigint unsigned NOT NULL,
  `nombre` varchar(125) COLLATE utf8mb4_unicode_ci NOT NULL,
  `ruta` varchar(125) COLLATE utf8mb4_unicode_ci NOT NULL,
  `firma_sat` text COLLATE utf8mb4_unicode_ci,
  `fecha_firma` timestamp NULL DEFAULT NULL,
  `acuse_pdf` varchar(125) COLLATE utf8mb4_unicode_ci DEFAULT NULL,
  `created_at` timestamp NULL DEFAULT NULL,
  `updated_at` timestamp NULL DEFAULT NULL,
  PRIMARY KEY (`id`),
  KEY `submodulo_archivos_submodulo_id_foreign` (`submodulo_id`),
  KEY `submodulo_archivos_user_id_foreign` (`user_id`),
  CONSTRAINT `submodulo_archivos_submodulo_id_foreign` FOREIGN KEY (`submodulo_id`) REFERENCES `submodulos` (`id`) ON DELETE CASCADE,
  CONSTRAINT `submodulo_archivos_user_id_foreign` FOREIGN KEY (`user_id`) REFERENCES `users` (`id`) ON DELETE CASCADE
) ENGINE=InnoDB AUTO_INCREMENT=163 DEFAULT CHARSET=utf8mb4 COLLATE=utf8mb4_unicode_ci;

--
-- Dumping data for table `submodulo_archivos`
--

INSERT INTO `submodulo_archivos` VALUES (7,13,104,'oficio_entrega','submodulos/HragxBPMt1qJtSK3xuCMFl9bIMCp69cTKRHltje8.pdf',NULL,NULL,NULL,'2025-05-30 19:43:52','2025-05-30 19:43:52'),(8,13,132,'oficio_entrega','submodulos/D1lGtM4SK9Eyt0b1XnRCWQljUqzTgOo2GJywVMde.pdf',NULL,NULL,NULL,'2025-05-30 19:48:21','2025-05-30 19:48:21'),(9,13,89,'oficio_entrega','submodulos/0jq3KBDo1xIXk1z8EwsAe2rdRWvPMIAv71kMXxel.pdf',NULL,NULL,NULL,'2025-05-30 19:50:52','2025-05-30 19:50:52'),(10,14,104,'oficio_entrega','submodulos/esB6iNsXrcsLcerdGX3eQjArvwoLACThEjWZd0fh.pdf',NULL,NULL,NULL,'2025-05-30 19:55:05','2025-05-30 19:55:05'),(11,14,130,'oficio_entrega','submodulos/lEUR7kfBhUG7yP8hJEBYVSyrsENE16hFeJRGsr7v.pdf',NULL,NULL,NULL,'2025-05-30 20:55:06','2025-05-30 20:55:06'),(12,14,103,'oficio_entrega','submodulos/LvVyd2VXz5cfCQKKjuEFXDWmcZOsyVPACXbshtlt.pdf',NULL,NULL,NULL,'2025-05-30 21:02:30','2025-05-30 21:02:30'),(14,14,30,'oficio_entrega','submodulos/CQrSUbBkyHSrCiOYgbWaFBuSgDl9gUhuK59mV8Rw.pdf',NULL,NULL,NULL,'2025-05-30 22:08:27','2025-05-30 22:08:27'),(15,13,108,'oficio_entrega','submodulos/HdZey2WQFU8zkr8QrMPwE7QD6awVP9XWaKqf45Yj.pdf',NULL,NULL,NULL,'2025-05-31 03:19:52','2025-05-31 03:19:52'),(16,14,110,'oficio_entrega','submodulos/XCHvmHBhZ3lmkx0WKScmaM4PPetM8vPTvRxI0fuQ.pdf',NULL,NULL,NULL,'2025-05-31 04:05:27','2025-05-31 04:05:27'),(18,13,77,'oficio_entrega','submodulos/4c3MrKrByoPgxHYpvEqc4t93Xd4FzDk9jMnHKhZ6.pdf',NULL,NULL,NULL,'2025-05-31 04:45:06','2025-05-31 04:45:06'),(19,13,125,'oficio_entrega','submodulos/DZltSFhI13aVqX6Vmr5BDkZKhDa8q2DXoBJILF0x.pdf',NULL,NULL,NULL,'2025-05-31 04:46:44','2025-05-31 04:46:44'),(20,13,90,'oficio_entrega','submodulos/cPfHq0Gj7rvfeWvTfEtVCDcL3GeP2p6S4u0x2TkK.pdf',NULL,NULL,NULL,'2025-05-31 05:51:46','2025-05-31 05:51:46'),(21,13,65,'oficio_entrega','submodulos/3fjrxW0sNOUFmZVKd0YJ6OIMJO2bRQCpduFkY1x6.pdf','[BLOB]','2025-06-01 23:46:52',NULL,'2025-06-01 23:46:52','2025-06-01 23:46:52'),(22,14,60,'oficio_entrega','submodulos/WqxCqtaXlo4mOAwv1lld5jSEYBRRlsC15cwTkQTY.pdf',NULL,NULL,NULL,'2025-06-02 02:46:37','2025-06-02 02:46:37'),(23,13,98,'oficio_entrega','submodulos/kHwlwQLAnqi1KOpsvQtpsza61QSqc1xPpkjY5Y4h.pdf',NULL,NULL,NULL,'2025-06-02 15:21:18','2025-06-02 15:21:18'),(24,14,53,'oficio_entrega','submodulos/sT0Jv0uUGCg6jxkrmwJDP3orPmn7Ido18hiaf2MQ.pdf',NULL,NULL,NULL,'2025-06-02 17:00:26','2025-06-02 17:00:26'),(25,13,53,'oficio_entrega','submodulos/lXvLE1GBlcSYGYpFUPygORA0pEMwirX5Oelm9RBE.pdf',NULL,NULL,NULL,'2025-06-02 17:04:50','2025-06-02 17:04:50'),(26,14,56,'oficio_entrega','submodulos/paVDTBmOAGT3VBF0VvklzsfUXAT1BP21FPw4ekHD.pdf',NULL,NULL,NULL,'2025-06-02 18:34:59','2025-06-02 18:34:59'),(27,13,75,'oficio_entrega','submodulos/eDLhMV913vIIlBw1XZ2LexdkfHBHjQiBFUoWUdre.pdf',NULL,NULL,NULL,'2025-06-02 18:44:32','2025-06-02 18:44:32'),(28,14,75,'oficio_entrega','submodulos/uuM9LN9588KN1wO6S6XbDRAVG4jZfCvdGS5mpOIh.pdf',NULL,NULL,NULL,'2025-06-02 18:50:49','2025-06-02 18:50:49'),(29,13,122,'oficio_entrega','submodulos/uFaIf5539P69tVM01hE4aJjUNbe9BV7094uvtvmO.pdf',NULL,NULL,NULL,'2025-06-02 19:21:17','2025-06-02 19:21:17'),(30,13,103,'oficio_entrega','submodulos/NI5c9anV4RraP2CajnEEsdDuM8gUlDfvc5lXtMPH.pdf',NULL,NULL,NULL,'2025-06-02 20:24:07','2025-06-02 20:24:07'),(34,14,142,'oficio_entrega','submodulos/mh52zmFVU7iBrIiaV9bwIPuXDtw7dXLtId9ds06M.pdf','[BLOB]','2025-06-02 20:39:04',NULL,'2025-06-02 20:39:03','2025-06-02 20:39:04'),(36,13,101,'oficio_entrega','submodulos/QwJitH1ODkTvptut9cdm3keVeIhi814CxroKOWRt.pdf',NULL,NULL,NULL,'2025-06-02 21:03:46','2025-06-02 21:03:46'),(37,14,101,'oficio_entrega','submodulos/iMvMtC0sTctkS1wzyZlVDs4PLukyQmK8rxxDi8aX.pdf',NULL,NULL,NULL,'2025-06-02 21:04:01','2025-06-02 21:04:01'),(38,14,89,'oficio_entrega','submodulos/5DWK7sa66l6wxrQx6DiINlnj4nQ1jJDv39fobJEa.pdf',NULL,NULL,NULL,'2025-06-02 21:32:03','2025-06-02 21:32:03'),(39,13,102,'oficio_entrega','submodulos/4127q7JHBD2S1qQPLeRnQsBcU5wTueWKC66WXAoE.pdf',NULL,NULL,NULL,'2025-06-02 21:51:44','2025-06-02 21:51:44'),(40,13,79,'oficio_entrega','submodulos/QeS7j24oh2tpD0sAyvM8OmDZqSllZcsvgjoRMqtY.pdf',NULL,NULL,NULL,'2025-06-03 00:08:35','2025-06-03 00:08:35'),(41,13,112,'oficio_entrega','submodulos/qBYHfqfQwznX5bESFpdPToJgNgIDbyt8NL0baVJb.pdf',NULL,NULL,NULL,'2025-06-03 01:13:53','2025-06-03 01:13:53'),(42,14,128,'oficio_entrega','submodulos/iGBbk0sWEfu6THF99We6atr4IgwZmrvhY05tQh51.pdf',NULL,NULL,NULL,'2025-06-03 04:56:37','2025-06-03 04:56:37'),(43,13,116,'oficio_entrega','submodulos/vApEZP04gzvN4N7coBvEOVbHUYLV9YKcyD1MJUTh.pdf',NULL,NULL,NULL,'2025-06-03 15:09:52','2025-06-03 15:09:52'),(44,14,116,'oficio_entrega','submodulos/Jnu037ldcDtJXihWdnikijknmhrycvWvLI402ev5.pdf',NULL,NULL,NULL,'2025-06-03 15:10:14','2025-06-03 15:10:14'),(45,13,115,'oficio_entrega','submodulos/05pyk9kU45ejVJQ5qeSNWFBtWrBhXIBKc9VQLARJ.pdf',NULL,NULL,NULL,'2025-06-03 16:16:30','2025-06-03 16:16:30'),(46,13,60,'oficio_entrega','submodulos/BEIXoeEUFZKvSeiluCp2w8BKLkj20FT2NKODLwTH.pdf',NULL,NULL,NULL,'2025-06-03 16:17:52','2025-06-03 16:17:52'),(47,13,130,'oficio_entrega','submodulos/WbSQ0fcDta1DiKfncvs9bU5ZoRZdkkHkpHLwrC8m.pdf',NULL,NULL,NULL,'2025-06-03 17:00:18','2025-06-03 17:00:18'),(48,14,55,'oficio_entrega','submodulos/ehud0r0fL0CgzjE1CnabvRlW90DqI3eJw0NKNStW.pdf',NULL,NULL,NULL,'2025-06-03 17:30:55','2025-06-03 17:30:55'),(49,13,55,'oficio_entrega','submodulos/x7yA0l2mfwJtaTRStsbI0KRdHO28BOB1jWU4CkZL.pdf',NULL,NULL,NULL,'2025-06-03 17:36:20','2025-06-03 17:36:20'),(50,14,122,'oficio_entrega','submodulos/I1Yqdn5xoD3x4f0S0gKUY4s70yV0rwVG1nKYbT0r.pdf','[BLOB]','2025-06-03 17:38:38',NULL,'2025-06-03 17:38:38','2025-06-03 17:38:38'),(51,13,111,'oficio_entrega','submodulos/cbNVAEoQQZHlcreKrrQWtF0d8yQeMDbQIh7VRloa.pdf',NULL,NULL,NULL,'2025-06-03 17:42:48','2025-06-03 17:42:48'),(52,14,111,'oficio_entrega','submodulos/F0mmRQjoKkvlQHBK5ohTPQqnBXTWbSn33ti6mixe.pdf',NULL,NULL,NULL,'2025-06-03 17:53:56','2025-06-03 17:53:56'),(53,14,57,'oficio_entrega','submodulos/vpT48UBBiRjEPNcFZPMmmB1OcHLoPqqYZ6TzD4Ba.pdf',NULL,NULL,NULL,'2025-06-03 18:46:30','2025-06-03 18:46:30'),(54,14,57,'oficio_entrega','submodulos/NuPbxJxxapRFOrZEbvrGgxf1iS02jnxf8XylUxq8.pdf',NULL,NULL,NULL,'2025-06-03 18:46:46','2025-06-03 18:46:46'),(55,14,57,'oficio_entrega','submodulos/XBRDCg94U144ULwDd6n8OyPzEBLl31maStuVehuY.pdf',NULL,NULL,NULL,'2025-06-03 18:47:17','2025-06-03 18:47:17'),(56,13,56,'oficio_entrega','submodulos/GaqpSKXHgvcMIu12ulzaGcof2FgcXbp95L0RFRPm.pdf',NULL,NULL,NULL,'2025-06-03 19:04:22','2025-06-03 19:04:22'),(64,13,139,'oficio_entrega','submodulos/tgCGEMxtAHXtt3BlmSX83VX2ZXlTRbJDdmot0MNn.pdf',NULL,NULL,NULL,'2025-06-03 20:26:00','2025-06-03 20:26:00'),(65,14,139,'oficio_entrega','submodulos/apKxpHj0sMBwzEVFKPSKjEAOMVzKZ6eGxUIypFJE.pdf',NULL,NULL,NULL,'2025-06-03 20:26:34','2025-06-03 20:26:34'),(66,13,142,'oficio_entrega','submodulos/AOTYhCBqYHnAh7pnRMpB5iPApp5bR6f9QV2R0Czo.pdf',NULL,NULL,NULL,'2025-06-03 20:52:30','2025-06-03 20:52:30'),(67,13,142,'oficio_entrega','submodulos/oaJFRLVtc5YiCEYL6H5Ze1DYwPxnityb5fmvkwCE.pdf',NULL,NULL,NULL,'2025-06-03 20:52:33','2025-06-03 20:52:33'),(68,14,31,'oficio_entrega','submodulos/fDowkozThPfl9gLeAZOXoUuNlNCXtegVsyMwrBcS.pdf',NULL,NULL,NULL,'2025-06-03 21:09:22','2025-06-03 21:09:22'),(69,13,1,'oficio_entrega','submodulos/Mc9S6ejM3SCO0TP4zyuS2XR2PgDcgmbytSJjthCr.pdf',NULL,NULL,NULL,'2025-06-03 21:26:24','2025-06-03 21:26:24'),(70,12,1,'oficio_entrega','submodulos/6BoEAlgl96pmh1GxQlGt4vqAVGPjpJma6eyD1M1l.pdf',NULL,NULL,NULL,'2025-06-03 21:31:08','2025-06-03 21:31:08'),(71,13,135,'oficio_entrega','submodulos/jCs0OBh9kxlhyYUGRPN4CCmJWU6Lr86hTfUnj95K.pdf',NULL,NULL,NULL,'2025-06-03 23:33:51','2025-06-03 23:33:51'),(73,14,134,'oficio_entrega','submodulos/p9cgd9i9qXIXSTGQ5UK22vzE0JMItd3THYZj98kc.pdf',NULL,NULL,NULL,'2025-06-04 01:05:58','2025-06-04 01:05:58'),(74,13,19,'oficio_entrega','submodulos/83B5IahTUJb8ZRnJmIZ44uSZl9IWYyjGwNwnch8L.pdf',NULL,NULL,NULL,'2025-06-04 01:07:17','2025-06-04 01:07:17'),(75,14,129,'oficio_entrega','submodulos/YPoEQiqZFnvPy84OTTsLnfc58WeGgWp6DDDi4pL8.pdf',NULL,NULL,NULL,'2025-06-04 01:17:40','2025-06-04 01:17:40'),(76,14,125,'oficio_entrega','submodulos/PCy7f4STrZdsh7Zw00Z4xh2vbbNRhfKRNPBh9IO2.pdf',NULL,NULL,NULL,'2025-06-04 01:22:15','2025-06-04 01:22:15'),(77,13,119,'oficio_entrega','submodulos/GuuqWVVPQmTGZzNnZHUow5MMoqkwa9E2hv2DJnDt.pdf',NULL,NULL,NULL,'2025-06-04 01:28:00','2025-06-04 01:28:00'),(78,14,108,'oficio_entrega','submodulos/nJU3cIkc1io7HWjO95HFbJqjAfs2tVEJEzI1lR6I.pdf',NULL,NULL,NULL,'2025-06-04 01:29:53','2025-06-04 01:29:53'),(79,14,77,'oficio_entrega','submodulos/QvMxtSbwJ1S5KKh0CG7vQ4MCWsZVoFRo8bPfxdUj.pdf',NULL,NULL,NULL,'2025-06-04 04:00:11','2025-06-04 04:00:11'),(80,14,98,'oficio_entrega','submodulos/nbiSd0i3PcSTfqkCrLa4pAqR3e2mzXJWpv1c7rks.pdf',NULL,NULL,NULL,'2025-06-04 04:16:31','2025-06-04 04:16:31'),(81,14,59,'oficio_entrega','submodulos/p5sNrr8urQ33kuajQGrlpYzNLEezoOpEO801f4ns.pdf',NULL,NULL,NULL,'2025-06-04 04:36:03','2025-06-04 04:36:03'),(82,13,32,'oficio_entrega','submodulos/oU85H2QMwtwzSi7kBjRw06T5Ga117jbN54I1gdqu.pdf',NULL,NULL,NULL,'2025-06-04 04:39:40','2025-06-04 04:39:40'),(83,14,32,'oficio_entrega','submodulos/c5godfU72Ct2HHqIkyfAnqfHeioOLWP4cUMYE1NM.pdf',NULL,NULL,NULL,'2025-06-04 04:49:24','2025-06-04 04:49:24'),(85,13,82,'oficio_entrega','submodulos/OMGBLxybzyf9jMbEMzWJJSAwjWxj610wNJRzNfwg.pdf',NULL,NULL,NULL,'2025-06-04 13:50:01','2025-06-04 13:50:01'),(86,14,54,'oficio_entrega','submodulos/tHI8NLJJssyHWwfYC75ATHlNg7hwfMXDbHtDglVH.pdf',NULL,NULL,NULL,'2025-06-04 15:11:36','2025-06-04 15:11:36'),(87,13,54,'oficio_entrega','submodulos/7flzDbMpzFcstvDSO5iyJiQy6ycDsWS0XCCVXpTe.pdf',NULL,NULL,NULL,'2025-06-04 15:13:23','2025-06-04 15:13:23'),(88,13,54,'oficio_entrega','submodulos/7MQBQDFg6jKmHrTV82sfYlP6CjYMz31GsyNLSkKL.pdf',NULL,NULL,NULL,'2025-06-04 15:13:24','2025-06-04 15:13:24'),(89,14,127,'oficio_entrega','submodulos/rG8TZTysHC5w4Mb1W7b2hdBHl4PtbkZJum03Rklm.pdf',NULL,NULL,NULL,'2025-06-04 15:27:41','2025-06-04 15:27:41'),(90,13,127,'oficio_entrega','submodulos/kLPbxO5rm1ymoxMU6KVYZ5pLA3KSQn3ysBSOrD7V.pdf',NULL,NULL,NULL,'2025-06-04 15:27:59','2025-06-04 15:27:59'),(91,13,52,'oficio_entrega','submodulos/SbbDMHS3Fk7kgXAPv9I7lU4obTqbxbJuaYomDmga.pdf',NULL,NULL,NULL,'2025-06-04 16:00:53','2025-06-04 16:00:53'),(92,14,82,'oficio_entrega','submodulos/5D7FhB0JhZq2dOWDmoPqLC7CqESwOp58OUBGNzbr.pdf',NULL,NULL,NULL,'2025-06-04 16:07:57','2025-06-04 16:07:57'),(93,13,81,'oficio_entrega','submodulos/1KuHopoMLVADtsoUuDMJ7iQHSBuO7uPBOYwn9Ejc.pdf',NULL,NULL,NULL,'2025-06-04 17:54:41','2025-06-04 17:54:41'),(94,13,129,'oficio_entrega','submodulos/ZE5TC01y3owVrORXsHVXwJLxMOXUMdxfiCBliC80.pdf',NULL,NULL,NULL,'2025-06-04 18:05:19','2025-06-04 18:05:19'),(95,14,112,'oficio_entrega','submodulos/6GE8UloM9EpgeekEGyT37sR1l4wdwBQfW2l5QJki.pdf',NULL,NULL,NULL,'2025-06-04 18:19:21','2025-06-04 18:19:21'),(96,13,57,'oficio_entrega','submodulos/lkZ9X6Xfm9Fm3rQWHVgJqDNLFmVjo6zYG1xYHoOF.pdf','[BLOB]','2025-06-04 18:57:02',NULL,'2025-06-04 18:57:02','2025-06-04 18:57:02'),(97,14,69,'oficio_entrega','submodulos/CjMN3NcTvqasHcN3R8ewMuF3XLdc4iIeJvRzFFcA.pdf',NULL,NULL,NULL,'2025-06-05 00:22:11','2025-06-05 00:22:11'),(98,13,38,'oficio_entrega','submodulos/KXgtsT8lnpYwe5v6b29vMxHTact5tIxTMP8ld0JL.pdf',NULL,NULL,NULL,'2025-06-05 02:01:46','2025-06-05 02:01:46'),(99,13,38,'oficio_entrega','submodulos/LrjEsyejTBoXSiImzz9T5ov9Zjmg3j4edetlv9dd.pdf','[BLOB]','2025-06-05 02:02:01',NULL,'2025-06-05 02:02:01','2025-06-05 02:02:01'),(100,14,99,'oficio_entrega','submodulos/V7tsvyufFsutq2Gzwi3nVpy03ZXjcBXtWNl0ngWA.pdf',NULL,NULL,NULL,'2025-06-05 15:08:41','2025-06-05 15:08:41'),(101,13,51,'oficio_entrega','submodulos/LlSjtinzjWbeSwtVn2YC4hIyqt714haaPYgzaCpC.pdf',NULL,NULL,NULL,'2025-06-06 03:16:30','2025-06-06 03:16:30'),(102,13,13,'oficio_entrega','submodulos/BbjmN2kzKHS9274l0yw6uhuPDWTn6sgQnD1uAky4.pdf',NULL,NULL,NULL,'2025-06-06 16:51:40','2025-06-06 16:51:40'),(104,13,143,'oficio_entrega','submodulos/Ss80MUxOZSfR4B7SzwR5rdcQtvSUlslAkNldsJGI.pdf',NULL,NULL,NULL,'2025-06-06 21:00:25','2025-06-06 21:00:25'),(105,14,143,'oficio_entrega','submodulos/cXDPBAnMW8g3E5kNokAj6owK1oH1QdWhvXy59EeU.pdf',NULL,NULL,NULL,'2025-06-06 21:00:54','2025-06-06 21:00:54'),(106,13,9,'oficio_entrega','submodulos/IsgULUy5odAnAebLr3Z2uJYgf0bqXVolJK53L4yC.pdf',NULL,NULL,NULL,'2025-06-06 21:34:10','2025-06-06 21:34:10'),(107,13,12,'oficio_entrega','submodulos/5dE7zI1vEJBClNpGCfuIXqPOLkybuvq87QIGyLr8.pdf',NULL,NULL,NULL,'2025-06-06 21:39:27','2025-06-06 21:39:27'),(108,13,73,'oficio_entrega','submodulos/cTwl0WmPluuhoI9c9EKpMWWF4vrVdqJ9m8TBl7G8.pdf','[BLOB]','2025-06-07 01:48:35',NULL,'2025-06-07 01:48:35','2025-06-07 01:48:35'),(109,13,21,'oficio_entrega','submodulos/OD1UKhCIlf2vfCEVwplfsPQSH2Cad0EIzUcV6GFM.pdf','[BLOB]','2025-06-07 16:25:16',NULL,'2025-06-07 16:25:16','2025-06-07 16:25:16'),(110,14,21,'oficio_entrega','submodulos/qEDgo4EoKOJlwZvzaUKoJxo6XRFAGuU1TSK2yxrO.pdf','[BLOB]','2025-06-07 16:34:13',NULL,'2025-06-07 16:34:13','2025-06-07 16:34:13'),(111,14,25,'oficio_entrega','submodulos/VMtiA89TLAH7YgofY5ZujyuklgAOd9oTExpqvdpk.pdf',NULL,NULL,NULL,'2025-06-08 00:09:49','2025-06-08 00:09:49'),(112,13,25,'oficio_entrega','submodulos/K9qlpCqVqCEbglsfXFwh5ZNW8CTGkoG3OtrLMzsw.pdf',NULL,NULL,NULL,'2025-06-08 00:34:46','2025-06-08 00:34:46'),(113,13,30,'oficio_entrega','submodulos/wLguFVo3V79bhW2lpBHwIm6QhPA2yBOc5VpHhvTb.pdf',NULL,NULL,NULL,'2025-06-09 16:53:28','2025-06-09 16:53:28'),(114,8,30,'oficio_entrega','submodulos/AmFyqSMmxS0A42lbR2oyE0ygKHhmsvpYsdmUXyAU.pdf',NULL,NULL,NULL,'2025-06-09 16:54:22','2025-06-09 16:54:22'),(115,14,73,'oficio_entrega','submodulos/u8XXZ7umiQXn0q2EKPjozgSGUSVDL212WJo3uXry.pdf','[BLOB]','2025-06-09 19:55:45',NULL,'2025-06-09 19:55:45','2025-06-09 19:55:45'),(116,14,51,'oficio_entrega','submodulos/B4XhnRymiu3WzDpUbfde9GjRZQ4u8PjOK6kLs3h9.pdf',NULL,NULL,NULL,'2025-06-09 20:04:58','2025-06-09 20:04:58'),(117,8,104,'oficio_entrega','submodulos/8Xj1MvVOkMm6t4TYvjk0pOaHLPsAaUpro77kXEOX.pdf',NULL,NULL,NULL,'2025-06-09 20:37:26','2025-06-09 20:37:26'),(118,13,134,'oficio_entrega','submodulos/BxvAF8Gt4ePpS8XwG2PBc5UqwxVQpXVniMyX9rAl.pdf',NULL,NULL,NULL,'2025-06-09 23:18:17','2025-06-09 23:18:17'),(119,8,142,'oficio_entrega','submodulos/V0MLiRBmcvDHD6jMMebnKiU8xVzQ4GzFhZGdxWqj.pdf','[BLOB]','2025-06-10 14:37:45',NULL,'2025-06-10 14:37:45','2025-06-10 14:37:45'),(120,8,53,'oficio_entrega','submodulos/5TQxj7wFM6iAYG84es2Rzz0L4w7dFqhWDedJZZMI.pdf',NULL,NULL,NULL,'2025-06-10 16:44:10','2025-06-10 16:44:10'),(121,8,134,'oficio_entrega','submodulos/X7h747lWQF8HoZorK2tyB5zj67T1En7WZBZyiASp.pdf',NULL,NULL,NULL,'2025-06-10 18:14:57','2025-06-10 18:14:57'),(122,8,103,'oficio_entrega','submodulos/cm9Bgq2aZXUEWxEIPJ6e6QFqZEtCo3EbBINrYFYs.pdf',NULL,NULL,NULL,'2025-06-10 22:27:41','2025-06-10 22:27:41'),(123,13,110,'oficio_entrega','submodulos/EeOq9fwV2yFiwpbDVhD98mFZ5H5CMKEGM2SZSqLz.pdf',NULL,NULL,NULL,'2025-06-11 02:16:45','2025-06-11 02:16:45'),(124,8,89,'oficio_entrega','submodulos/jGD37LzRYVNtHn5KhvUGG5vYpV2fmrw8byR0uBGq.pdf',NULL,NULL,NULL,'2025-06-11 18:26:07','2025-06-11 18:26:07'),(125,8,129,'oficio_entrega','submodulos/Ykq5eyUondcvOE23rjPO1Ux6IDmhJd8sOhB5tHzO.pdf',NULL,NULL,NULL,'2025-06-12 17:03:27','2025-06-12 17:03:27'),(126,8,130,'oficio_entrega','submodulos/ofPny83jf4gUCdSE7D1t2PCc7NLCzyPz3dzOTp0E.pdf',NULL,NULL,NULL,'2025-06-12 17:35:40','2025-06-12 17:35:40'),(127,8,75,'oficio_entrega','submodulos/YPp9CYQStPwfXM4hTP8bHi57OYuNCwMLZNXGnFX2.pdf','[BLOB]','2025-06-12 18:39:53',NULL,'2025-06-12 18:39:53','2025-06-12 18:39:53'),(128,8,55,'oficio_entrega','submodulos/ATYCkTLhkKexHguM8P9PmDP8N66lbG6YvfE5qMZf.pdf','[BLOB]','2025-06-12 19:38:20',NULL,'2025-06-12 19:38:20','2025-06-12 19:38:20'),(129,13,128,'oficio_entrega','submodulos/hUdiw3psixlRGVR4VpIQbccoMnmD2KWc4pSt693b.pdf',NULL,NULL,NULL,'2025-06-13 00:16:58','2025-06-13 00:16:58'),(130,8,125,'oficio_entrega','submodulos/cDQj7L34CPapEmF4PgPEsX2fhCyOiYOrxJNZNmPU.pdf',NULL,NULL,NULL,'2025-06-13 01:53:47','2025-06-13 01:53:47'),(131,13,61,'oficio_entrega','submodulos/2A3ee2cr5cbnka98F0LQEVbqe5QtvNl3a9NeZduc.pdf',NULL,NULL,NULL,'2025-06-13 03:13:01','2025-06-13 03:13:01'),(132,8,122,'oficio_entrega','submodulos/kya4MLQHqu0MJLGXqWIM4IYydxh1Wsyu1gBXVvpH.pdf',NULL,NULL,NULL,'2025-06-13 16:01:55','2025-06-13 16:01:55'),(133,8,122,'oficio_entrega','submodulos/uLNtmxMz2NhY25cU26sdxkBUha1gDyHprRhOBF2q.pdf',NULL,NULL,NULL,'2025-06-13 16:01:59','2025-06-13 16:01:59'),(134,8,56,'oficio_entrega','submodulos/9InNegyfdQlTqcMTvyt180EFZd6s3n3khiQNTeDT.pdf',NULL,NULL,NULL,'2025-06-13 17:55:58','2025-06-13 17:55:58'),(135,8,111,'oficio_entrega','submodulos/gvVPEcUuLJ7PnnEhlwHnnyDRdG9INaxKLH3CcVg9.pdf',NULL,NULL,NULL,'2025-06-13 18:12:31','2025-06-13 18:12:31'),(136,8,116,'oficio_entrega','submodulos/5os7ILd33LdVDy5YQk5hAwSd8xl5OanpHx3aZCTM.pdf',NULL,NULL,NULL,'2025-06-13 19:43:16','2025-06-13 19:43:16'),(137,8,139,'oficio_entrega','submodulos/BZlGuBndzBWSkg8yzmU7B8M8Nk5GdFbG4C8TNPUy.pdf',NULL,NULL,NULL,'2025-06-13 20:58:16','2025-06-13 20:58:16'),(138,8,82,'oficio_entrega','submodulos/nGceN3cp132sjWAoXcWpqWPohurThZD6ZjqLbw8b.pdf','[BLOB]','2025-06-13 22:18:45',NULL,'2025-06-13 22:18:45','2025-06-13 22:18:45'),(139,8,112,'oficio_entrega','submodulos/XILWlUllivs0w5BmieF0K9i3oX8waV6zPpe2Nr90.pdf','[BLOB]','2025-06-14 00:47:26',NULL,'2025-06-14 00:47:26','2025-06-14 00:47:26'),(140,8,108,'oficio_entrega','submodulos/fIUI6YqEIm1xaZpBlr2kyhMUlI9yGFHC5WZwf152.pdf',NULL,NULL,NULL,'2025-06-14 01:31:14','2025-06-14 01:31:14'),(141,8,32,'oficio_entrega','submodulos/i3r5Yrjxg0P8lRsL2AGEfPAWpM8cpRRhkQ9h10Im.pdf',NULL,NULL,NULL,'2025-06-14 02:50:54','2025-06-14 02:50:54'),(142,8,76,'oficio_entrega','submodulos/KBJCLCAFCqDDu65jhwB39UtIManUEVh5D9WbnAlS.pdf',NULL,NULL,NULL,'2025-06-14 04:28:22','2025-06-14 04:28:22'),(143,14,119,'oficio_entrega','submodulos/U63AIiDd22KZuy4wcJKfq7jswA5dTuvAVXZTdkBA.pdf',NULL,NULL,NULL,'2025-06-14 05:05:04','2025-06-14 05:05:04'),(144,8,119,'oficio_entrega','submodulos/JOaYOVmLzU4g7Tec7T8qTosyhHEUH4pXyWEC1vuP.pdf',NULL,NULL,NULL,'2025-06-14 05:06:26','2025-06-14 05:06:26'),(145,13,59,'oficio_entrega','submodulos/HTn3VL7EkJ595AMABqzh1GLbC5ekb2Clbizry57z.pdf','[BLOB]','2025-06-14 05:22:57',NULL,'2025-06-14 05:22:57','2025-06-14 05:22:57'),(146,13,59,'oficio_entrega','submodulos/DMjVhbuxSK44fbsLcKktGixMjnYK2WtZxnRCR3Uu.pdf','[BLOB]','2025-06-14 05:22:57',NULL,'2025-06-14 05:22:57','2025-06-14 05:22:57'),(147,13,59,'oficio_entrega','submodulos/pSQzaRaYUhA4kQ31PeHvaepJg2eTgV02MUtKzvY8.pdf','[BLOB]','2025-06-14 05:22:58',NULL,'2025-06-14 05:22:58','2025-06-14 05:22:58'),(148,13,59,'oficio_entrega','submodulos/ftah8eFHNZYb76SEahUY7O60TyLqYUkCafxtw9pG.pdf','[BLOB]','2025-06-14 05:23:00',NULL,'2025-06-14 05:23:00','2025-06-14 05:23:00'),(149,8,110,'oficio_entrega','submodulos/sEVPETRjplEF6x88XieUxLiju3N4Y6j3L6tNV2D3.pdf',NULL,NULL,NULL,'2025-06-14 05:29:49','2025-06-14 05:29:49'),(150,8,59,'oficio_entrega','submodulos/uFUCLEStJK2dLBN9jDQYB1CDE0uSQMn38ZwiJSDI.pdf','[BLOB]','2025-06-14 05:37:20',NULL,'2025-06-14 05:37:20','2025-06-14 05:37:20'),(151,8,21,'oficio_entrega','submodulos/pQkhVGpJsORxhS6rP9elaLmojqjvM87cATW317wO.pdf','[BLOB]','2025-06-14 05:49:41',NULL,'2025-06-14 05:49:41','2025-06-14 05:49:41'),(152,14,90,'oficio_entrega','submodulos/t8rsbuQObrsyqZY58MxMTvc2OuLWymo6uJ3r6SSa.pdf',NULL,NULL,NULL,'2025-06-14 18:13:55','2025-06-14 18:13:55'),(153,8,90,'oficio_entrega','submodulos/N237Mp2GxawxRwrc0JYsVl2XmNCGS9X76PXJQqx1.pdf',NULL,NULL,NULL,'2025-06-14 18:16:59','2025-06-14 18:16:59'),(154,8,77,'oficio_entrega','submodulos/2RXLdravJ3fAgYz1VU5CETr744zSIf0NF5iQhXgJ.pdf',NULL,NULL,NULL,'2025-06-17 17:36:30','2025-06-17 17:36:30'),(155,8,98,'oficio_entrega','submodulos/5FFOQ8ebY5v9Waw8P9ycFBGiKqFKDlW1IucgzVDC.pdf',NULL,NULL,NULL,'2025-06-17 18:12:29','2025-06-17 18:12:29'),(156,8,128,'oficio_entrega','submodulos/o0sUQfgkuEPNdbcSjJoL2HYugGyTXoupI2Bgd3BF.pdf',NULL,NULL,NULL,'2025-06-18 01:13:41','2025-06-18 01:13:41'),(157,14,46,'oficio_entrega','submodulos/ltJCxP8uMarARHZ8qh44J507JOktrEC5lRG5sNiD.pdf',NULL,NULL,NULL,'2025-06-18 19:01:15','2025-06-18 19:01:15'),(158,8,46,'oficio_entrega','submodulos/v1Q6h7IdlPjZwfuTJYOmZDkWcYBvY4tKoezcRB8t.pdf',NULL,NULL,NULL,'2025-06-18 19:03:03','2025-06-18 19:03:03'),(159,8,69,'oficio_entrega','submodulos/2jP6C1Mqv0oP3Tgak5U1zuzK5qYbuVrxaWK0Yef6.pdf',NULL,NULL,NULL,'2025-06-19 13:55:52','2025-06-19 13:55:52'),(160,14,9,'oficio_entrega','submodulos/l3v6OYiklPjtz4AStQl52lHmntrhI7v7FJOovhpZ.pdf',NULL,NULL,NULL,'2025-06-20 02:10:22','2025-06-20 02:10:22'),(161,8,9,'oficio_entrega','submodulos/MYPBuxypz3GPlxtWn7ghba2K9DoIwk3n4YfRBGAg.pdf',NULL,NULL,NULL,'2025-06-20 02:10:37','2025-06-20 02:10:37'),(162,8,143,'oficio_entrega','submodulos/jZg7hZ14CrDSoopjmCQLAFv4xKygszPOxmSlIHwp.pdf',NULL,NULL,NULL,'2025-06-20 17:24:46','2025-06-20 17:24:46');

--
-- Table structure for table `submodulo_usuario`
--

CREATE TABLE `submodulo_usuario` (
  `id` bigint unsigned NOT NULL AUTO_INCREMENT,
  `user_id` bigint unsigned NOT NULL,
  `submodulo_id` bigint unsigned NOT NULL,
  `estatus` varchar(125) COLLATE utf8mb4_unicode_ci NOT NULL DEFAULT 'Pendiente',
  `created_at` timestamp NULL DEFAULT NULL,
  `updated_at` timestamp NULL DEFAULT NULL,
  PRIMARY KEY (`id`),
  UNIQUE KEY `submodulo_usuario_user_id_submodulo_id_unique` (`user_id`,`submodulo_id`),
  KEY `submodulo_usuario_submodulo_id_foreign` (`submodulo_id`),
  CONSTRAINT `submodulo_usuario_submodulo_id_foreign` FOREIGN KEY (`submodulo_id`) REFERENCES `submodulos` (`id`) ON DELETE CASCADE,
  CONSTRAINT `submodulo_usuario_user_id_foreign` FOREIGN KEY (`user_id`) REFERENCES `users` (`id`) ON DELETE CASCADE
) ENGINE=InnoDB AUTO_INCREMENT=142 DEFAULT CHARSET=utf8mb4 COLLATE=utf8mb4_unicode_ci;

--
-- Dumping data for table `submodulo_usuario`
--

INSERT INTO `submodulo_usuario` VALUES (5,104,13,'Entregado','2025-05-30 19:43:52','2025-05-30 19:43:52'),(6,132,13,'Entregado','2025-05-30 19:48:21','2025-05-30 19:48:21'),(7,89,13,'Entregado','2025-05-30 19:50:52','2025-05-30 19:50:52'),(8,104,14,'Entregado','2025-05-30 19:55:05','2025-05-30 19:55:05'),(9,130,14,'Entregado','2025-05-30 20:55:06','2025-05-30 20:55:06'),(10,103,14,'Entregado','2025-05-30 21:02:30','2025-05-30 21:02:30'),(12,30,14,'Entregado','2025-05-30 22:08:27','2025-05-30 22:08:27'),(13,108,13,'Entregado','2025-05-31 03:19:52','2025-05-31 03:19:52'),(14,110,14,'Entregado','2025-05-31 04:05:27','2025-05-31 04:05:27'),(16,77,13,'Entregado','2025-05-31 04:45:06','2025-05-31 04:45:06'),(17,125,13,'Entregado','2025-05-31 04:46:44','2025-05-31 04:46:44'),(18,90,13,'Entregado','2025-05-31 05:51:46','2025-05-31 05:51:46'),(19,65,13,'Entregado','2025-06-01 23:46:52','2025-06-01 23:46:52'),(20,60,14,'Entregado','2025-06-02 02:46:37','2025-06-02 02:46:37'),(21,98,13,'Entregado','2025-06-02 15:21:18','2025-06-02 15:21:18'),(22,53,14,'Entregado','2025-06-02 17:00:26','2025-06-02 17:00:26'),(23,53,13,'Entregado','2025-06-02 17:04:50','2025-06-02 17:04:50'),(24,56,14,'Entregado','2025-06-02 18:34:59','2025-06-02 18:34:59'),(25,75,13,'Entregado','2025-06-02 18:44:32','2025-06-02 18:44:32'),(26,75,14,'Entregado','2025-06-02 18:50:49','2025-06-02 18:50:49'),(27,122,13,'Entregado','2025-06-02 19:21:17','2025-06-02 19:21:17'),(28,103,13,'Entregado','2025-06-02 20:24:07','2025-06-02 20:24:07'),(29,142,14,'Entregado','2025-06-02 20:39:04','2025-06-02 20:39:04'),(31,101,13,'Entregado','2025-06-02 21:03:46','2025-06-02 21:03:46'),(32,101,14,'Entregado','2025-06-02 21:04:01','2025-06-02 21:04:01'),(33,89,14,'Entregado','2025-06-02 21:32:03','2025-06-02 21:32:03'),(34,102,13,'Entregado','2025-06-02 21:51:44','2025-06-02 21:51:44'),(35,79,13,'Entregado','2025-06-03 00:08:35','2025-06-03 00:08:35'),(36,112,13,'Entregado','2025-06-03 01:13:53','2025-06-03 01:13:53'),(37,128,14,'Entregado','2025-06-03 04:56:37','2025-06-03 04:56:37'),(38,116,13,'Entregado','2025-06-03 15:09:52','2025-06-03 15:09:52'),(39,116,14,'Entregado','2025-06-03 15:10:14','2025-06-03 15:10:14'),(40,115,13,'Entregado','2025-06-03 16:16:30','2025-06-03 16:16:30'),(41,60,13,'Entregado','2025-06-03 16:17:52','2025-06-03 16:17:52'),(42,130,13,'Entregado','2025-06-03 17:00:18','2025-06-03 17:00:18'),(43,55,14,'Entregado','2025-06-03 17:30:55','2025-06-03 17:30:55'),(44,55,13,'Entregado','2025-06-03 17:36:20','2025-06-03 17:36:20'),(45,122,14,'Entregado','2025-06-03 17:38:38','2025-06-03 17:38:38'),(46,111,13,'Entregado','2025-06-03 17:42:48','2025-06-03 17:42:48'),(47,111,14,'Entregado','2025-06-03 17:53:56','2025-06-03 17:53:56'),(48,56,13,'Entregado','2025-06-03 19:04:22','2025-06-03 19:04:22'),(50,139,13,'Entregado','2025-06-03 20:26:00','2025-06-03 20:26:00'),(51,139,14,'Entregado','2025-06-03 20:26:34','2025-06-03 20:26:34'),(52,142,13,'Entregado','2025-06-03 20:52:33','2025-06-03 20:52:33'),(53,31,14,'Entregado','2025-06-03 21:09:22','2025-06-03 21:09:22'),(54,1,13,'Entregado','2025-06-03 21:26:24','2025-06-03 21:26:24'),(55,1,12,'Entregado','2025-06-03 21:31:08','2025-06-03 21:31:08'),(56,135,13,'Entregado','2025-06-03 23:33:51','2025-06-03 23:33:51'),(58,134,14,'Entregado','2025-06-04 01:05:58','2025-06-04 01:05:58'),(59,19,13,'Entregado','2025-06-04 01:07:17','2025-06-04 01:07:17'),(60,129,14,'Entregado','2025-06-04 01:17:40','2025-06-04 01:17:40'),(61,125,14,'Entregado','2025-06-04 01:22:15','2025-06-04 01:22:15'),(62,119,13,'Entregado','2025-06-04 01:28:00','2025-06-04 01:28:00'),(63,108,14,'Entregado','2025-06-04 01:29:53','2025-06-04 01:29:53'),(64,77,14,'Entregado','2025-06-04 04:00:11','2025-06-04 04:00:11'),(65,98,14,'Entregado','2025-06-04 04:16:31','2025-06-04 04:16:31'),(66,59,14,'Entregado','2025-06-04 04:36:03','2025-06-04 04:36:03'),(67,32,13,'Entregado','2025-06-04 04:39:40','2025-06-04 04:39:40'),(68,32,14,'Entregado','2025-06-04 04:49:24','2025-06-04 04:49:24'),(70,82,13,'Entregado','2025-06-04 13:50:01','2025-06-04 13:50:01'),(71,54,14,'Entregado','2025-06-04 15:11:36','2025-06-04 15:11:36'),(72,54,13,'Entregado','2025-06-04 15:13:23','2025-06-04 15:13:23'),(73,127,14,'Entregado','2025-06-04 15:27:41','2025-06-04 15:27:41'),(74,127,13,'Entregado','2025-06-04 15:27:59','2025-06-04 15:27:59'),(75,52,13,'Entregado','2025-06-04 16:00:53','2025-06-04 16:00:53'),(76,82,14,'Entregado','2025-06-04 16:07:57','2025-06-04 16:07:57'),(77,81,13,'Entregado','2025-06-04 17:54:41','2025-06-04 17:54:41'),(78,129,13,'Entregado','2025-06-04 18:05:19','2025-06-04 18:05:19'),(79,112,14,'Entregado','2025-06-04 18:19:21','2025-06-04 18:19:21'),(80,57,13,'Entregado','2025-06-04 18:57:02','2025-06-04 18:57:02'),(81,69,14,'Entregado','2025-06-05 00:22:11','2025-06-05 00:22:11'),(82,38,13,'Entregado','2025-06-05 02:02:01','2025-06-05 02:02:01'),(83,99,14,'Entregado','2025-06-05 15:08:41','2025-06-05 15:08:41'),(84,51,13,'Entregado','2025-06-06 03:16:30','2025-06-06 03:16:30'),(85,13,13,'Entregado','2025-06-06 16:51:40','2025-06-06 16:51:40'),(87,143,13,'Entregado','2025-06-06 21:00:25','2025-06-06 21:00:25'),(88,143,14,'Entregado','2025-06-06 21:00:54','2025-06-06 21:00:54'),(89,9,13,'Entregado','2025-06-06 21:34:10','2025-06-06 21:34:10'),(90,12,13,'Entregado','2025-06-06 21:39:27','2025-06-06 21:39:27'),(91,73,13,'Entregado','2025-06-07 01:48:35','2025-06-07 01:48:35'),(92,21,13,'Entregado','2025-06-07 16:25:16','2025-06-07 16:25:16'),(93,21,14,'Entregado','2025-06-07 16:34:13','2025-06-07 16:34:13'),(94,25,14,'Entregado','2025-06-08 00:09:49','2025-06-08 00:09:49'),(95,25,13,'Entregado','2025-06-08 00:34:46','2025-06-08 00:34:46'),(96,30,13,'Entregado','2025-06-09 16:53:28','2025-06-09 16:53:28'),(97,30,8,'Entregado','2025-06-09 16:54:22','2025-06-09 16:54:22'),(98,73,14,'Entregado','2025-06-09 19:55:45','2025-06-09 19:55:45'),(99,51,14,'Entregado','2025-06-09 20:04:58','2025-06-09 20:04:58'),(100,104,8,'Entregado','2025-06-09 20:37:26','2025-06-09 20:37:26'),(101,134,13,'Entregado','2025-06-09 23:18:17','2025-06-09 23:18:17'),(102,142,8,'Entregado','2025-06-10 14:37:45','2025-06-10 14:37:45'),(103,53,8,'Entregado','2025-06-10 16:44:10','2025-06-10 16:44:10'),(104,134,8,'Entregado','2025-06-10 18:14:57','2025-06-10 18:14:57'),(105,103,8,'Entregado','2025-06-10 22:27:41','2025-06-10 22:27:41'),(106,110,13,'Entregado','2025-06-11 02:16:45','2025-06-11 02:16:45'),(107,89,8,'Entregado','2025-06-11 18:26:07','2025-06-11 18:26:07'),(108,129,8,'Entregado','2025-06-12 17:03:27','2025-06-12 17:03:27'),(109,130,8,'Entregado','2025-06-12 17:35:40','2025-06-12 17:35:40'),(110,75,8,'Entregado','2025-06-12 18:39:53','2025-06-12 18:39:53'),(111,55,8,'Entregado','2025-06-12 19:38:20','2025-06-12 19:38:20'),(112,128,13,'Entregado','2025-06-13 00:16:58','2025-06-13 00:16:58'),(113,125,8,'Entregado','2025-06-13 01:53:47','2025-06-13 01:53:47'),(114,61,13,'Entregado','2025-06-13 03:13:01','2025-06-13 03:13:01'),(115,56,8,'Entregado','2025-06-13 17:55:58','2025-06-13 17:55:58'),(116,111,8,'Entregado','2025-06-13 18:12:31','2025-06-13 18:12:31'),(117,116,8,'Entregado','2025-06-13 19:43:16','2025-06-13 19:43:16'),(118,139,8,'Entregado','2025-06-13 20:58:16','2025-06-13 20:58:16'),(119,82,8,'Entregado','2025-06-13 22:18:45','2025-06-13 22:18:45'),(120,112,8,'Entregado','2025-06-14 00:47:26','2025-06-14 00:47:26'),(121,108,8,'Entregado','2025-06-14 01:31:14','2025-06-14 01:31:14'),(122,32,8,'Entregado','2025-06-14 02:50:54','2025-06-14 02:50:54'),(123,76,8,'Entregado','2025-06-14 04:28:22','2025-06-14 04:28:22'),(124,119,14,'Entregado','2025-06-14 05:05:04','2025-06-14 05:05:04'),(125,119,8,'Entregado','2025-06-14 05:06:26','2025-06-14 05:06:26'),(126,59,13,'Entregado','2025-06-14 05:22:57','2025-06-14 05:22:57'),(127,110,8,'Entregado','2025-06-14 05:29:49','2025-06-14 05:29:49'),(128,59,8,'Entregado','2025-06-14 05:37:20','2025-06-14 05:37:20'),(129,21,8,'Entregado','2025-06-14 05:49:41','2025-06-14 05:49:41'),(130,90,14,'Entregado','2025-06-14 18:13:55','2025-06-14 18:13:55'),(131,90,8,'Entregado','2025-06-14 18:16:59','2025-06-14 18:16:59'),(132,77,8,'Entregado','2025-06-17 17:36:30','2025-06-17 17:36:30'),(133,98,8,'Entregado','2025-06-17 18:12:29','2025-06-17 18:12:29'),(134,122,8,'Entregado','2025-06-17 18:14:23','2025-06-17 18:14:23'),(135,128,8,'Entregado','2025-06-18 01:13:41','2025-06-18 01:13:41'),(136,46,14,'Entregado','2025-06-18 19:01:15','2025-06-18 19:01:15'),(137,46,8,'Entregado','2025-06-18 19:03:03','2025-06-18 19:03:03'),(138,69,8,'Entregado','2025-06-19 13:55:52','2025-06-19 13:55:52'),(139,9,14,'Entregado','2025-06-20 02:10:22','2025-06-20 02:10:22'),(140,9,8,'Entregado','2025-06-20 02:10:37','2025-06-20 02:10:37'),(141,143,8,'Entregado','2025-06-20 17:24:46','2025-06-20 17:24:46');

--
-- Table structure for table `submodulos`
--

CREATE TABLE `submodulos` (
  `id` bigint unsigned NOT NULL AUTO_INCREMENT,
  `subsection_id` bigint unsigned NOT NULL,
  `titulo` varchar(125) COLLATE utf8mb4_unicode_ci NOT NULL,
  `descripcion` text COLLATE utf8mb4_unicode_ci,
  `documento_solicitado` varchar(125) COLLATE utf8mb4_unicode_ci DEFAULT NULL,
  `fecha_apertura` datetime DEFAULT NULL,
  `fecha_cierre` datetime DEFAULT NULL,
  `fecha_limite` datetime DEFAULT NULL,
  `estatus` varchar(125) COLLATE utf8mb4_unicode_ci NOT NULL DEFAULT 'pendiente',
  `acuse_pdf` varchar(125) COLLATE utf8mb4_unicode_ci DEFAULT NULL,
  `documento_url` varchar(125) COLLATE utf8mb4_unicode_ci DEFAULT NULL,
  `orden` int NOT NULL DEFAULT '0',
  `created_at` timestamp NULL DEFAULT NULL,
  `updated_at` timestamp NULL DEFAULT NULL,
  PRIMARY KEY (`id`),
  KEY `submodulos_subsection_id_foreign` (`subsection_id`),
  CONSTRAINT `submodulos_subsection_id_foreign` FOREIGN KEY (`subsection_id`) REFERENCES `subsections` (`id`) ON DELETE CASCADE
) ENGINE=InnoDB AUTO_INCREMENT=15 DEFAULT CHARSET=utf8mb4 COLLATE=utf8mb4_unicode_ci;

--
-- Dumping data for table `submodulos`
--

INSERT INTO `submodulos` VALUES (8,1002,'1er Tutoría Grupal',NULL,'/tmp/php5KrdLJ','2025-06-09 01:00:00','2025-06-18 12:59:00','2025-06-13 23:59:00','pendiente',NULL,NULL,1,'2025-05-27 03:42:05','2025-05-30 03:01:22'),(9,1002,'2da Tutoría Grupal',NULL,'/tmp/phpgMmVSL','2025-07-14 01:00:00','2025-07-23 23:59:00','2025-07-18 23:59:00','pendiente',NULL,NULL,2,'2025-05-27 03:43:44','2025-05-30 03:03:12'),(10,1002,'3er Tutoría Grupal',NULL,'/tmp/phpwxHDyT','2025-08-18 01:00:00','2025-08-22 23:59:00','2025-08-22 23:59:00','pendiente',NULL,NULL,3,'2025-05-27 03:44:38','2025-05-30 03:04:05'),(11,6,'Informe Parcial',NULL,'plantillas/YVtSOVHJWfTEKuMYOSGqQGofauXQto2FlaNtcWIW.docx','2025-06-23 01:00:00','2025-07-02 23:59:00','2025-06-27 23:59:00','pendiente',NULL,NULL,2,'2025-05-27 03:54:11','2025-05-30 03:46:49'),(12,6,'Informe Global',NULL,'plantillas/m8bj22605ChMrFxQbjV6uk59QN38iTGvFcfXObqu.docx','2025-08-18 01:00:00','2025-08-22 23:59:00','2025-08-22 23:59:00','pendiente',NULL,NULL,3,'2025-05-27 04:00:24','2025-05-30 03:46:57'),(13,6,'Registro de Proyecto Institucional',NULL,'plantillas/bE1rsAo1TLN6pcaVwAbZG07jscri8h76yn5h873w.docx','2025-05-26 01:00:00','2025-06-03 23:59:00','2025-05-30 23:59:00','pendiente',NULL,NULL,1,'2025-05-29 01:58:10','2025-05-30 03:46:40'),(14,1002,'Presentación del Tutor',NULL,'plantillas/RTaNciNRe6Er1ZkJGUtEoDflqiujHROyejXeRZOg.xlsx','2025-05-06 01:00:00','2025-06-06 12:59:00','2025-06-03 23:59:00','pendiente',NULL,NULL,0,'2025-05-30 02:25:38','2025-05-30 02:25:38');

--
-- Table structure for table `subsections`
--

CREATE TABLE `subsections` (
  `id` bigint unsigned NOT NULL AUTO_INCREMENT,
  `nombre` varchar(125) COLLATE utf8mb4_unicode_ci NOT NULL,
  `modulo_id` bigint unsigned NOT NULL,
  `parent_id` bigint unsigned DEFAULT NULL,
  `orden` int NOT NULL DEFAULT '0',
  `created_at` timestamp NULL DEFAULT NULL,
  `updated_at` timestamp NULL DEFAULT NULL,
  PRIMARY KEY (`id`),
  KEY `subsections_modulo_id_foreign` (`modulo_id`),
  KEY `subsections_parent_id_foreign` (`parent_id`),
  CONSTRAINT `subsections_modulo_id_foreign` FOREIGN KEY (`modulo_id`) REFERENCES `modulos` (`id`) ON DELETE CASCADE,
  CONSTRAINT `subsections_parent_id_foreign` FOREIGN KEY (`parent_id`) REFERENCES `subsections` (`id`) ON DELETE SET NULL
) ENGINE=InnoDB AUTO_INCREMENT=1003 DEFAULT CHARSET=utf8mb4 COLLATE=utf8mb4_unicode_ci;

--
-- Dumping data for table `subsections`
--

INSERT INTO `subsections` VALUES (4,'Licenciaturas',1,NULL,0,'2025-03-31 03:30:13','2025-03-31 03:30:13'),(5,'Maestrías',1,NULL,0,'2025-03-31 03:30:22','2025-03-31 03:30:22'),(6,'Proyecto Institucional',5,NULL,2,'2025-04-23 09:57:32','2025-05-29 06:11:14'),(7,'GESTIÓN ACADÉMICA',5,NULL,1,'2025-04-23 10:20:27','2025-05-29 06:11:14'),(1000,'Licenciaturas',6,NULL,1,'2025-05-20 15:12:53','2025-05-29 06:01:37'),(1001,'MAESTRÍA',6,NULL,2,'2025-05-20 15:23:07','2025-05-29 06:01:37'),(1002,'GESTIÓN TUTORIAL',5,NULL,3,'2025-05-27 03:18:19','2025-05-30 01:56:52');

--
-- Table structure for table `tutorials`
--

CREATE TABLE `tutorials` (
  `id` bigint unsigned NOT NULL AUTO_INCREMENT,
  `orden` int NOT NULL DEFAULT '0',
  `titulo` varchar(125) COLLATE utf8mb4_spanish_ci NOT NULL,
  `descripcion` text COLLATE utf8mb4_spanish_ci,
  `tipo` varchar(125) COLLATE utf8mb4_spanish_ci NOT NULL DEFAULT 'video',
  `url` varchar(125) COLLATE utf8mb4_spanish_ci DEFAULT NULL,
  `imagenes` json DEFAULT NULL,
  `activo` tinyint(1) NOT NULL DEFAULT '1',
  `created_at` timestamp NULL DEFAULT NULL,
  `updated_at` timestamp NULL DEFAULT NULL,
  PRIMARY KEY (`id`)
) ENGINE=InnoDB DEFAULT CHARSET=utf8mb4 COLLATE=utf8mb4_spanish_ci;

--
-- Dumping data for table `tutorials`
--



