(2529,128,'CONCEPTOS GASTRONOMICOS','GST-9A',2,'Control de Asesorías','documentos_subidos/wv3jsLUeNxv3CMHJ68ICekv9AXwbcqyUc3Dr3Ok5.pdf','acuses/acuse_2529.pdf','2025-07-18 20:36:16','2025-07-18 20:36:17','[BLOB]','2025-07-18 20:36:16'),(2530,98,'DESARROLLO WEB INTEGRAL','TI(DSM)-9B',2,'Control de Asesorías','documentos_subidos/y60sNmjWfOOJz3NfLsJntIA5DXnO2io3qPgBpRuD.pdf',NULL,'2025-07-18 20:36:17','2025-07-18 20:36:17',NULL,NULL),(2531,128,'CONCEPTOS GASTRONOMICOS','GST-9A',2,'Seguimiento de la Planeación','documentos_subidos/lfXRStWmBFiU1DllvZ76hs64B47LQoTMEf8ugRW0.pdf','acuses/acuse_2531.pdf','2025-07-18 20:36:42','2025-07-18 20:36:43','[BLOB]','2025-07-18 20:36:42'),(2532,98,'DESARROLLO WEB INTEGRAL','TI(DSM)-9A',2,'Seguimiento de la Planeación','documentos_subidos/YKsF8NBBHW70asK7HgGzqlUApbzB1xm6lkcaVRo6.pdf',NULL,'2025-07-18 20:37:17','2025-07-18 20:37:17',NULL,NULL),(2533,142,'BASE DE DATOS','TI-3C',3,'Informe de Estudiantes No Acreditados','documentos_subidos/H8aU3H9Pyc7GjWJKsJRSpoguTUzDNYDaHc0wsuip.pdf','acuses/acuse_2533.pdf','2025-07-18 20:38:02','2025-07-18 20:38:02','[BLOB]','2025-07-18 20:38:02'),(2534,142,'BASE DE DATOS','TI-3C',3,'Control de Asesorías','documentos_subidos/QVA3CSKVgneGrCkaBUjGnJtq0OZ4nEmCLDWNFJJP.pdf','acuses/acuse_2534.pdf','2025-07-18 20:39:51','2025-07-18 20:39:52','[BLOB]','2025-07-18 20:39:51'),(2535,98,'DESARROLLO WEB INTEGRAL','TI(DSM)-9B',2,'Seguimiento de la Planeación','documentos_subidos/GpqdApVsNccQFvb3fUsqmAGQk3HYlzxWcEVewoFn.pdf',NULL,'2025-07-18 20:43:25','2025-07-18 20:43:25',NULL,NULL),(2536,142,'BASE DE DATOS','TI-3C',3,'Seguimiento de la Planeación','documentos_subidos/XOFll3avknuyISzxiCNk3GJir5p48AwJ3Dbbr8MN.pdf','acuses/acuse_2536.pdf','2025-07-18 20:44:42','2025-07-18 20:44:42','[BLOB]','2025-07-18 20:44:42'),(2537,142,'BASES DE DATOS PARA CÓMPUTO EN LA NUBE','TI(DSM)-5A',2,'Reporte de Evaluación Continua por Unidad de Aprendizaje (SIGO)','documentos_subidos/15wQeKU6h2WyhKCHahAt23hoPZbbHLnBMBNjA0eP.pdf','acuses/acuse_2537.pdf','2025-07-18 20:47:10','2025-07-18 20:47:10','[BLOB]','2025-07-18 20:47:10'),(2538,128,'CONCEPTOS GASTRONOMICOS','GST-9B',2,'Informe de Estudiantes No Acreditados','documentos_subidos/SsSzf9X3oxlJqXi8KxmjMhkKdr3kR2KnL1PeLUSM.pdf','acuses/acuse_2538.pdf','2025-07-18 20:47:42','2025-07-18 20:47:42','[BLOB]','2025-07-18 20:47:42'),(2539,128,'CONCEPTOS GASTRONOMICOS','GST-9B',2,'Control de Asesorías','documentos_subidos/iWPqTWRoQEimVCFB4Jn5GcBdBYjIPRLSKYYiMEHk.pdf','acuses/acuse_2539.pdf','2025-07-18 20:48:14','2025-07-18 20:48:14','[BLOB]','2025-07-18 20:48:14'),(2540,128,'CONCEPTOS GASTRONOMICOS','GST-9B',2,'Seguimiento de la Planeación','documentos_subidos/SW48r5WdBZ1iQ9oDOT9IipBrkx4O8DPjAKEn0N59.pdf','acuses/acuse_2540.pdf','2025-07-18 20:48:38','2025-07-18 20:48:39','[BLOB]','2025-07-18 20:48:38'),(2541,142,'BASES DE DATOS PARA CÓMPUTO EN LA NUBE','TI(DSM)-5A',2,'Informe de Estudiantes No Acreditados','documentos_subidos/gnvXaQozm6DWuSnxmriSE5AA6rUKjp9c8tYNQUoF.pdf','acuses/acuse_2541.pdf','2025-07-18 20:49:22','2025-07-18 20:49:22','[BLOB]','2025-07-18 20:49:22'),(2542,142,'BASES DE DATOS PARA CÓMPUTO EN LA NUBE','TI(DSM)-5A',2,'Control de Asesorías','documentos_subidos/uTR4dpwQ8r5cSlUHfrSndfpYQknHzZzBsmHZjApE.pdf','acuses/acuse_2542.pdf','2025-07-18 20:50:30','2025-07-18 20:50:30','[BLOB]','2025-07-18 20:50:30'),(2543,139,'DESARROLLO WEB PROFESIONAL','TI(DSM)-8A',2,'Reporte de Evaluación Continua por Unidad de Aprendizaje (SIGO)','documentos_subidos/eOsyMbYxCIBQgHQSSCr3aQBkBzTTkJjn1fada0iJ.pdf',NULL,'2025-07-18 20:53:37','2025-07-18 20:53:37',NULL,NULL),(2544,142,'BASES DE DATOS PARA CÓMPUTO EN LA NUBE','TI(DSM)-5A',2,'Seguimiento de la Planeación','documentos_subidos/iJjqk2oXFI9S5N0kBiHVpCXCNxx4RIsWMEW4MBA0.pdf','acuses/acuse_2544.pdf','2025-07-18 20:53:59','2025-07-18 20:54:00','[BLOB]','2025-07-18 20:53:59'),(2545,139,'DESARROLLO WEB PROFESIONAL','TI(DSM)-8A',2,'Informe de Estudiantes No Acreditados','documentos_subidos/GwXj6VYe110WsBf0I14ikX8yC714CJg0G7Uvhvmy.pdf',NULL,'2025-07-18 20:54:43','2025-07-18 20:54:43',NULL,NULL),(2546,139,'DESARROLLO WEB PROFESIONAL','TI(DSM)-8A',2,'Control de Asesorías','documentos_subidos/hWUW52hy0pVF0srduIwiCKQ0rNNuLZTDyqxFOjmW.pdf',NULL,'2025-07-18 20:55:26','2025-07-18 20:55:26',NULL,NULL),(2547,142,'ADMINISTRACIÓN DE BASES DE DATOS','TI(DSM)-8A',2,'Reporte de Evaluación Continua por Unidad de Aprendizaje (SIGO)','documentos_subidos/FF66BlmZHh0TfmDrGF0AqpvNfV5LpeiJc8lw9PTz.pdf','acuses/acuse_2547.pdf','2025-07-18 20:55:57','2025-07-18 20:55:58','[BLOB]','2025-07-18 20:55:57'),(2548,142,'ADMINISTRACIÓN DE BASES DE DATOS','TI(DSM)-8A',2,'Informe de Estudiantes No Acreditados','documentos_subidos/Y4fTjxtoyM26BJiT4twXirFmY6FX5EHWDjA1lAtj.pdf','acuses/acuse_2548.pdf','2025-07-18 20:57:07','2025-07-18 20:57:08','[BLOB]','2025-07-18 20:57:07'),(2549,142,'ADMINISTRACIÓN DE BASES DE DATOS','TI(DSM)-8A',2,'Control de Asesorías','documentos_subidos/LXFalnj1s6DWrRQWBCeRyBVOQqjY89z6FG9qw5Ju.pdf','acuses/acuse_2549.pdf','2025-07-18 20:58:09','2025-07-18 20:58:09','[BLOB]','2025-07-18 20:58:09'),(2550,139,'DESARROLLO WEB PROFESIONAL','TI(DSM)-8A',2,'Seguimiento de la Planeación','documentos_subidos/zi85PT0MegUCnxVNWszddhnQE7ByEB7mu9CxdtKm.pdf',NULL,'2025-07-18 20:58:16','2025-07-18 20:58:16',NULL,NULL),(2551,128,'CONCEPTOS GASTRONOMICOS','GST-9C',2,'Informe de Estudiantes No Acreditados','documentos_subidos/XrDLDiXtFj3yrAQbLJrSHTY5PVJ5ntbxghKjA31n.pdf','acuses/acuse_2551.pdf','2025-07-18 20:59:13','2025-07-18 20:59:14','[BLOB]','2025-07-18 20:59:13'),(2552,139,'TOPICOS DE CALIDAD PARA EL DISEÑO DE SOFTWARE','TI-3B',2,'Reporte de Evaluación Continua por Unidad de Aprendizaje (SIGO)','documentos_subidos/0LuNnavMBchzjN8ozYiZRttVFL6KdNPjN4yJsjZU.pdf',NULL,'2025-07-18 20:59:27','2025-07-18 20:59:27',NULL,NULL),(2553,128,'CONCEPTOS GASTRONOMICOS','GST-9C',2,'Control de Asesorías','documentos_subidos/qfvHKNExCbsAN50smQgF6LDQcZ5q9TzPuUGCdaln.pdf','acuses/acuse_2553.pdf','2025-07-18 20:59:46','2025-07-18 20:59:46','[BLOB]','2025-07-18 20:59:46'),(2554,142,'ADMINISTRACIÓN DE BASES DE DATOS','TI(DSM)-8A',2,'Seguimiento de la Planeación','documentos_subidos/ymAJerh76hRSd52i20rOqlTe8TCci7XPDeB1a4ci.pdf','acuses/acuse_2554.pdf','2025-07-18 21:00:05','2025-07-18 21:00:05','[BLOB]','2025-07-18 21:00:05'),(2555,139,'TOPICOS DE CALIDAD PARA EL DISEÑO DE SOFTWARE','TI-3B',2,'Informe de Estudiantes No Acreditados','documentos_subidos/nTR7ejj17PBs2KfTUDHkfYsuLQMJaYNKhLYsOGmF.pdf',NULL,'2025-07-18 21:00:10','2025-07-18 21:00:10',NULL,NULL),(2556,128,'CONCEPTOS GASTRONOMICOS','GST-9C',2,'Seguimiento de la Planeación','documentos_subidos/XY5u9Hje8PMQs6XOhtBFJ5ABZQwsSiHxWZInkTxy.pdf','acuses/acuse_2556.pdf','2025-07-18 21:00:13','2025-07-18 21:00:13','[BLOB]','2025-07-18 21:00:13'),(2557,139,'TOPICOS DE CALIDAD PARA EL DISEÑO DE SOFTWARE','TI-3B',2,'Control de Asesorías','documentos_subidos/kGqGASot3kGE5lKniuM5PndF24cMxLB0NDFkWmOz.pdf',NULL,'2025-07-18 21:01:07','2025-07-18 21:01:07',NULL,NULL),(2558,139,'TOPICOS DE CALIDAD PARA EL DISEÑO DE SOFTWARE','TI-3B',2,'Seguimiento de la Planeación','documentos_subidos/jDONSnVkynA8EsbygDwgIChFr56jcxf5pZrMep52.pdf',NULL,'2025-07-18 21:01:47','2025-07-18 21:01:47',NULL,NULL),(2559,139,'ILUSTRACIÓN DE MODA DIGITAL','DMI-3A',2,'Reporte de Evaluación Continua por Unidad de Aprendizaje (SIGO)','documentos_subidos/3Iw7Z8dgO8RB2UU9Ozs8bgxidDdkrS89R2mcBgrB.pdf',NULL,'2025-07-18 21:02:59','2025-07-18 21:02:59',NULL,NULL),(2560,139,'ILUSTRACIÓN DE MODA DIGITAL','DMI-3A',2,'Informe de Estudiantes No Acreditados','documentos_subidos/aXFUENadYIWx4USQkpoxUH7jF0Dlg0WYegw0OQwV.pdf',NULL,'2025-07-18 21:03:33','2025-07-18 21:03:33',NULL,NULL),(2561,139,'ILUSTRACIÓN DE MODA DIGITAL','DMI-3A',2,'Control de Asesorías','documentos_subidos/Bl6VL7YwrMmcFk2K1Ff0PN7FlnUiWSYqp686qz68.pdf',NULL,'2025-07-18 21:10:27','2025-07-18 21:10:27',NULL,NULL),(2562,139,'ILUSTRACIÓN DE MODA DIGITAL','DMI-3A',2,'Seguimiento de la Planeación','documentos_subidos/k4CIfIIYNtjcgXGsbKVQKtddLDSqIdD3mi8DkAik.pdf',NULL,'2025-07-18 21:11:23','2025-07-18 21:11:23',NULL,NULL),(2563,128,'CONCEPTOS GASTRONOMICOS','GST-9D',2,'Informe de Estudiantes No Acreditados','documentos_subidos/e3metYGk6ZeMhNdIzluzp6jYqrkLmcGJuJ21TsGu.pdf','acuses/acuse_2563.pdf','2025-07-18 21:11:44','2025-07-18 21:11:44','[BLOB]','2025-07-18 21:11:44'),(2564,139,'ILUSTRACIÓN DE MODA DIGITAL','DMI-3B',2,'Reporte de Evaluación Continua por Unidad de Aprendizaje (SIGO)','documentos_subidos/a4ThbTs3Dcy2yqcUGlSBd4pKTQ7MDVzN3MNkwFTL.pdf',NULL,'2025-07-18 21:12:02','2025-07-18 21:12:02',NULL,NULL),(2565,128,'CONCEPTOS GASTRONOMICOS','GST-9D',2,'Control de Asesorías','documentos_subidos/faUuXDvXhQmyAtO1m2kVvAkd6HLSfqCtgjlzoKDb.pdf','acuses/acuse_2565.pdf','2025-07-18 21:12:21','2025-07-18 21:12:21','[BLOB]','2025-07-18 21:12:21'),(2566,128,'CONCEPTOS GASTRONOMICOS','GST-9D',2,'Seguimiento de la Planeación','documentos_subidos/euK2nTgdd7v94kfaTvr5vKbcTM59NSPoAIuwRAcc.pdf','acuses/acuse_2566.pdf','2025-07-18 21:12:46','2025-07-18 21:12:46','[BLOB]','2025-07-18 21:12:46'),(2567,139,'ILUSTRACIÓN DE MODA DIGITAL','DMI-3B',2,'Informe de Estudiantes No Acreditados','documentos_subidos/iJjDNZ9WZqWxALcJuqlkKIAtsEVXbENxmBtoe3Ef.pdf',NULL,'2025-07-18 21:12:50','2025-07-18 21:12:50',NULL,NULL),(2568,139,'ILUSTRACIÓN DE MODA DIGITAL','DMI-3B',2,'Control de Asesorías','documentos_subidos/7IcsqZca6FHQygIZgtlLF2Lvi82XECTzvYBdMQIr.pdf',NULL,'2025-07-18 21:15:07','2025-07-18 21:15:07',NULL,NULL),(2569,139,'ILUSTRACIÓN DE MODA DIGITAL','DMI-3B',2,'Seguimiento de la Planeación','documentos_subidos/jNtLRb2KDTxi766XEOPbuZES08p7lk15RmAtWZcS.pdf',NULL,'2025-07-18 21:20:00','2025-07-18 21:20:00',NULL,NULL);

--
-- Table structure for table `failed_jobs`
--

CREATE TABLE `failed_jobs` (
  `id` bigint unsigned NOT NULL AUTO_INCREMENT,
  `uuid` varchar(125) COLLATE utf8mb4_unicode_ci NOT NULL,
  `connection` text COLLATE utf8mb4_unicode_ci NOT NULL,
  `queue` text COLLATE utf8mb4_unicode_ci NOT NULL,
  `payload` longtext COLLATE utf8mb4_unicode_ci NOT NULL,
  `exception` longtext COLLATE utf8mb4_unicode_ci NOT NULL,
  `failed_at` timestamp NOT NULL DEFAULT CURRENT_TIMESTAMP,
  PRIMARY KEY (`id`),
  UNIQUE KEY `failed_jobs_uuid_unique` (`uuid`)
) ENGINE=InnoDB DEFAULT CHARSET=utf8mb4 COLLATE=utf8mb4_unicode_ci;

--
-- Dumping data for table `failed_jobs`
--


--
-- Table structure for table `migrations`
--

CREATE TABLE `migrations` (
  `id` int unsigned NOT NULL AUTO_INCREMENT,
  `migration` varchar(125) COLLATE utf8mb4_unicode_ci NOT NULL,
  `batch` int NOT NULL,
  PRIMARY KEY (`id`)
) ENGINE=InnoDB AUTO_INCREMENT=91 DEFAULT CHARSET=utf8mb4 COLLATE=utf8mb4_unicode_ci;

--
-- Dumping data for table `migrations`
--

INSERT INTO `migrations` VALUES (45,'2014_10_12_000000_create_users_table',1),(46,'2014_10_12_100000_create_password_resets_table',1),(47,'2019_08_19_000000_create_failed_jobs_table',1),(48,'2019_12_14_000001_create_personal_access_tokens_table',1),(49,'2025_03_14_015223_create_permission_tables',1),(50,'2025_03_14_015415_create_activity_log_table',1),(51,'2025_03_14_060142_create_requerimientos_table',1),(52,'2025_03_14_062603_create_comunicados_table',1),(53,'2025_03_14_073158_add_event_column_to_activity_log_table',1),(54,'2025_03_14_073159_add_batch_uuid_column_to_activity_log_table',1),(55,'2025_03_15_053409_create_seccions_table',1),(56,'2025_03_15_075846_create_modulos_table',1),(57,'2025_03_15_083759_add_seccion_id_to_modulos_table',1),(58,'2025_03_15_135246_create_settings_table',1),(59,'2025_03_16_044442_add_fields_to_users_table',1),(60,'2025_03_16_081721_create_carpetas_table',1),(61,'2025_03_16_082020_create_archivos_table',1),(62,'2025_03_16_091505_create_subsections_table',1),(63,'2025_03_16_141745_add_subsection_id_to_carpetas_table',1),(64,'2025_03_20_225835_create_submodulos_table',1),(65,'2025_03_21_172524_add_user_id_to_submodulo_archivos_table',1),(66,'2025_03_21_195026_create_correspondencias_table',1),(67,'2025_03_27_184846_create_submodulo_usuarios_table',1),(68,'2025_04_25_003222_add_icono_to_modulos_table',2),(69,'2025_04_25_005230_rename_email_to_correo_institucional_in_users_table',3),(70,'2025_04_25_005231_update_users_table_with_personal_and_academic_fields',3),(71,'2025_04_26_020614_update_submodulos_table_add_fields',4),(72,'2025_04_26_021041_update_submodulo_archivos_add_firma_fields',4),(73,'2025_05_10_162101_add_teacher_id_to_users_table',4),(74,'2025_05_13_235836_create_cuatrimestres_table',5),(75,'2025_05_14_002958_create_documentos_subidos_table',5),(76,'2025_05_21_153626_add_orden_to_seccions_table',6),(77,'2025_05_21_161232_add_acuse_pdf_to_documentos_subidos_table',6),(78,'2025_05_21_162939_add_firma_fields_to_documentos_subidos_table',6),(79,'2025_05_22_100814_add_unidad_to_documentos_subidos_table',7),(80,'2025_05_24_164104_add_must_change_password_to_users_table',7),(81,'2025_05_28_192115_remove_apellidos_and_name_from_users_table',8),(82,'2025_05_28_203626_add_orden_to_submodulos_table',8),(83,'2025_05_29_002021_add_orden_to_subsections_table',8),(84,'2025_05_29_002026_add_orden_to_carpetas_table',8),(85,'2025_05_29_175554_add_acuse_pdf_to_submodulo_archivos_table',9),(86,'2025_05_30_170010_add_grupo_to_documentos_subidos_table',10),(87,'2025_06_03_121048_create_tutorials_table',11),(88,'2025_06_03_123736_add_orden_to_tutorials_table',11),(89,'2025_06_20_222912_create_categoria_submodulo_table',12),(90,'2025_06_27_144913_create_calificacion_documentos_table',13);

--
-- Table structure for table `model_has_permissions`
--

CREATE TABLE `model_has_permissions` (
  `permission_id` bigint unsigned NOT NULL,
  `model_type` varchar(125) COLLATE utf8mb4_unicode_ci NOT NULL,
  `model_id` bigint unsigned NOT NULL,
  PRIMARY KEY (`permission_id`,`model_id`,`model_type`),
  KEY `model_has_permissions_model_id_model_type_index` (`model_id`,`model_type`),
  CONSTRAINT `model_has_permissions_permission_id_foreign` FOREIGN KEY (`permission_id`) REFERENCES `permissions` (`id`) ON DELETE CASCADE
) ENGINE=InnoDB DEFAULT CHARSET=utf8mb4 COLLATE=utf8mb4_unicode_ci;

--
-- Dumping data for table `model_has_permissions`
--


--
-- Table structure for table `model_has_roles`
--

CREATE TABLE `model_has_roles` (
  `role_id` bigint unsigned NOT NULL,
  `model_type` varchar(125) COLLATE utf8mb4_unicode_ci NOT NULL,
  `model_id` bigint unsigned NOT NULL,
  PRIMARY KEY (`role_id`,`model_id`,`model_type`),
  KEY `model_has_roles_model_id_model_type_index` (`model_id`,`model_type`),
  CONSTRAINT `model_has_roles_role_id_foreign` FOREIGN KEY (`role_id`) REFERENCES `roles` (`id`) ON DELETE CASCADE
) ENGINE=InnoDB DEFAULT CHARSET=utf8mb4 COLLATE=utf8mb4_unicode_ci;

--
-- Dumping data for table `model_has_roles`
--

INSERT INTO `model_has_roles` VALUES (1,'App\\Models\\User',1),(1,'App\\Models\\User',2),(1,'App\\Models\\User',4),(5,'App\\Models\\User',7),(5,'App\\Models\\User',8),(5,'App\\Models\\User',9),(5,'App\\Models\\User',10),(5,'App\\Models\\User',11),(5,'App\\Models\\User',12),(5,'App\\Models\\User',13),(5,'App\\Models\\User',14),(5,'App\\Models\\User',15),(5,'App\\Models\\User',16),(5,'App\\Models\\User',17),(5,'App\\Models\\User',18),(5,'App\\Models\\User',19),(5,'App\\Models\\User',20),(5,'App\\Models\\User',21),(5,'App\\Models\\User',22),(5,'App\\Models\\User',23),(5,'App\\Models\\User',24),(5,'App\\Models\\User',25),(5,'App\\Models\\User',26),(5,'App\\Models\\User',27),(5,'App\\Models\\User',28),(5,'App\\Models\\User',29),(5,'App\\Models\\User',30),(5,'App\\Models\\User',31),(5,'App\\Models\\User',32),(5,'App\\Models\\User',33),(5,'App\\Models\\User',34),(5,'App\\Models\\User',35),(5,'App\\Models\\User',36),(5,'App\\Models\\User',37),(5,'App\\Models\\User',38),(5,'App\\Models\\User',39),(5,'App\\Models\\User',40),(5,'App\\Models\\User',41),(5,'App\\Models\\User',42),(5,'App\\Models\\User',43),(5,'App\\Models\\User',44),(5,'App\\Models\\User',45),(5,'App\\Models\\User',46),(5,'App\\Models\\User',47),(5,'App\\Models\\User',48),(5,'App\\Models\\User',49),(5,'App\\Models\\User',50),(5,'App\\Models\\User',51),(5,'App\\Models\\User',52),(5,'App\\Models\\User',53),(5,'App\\Models\\User',54),(5,'App\\Models\\User',55),(5,'App\\Models\\User',56),(5,'App\\Models\\User',57),(5,'App\\Models\\User',58),(5,'App\\Models\\User',59),(5,'App\\Models\\User',60),(5,'App\\Models\\User',61),(5,'App\\Models\\User',62),(5,'App\\Models\\User',63),(5,'App\\Models\\User',64),(2,'App\\Models\\User',65),(5,'App\\Models\\User',66),(5,'App\\Models\\User',67),(5,'App\\Models\\User',68),(5,'App\\Models\\User',69),(5,'App\\Models\\User',70),(5,'App\\Models\\User',71),(5,'App\\Models\\User',72),(5,'App\\Models\\User',73),(5,'App\\Models\\User',74),(5,'App\\Models\\User',75),(5,'App\\Models\\User',76),(5,'App\\Models\\User',77),(5,'App\\Models\\User',78),(5,'App\\Models\\User',79),(5,'App\\Models\\User',80),(5,'App\\Models\\User',81),(5,'App\\Models\\User',82),(5,'App\\Models\\User',83),(5,'App\\Models\\User',84),(5,'App\\Models\\User',85),(5,'App\\Models\\User',86),(5,'App\\Models\\User',87),(5,'App\\Models\\User',88),(5,'App\\Models\\User',89),(5,'App\\Models\\User',90),(5,'App\\Models\\User',91),(5,'App\\Models\\User',92),(5,'App\\Models\\User',93),(5,'App\\Models\\User',94),(5,'App\\Models\\User',96),(5,'App\\Models\\User',97),(5,'App\\Models\\User',98),(5,'App\\Models\\User',99),(5,'App\\Models\\User',100),(5,'App\\Models\\User',101),(5,'App\\Models\\User',102),(5,'App\\Models\\User',103),(5,'App\\Models\\User',104),(5,'App\\Models\\User',105),(5,'App\\Models\\User',106),(5,'App\\Models\\User',107),(5,'App\\Models\\User',108),(5,'App\\Models\\User',109),(5,'App\\Models\\User',110),(5,'App\\Models\\User',111),(5,'App\\Models\\User',112),(5,'App\\Models\\User',113),(5,'App\\Models\\User',114),(5,'App\\Models\\User',115),(5,'App\\Models\\User',116),(5,'App\\Models\\User',117),(5,'App\\Models\\User',118),(5,'App\\Models\\User',119),(5,'App\\Models\\User',120),(5,'App\\Models\\User',121),(5,'App\\Models\\User',122),(5,'App\\Models\\User',123),(5,'App\\Models\\User',124),(5,'App\\Models\\User',125),(5,'App\\Models\\User',126),(5,'App\\Models\\User',127),(5,'App\\Models\\User',128),(5,'App\\Models\\User',129),(5,'App\\Models\\User',130),(5,'App\\Models\\User',131),(5,'App\\Models\\User',132),(5,'App\\Models\\User',133),(5,'App\\Models\\User',134),(5,'App\\Models\\User',135),(5,'App\\Models\\User',136),(5,'App\\Models\\User',137),(5,'App\\Models\\User',138),(5,'App\\Models\\User',139),(5,'App\\Models\\User',140),(2,'App\\Models\\User',141),(5,'App\\Models\\User',142),(5,'App\\Models\\User',143),(2,'App\\Models\\User',144),(2,'App\\Models\\User',145),(2,'App\\Models\\User',146),(2,'App\\Models\\User',147),(2,'App\\Models\\User',148),(2,'App\\Models\\User',149),(5,'App\\Models\\User',150),(2,'App\\Models\\User',151),(5,'App\\Models\\User',152);

--
-- Table structure for table `modulos`
--

CREATE TABLE `modulos` (
  `id` bigint unsigned NOT NULL AUTO_INCREMENT,
  `titulo` varchar(125) COLLATE utf8mb4_unicode_ci NOT NULL,
  `anio` varchar(125) COLLATE utf8mb4_unicode_ci DEFAULT NULL,
  `categoria` varchar(125) COLLATE utf8mb4_unicode_ci DEFAULT NULL,
  `color` varchar(125) COLLATE utf8mb4_unicode_ci NOT NULL DEFAULT '#009688',
  `descripcion` text COLLATE utf8mb4_unicode_ci,
  `link` varchar(125) COLLATE utf8mb4_unicode_ci DEFAULT NULL,
  `created_at` timestamp NULL DEFAULT NULL,
  `updated_at` timestamp NULL DEFAULT NULL,
  `seccion_id` bigint unsigned DEFAULT NULL,
  `icono` varchar(125) COLLATE utf8mb4_unicode_ci DEFAULT NULL,
  PRIMARY KEY (`id`),
  KEY `modulos_seccion_id_foreign` (`seccion_id`),
  CONSTRAINT `modulos_seccion_id_foreign` FOREIGN KEY (`seccion_id`) REFERENCES `seccions` (`id`) ON DELETE CASCADE
) ENGINE=InnoDB AUTO_INCREMENT=10 DEFAULT CHARSET=utf8mb4 COLLATE=utf8mb4_unicode_ci;

--
-- Dumping data for table `modulos`
--

INSERT INTO `modulos` VALUES (1,'Programas Educativos de la UTM','2025','Técnico Académico','#009688',NULL,'https://IT-UTM.COM/tecnico-academico','2025-03-28 01:30:08','2025-04-25 08:14:45',1,'fa-graduation-cap'),(5,'Gestión Académica','2025','1','#009688',NULL,NULL,'2025-04-23 09:54:16','2025-05-22 05:46:24',1,'fa-chart-pie'),(6,'Planeaciones Didácticas',NULL,'Licenciatura','#009688',NULL,NULL,'2025-05-19 21:32:01','2025-06-03 00:56:40',1,'fa-graduation-cap'),(8,'Promoción Docente','2025','Interna','#009688',NULL,NULL,'2025-07-04 20:19:12','2025-07-04 20:24:28',15,'fa-briefcase'),(9,'Ingreso Docente','2025','Interna','#009688',NULL,NULL,'2025-07-11 21:03:04','2025-07-11 21:09:07',15,'fa-graduation-cap');

--
-- Table structure for table `permissions`
--

CREATE TABLE `permissions` (
  `id` bigint unsigned NOT NULL AUTO_INCREMENT,
  `name` varchar(125) COLLATE utf8mb4_unicode_ci NOT NULL,
  `guard_name` varchar(125) COLLATE utf8mb4_unicode_ci NOT NULL,
  `created_at` timestamp NULL DEFAULT NULL,
  `updated_at` timestamp NULL DEFAULT NULL,
  PRIMARY KEY (`id`),
  UNIQUE KEY `permissions_name_guard_name_unique` (`name`,`guard_name`)
) ENGINE=InnoDB AUTO_INCREMENT=53 DEFAULT CHARSET=utf8mb4 COLLATE=utf8mb4_unicode_ci;

--
-- Dumping data for table `permissions`
--

INSERT INTO `permissions` VALUES (1,'ver configuraciones','web','2025-03-28 01:30:06','2025-03-28 01:30:06'),(2,'ver usuarios','web','2025-03-28 01:30:06','2025-03-28 01:30:06'),(3,'crear usuarios','web','2025-03-28 01:30:06','2025-03-28 01:30:06'),(4,'editar usuarios','web','2025-03-28 01:30:06','2025-03-28 01:30:06'),(5,'eliminar usuarios','web','2025-03-28 01:30:06','2025-03-28 01:30:06'),(6,'ver roles','web','2025-03-28 01:30:06','2025-03-28 01:30:06'),(7,'crear roles','web','2025-03-28 01:30:06','2025-03-28 01:30:06'),(8,'editar roles','web','2025-03-28 01:30:06','2025-03-28 01:30:06'),(9,'eliminar roles','web','2025-03-28 01:30:06','2025-03-28 01:30:06'),(10,'ver secciones','web','2025-03-28 01:30:06','2025-03-28 01:30:06'),(11,'crear secciones','web','2025-03-28 01:30:06','2025-03-28 01:30:06'),(12,'editar secciones','web','2025-03-28 01:30:06','2025-03-28 01:30:06'),(13,'eliminar secciones','web','2025-03-28 01:30:06','2025-03-28 01:30:06'),(14,'ver modulos','web','2025-03-28 01:30:06','2025-03-28 01:30:06'),(15,'crear modulos','web','2025-03-28 01:30:06','2025-03-28 01:30:06'),(16,'editar modulos','web','2025-03-28 01:30:06','2025-03-28 01:30:06'),(17,'eliminar modulos','web','2025-03-28 01:30:06','2025-03-28 01:30:06'),(18,'ver carpetas','web','2025-03-28 01:30:06','2025-03-28 01:30:06'),(19,'crear carpetas','web','2025-03-28 01:30:06','2025-03-28 01:30:06'),(20,'editar carpetas','web','2025-03-28 01:30:06','2025-03-28 01:30:06'),(21,'eliminar carpetas','web','2025-03-28 01:30:06','2025-03-28 01:30:06'),(22,'subir archivos','web','2025-03-28 01:30:06','2025-03-28 01:30:06'),(23,'ver subsecciones','web','2025-03-28 01:30:06','2025-03-28 01:30:06'),(24,'crear subsecciones','web','2025-03-28 01:30:06','2025-03-28 01:30:06'),(25,'editar subsecciones','web','2025-03-28 01:30:06','2025-03-28 01:30:06'),(26,'eliminar subsecciones','web','2025-03-28 01:30:06','2025-03-28 01:30:06'),(27,'ver comunicados','web','2025-03-28 01:30:06','2025-03-28 01:30:06'),(28,'crear comunicados','web','2025-03-28 01:30:06','2025-03-28 01:30:06'),(29,'editar comunicados','web','2025-03-28 01:30:06','2025-03-28 01:30:06'),(30,'eliminar comunicados','web','2025-03-28 01:30:06','2025-03-28 01:30:06'),(31,'ver submodulos','web','2025-03-28 01:30:06','2025-03-28 01:30:06'),(32,'crear submodulos','web','2025-03-28 01:30:06','2025-03-28 01:30:06'),(33,'editar submodulos','web','2025-03-28 01:30:06','2025-03-28 01:30:06'),(34,'eliminar submodulos','web','2025-03-28 01:30:06','2025-03-28 01:30:06'),(35,'ver correspondencias','web','2025-03-28 01:30:06','2025-03-28 01:30:06'),(36,'crear correspondencias','web','2025-03-28 01:30:06','2025-03-28 01:30:06'),(37,'editar correspondencias','web','2025-03-28 01:30:06','2025-03-28 01:30:06'),(38,'eliminar correspondencias','web','2025-03-28 01:30:06','2025-03-28 01:30:06'),(39,'ver archivos','web','2025-03-28 01:30:06','2025-03-28 01:30:06'),(40,'crear archivos','web','2025-03-28 01:30:06','2025-03-28 01:30:06'),(41,'editar archivos','web','2025-03-28 01:30:06','2025-03-28 01:30:06'),(42,'eliminar archivos','web','2025-03-28 01:30:06','2025-03-28 01:30:06'),(43,'ver documentos profesores','web','2025-05-14 06:31:44','2025-05-14 06:31:44'),(44,'ver revisiones','web','2025-06-01 07:04:16','2025-06-01 07:04:16'),(45,'crear revisiones','web','2025-06-01 07:04:16','2025-06-01 07:04:16'),(46,'editar revisiones','web','2025-06-01 07:04:16','2025-06-01 07:04:16'),(47,'eliminar revisiones','web','2025-06-01 07:04:16','2025-06-01 07:04:16'),(48,'ver tutoriales','web','2025-06-03 18:00:13','2025-06-03 18:00:13'),(49,'crear tutoriales','web','2025-06-03 18:00:13','2025-06-03 18:00:13'),(50,'editar tutoriales','web','2025-06-03 18:00:13','2025-06-03 18:00:13'),(51,'eliminar tutoriales','web','2025-06-03 18:00:13','2025-06-03 18:00:13'),(52,'calificar documentos','web','2025-06-27 23:42:27','2025-06-27 23:42:27');

--
-- Table structure for table `requerimientos`
--

CREATE TABLE `requerimientos` (
  `id` bigint unsigned NOT NULL AUTO_INCREMENT,
  `user_id` bigint unsigned NOT NULL,
  `nombre` varchar(125) COLLATE utf8mb4_unicode_ci NOT NULL,
  `fecha_limite` date NOT NULL,
  `estado` enum('pendiente','entregado') COLLATE utf8mb4_unicode_ci NOT NULL DEFAULT 'pendiente',
  `created_at` timestamp NULL DEFAULT NULL,
  `updated_at` timestamp NULL DEFAULT NULL,
  PRIMARY KEY (`id`),
  KEY `requerimientos_user_id_foreign` (`user_id`),
  CONSTRAINT `requerimientos_user_id_foreign` FOREIGN KEY (`user_id`) REFERENCES `users` (`id`) ON DELETE CASCADE
) ENGINE=InnoDB AUTO_INCREMENT=3 DEFAULT CHARSET=utf8mb4 COLLATE=utf8mb4_unicode_ci;

--
-- Dumping data for table `requerimientos`
--

INSERT INTO `requerimientos` VALUES (1,1,'Informe del Primer Semestre sobre Acciones en Cultura de la Paz','2025-01-15','pendiente','2025-03-28 01:30:07','2025-03-28 01:30:07'),(2,1,'Informe del Segundo Semestre sobre Acciones en Cultura de la Paz','2025-03-15','pendiente','2025-03-28 01:30:07','2025-03-28 01:30:07');

--
-- Table structure for table `role_has_permissions`
--

CREATE TABLE `role_has_permissions` (
  `permission_id` bigint unsigned NOT NULL,
  `role_id` bigint unsigned NOT NULL,
  PRIMARY KEY (`permission_id`,`role_id`),
  KEY `role_has_permissions_role_id_foreign` (`role_id`),
  CONSTRAINT `role_has_permissions_permission_id_foreign` FOREIGN KEY (`permission_id`) REFERENCES `permissions` (`id`) ON DELETE CASCADE,
  CONSTRAINT `role_has_permissions_role_id_foreign` FOREIGN KEY (`role_id`) REFERENCES `roles` (`id`) ON DELETE CASCADE
) ENGINE=InnoDB DEFAULT CHARSET=utf8mb4 COLLATE=utf8mb4_unicode_ci;

--
-- Dumping data for table `role_has_permissions`
--

INSERT INTO `role_has_permissions` VALUES (1,1),(2,1),(3,1),(4,1),(5,1),(6,1),(7,1),(8,1),(9,1),(10,1),(11,1),(12,1),(13,1),(14,1),(15,1),(16,1),(17,1),(18,1),(19,1),(20,1),(21,1),(22,1),(23,1),(24,1),(25,1),(26,1),(27,1),(28,1),(29,1),(30,1),(31,1),(32,1),(33,1),(34,1),(35,1),(36,1),(37,1),(38,1),(39,1),(40,1),(41,1),(42,1),(43,1),(44,1),(45,1),(46,1),(47,1),(48,1),(49,1),(50,1),(51,1),(52,1),(1,2),(2,2),(6,2),(10,2),(14,2),(18,2),(22,2),(23,2),(27,2),(31,2),(35,2),(39,2),(43,2),(44,2),(48,2),(52,2),(10,5),(14,5),(18,5),(22,5),(23,5),(27,5),(31,5),(35,5),(39,5),(48,5);

--
-- Table structure for table `roles`
--

CREATE TABLE `roles` (
  `id` bigint unsigned NOT NULL AUTO_INCREMENT,
  `name` varchar(125) COLLATE utf8mb4_unicode_ci NOT NULL,
  `guard_name` varchar(125) COLLATE utf8mb4_unicode_ci NOT NULL,
  `created_at` timestamp NULL DEFAULT NULL,
  `updated_at` timestamp NULL DEFAULT NULL,
  PRIMARY KEY (`id`),
  UNIQUE KEY `roles_name_guard_name_unique` (`name`,`guard_name`)
) ENGINE=InnoDB AUTO_INCREMENT=6 DEFAULT CHARSET=utf8mb4 COLLATE=utf8mb4_unicode_ci;

--
-- Dumping data for table `roles`
--

INSERT INTO `roles` VALUES (1,'Administrador','web','2025-03-28 01:30:06','2025-03-28 01:30:06'),(2,'Subdirector','web','2025-03-28 01:30:07','2025-03-28 01:30:07'),(3,'Empleado','web','2025-03-28 01:30:07','2025-03-28 01:30:07'),(4,'Observador','web','2025-03-28 01:30:07','2025-03-28 01:30:07'),(5,'Profesor','web','2025-05-22 18:49:26','2025-05-22 18:49:26');

--
-- Table structure for table `seccions`
--

CREATE TABLE `seccions` (
  `id` bigint unsigned NOT NULL AUTO_INCREMENT,
  `nombre` varchar(125) COLLATE utf8mb4_unicode_ci NOT NULL,
  `slug` varchar(125) COLLATE utf8mb4_unicode_ci NOT NULL,
  `color` varchar(125) COLLATE utf8mb4_unicode_ci NOT NULL DEFAULT '#009688',
  `orden` int NOT NULL DEFAULT '0',
  `created_at` timestamp NULL DEFAULT NULL,
  `updated_at` timestamp NULL DEFAULT NULL,
  PRIMARY KEY (`id`),
  UNIQUE KEY `seccions_slug_unique` (`slug`)
) ENGINE=InnoDB AUTO_INCREMENT=16 DEFAULT CHARSET=utf8mb4 COLLATE=utf8mb4_unicode_ci;

--
-- Dumping data for table `seccions`
--

INSERT INTO `seccions` VALUES (1,'Académico','generico','#670D37',1,'2025-03-28 01:30:08','2025-05-23 21:56:41'),(15,'Convocatorias','convocatorias','#009688',0,'2025-07-04 20:14:11','2025-07-04 20:14:11');

--
-- Table structure for table `settings`
--

CREATE TABLE `settings` (
  `id` bigint unsigned NOT NULL AUTO_INCREMENT,
  `created_at` timestamp NULL DEFAULT NULL,
  `updated_at` timestamp NULL DEFAULT NULL,
  PRIMARY KEY (`id`)
) ENGINE=InnoDB DEFAULT CHARSET=utf8mb4 COLLATE=utf8mb4_unicode_ci;

--
-- Dumping data for table `settings`
--


--
-- Table structure for table `submodulo_archivos`
--

CREATE TABLE `submodulo_archivos` (
  `id` bigint unsigned NOT NULL AUTO_INCREMENT,
  `submodulo_id` bigint unsigned NOT NULL,
  `user_id` bigint unsigned NOT NULL,
  `nombre` varchar(125) COLLATE utf8mb4_unicode_ci NOT NULL,
  `ruta` varchar(125) COLLATE utf8mb4_unicode_ci NOT NULL,
  `firma_sat` text COLLATE utf8mb4_unicode_ci,
  `fecha_firma` timestamp NULL DEFAULT NULL,
  `acuse_pdf` varchar(125) COLLATE utf8mb4_unicode_ci DEFAULT NULL,
  `created_at` timestamp NULL DEFAULT NULL,
  `updated_at` timestamp NULL DEFAULT NULL,
  PRIMARY KEY (`id`),
  KEY `submodulo_archivos_submodulo_id_foreign` (`submodulo_id`),
  KEY `submodulo_archivos_user_id_foreign` (`user_id`),
  CONSTRAINT `submodulo_archivos_submodulo_id_foreign` FOREIGN KEY (`submodulo_id`) REFERENCES `submodulos` (`id`) ON DELETE CASCADE,
  CONSTRAINT `submodulo_archivos_user_id_foreign` FOREIGN KEY (`user_id`) REFERENCES `users` (`id`) ON DELETE CASCADE
) ENGINE=InnoDB AUTO_INCREMENT=269 DEFAULT CHARSET=utf8mb4 COLLATE=utf8mb4_unicode_ci;

--
-- Dumping data for table `submodulo_archivos`
--

INSERT INTO `submodulo_archivos` VALUES (7,13,104,'oficio_entrega','submodulos/HragxBPMt1qJtSK3xuCMFl9bIMCp69cTKRHltje8.pdf',NULL,NULL,NULL,'2025-05-30 19:43:52','2025-05-30 19:43:52'),(8,13,132,'oficio_entrega','submodulos/D1lGtM4SK9Eyt0b1XnRCWQljUqzTgOo2GJywVMde.pdf',NULL,NULL,NULL,'2025-05-30 19:48:21','2025-05-30 19:48:21'),(9,13,89,'oficio_entrega','submodulos/0jq3KBDo1xIXk1z8EwsAe2rdRWvPMIAv71kMXxel.pdf',NULL,NULL,NULL,'2025-05-30 19:50:52','2025-05-30 19:50:52'),(10,14,104,'oficio_entrega','submodulos/esB6iNsXrcsLcerdGX3eQjArvwoLACThEjWZd0fh.pdf',NULL,NULL,NULL,'2025-05-30 19:55:05','2025-05-30 19:55:05'),(11,14,130,'oficio_entrega','submodulos/lEUR7kfBhUG7yP8hJEBYVSyrsENE16hFeJRGsr7v.pdf',NULL,NULL,NULL,'2025-05-30 20:55:06','2025-05-30 20:55:06'),(12,14,103,'oficio_entrega','submodulos/LvVyd2VXz5cfCQKKjuEFXDWmcZOsyVPACXbshtlt.pdf',NULL,NULL,NULL,'2025-05-30 21:02:30','2025-05-30 21:02:30'),(14,14,30,'oficio_entrega','submodulos/CQrSUbBkyHSrCiOYgbWaFBuSgDl9gUhuK59mV8Rw.pdf',NULL,NULL,NULL,'2025-05-30 22:08:27','2025-05-30 22:08:27'),(15,13,108,'oficio_entrega','submodulos/HdZey2WQFU8zkr8QrMPwE7QD6awVP9XWaKqf45Yj.pdf',NULL,NULL,NULL,'2025-05-31 03:19:52','2025-05-31 03:19:52'),(16,14,110,'oficio_entrega','submodulos/XCHvmHBhZ3lmkx0WKScmaM4PPetM8vPTvRxI0fuQ.pdf',NULL,NULL,NULL,'2025-05-31 04:05:27','2025-05-31 04:05:27'),(18,13,77,'oficio_entrega','submodulos/4c3MrKrByoPgxHYpvEqc4t93Xd4FzDk9jMnHKhZ6.pdf',NULL,NULL,NULL,'2025-05-31 04:45:06','2025-05-31 04:45:06'),(19,13,125,'oficio_entrega','submodulos/DZltSFhI13aVqX6Vmr5BDkZKhDa8q2DXoBJILF0x.pdf',NULL,NULL,NULL,'2025-05-31 04:46:44','2025-05-31 04:46:44'),(20,13,90,'oficio_entrega','submodulos/cPfHq0Gj7rvfeWvTfEtVCDcL3GeP2p6S4u0x2TkK.pdf',NULL,NULL,NULL,'2025-05-31 05:51:46','2025-05-31 05:51:46'),(21,13,65,'oficio_entrega','submodulos/3fjrxW0sNOUFmZVKd0YJ6OIMJO2bRQCpduFkY1x6.pdf','[BLOB]','2025-06-01 23:46:52',NULL,'2025-06-01 23:46:52','2025-06-01 23:46:52'),(22,14,60,'oficio_entrega','submodulos/WqxCqtaXlo4mOAwv1lld5jSEYBRRlsC15cwTkQTY.pdf',NULL,NULL,NULL,'2025-06-02 02:46:37','2025-06-02 02:46:37'),(23,13,98,'oficio_entrega','submodulos/kHwlwQLAnqi1KOpsvQtpsza61QSqc1xPpkjY5Y4h.pdf',NULL,NULL,NULL,'2025-06-02 15:21:18','2025-06-02 15:21:18'),(24,14,53,'oficio_entrega','submodulos/sT0Jv0uUGCg6jxkrmwJDP3orPmn7Ido18hiaf2MQ.pdf',NULL,NULL,NULL,'2025-06-02 17:00:26','2025-06-02 17:00:26'),(25,13,53,'oficio_entrega','submodulos/lXvLE1GBlcSYGYpFUPygORA0pEMwirX5Oelm9RBE.pdf',NULL,NULL,NULL,'2025-06-02 17:04:50','2025-06-02 17:04:50'),(26,14,56,'oficio_entrega','submodulos/paVDTBmOAGT3VBF0VvklzsfUXAT1BP21FPw4ekHD.pdf',NULL,NULL,NULL,'2025-06-02 18:34:59','2025-06-02 18:34:59'),(27,13,75,'oficio_entrega','submodulos/eDLhMV913vIIlBw1XZ2LexdkfHBHjQiBFUoWUdre.pdf',NULL,NULL,NULL,'2025-06-02 18:44:32','2025-06-02 18:44:32'),(28,14,75,'oficio_entrega','submodulos/uuM9LN9588KN1wO6S6XbDRAVG4jZfCvdGS5mpOIh.pdf',NULL,NULL,NULL,'2025-06-02 18:50:49','2025-06-02 18:50:49'),(29,13,122,'oficio_entrega','submodulos/uFaIf5539P69tVM01hE4aJjUNbe9BV7094uvtvmO.pdf',NULL,NULL,NULL,'2025-06-02 19:21:17','2025-06-02 19:21:17'),(30,13,103,'oficio_entrega','submodulos/NI5c9anV4RraP2CajnEEsdDuM8gUlDfvc5lXtMPH.pdf',NULL,NULL,NULL,'2025-06-02 20:24:07','2025-06-02 20:24:07'),(34,14,142,'oficio_entrega','submodulos/mh52zmFVU7iBrIiaV9bwIPuXDtw7dXLtId9ds06M.pdf','[BLOB]','2025-06-02 20:39:04',NULL,'2025-06-02 20:39:03','2025-06-02 20:39:04'),(36,13,101,'oficio_entrega','submodulos/QwJitH1ODkTvptut9cdm3keVeIhi814CxroKOWRt.pdf',NULL,NULL,NULL,'2025-06-02 21:03:46','2025-06-02 21:03:46'),(37,14,101,'oficio_entrega','submodulos/iMvMtC0sTctkS1wzyZlVDs4PLukyQmK8rxxDi8aX.pdf',NULL,NULL,NULL,'2025-06-02 21:04:01','2025-06-02 21:04:01'),(38,14,89,'oficio_entrega','submodulos/5DWK7sa66l6wxrQx6DiINlnj4nQ1jJDv39fobJEa.pdf',NULL,NULL,NULL,'2025-06-02 21:32:03','2025-06-02 21:32:03'),(39,13,102,'oficio_entrega','submodulos/4127q7JHBD2S1qQPLeRnQsBcU5wTueWKC66WXAoE.pdf',NULL,NULL,NULL,'2025-06-02 21:51:44','2025-06-02 21:51:44'),(40,13,79,'oficio_entrega','submodulos/QeS7j24oh2tpD0sAyvM8OmDZqSllZcsvgjoRMqtY.pdf',NULL,NULL,NULL,'2025-06-03 00:08:35','2025-06-03 00:08:35'),(41,13,112,'oficio_entrega','submodulos/qBYHfqfQwznX5bESFpdPToJgNgIDbyt8NL0baVJb.pdf',NULL,NULL,NULL,'2025-06-03 01:13:53','2025-06-03 01:13:53'),(42,14,128,'oficio_entrega','submodulos/iGBbk0sWEfu6THF99We6atr4IgwZmrvhY05tQh51.pdf',NULL,NULL,NULL,'2025-06-03 04:56:37','2025-06-03 04:56:37'),(43,13,116,'oficio_entrega','submodulos/vApEZP04gzvN4N7coBvEOVbHUYLV9YKcyD1MJUTh.pdf',NULL,NULL,NULL,'2025-06-03 15:09:52','2025-06-03 15:09:52'),(44,14,116,'oficio_entrega','submodulos/Jnu037ldcDtJXihWdnikijknmhrycvWvLI402ev5.pdf',NULL,NULL,NULL,'2025-06-03 15:10:14','2025-06-03 15:10:14'),(45,13,115,'oficio_entrega','submodulos/05pyk9kU45ejVJQ5qeSNWFBtWrBhXIBKc9VQLARJ.pdf',NULL,NULL,NULL,'2025-06-03 16:16:30','2025-06-03 16:16:30'),(46,13,60,'oficio_entrega','submodulos/BEIXoeEUFZKvSeiluCp2w8BKLkj20FT2NKODLwTH.pdf',NULL,NULL,NULL,'2025-06-03 16:17:52','2025-06-03 16:17:52'),(47,13,130,'oficio_entrega','submodulos/WbSQ0fcDta1DiKfncvs9bU5ZoRZdkkHkpHLwrC8m.pdf',NULL,NULL,NULL,'2025-06-03 17:00:18','2025-06-03 17:00:18'),(48,14,55,'oficio_entrega','submodulos/ehud0r0fL0CgzjE1CnabvRlW90DqI3eJw0NKNStW.pdf',NULL,NULL,NULL,'2025-06-03 17:30:55','2025-06-03 17:30:55'),(49,13,55,'oficio_entrega','submodulos/x7yA0l2mfwJtaTRStsbI0KRdHO28BOB1jWU4CkZL.pdf',NULL,NULL,NULL,'2025-06-03 17:36:20','2025-06-03 17:36:20'),(50,14,122,'oficio_entrega','submodulos/I1Yqdn5xoD3x4f0S0gKUY4s70yV0rwVG1nKYbT0r.pdf','[BLOB]','2025-06-03 17:38:38',NULL,'2025-06-03 17:38:38','2025-06-03 17:38:38'),(51,13,111,'oficio_entrega','submodulos/cbNVAEoQQZHlcreKrrQWtF0d8yQeMDbQIh7VRloa.pdf',NULL,NULL,NULL,'2025-06-03 17:42:48','2025-06-03 17:42:48'),(52,14,111,'oficio_entrega','submodulos/F0mmRQjoKkvlQHBK5ohTPQqnBXTWbSn33ti6mixe.pdf',NULL,NULL,NULL,'2025-06-03 17:53:56','2025-06-03 17:53:56'),(53,14,57,'oficio_entrega','submodulos/vpT48UBBiRjEPNcFZPMmmB1OcHLoPqqYZ6TzD4Ba.pdf',NULL,NULL,NULL,'2025-06-03 18:46:30','2025-06-03 18:46:30'),(54,14,57,'oficio_entrega','submodulos/NuPbxJxxapRFOrZEbvrGgxf1iS02jnxf8XylUxq8.pdf',NULL,NULL,NULL,'2025-06-03 18:46:46','2025-06-03 18:46:46'),(55,14,57,'oficio_entrega','submodulos/XBRDCg94U144ULwDd6n8OyPzEBLl31maStuVehuY.pdf',NULL,NULL,NULL,'2025-06-03 18:47:17','2025-06-03 18:47:17'),(56,13,56,'oficio_entrega','submodulos/GaqpSKXHgvcMIu12ulzaGcof2FgcXbp95L0RFRPm.pdf',NULL,NULL,NULL,'2025-06-03 19:04:22','2025-06-03 19:04:22'),(64,13,139,'oficio_entrega','submodulos/tgCGEMxtAHXtt3BlmSX83VX2ZXlTRbJDdmot0MNn.pdf',NULL,NULL,NULL,'2025-06-03 20:26:00','2025-06-03 20:26:00'),(65,14,139,'oficio_entrega','submodulos/apKxpHj0sMBwzEVFKPSKjEAOMVzKZ6eGxUIypFJE.pdf',NULL,NULL,NULL,'2025-06-03 20:26:34','2025-06-03 20:26:34'),(66,13,142,'oficio_entrega','submodulos/AOTYhCBqYHnAh7pnRMpB5iPApp5bR6f9QV2R0Czo.pdf',NULL,NULL,NULL,'2025-06-03 20:52:30','2025-06-03 20:52:30'),(67,13,142,'oficio_entrega','submodulos/oaJFRLVtc5YiCEYL6H5Ze1DYwPxnityb5fmvkwCE.pdf',NULL,NULL,NULL,'2025-06-03 20:52:33','2025-06-03 20:52:33'),(68,14,31,'oficio_entrega','submodulos/fDowkozThPfl9gLeAZOXoUuNlNCXtegVsyMwrBcS.pdf',NULL,NULL,NULL,'2025-06-03 21:09:22','2025-06-03 21:09:22'),(69,13,1,'oficio_entrega','submodulos/Mc9S6ejM3SCO0TP4zyuS2XR2PgDcgmbytSJjthCr.pdf',NULL,NULL,NULL,'2025-06-03 21:26:24','2025-06-03 21:26:24'),(70,12,1,'oficio_entrega','submodulos/6BoEAlgl96pmh1GxQlGt4vqAVGPjpJma6eyD1M1l.pdf',NULL,NULL,NULL,'2025-06-03 21:31:08','2025-06-03 21:31:08'),(71,13,135,'oficio_entrega','submodulos/jCs0OBh9kxlhyYUGRPN4CCmJWU6Lr86hTfUnj95K.pdf',NULL,NULL,NULL,'2025-06-03 23:33:51','2025-06-03 23:33:51'),(74,13,19,'oficio_entrega','submodulos/83B5IahTUJb8ZRnJmIZ44uSZl9IWYyjGwNwnch8L.pdf',NULL,NULL,NULL,'2025-06-04 01:07:17','2025-06-04 01:07:17'),(75,14,129,'oficio_entrega','submodulos/YPoEQiqZFnvPy84OTTsLnfc58WeGgWp6DDDi4pL8.pdf',NULL,NULL,NULL,'2025-06-04 01:17:40','2025-06-04 01:17:40'),(76,14,125,'oficio_entrega','submodulos/PCy7f4STrZdsh7Zw00Z4xh2vbbNRhfKRNPBh9IO2.pdf',NULL,NULL,NULL,'2025-06-04 01:22:15','2025-06-04 01:22:15'),(77,13,119,'oficio_entrega','submodulos/GuuqWVVPQmTGZzNnZHUow5MMoqkwa9E2hv2DJnDt.pdf',NULL,NULL,NULL,'2025-06-04 01:28:00','2025-06-04 01:28:00'),(78,14,108,'oficio_entrega','submodulos/nJU3cIkc1io7HWjO95HFbJqjAfs2tVEJEzI1lR6I.pdf',NULL,NULL,NULL,'2025-06-04 01:29:53','2025-06-04 01:29:53'),(79,14,77,'oficio_entrega','submodulos/QvMxtSbwJ1S5KKh0CG7vQ4MCWsZVoFRo8bPfxdUj.pdf',NULL,NULL,NULL,'2025-06-04 04:00:11','2025-06-04 04:00:11'),(80,14,98,'oficio_entrega','submodulos/nbiSd0i3PcSTfqkCrLa4pAqR3e2mzXJWpv1c7rks.pdf',NULL,NULL,NULL,'2025-06-04 04:16:31','2025-06-04 04:16:31'),(81,14,59,'oficio_entrega','submodulos/p5sNrr8urQ33kuajQGrlpYzNLEezoOpEO801f4ns.pdf',NULL,NULL,NULL,'2025-06-04 04:36:03','2025-06-04 04:36:03'),(82,13,32,'oficio_entrega','submodulos/oU85H2QMwtwzSi7kBjRw06T5Ga117jbN54I1gdqu.pdf',NULL,NULL,NULL,'2025-06-04 04:39:40','2025-06-04 04:39:40'),(83,14,32,'oficio_entrega','submodulos/c5godfU72Ct2HHqIkyfAnqfHeioOLWP4cUMYE1NM.pdf',NULL,NULL,NULL,'2025-06-04 04:49:24','2025-06-04 04:49:24'),(85,13,82,'oficio_entrega','submodulos/OMGBLxybzyf9jMbEMzWJJSAwjWxj610wNJRzNfwg.pdf',NULL,NULL,NULL,'2025-06-04 13:50:01','2025-06-04 13:50:01'),(86,14,54,'oficio_entrega','submodulos/tHI8NLJJssyHWwfYC75ATHlNg7hwfMXDbHtDglVH.pdf',NULL,NULL,NULL,'2025-06-04 15:11:36','2025-06-04 15:11:36'),(87,13,54,'oficio_entrega','submodulos/7flzDbMpzFcstvDSO5iyJiQy6ycDsWS0XCCVXpTe.pdf',NULL,NULL,NULL,'2025-06-04 15:13:23','2025-06-04 15:13:23'),(88,13,54,'oficio_entrega','submodulos/7MQBQDFg6jKmHrTV82sfYlP6CjYMz31GsyNLSkKL.pdf',NULL,NULL,NULL,'2025-06-04 15:13:24','2025-06-04 15:13:24'),(89,14,127,'oficio_entrega','submodulos/rG8TZTysHC5w4Mb1W7b2hdBHl4PtbkZJum03Rklm.pdf',NULL,NULL,NULL,'2025-06-04 15:27:41','2025-06-04 15:27:41'),(90,13,127,'oficio_entrega','submodulos/kLPbxO5rm1ymoxMU6KVYZ5pLA3KSQn3ysBSOrD7V.pdf',NULL,NULL,NULL,'2025-06-04 15:27:59','2025-06-04 15:27:59'),(91,13,52,'oficio_entrega','submodulos/SbbDMHS3Fk7kgXAPv9I7lU4obTqbxbJuaYomDmga.pdf',NULL,NULL,NULL,'2025-06-04 16:00:53','2025-06-04 16:00:53'),(92,14,82,'oficio_entrega','submodulos/5D7FhB0JhZq2dOWDmoPqLC7CqESwOp58OUBGNzbr.pdf',NULL,NULL,NULL,'2025-06-04 16:07:57','2025-06-04 16:07:57'),(93,13,81,'oficio_entrega','submodulos/1KuHopoMLVADtsoUuDMJ7iQHSBuO7uPBOYwn9Ejc.pdf',NULL,NULL,NULL,'2025-06-04 17:54:41','2025-06-04 17:54:41'),(94,13,129,'oficio_entrega','submodulos/ZE5TC01y3owVrORXsHVXwJLxMOXUMdxfiCBliC80.pdf',NULL,NULL,NULL,'2025-06-04 18:05:19','2025-06-04 18:05:19'),(95,14,112,'oficio_entrega','submodulos/6GE8UloM9EpgeekEGyT37sR1l4wdwBQfW2l5QJki.pdf',NULL,NULL,NULL,'2025-06-04 18:19:21','2025-06-04 18:19:21'),(96,13,57,'oficio_entrega','submodulos/lkZ9X6Xfm9Fm3rQWHVgJqDNLFmVjo6zYG1xYHoOF.pdf','[BLOB]','2025-06-04 18:57:02',NULL,'2025-06-04 18:57:02','2025-06-04 18:57:02'),(97,14,69,'oficio_entrega','submodulos/CjMN3NcTvqasHcN3R8ewMuF3XLdc4iIeJvRzFFcA.pdf',NULL,NULL,NULL,'2025-06-05 00:22:11','2025-06-05 00:22:11'),(98,13,38,'oficio_entrega','submodulos/KXgtsT8lnpYwe5v6b29vMxHTact5tIxTMP8ld0JL.pdf',NULL,NULL,NULL,'2025-06-05 02:01:46','2025-06-05 02:01:46'),(99,13,38,'oficio_entrega','submodulos/LrjEsyejTBoXSiImzz9T5ov9Zjmg3j4edetlv9dd.pdf','[BLOB]','2025-06-05 02:02:01',NULL,'2025-06-05 02:02:01','2025-06-05 02:02:01'),(100,14,99,'oficio_entrega','submodulos/V7tsvyufFsutq2Gzwi3nVpy03ZXjcBXtWNl0ngWA.pdf',NULL,NULL,NULL,'2025-06-05 15:08:41','2025-06-05 15:08:41'),(101,13,51,'oficio_entrega','submodulos/LlSjtinzjWbeSwtVn2YC4hIyqt714haaPYgzaCpC.pdf',NULL,NULL,NULL,'2025-06-06 03:16:30','2025-06-06 03:16:30'),(102,13,13,'oficio_entrega','submodulos/BbjmN2kzKHS9274l0yw6uhuPDWTn6sgQnD1uAky4.pdf',NULL,NULL,NULL,'2025-06-06 16:51:40','2025-06-06 16:51:40'),(104,13,143,'oficio_entrega','submodulos/Ss80MUxOZSfR4B7SzwR5rdcQtvSUlslAkNldsJGI.pdf',NULL,NULL,NULL,'2025-06-06 21:00:25','2025-06-06 21:00:25'),(105,14,143,'oficio_entrega','submodulos/cXDPBAnMW8g3E5kNokAj6owK1oH1QdWhvXy59EeU.pdf',NULL,NULL,NULL,'2025-06-06 21:00:54','2025-06-06 21:00:54'),(106,13,9,'oficio_entrega','submodulos/IsgULUy5odAnAebLr3Z2uJYgf0bqXVolJK53L4yC.pdf',NULL,NULL,NULL,'2025-06-06 21:34:10','2025-06-06 21:34:10'),(108,13,73,'oficio_entrega','submodulos/cTwl0WmPluuhoI9c9EKpMWWF4vrVdqJ9m8TBl7G8.pdf','[BLOB]','2025-06-07 01:48:35',NULL,'2025-06-07 01:48:35','2025-06-07 01:48:35'),(109,13,21,'oficio_entrega','submodulos/OD1UKhCIlf2vfCEVwplfsPQSH2Cad0EIzUcV6GFM.pdf','[BLOB]','2025-06-07 16:25:16',NULL,'2025-06-07 16:25:16','2025-06-07 16:25:16'),(110,14,21,'oficio_entrega','submodulos/qEDgo4EoKOJlwZvzaUKoJxo6XRFAGuU1TSK2yxrO.pdf','[BLOB]','2025-06-07 16:34:13',NULL,'2025-06-07 16:34:13','2025-06-07 16:34:13'),(111,14,25,'oficio_entrega','submodulos/VMtiA89TLAH7YgofY5ZujyuklgAOd9oTExpqvdpk.pdf',NULL,NULL,NULL,'2025-06-08 00:09:49','2025-06-08 00:09:49'),(112,13,25,'oficio_entrega','submodulos/K9qlpCqVqCEbglsfXFwh5ZNW8CTGkoG3OtrLMzsw.pdf',NULL,NULL,NULL,'2025-06-08 00:34:46','2025-06-08 00:34:46'),(113,13,30,'oficio_entrega','submodulos/wLguFVo3V79bhW2lpBHwIm6QhPA2yBOc5VpHhvTb.pdf',NULL,NULL,NULL,'2025-06-09 16:53:28','2025-06-09 16:53:28'),(114,8,30,'oficio_entrega','submodulos/AmFyqSMmxS0A42lbR2oyE0ygKHhmsvpYsdmUXyAU.pdf',NULL,NULL,NULL,'2025-06-09 16:54:22','2025-06-09 16:54:22'),(115,14,73,'oficio_entrega','submodulos/u8XXZ7umiQXn0q2EKPjozgSGUSVDL212WJo3uXry.pdf','[BLOB]','2025-06-09 19:55:45',NULL,'2025-06-09 19:55:45','2025-06-09 19:55:45'),(116,14,51,'oficio_entrega','submodulos/B4XhnRymiu3WzDpUbfde9GjRZQ4u8PjOK6kLs3h9.pdf',NULL,NULL,NULL,'2025-06-09 20:04:58','2025-06-09 20:04:58'),(117,8,104,'oficio_entrega','submodulos/8Xj1MvVOkMm6t4TYvjk0pOaHLPsAaUpro77kXEOX.pdf',NULL,NULL,NULL,'2025-06-09 20:37:26','2025-06-09 20:37:26'),(118,13,134,'oficio_entrega','submodulos/BxvAF8Gt4ePpS8XwG2PBc5UqwxVQpXVniMyX9rAl.pdf',NULL,NULL,NULL,'2025-06-09 23:18:17','2025-06-09 23:18:17'),(119,8,142,'oficio_entrega','submodulos/V0MLiRBmcvDHD6jMMebnKiU8xVzQ4GzFhZGdxWqj.pdf','[BLOB]','2025-06-10 14:37:45',NULL,'2025-06-10 14:37:45','2025-06-10 14:37:45'),(120,8,53,'oficio_entrega','submodulos/5TQxj7wFM6iAYG84es2Rzz0L4w7dFqhWDedJZZMI.pdf',NULL,NULL,NULL,'2025-06-10 16:44:10','2025-06-10 16:44:10'),(121,8,134,'oficio_entrega','submodulos/X7h747lWQF8HoZorK2tyB5zj67T1En7WZBZyiASp.pdf',NULL,NULL,NULL,'2025-06-10 18:14:57','2025-06-10 18:14:57'),(122,8,103,'oficio_entrega','submodulos/cm9Bgq2aZXUEWxEIPJ6e6QFqZEtCo3EbBINrYFYs.pdf',NULL,NULL,NULL,'2025-06-10 22:27:41','2025-06-10 22:27:41'),(123,13,110,'oficio_entrega','submodulos/EeOq9fwV2yFiwpbDVhD98mFZ5H5CMKEGM2SZSqLz.pdf',NULL,NULL,NULL,'2025-06-11 02:16:45','2025-06-11 02:16:45'),(124,8,89,'oficio_entrega','submodulos/jGD37LzRYVNtHn5KhvUGG5vYpV2fmrw8byR0uBGq.pdf',NULL,NULL,NULL,'2025-06-11 18:26:07','2025-06-11 18:26:07'),(125,8,129,'oficio_entrega','submodulos/Ykq5eyUondcvOE23rjPO1Ux6IDmhJd8sOhB5tHzO.pdf',NULL,NULL,NULL,'2025-06-12 17:03:27','2025-06-12 17:03:27'),(126,8,130,'oficio_entrega','submodulos/ofPny83jf4gUCdSE7D1t2PCc7NLCzyPz3dzOTp0E.pdf',NULL,NULL,NULL,'2025-06-12 17:35:40','2025-06-12 17:35:40'),(127,8,75,'oficio_entrega','submodulos/YPp9CYQStPwfXM4hTP8bHi57OYuNCwMLZNXGnFX2.pdf','[BLOB]','2025-06-12 18:39:53',NULL,'2025-06-12 18:39:53','2025-06-12 18:39:53'),(128,8,55,'oficio_entrega','submodulos/ATYCkTLhkKexHguM8P9PmDP8N66lbG6YvfE5qMZf.pdf','[BLOB]','2025-06-12 19:38:20',NULL,'2025-06-12 19:38:20','2025-06-12 19:38:20'),(129,13,128,'oficio_entrega','submodulos/hUdiw3psixlRGVR4VpIQbccoMnmD2KWc4pSt693b.pdf',NULL,NULL,NULL,'2025-06-13 00:16:58','2025-06-13 00:16:58'),(130,8,125,'oficio_entrega','submodulos/cDQj7L34CPapEmF4PgPEsX2fhCyOiYOrxJNZNmPU.pdf',NULL,NULL,NULL,'2025-06-13 01:53:47','2025-06-13 01:53:47'),(131,13,61,'oficio_entrega','submodulos/2A3ee2cr5cbnka98F0LQEVbqe5QtvNl3a9NeZduc.pdf',NULL,NULL,NULL,'2025-06-13 03:13:01','2025-06-13 03:13:01'),(132,8,122,'oficio_entrega','submodulos/kya4MLQHqu0MJLGXqWIM4IYydxh1Wsyu1gBXVvpH.pdf',NULL,NULL,NULL,'2025-06-13 16:01:55','2025-06-13 16:01:55'),(133,8,122,'oficio_entrega','submodulos/uLNtmxMz2NhY25cU26sdxkBUha1gDyHprRhOBF2q.pdf',NULL,NULL,NULL,'2025-06-13 16:01:59','2025-06-13 16:01:59'),(134,8,56,'oficio_entrega','submodulos/9InNegyfdQlTqcMTvyt180EFZd6s3n3khiQNTeDT.pdf',NULL,NULL,NULL,'2025-06-13 17:55:58','2025-06-13 17:55:58'),(135,8,111,'oficio_entrega','submodulos/gvVPEcUuLJ7PnnEhlwHnnyDRdG9INaxKLH3CcVg9.pdf',NULL,NULL,NULL,'2025-06-13 18:12:31','2025-06-13 18:12:31'),(136,8,116,'oficio_entrega','submodulos/5os7ILd33LdVDy5YQk5hAwSd8xl5OanpHx3aZCTM.pdf',NULL,NULL,NULL,'2025-06-13 19:43:16','2025-06-13 19:43:16'),(137,8,139,'oficio_entrega','submodulos/BZlGuBndzBWSkg8yzmU7B8M8Nk5GdFbG4C8TNPUy.pdf',NULL,NULL,NULL,'2025-06-13 20:58:16','2025-06-13 20:58:16'),(138,8,82,'oficio_entrega','submodulos/nGceN3cp132sjWAoXcWpqWPohurThZD6ZjqLbw8b.pdf','[BLOB]','2025-06-13 22:18:45',NULL,'2025-06-13 22:18:45','2025-06-13 22:18:45'),(139,8,112,'oficio_entrega','submodulos/XILWlUllivs0w5BmieF0K9i3oX8waV6zPpe2Nr90.pdf','[BLOB]','2025-06-14 00:47:26',NULL,'2025-06-14 00:47:26','2025-06-14 00:47:26'),(140,8,108,'oficio_entrega','submodulos/fIUI6YqEIm1xaZpBlr2kyhMUlI9yGFHC5WZwf152.pdf',NULL,NULL,NULL,'2025-06-14 01:31:14','2025-06-14 01:31:14'),(141,8,32,'oficio_entrega','submodulos/i3r5Yrjxg0P8lRsL2AGEfPAWpM8cpRRhkQ9h10Im.pdf',NULL,NULL,NULL,'2025-06-14 02:50:54','2025-06-14 02:50:54'),(142,8,76,'oficio_entrega','submodulos/KBJCLCAFCqDDu65jhwB39UtIManUEVh5D9WbnAlS.pdf',NULL,NULL,NULL,'2025-06-14 04:28:22','2025-06-14 04:28:22'),(143,14,119,'oficio_entrega','submodulos/U63AIiDd22KZuy4wcJKfq7jswA5dTuvAVXZTdkBA.pdf',NULL,NULL,NULL,'2025-06-14 05:05:04','2025-06-14 05:05:04'),(144,8,119,'oficio_entrega','submodulos/JOaYOVmLzU4g7Tec7T8qTosyhHEUH4pXyWEC1vuP.pdf',NULL,NULL,NULL,'2025-06-14 05:06:26','2025-06-14 05:06:26'),(145,13,59,'oficio_entrega','submodulos/HTn3VL7EkJ595AMABqzh1GLbC5ekb2Clbizry57z.pdf','[BLOB]','2025-06-14 05:22:57',NULL,'2025-06-14 05:22:57','2025-06-14 05:22:57'),(146,13,59,'oficio_entrega','submodulos/DMjVhbuxSK44fbsLcKktGixMjnYK2WtZxnRCR3Uu.pdf','[BLOB]','2025-06-14 05:22:57',NULL,'2025-06-14 05:22:57','2025-06-14 05:22:57'),(147,13,59,'oficio_entrega','submodulos/pSQzaRaYUhA4kQ31PeHvaepJg2eTgV02MUtKzvY8.pdf','[BLOB]','2025-06-14 05:22:58',NULL,'2025-06-14 05:22:58','2025-06-14 05:22:58'),(148,13,59,'oficio_entrega','submodulos/ftah8eFHNZYb76SEahUY7O60TyLqYUkCafxtw9pG.pdf','[BLOB]','2025-06-14 05:23:00',NULL,'2025-06-14 05:23:00','2025-06-14 05:23:00'),(149,8,110,'oficio_entrega','submodulos/sEVPETRjplEF6x88XieUxLiju3N4Y6j3L6tNV2D3.pdf',NULL,NULL,NULL,'2025-06-14 05:29:49','2025-06-14 05:29:49'),(150,8,59,'oficio_entrega','submodulos/uFUCLEStJK2dLBN9jDQYB1CDE0uSQMn38ZwiJSDI.pdf','[BLOB]','2025-06-14 05:37:20',NULL,'2025-06-14 05:37:20','2025-06-14 05:37:20'),(151,8,21,'oficio_entrega','submodulos/pQkhVGpJsORxhS6rP9elaLmojqjvM87cATW317wO.pdf','[BLOB]','2025-06-14 05:49:41',NULL,'2025-06-14 05:49:41','2025-06-14 05:49:41'),(152,14,90,'oficio_entrega','submodulos/t8rsbuQObrsyqZY58MxMTvc2OuLWymo6uJ3r6SSa.pdf',NULL,NULL,NULL,'2025-06-14 18:13:55','2025-06-14 18:13:55'),(153,8,90,'oficio_entrega','submodulos/N237Mp2GxawxRwrc0JYsVl2XmNCGS9X76PXJQqx1.pdf',NULL,NULL,NULL,'2025-06-14 18:16:59','2025-06-14 18:16:59'),(154,8,77,'oficio_entrega','submodulos/2RXLdravJ3fAgYz1VU5CETr744zSIf0NF5iQhXgJ.pdf',NULL,NULL,NULL,'2025-06-17 17:36:30','2025-06-17 17:36:30'),(155,8,98,'oficio_entrega','submodulos/5FFOQ8ebY5v9Waw8P9ycFBGiKqFKDlW1IucgzVDC.pdf',NULL,NULL,NULL,'2025-06-17 18:12:29','2025-06-17 18:12:29'),(156,8,128,'oficio_entrega','submodulos/o0sUQfgkuEPNdbcSjJoL2HYugGyTXoupI2Bgd3BF.pdf',NULL,NULL,NULL,'2025-06-18 01:13:41','2025-06-18 01:13:41'),(157,14,46,'oficio_entrega','submodulos/ltJCxP8uMarARHZ8qh44J507JOktrEC5lRG5sNiD.pdf',NULL,NULL,NULL,'2025-06-18 19:01:15','2025-06-18 19:01:15'),(158,8,46,'oficio_entrega','submodulos/v1Q6h7IdlPjZwfuTJYOmZDkWcYBvY4tKoezcRB8t.pdf',NULL,NULL,NULL,'2025-06-18 19:03:03','2025-06-18 19:03:03'),(159,8,69,'oficio_entrega','submodulos/2jP6C1Mqv0oP3Tgak5U1zuzK5qYbuVrxaWK0Yef6.pdf',NULL,NULL,NULL,'2025-06-19 13:55:52','2025-06-19 13:55:52'),(160,14,9,'oficio_entrega','submodulos/l3v6OYiklPjtz4AStQl52lHmntrhI7v7FJOovhpZ.pdf',NULL,NULL,NULL,'2025-06-20 02:10:22','2025-06-20 02:10:22'),(161,8,9,'oficio_entrega','submodulos/MYPBuxypz3GPlxtWn7ghba2K9DoIwk3n4YfRBGAg.pdf',NULL,NULL,NULL,'2025-06-20 02:10:37','2025-06-20 02:10:37'),(162,8,143,'oficio_entrega','submodulos/jZg7hZ14CrDSoopjmCQLAFv4xKygszPOxmSlIHwp.pdf',NULL,NULL,NULL,'2025-06-20 17:24:46','2025-06-20 17:24:46'),(163,13,12,'oficio_entrega','submodulos/wza80K1jkluG8sE4C592eeUPGtbmTCCx5AtassZI.pdf',NULL,NULL,NULL,'2025-06-30 16:44:43','2025-06-30 16:44:43'),(164,11,12,'oficio_entrega','submodulos/uAfZiJgei4x0PKLOewF8el3fiywdExddVzoZy4vP.pdf',NULL,NULL,NULL,'2025-06-30 16:45:17','2025-06-30 16:45:17'),(165,11,79,'oficio_entrega','submodulos/os27Xgy4JBkxNwbIRwhwzSk7JEksybapXUFq1YHc.pdf',NULL,NULL,NULL,'2025-06-30 23:02:02','2025-06-30 23:02:02'),(166,11,104,'oficio_entrega','submodulos/zrDjTRkKfMjWTdEFgDFWx9XPVwzc7FILnvL7MEIt.pdf',NULL,NULL,NULL,'2025-06-30 23:06:26','2025-06-30 23:06:26'),(167,11,19,'oficio_entrega','submodulos/W8hk7eoSVjN4ckN4mFr2KyT6bFgb2k4QvmQJVxlK.pdf',NULL,NULL,NULL,'2025-07-01 03:57:53','2025-07-01 03:57:53'),(168,8,57,'oficio_entrega','submodulos/XC6PHCfY24ccXhsk0NmFNccLSA76qrsNJ3wepHVF.pdf','[BLOB]','2025-07-01 16:46:13',NULL,'2025-07-01 16:46:13','2025-07-01 16:46:13'),(169,11,142,'oficio_entrega','submodulos/nd7hdngLDxgvIt6T6bymILVFFJcRJl8XxPIrJFwO.pdf','[BLOB]','2025-07-01 20:35:29',NULL,'2025-07-01 20:35:29','2025-07-01 20:35:29'),(170,11,61,'oficio_entrega','submodulos/LjLKnD3jFuEBhnJqXxZpHWZKmhR9UZnjPXFWiz8p.pdf',NULL,NULL,NULL,'2025-07-02 05:58:24','2025-07-02 05:58:24'),(171,11,61,'oficio_entrega','submodulos/FcexZHiz1Cc3fZfwceBHQSNjJyaspueANx13dAEe.pdf','[BLOB]','2025-07-02 05:59:12',NULL,'2025-07-02 05:59:12','2025-07-02 05:59:12'),(173,11,122,'oficio_entrega','submodulos/rLe1hlniyckubdNmd1OwPkl4IiaeOvJx9y7kC0Z5.pdf',NULL,NULL,NULL,'2025-07-02 15:12:50','2025-07-02 15:12:50'),(174,11,122,'oficio_entrega','submodulos/sQy1LVcVDrQpaxbg1x06RbK4NHJ7HqtXebKVVKm4.pdf',NULL,NULL,NULL,'2025-07-02 15:13:14','2025-07-02 15:13:14'),